{"id":212275,"date":"2012-06-14T20:52:17","date_gmt":"2012-06-14T20:52:17","guid":{"rendered":"https:\/\/admin.industriall-union.org\/comite-executif\/"},"modified":"2026-02-03T11:54:10","modified_gmt":"2026-02-03T11:54:10","slug":"comite-executif","status":"publish","type":"page","link":"https:\/\/admin.industriall-union.org\/fr\/comite-executif\/","title":{"rendered":"Comit\u00e9 ex\u00e9cutif"},"content":{"rendered":"<p><a href=\"http:\/\/www.industriall-union.org\/fr\/asie-pacifique\">Asie et Pacifique<\/a><\/p><p><a href=\"http:\/\/www.industriall-union.org\/fr\/amerique-latine-et-caraibes\">Am\u00e9rique latine et Cara\u00efbes<\/a><\/p><p><a href=\"http:\/\/www.industriall-union.org\/fr\/moyen-orient-et-afrique-du-nord\">Moyen-Orient et Afrique du Nord<\/a><\/p><p><a href=\"http:\/\/www.industriall-union.org\/fr\/amerique-du-nord\">Am\u00e9rique du Nord<\/a><\/p><p><a href=\"http:\/\/www.industriall-union.org\/fr\/afrique-sub-saharienne\">Afrique sub-saharienne<\/a><\/p><p><a href=\"http:\/\/www.industriall-union.org\/fr\/europe\">Europe<\/a><\/p>","protected":false},"excerpt":{"rendered":"<p>Asie et Pacifique Am\u00e9rique latine et Cara\u00efbes Moyen-Orient et Afrique du Nord Am\u00e9rique du Nord Afrique sub-saharienne Europe<\/p>\n","protected":false},"author":1,"featured_media":0,"parent":0,"menu_order":0,"comment_status":"closed","ping_status":"closed","template":"","meta":{"_acf_changed":false,"footnotes":""},"issues":[],"companies":[],"regions":[],"sectors":[],"article_tags":[],"class_list":["post-212275","page","type-page","status-publish","hentry"],"acf":[],"yoast_head":"<!-- This site is optimized with the Yoast SEO Premium plugin v27.1 (Yoast SEO v27.1) - https:\/\/yoast.com\/product\/yoast-seo-premium-wordpress\/ -->\n<title>Comit\u00e9 ex\u00e9cutif - industriall-union<\/title>\n<meta name=\"robots\" content=\"index, follow, max-snippet:-1, max-image-preview:large, max-video-preview:-1\" \/>\n<link rel=\"canonical\" href=\"https:\/\/admin.industriall-union.org\/fr\/comite-executif\/\" \/>\n<meta property=\"og:locale\" content=\"fr_FR\" \/>\n<meta property=\"og:type\" content=\"article\" \/>\n<meta property=\"og:title\" content=\"Comit\u00e9 ex\u00e9cutif\" \/>\n<meta property=\"og:description\" content=\"Asie et Pacifique Am\u00e9rique latine et Cara\u00efbes Moyen-Orient et Afrique du Nord Am\u00e9rique du Nord Afrique sub-saharienne Europe\" \/>\n<meta property=\"og:url\" content=\"https:\/\/admin.industriall-union.org\/fr\/comite-executif\/\" \/>\n<meta property=\"og:site_name\" content=\"industriall-union\" \/>\n<meta property=\"article:modified_time\" content=\"2026-02-03T11:54:10+00:00\" \/>\n<meta name=\"twitter:card\" content=\"summary_large_image\" \/>\n<script type=\"application\/ld+json\" class=\"yoast-schema-graph\">{\"@context\":\"https:\/\/schema.org\",\"@graph\":[{\"@type\":\"WebPage\",\"@id\":\"https:\/\/admin.industriall-union.org\/fr\/comite-executif\/\",\"url\":\"https:\/\/admin.industriall-union.org\/fr\/comite-executif\/\",\"name\":\"Comit\u00e9 ex\u00e9cutif - industriall-union\",\"isPartOf\":{\"@id\":\"https:\/\/admin.industriall-union.org\/#website\"},\"datePublished\":\"2012-06-14T20:52:17+00:00\",\"dateModified\":\"2026-02-03T11:54:10+00:00\",\"breadcrumb\":{\"@id\":\"https:\/\/admin.industriall-union.org\/fr\/comite-executif\/#breadcrumb\"},\"inLanguage\":\"fr-FR\",\"potentialAction\":[{\"@type\":\"ReadAction\",\"target\":[\"https:\/\/admin.industriall-union.org\/fr\/comite-executif\/\"]}]},{\"@type\":\"BreadcrumbList\",\"@id\":\"https:\/\/admin.industriall-union.org\/fr\/comite-executif\/#breadcrumb\",\"itemListElement\":[{\"@type\":\"ListItem\",\"position\":1,\"name\":\"Home\",\"item\":\"https:\/\/admin.industriall-union.org\/\"},{\"@type\":\"ListItem\",\"position\":2,\"name\":\"Comit\u00e9 ex\u00e9cutif\"}]},{\"@type\":\"WebSite\",\"@id\":\"https:\/\/admin.industriall-union.org\/#website\",\"url\":\"https:\/\/admin.industriall-union.org\/\",\"name\":\"industriall-union\",\"description\":\"\",\"potentialAction\":[{\"@type\":\"SearchAction\",\"target\":{\"@type\":\"EntryPoint\",\"urlTemplate\":\"https:\/\/admin.industriall-union.org\/?s={search_term_string}\"},\"query-input\":{\"@type\":\"PropertyValueSpecification\",\"valueRequired\":true,\"valueName\":\"search_term_string\"}}],\"inLanguage\":\"fr-FR\"}]}<\/script>\n<!-- \/ Yoast SEO Premium plugin. -->","yoast_head_json":{"title":"Comit\u00e9 ex\u00e9cutif - industriall-union","robots":{"index":"index","follow":"follow","max-snippet":"max-snippet:-1","max-image-preview":"max-image-preview:large","max-video-preview":"max-video-preview:-1"},"canonical":"https:\/\/admin.industriall-union.org\/fr\/comite-executif\/","og_locale":"fr_FR","og_type":"article","og_title":"Comit\u00e9 ex\u00e9cutif","og_description":"Asie et Pacifique Am\u00e9rique latine et Cara\u00efbes Moyen-Orient et Afrique du Nord Am\u00e9rique du Nord Afrique sub-saharienne Europe","og_url":"https:\/\/admin.industriall-union.org\/fr\/comite-executif\/","og_site_name":"industriall-union","article_modified_time":"2026-02-03T11:54:10+00:00","twitter_card":"summary_large_image","schema":{"@context":"https:\/\/schema.org","@graph":[{"@type":"WebPage","@id":"https:\/\/admin.industriall-union.org\/fr\/comite-executif\/","url":"https:\/\/admin.industriall-union.org\/fr\/comite-executif\/","name":"Comit\u00e9 ex\u00e9cutif - industriall-union","isPartOf":{"@id":"https:\/\/admin.industriall-union.org\/#website"},"datePublished":"2012-06-14T20:52:17+00:00","dateModified":"2026-02-03T11:54:10+00:00","breadcrumb":{"@id":"https:\/\/admin.industriall-union.org\/fr\/comite-executif\/#breadcrumb"},"inLanguage":"fr-FR","potentialAction":[{"@type":"ReadAction","target":["https:\/\/admin.industriall-union.org\/fr\/comite-executif\/"]}]},{"@type":"BreadcrumbList","@id":"https:\/\/admin.industriall-union.org\/fr\/comite-executif\/#breadcrumb","itemListElement":[{"@type":"ListItem","position":1,"name":"Home","item":"https:\/\/admin.industriall-union.org\/"},{"@type":"ListItem","position":2,"name":"Comit\u00e9 ex\u00e9cutif"}]},{"@type":"WebSite","@id":"https:\/\/admin.industriall-union.org\/#website","url":"https:\/\/admin.industriall-union.org\/","name":"industriall-union","description":"","potentialAction":[{"@type":"SearchAction","target":{"@type":"EntryPoint","urlTemplate":"https:\/\/admin.industriall-union.org\/?s={search_term_string}"},"query-input":{"@type":"PropertyValueSpecification","valueRequired":true,"valueName":"search_term_string"}}],"inLanguage":"fr-FR"}]}},"_links":{"self":[{"href":"https:\/\/admin.industriall-union.org\/fr\/wp-json\/wp\/v2\/pages\/212275","targetHints":{"allow":["GET"]}}],"collection":[{"href":"https:\/\/admin.industriall-union.org\/fr\/wp-json\/wp\/v2\/pages"}],"about":[{"href":"https:\/\/admin.industriall-union.org\/fr\/wp-json\/wp\/v2\/types\/page"}],"author":[{"embeddable":true,"href":"https:\/\/admin.industriall-union.org\/fr\/wp-json\/wp\/v2\/users\/1"}],"replies":[{"embeddable":true,"href":"https:\/\/admin.industriall-union.org\/fr\/wp-json\/wp\/v2\/comments?post=212275"}],"version-history":[{"count":1,"href":"https:\/\/admin.industriall-union.org\/fr\/wp-json\/wp\/v2\/pages\/212275\/revisions"}],"predecessor-version":[{"id":388773,"href":"https:\/\/admin.industriall-union.org\/fr\/wp-json\/wp\/v2\/pages\/212275\/revisions\/388773"}],"wp:attachment":[{"href":"https:\/\/admin.industriall-union.org\/fr\/wp-json\/wp\/v2\/media?parent=212275"}],"wp:term":[{"taxonomy":"issues","embeddable":true,"href":"https:\/\/admin.industriall-union.org\/fr\/wp-json\/wp\/v2\/issues?post=212275"},{"taxonomy":"companies","embeddable":true,"href":"https:\/\/admin.industriall-union.org\/fr\/wp-json\/wp\/v2\/companies?post=212275"},{"taxonomy":"regions","embeddable":true,"href":"https:\/\/admin.industriall-union.org\/fr\/wp-json\/wp\/v2\/regions?post=212275"},{"taxonomy":"sectors","embeddable":true,"href":"https:\/\/admin.industriall-union.org\/fr\/wp-json\/wp\/v2\/sectors?post=212275"},{"taxonomy":"article_tags","embeddable":true,"href":"https:\/\/admin.industriall-union.org\/fr\/wp-json\/wp\/v2\/article_tags?post=212275"}],"curies":[{"name":"wp","href":"https:\/\/api.w.org\/{rel}","templated":true}]}}

Comité exécutif

<p><a href="http://www.industriall-union.org/fr/asie-pacifique">Asie et Pacifique</a></p><p><a href="http://www.industriall-union.org/fr/amerique-latine-et-caraibes">Amérique latine et Caraïbes</a></p><p><a href="http://www.industriall-union.org/fr/moyen-orient-et-afrique-du-nord">Moyen-Orient et Afrique du Nord</a></p><p><a href="http://www.industriall-union.org/fr/amerique-du-nord">Amérique du Nord</a></p><p><a href="http://www.industriall-union.org/fr/afrique-sub-saharienne">Afrique sub-saharienne</a></p><p><a href="http://www.industriall-union.org/fr/europe">Europe</a></p>

<p>Asie et Pacifique Amérique latine et Caraïbes Moyen-Orient et Afrique du Nord Amérique du Nord Afrique sub-saharienne Europe</p>

<!-- This site is optimized with the Yoast SEO Premium plugin v27.1 (Yoast SEO v27.1) - https://yoast.com/product/yoast-seo-premium-wordpress/ -->
<title>Comité exécutif - industriall-union</title>
<meta name="robots" content="index, follow, max-snippet:-1, max-image-preview:large, max-video-preview:-1" />
<link rel="canonical" href="https://admin.industriall-union.org/fr/comite-executif/" />
<meta property="og:locale" content="fr_FR" />
<meta property="og:type" content="article" />
<meta property="og:title" content="Comité exécutif" />
<meta property="og:description" content="Asie et Pacifique Amérique latine et Caraïbes Moyen-Orient et Afrique du Nord Amérique du Nord Afrique sub-saharienne Europe" />
<meta property="og:url" content="https://admin.industriall-union.org/fr/comite-executif/" />
<meta property="og:site_name" content="industriall-union" />
<meta property="article:modified_time" content="2026-02-03T11:54:10+00:00" />
<meta name="twitter:card" content="summary_large_image" />
<script type="application/ld+json" class="yoast-schema-graph">{"@context":"https://schema.org","@graph":[{"@type":"WebPage","@id":"https://admin.industriall-union.org/fr/comite-executif/","url":"https://admin.industriall-union.org/fr/comite-executif/","name":"Comité exécutif - industriall-union","isPartOf":{"@id":"https://admin.industriall-union.org/#website"},"datePublished":"2012-06-14T20:52:17+00:00","dateModified":"2026-02-03T11:54:10+00:00","breadcrumb":{"@id":"https://admin.industriall-union.org/fr/comite-executif/#breadcrumb"},"inLanguage":"fr-FR","potentialAction":[{"@type":"ReadAction","target":["https://admin.industriall-union.org/fr/comite-executif/"]}]},{"@type":"BreadcrumbList","@id":"https://admin.industriall-union.org/fr/comite-executif/#breadcrumb","itemListElement":[{"@type":"ListItem","position":1,"name":"Home","item":"https://admin.industriall-union.org/"},{"@type":"ListItem","position":2,"name":"Comité exécutif"}]},{"@type":"WebSite","@id":"https://admin.industriall-union.org/#website","url":"https://admin.industriall-union.org/","name":"industriall-union","description":"","potentialAction":[{"@type":"SearchAction","target":{"@type":"EntryPoint","urlTemplate":"https://admin.industriall-union.org/?s={search_term_string}"},"query-input":{"@type":"PropertyValueSpecification","valueRequired":true,"valueName":"search_term_string"}}],"inLanguage":"fr-FR"}]}</script>
<!-- / Yoast SEO Premium plugin. -->

Comité exécutif - industriall-union

Asie et Pacifique Amérique latine et Caraïbes Moyen-Orient et Afrique du Nord Amérique du Nord Afrique sub-saharienne Europe
