{"id":212228,"date":"2019-03-11T12:41:04","date_gmt":"2019-03-11T12:41:04","guid":{"rendered":"https:\/\/admin.industriall-union.org\/verres-ciment-ceramique-et-industries-associees\/"},"modified":"2026-02-03T11:26:18","modified_gmt":"2026-02-03T11:26:18","slug":"verre-ciment-ceramique-et-industries-correspondantes","status":"publish","type":"page","link":"https:\/\/admin.industriall-union.org\/fr\/verre-ciment-ceramique-et-industries-correspondantes\/","title":{"rendered":"Verres, ciment, c\u00e9ramique et industries associ\u00e9es"},"content":{"rendered":"<p>Le secteur des mat\u00e9riaux traitent du ciment, du granulat, de b\u00e9ton pr\u00eat \u00e0 l&#039;emploi, des carri\u00e8res de calcaire, de verre de construction et d&#039;habitation, de verre conteneur, de panneaux solaires, de vaisselles, de carreaux, de pi\u00e8ces en argile et de panneaux LCD. Ce secteur vise le d\u00e9veloppement des r\u00e9seaux d&#039;information r\u00e9gionaux et mondiaux, ceci inclut le&nbsp;North America Building Materials Union Network, le Asia Pacific Saint Gobain Glass Union Network, le Central Eastern Europe Glass Union Network, et le Imery Network.<\/p><h2><span style=\"color:#c0392b\">Reportages li\u00e9s<\/span><\/h2><figure class=\"imageArticle imageFull\"><a href=\"http:\/\/industriall.consids5.se\/fr\/les-syndicats-demandent-a-lafargeholcim-de-tenir-parole-et-de-respecter-la-vie-des-travailleurs\" target=\"_blank\"><img decoding=\"async\" alt=\"\" src=\"\/wp-content\/uploads\/images\/2018\/SWITZERLAND\/LafargeHolcim_AGM\/lh_group.jpg\" style=\"width: 6000px;height: 4000px\" \/><\/a><figcaption class=\"imageContent\"><div class=\"imageTitle\"><h1 style=\"text-align: right\"><a href=\"http:\/\/industriall.consids5.se\/fr\/les-syndicats-demandent-a-lafargeholcim-de-tenir-parole-et-de-respecter-la-vie-des-travailleurs\"><span style=\"color:#ffffff\">Les syndicats demandent \u00e0 LafargeHolcim de tenir parole et de respecter la vie des travailleurs<\/span><\/a><\/h1><\/div><div class=\"imageCaption\"><p>Syndicats manifestant \u00e0 l&rsquo;ext\u00e9rieur de la salle de r\u00e9union<\/p><\/div><\/figcaption><\/figure><p><strong>Personne de contact:<\/strong><\/p><table border=\"1\" cellpadding=\"1\" cellspacing=\"1\" style=\"width:100%\"><tbody><tr><td><img decoding=\"async\" alt=\"\" src=\"\/wp-content\/uploads\/images\/People\/Internal\/IndustriALL-Staff\/alex_ivanou.jpg\" style=\"width: 200px;height: 196px\" \/><\/td><td><strong>Alexander Ivanou<\/strong><br \/>Tel: +41 22 308 50 33<br \/>Fax: +41 22 308 5055<br \/>email: <a href=\"mailto:aivanou@industriall-union.org\">aivanou@industriall-union.org<\/a><\/td><\/tr><\/tbody><\/table>","protected":false},"excerpt":{"rendered":"<p>Le secteur des mat\u00e9riaux traitent du ciment, du granulat, de b\u00e9ton pr\u00eat \u00e0 l&#039;emploi, des carri\u00e8res de calcaire, de verre de construction et d&#039;habitation, de verre conteneur, de panneaux solaires, de vaisselles, de carreaux, de pi\u00e8ces en argile et de panneaux LCD. Ce secteur vise le d\u00e9veloppement des r\u00e9seaux d&#039;information r\u00e9gionaux et mondiaux, ceci inclut [&hellip;]<\/p>\n","protected":false},"author":1,"featured_media":0,"parent":0,"menu_order":0,"comment_status":"closed","ping_status":"closed","template":"","meta":{"_acf_changed":false,"footnotes":""},"issues":[],"companies":[],"regions":[],"sectors":[449],"article_tags":[],"class_list":["post-212228","page","type-page","status-publish","hentry","sectors-verres-ciment-ceramique-et-industries-associees"],"acf":[],"yoast_head":"<!-- This site is optimized with the Yoast SEO Premium plugin v27.1 (Yoast SEO v27.1) - https:\/\/yoast.com\/product\/yoast-seo-premium-wordpress\/ -->\n<title>Verres, ciment, c\u00e9ramique et industries associ\u00e9es - industriall-union<\/title>\n<meta name=\"robots\" content=\"index, follow, max-snippet:-1, max-image-preview:large, max-video-preview:-1\" \/>\n<link rel=\"canonical\" href=\"https:\/\/admin.industriall-union.org\/fr\/verre-ciment-ceramique-et-industries-correspondantes\/\" \/>\n<meta property=\"og:locale\" content=\"fr_FR\" \/>\n<meta property=\"og:type\" content=\"article\" \/>\n<meta property=\"og:title\" content=\"Verres, ciment, c\u00e9ramique et industries associ\u00e9es\" \/>\n<meta property=\"og:description\" content=\"Le secteur des mat\u00e9riaux traitent du ciment, du granulat, de b\u00e9ton pr\u00eat \u00e0 l&#039;emploi, des carri\u00e8res de calcaire, de verre de construction et d&#039;habitation, de verre conteneur, de panneaux solaires, de vaisselles, de carreaux, de pi\u00e8ces en argile et de panneaux LCD. Ce secteur vise le d\u00e9veloppement des r\u00e9seaux d&#039;information r\u00e9gionaux et mondiaux, ceci inclut [&hellip;]\" \/>\n<meta property=\"og:url\" content=\"https:\/\/admin.industriall-union.org\/fr\/verre-ciment-ceramique-et-industries-correspondantes\/\" \/>\n<meta property=\"og:site_name\" content=\"industriall-union\" \/>\n<meta property=\"article:modified_time\" content=\"2026-02-03T11:26:18+00:00\" \/>\n<meta name=\"twitter:card\" content=\"summary_large_image\" \/>\n<meta name=\"twitter:label1\" content=\"Est. reading time\" \/>\n\t<meta name=\"twitter:data1\" content=\"1 minute\" \/>\n<script type=\"application\/ld+json\" class=\"yoast-schema-graph\">{\"@context\":\"https:\/\/schema.org\",\"@graph\":[{\"@type\":\"WebPage\",\"@id\":\"https:\/\/admin.industriall-union.org\/fr\/verre-ciment-ceramique-et-industries-correspondantes\/\",\"url\":\"https:\/\/admin.industriall-union.org\/fr\/verre-ciment-ceramique-et-industries-correspondantes\/\",\"name\":\"Verres, ciment, c\u00e9ramique et industries associ\u00e9es - industriall-union\",\"isPartOf\":{\"@id\":\"https:\/\/admin.industriall-union.org\/#website\"},\"datePublished\":\"2019-03-11T12:41:04+00:00\",\"dateModified\":\"2026-02-03T11:26:18+00:00\",\"breadcrumb\":{\"@id\":\"https:\/\/admin.industriall-union.org\/fr\/verre-ciment-ceramique-et-industries-correspondantes\/#breadcrumb\"},\"inLanguage\":\"fr-FR\",\"potentialAction\":[{\"@type\":\"ReadAction\",\"target\":[\"https:\/\/admin.industriall-union.org\/fr\/verre-ciment-ceramique-et-industries-correspondantes\/\"]}]},{\"@type\":\"BreadcrumbList\",\"@id\":\"https:\/\/admin.industriall-union.org\/fr\/verre-ciment-ceramique-et-industries-correspondantes\/#breadcrumb\",\"itemListElement\":[{\"@type\":\"ListItem\",\"position\":1,\"name\":\"Home\",\"item\":\"https:\/\/admin.industriall-union.org\/\"},{\"@type\":\"ListItem\",\"position\":2,\"name\":\"Verres, ciment, c\u00e9ramique et industries associ\u00e9es\"}]},{\"@type\":\"WebSite\",\"@id\":\"https:\/\/admin.industriall-union.org\/#website\",\"url\":\"https:\/\/admin.industriall-union.org\/\",\"name\":\"industriall-union\",\"description\":\"\",\"potentialAction\":[{\"@type\":\"SearchAction\",\"target\":{\"@type\":\"EntryPoint\",\"urlTemplate\":\"https:\/\/admin.industriall-union.org\/?s={search_term_string}\"},\"query-input\":{\"@type\":\"PropertyValueSpecification\",\"valueRequired\":true,\"valueName\":\"search_term_string\"}}],\"inLanguage\":\"fr-FR\"}]}<\/script>\n<!-- \/ Yoast SEO Premium plugin. -->","yoast_head_json":{"title":"Verres, ciment, c\u00e9ramique et industries associ\u00e9es - industriall-union","robots":{"index":"index","follow":"follow","max-snippet":"max-snippet:-1","max-image-preview":"max-image-preview:large","max-video-preview":"max-video-preview:-1"},"canonical":"https:\/\/admin.industriall-union.org\/fr\/verre-ciment-ceramique-et-industries-correspondantes\/","og_locale":"fr_FR","og_type":"article","og_title":"Verres, ciment, c\u00e9ramique et industries associ\u00e9es","og_description":"Le secteur des mat\u00e9riaux traitent du ciment, du granulat, de b\u00e9ton pr\u00eat \u00e0 l&#039;emploi, des carri\u00e8res de calcaire, de verre de construction et d&#039;habitation, de verre conteneur, de panneaux solaires, de vaisselles, de carreaux, de pi\u00e8ces en argile et de panneaux LCD. Ce secteur vise le d\u00e9veloppement des r\u00e9seaux d&#039;information r\u00e9gionaux et mondiaux, ceci inclut [&hellip;]","og_url":"https:\/\/admin.industriall-union.org\/fr\/verre-ciment-ceramique-et-industries-correspondantes\/","og_site_name":"industriall-union","article_modified_time":"2026-02-03T11:26:18+00:00","twitter_card":"summary_large_image","twitter_misc":{"Est. reading time":"1 minute"},"schema":{"@context":"https:\/\/schema.org","@graph":[{"@type":"WebPage","@id":"https:\/\/admin.industriall-union.org\/fr\/verre-ciment-ceramique-et-industries-correspondantes\/","url":"https:\/\/admin.industriall-union.org\/fr\/verre-ciment-ceramique-et-industries-correspondantes\/","name":"Verres, ciment, c\u00e9ramique et industries associ\u00e9es - industriall-union","isPartOf":{"@id":"https:\/\/admin.industriall-union.org\/#website"},"datePublished":"2019-03-11T12:41:04+00:00","dateModified":"2026-02-03T11:26:18+00:00","breadcrumb":{"@id":"https:\/\/admin.industriall-union.org\/fr\/verre-ciment-ceramique-et-industries-correspondantes\/#breadcrumb"},"inLanguage":"fr-FR","potentialAction":[{"@type":"ReadAction","target":["https:\/\/admin.industriall-union.org\/fr\/verre-ciment-ceramique-et-industries-correspondantes\/"]}]},{"@type":"BreadcrumbList","@id":"https:\/\/admin.industriall-union.org\/fr\/verre-ciment-ceramique-et-industries-correspondantes\/#breadcrumb","itemListElement":[{"@type":"ListItem","position":1,"name":"Home","item":"https:\/\/admin.industriall-union.org\/"},{"@type":"ListItem","position":2,"name":"Verres, ciment, c\u00e9ramique et industries associ\u00e9es"}]},{"@type":"WebSite","@id":"https:\/\/admin.industriall-union.org\/#website","url":"https:\/\/admin.industriall-union.org\/","name":"industriall-union","description":"","potentialAction":[{"@type":"SearchAction","target":{"@type":"EntryPoint","urlTemplate":"https:\/\/admin.industriall-union.org\/?s={search_term_string}"},"query-input":{"@type":"PropertyValueSpecification","valueRequired":true,"valueName":"search_term_string"}}],"inLanguage":"fr-FR"}]}},"_links":{"self":[{"href":"https:\/\/admin.industriall-union.org\/fr\/wp-json\/wp\/v2\/pages\/212228","targetHints":{"allow":["GET"]}}],"collection":[{"href":"https:\/\/admin.industriall-union.org\/fr\/wp-json\/wp\/v2\/pages"}],"about":[{"href":"https:\/\/admin.industriall-union.org\/fr\/wp-json\/wp\/v2\/types\/page"}],"author":[{"embeddable":true,"href":"https:\/\/admin.industriall-union.org\/fr\/wp-json\/wp\/v2\/users\/1"}],"replies":[{"embeddable":true,"href":"https:\/\/admin.industriall-union.org\/fr\/wp-json\/wp\/v2\/comments?post=212228"}],"version-history":[{"count":3,"href":"https:\/\/admin.industriall-union.org\/fr\/wp-json\/wp\/v2\/pages\/212228\/revisions"}],"predecessor-version":[{"id":464220,"href":"https:\/\/admin.industriall-union.org\/fr\/wp-json\/wp\/v2\/pages\/212228\/revisions\/464220"}],"wp:attachment":[{"href":"https:\/\/admin.industriall-union.org\/fr\/wp-json\/wp\/v2\/media?parent=212228"}],"wp:term":[{"taxonomy":"issues","embeddable":true,"href":"https:\/\/admin.industriall-union.org\/fr\/wp-json\/wp\/v2\/issues?post=212228"},{"taxonomy":"companies","embeddable":true,"href":"https:\/\/admin.industriall-union.org\/fr\/wp-json\/wp\/v2\/companies?post=212228"},{"taxonomy":"regions","embeddable":true,"href":"https:\/\/admin.industriall-union.org\/fr\/wp-json\/wp\/v2\/regions?post=212228"},{"taxonomy":"sectors","embeddable":true,"href":"https:\/\/admin.industriall-union.org\/fr\/wp-json\/wp\/v2\/sectors?post=212228"},{"taxonomy":"article_tags","embeddable":true,"href":"https:\/\/admin.industriall-union.org\/fr\/wp-json\/wp\/v2\/article_tags?post=212228"}],"curies":[{"name":"wp","href":"https:\/\/api.w.org\/{rel}","templated":true}]}}

Verres, ciment, céramique et industries associées

<p>Le secteur des matériaux traitent du ciment, du granulat, de béton prêt à l&#039;emploi, des carrières de calcaire, de verre de construction et d&#039;habitation, de verre conteneur, de panneaux solaires, de vaisselles, de carreaux, de pièces en argile et de panneaux LCD. Ce secteur vise le développement des réseaux d&#039;information régionaux et mondiaux, ceci inclut le&nbsp;North America Building Materials Union Network, le Asia Pacific Saint Gobain Glass Union Network, le Central Eastern Europe Glass Union Network, et le Imery Network.</p><h2><span style="color:#c0392b">Reportages liés</span></h2><figure class="imageArticle imageFull"><a href="http://industriall.consids5.se/fr/les-syndicats-demandent-a-lafargeholcim-de-tenir-parole-et-de-respecter-la-vie-des-travailleurs" target="_blank"><img decoding="async" alt="" src="/wp-content/uploads/images/2018/SWITZERLAND/LafargeHolcim_AGM/lh_group.jpg" style="width: 6000px;height: 4000px" /></a><figcaption class="imageContent"><div class="imageTitle"><h1 style="text-align: right"><a href="http://industriall.consids5.se/fr/les-syndicats-demandent-a-lafargeholcim-de-tenir-parole-et-de-respecter-la-vie-des-travailleurs"><span style="color:#ffffff">Les syndicats demandent à LafargeHolcim de tenir parole et de respecter la vie des travailleurs</span></a></h1></div><div class="imageCaption"><p>Syndicats manifestant à l&rsquo;extérieur de la salle de réunion</p></div></figcaption></figure><p><strong>Personne de contact:</strong></p><table border="1" cellpadding="1" cellspacing="1" style="width:100%"><tbody><tr><td><img decoding="async" alt="" src="/wp-content/uploads/images/People/Internal/IndustriALL-Staff/alex_ivanou.jpg" style="width: 200px;height: 196px" /></td><td><strong>Alexander Ivanou</strong><br />Tel: +41 22 308 50 33<br />Fax: +41 22 308 5055<br />email: <a href="mailto:aivanou@industriall-union.org">aivanou@industriall-union.org</a></td></tr></tbody></table>

<p>Le secteur des matériaux traitent du ciment, du granulat, de béton prêt à l&#039;emploi, des carrières de calcaire, de verre de construction et d&#039;habitation, de verre conteneur, de panneaux solaires, de vaisselles, de carreaux, de pièces en argile et de panneaux LCD. Ce secteur vise le développement des réseaux d&#039;information régionaux et mondiaux, ceci inclut [&hellip;]</p>

<!-- This site is optimized with the Yoast SEO Premium plugin v27.1 (Yoast SEO v27.1) - https://yoast.com/product/yoast-seo-premium-wordpress/ -->
<title>Verres, ciment, céramique et industries associées - industriall-union</title>
<meta name="robots" content="index, follow, max-snippet:-1, max-image-preview:large, max-video-preview:-1" />
<link rel="canonical" href="https://admin.industriall-union.org/fr/verre-ciment-ceramique-et-industries-correspondantes/" />
<meta property="og:locale" content="fr_FR" />
<meta property="og:type" content="article" />
<meta property="og:title" content="Verres, ciment, céramique et industries associées" />
<meta property="og:description" content="Le secteur des matériaux traitent du ciment, du granulat, de béton prêt à l&#039;emploi, des carrières de calcaire, de verre de construction et d&#039;habitation, de verre conteneur, de panneaux solaires, de vaisselles, de carreaux, de pièces en argile et de panneaux LCD. Ce secteur vise le développement des réseaux d&#039;information régionaux et mondiaux, ceci inclut [&hellip;]" />
<meta property="og:url" content="https://admin.industriall-union.org/fr/verre-ciment-ceramique-et-industries-correspondantes/" />
<meta property="og:site_name" content="industriall-union" />
<meta property="article:modified_time" content="2026-02-03T11:26:18+00:00" />
<meta name="twitter:card" content="summary_large_image" />
<meta name="twitter:label1" content="Est. reading time" />
	<meta name="twitter:data1" content="1 minute" />
<script type="application/ld+json" class="yoast-schema-graph">{"@context":"https://schema.org","@graph":[{"@type":"WebPage","@id":"https://admin.industriall-union.org/fr/verre-ciment-ceramique-et-industries-correspondantes/","url":"https://admin.industriall-union.org/fr/verre-ciment-ceramique-et-industries-correspondantes/","name":"Verres, ciment, céramique et industries associées - industriall-union","isPartOf":{"@id":"https://admin.industriall-union.org/#website"},"datePublished":"2019-03-11T12:41:04+00:00","dateModified":"2026-02-03T11:26:18+00:00","breadcrumb":{"@id":"https://admin.industriall-union.org/fr/verre-ciment-ceramique-et-industries-correspondantes/#breadcrumb"},"inLanguage":"fr-FR","potentialAction":[{"@type":"ReadAction","target":["https://admin.industriall-union.org/fr/verre-ciment-ceramique-et-industries-correspondantes/"]}]},{"@type":"BreadcrumbList","@id":"https://admin.industriall-union.org/fr/verre-ciment-ceramique-et-industries-correspondantes/#breadcrumb","itemListElement":[{"@type":"ListItem","position":1,"name":"Home","item":"https://admin.industriall-union.org/"},{"@type":"ListItem","position":2,"name":"Verres, ciment, céramique et industries associées"}]},{"@type":"WebSite","@id":"https://admin.industriall-union.org/#website","url":"https://admin.industriall-union.org/","name":"industriall-union","description":"","potentialAction":[{"@type":"SearchAction","target":{"@type":"EntryPoint","urlTemplate":"https://admin.industriall-union.org/?s={search_term_string}"},"query-input":{"@type":"PropertyValueSpecification","valueRequired":true,"valueName":"search_term_string"}}],"inLanguage":"fr-FR"}]}</script>
<!-- / Yoast SEO Premium plugin. -->

Verres, ciment, céramique et industries associées - industriall-union

Le secteur des matériaux traitent du ciment, du granulat, de béton prêt à l&#039;emploi, des carrières de calcaire, de verre de construction et d&#039;habitation, de verre conteneur, de panneaux solaires, de vaisselles, de carreaux, de pièces en argile et de panneaux LCD. Ce secteur vise le développement des réseaux d&#039;information régionaux et mondiaux, ceci inclut [&hellip;]
