{"id":212227,"date":"2019-03-11T14:22:49","date_gmt":"2019-03-11T14:22:49","guid":{"rendered":"https:\/\/admin.industriall-union.org\/informatique-electricite-et-electronique\/"},"modified":"2026-02-03T11:25:57","modified_gmt":"2026-02-03T11:25:57","slug":"ict-electricite-et-electronique","status":"publish","type":"page","link":"https:\/\/admin.industriall-union.org\/fr\/ict-electricite-et-electronique\/","title":{"rendered":"Informatique, \u00e9lectricit\u00e9 et \u00e9lectronique"},"content":{"rendered":"<section class=\"boxTurquoise\"><h2>Informatique, \u00e9lectricit\u00e9 et \u00e9lectronique<\/h2><p>Le travail dans le secteur \u00e9lectrique et \u00e9lectronique s&#039;occupe d&#039;un large \u00e9ventail de soci\u00e9t\u00e9s productrice d&#039;\u00e9lectronique grand public, de mat\u00e9riel et logiciel informatique. IndustriALL vise \u00e0 d\u00e9velopper des strat\u00e9gies syndicales pour ce secteur et \u00e0 renforcer l&#039;\u00e9change d&#039;information entre les cha\u00eenes de production et les soci\u00e9t\u00e9s multinationales.<\/p><h3>Contact<\/h3><table border=\"1\" cellpadding=\"1\" cellspacing=\"1\" style=\"width:100%\"><tbody><tr><td style=\"text-align: center\"><img decoding=\"async\" alt=\"\" src=\"\/wp-content\/uploads\/images\/People\/Internal\/alexorange.png\" style=\"width: 200px;height: 200px\" \/><\/td><td><h4><strong>Alex Ivanou<\/strong><br \/>Tel. +41 22 308 50 33<br \/>e-mail: <a href=\"mailto:aivanou@industriall-union.org\">aivanou<\/a><\/h4><\/td><\/tr><\/tbody><\/table><\/section><h4>Accords Cadres Mondiaux (ACM) dans le secteur de l&#039;informatique, \u00e9lectricit\u00e9 et \u00e9lectronique<\/h4><table border=\"1\" cellpadding=\"1\" cellspacing=\"1\" style=\"width:500px\"><tbody><tr><td style=\"text-align: center\"><a href=\"http:\/\/www.industriall-union.org\/industriall-signs-gfa-with-siemens\"><img decoding=\"async\" alt=\"\" src=\"\/wp-content\/uploads\/images\/Company-Logos\/1081-sie-logo-petrol-1991.jpg\" style=\"width: 200px;height: 46px\" \/><\/a><\/td><td style=\"text-align: center\"><a href=\"http:\/\/www.industriall-union.org\/electrolux\"><img decoding=\"async\" alt=\"\" src=\"\/wp-content\/uploads\/images\/Company-Logos\/electolux.jpg\" style=\"width: 250px;height: 73px\" \/><\/a><\/td><\/tr><\/tbody><\/table><h4>In depth articles<\/h4><figure class=\"imageArticle imageFull\"><a href=\"https:\/\/www.industriall-union.org\/report-due-diligence-across-the-battery-supply-chain\"><img decoding=\"async\" alt=\"\" src=\"\/wp-content\/uploads\/styles\/article_top_image_w1440\/public\/uploads\/images\/Global-Worker\/2020-2\/lithium-batshutterstock_1757106191.jpg\" style=\"width: 1000px;height: 570px\" \/><\/a><figcaption class=\"imageContent\"><div class=\"imageTitle\"><h1 style=\"text-align: right\"><a href=\"\/node\/65077\">DOSSIER: Diligence raisonnable au sein de la cha\u00eene d&rsquo;approvisionnement en batteries<\/a><\/h1><\/div><div class=\"imageCaption\"><p>Global Worker dossier&nbsp;&#8211; &nbsp;NOV 2020<\/p><\/div><\/figcaption><\/figure><figure class=\"imageArticle imageMedium\"><img decoding=\"async\" alt=\"\" src=\"\/wp-content\/uploads\/styles\/article_top_image_w1440\/public\/uploads\/images\/Global-Worker\/2018-2\/img_3413.jpg\" style=\"width: 500px;height: 375px\" \/><figcaption class=\"imageContent\"><div class=\"imageTitle\"><h1 style=\"text-align: right\"><a href=\"\/node\/61195\">DOSSIER: Le syndicat bi\u00e9lorusse de l&rsquo;\u00e9lectronique sait se que lutter veut dire<\/a><\/h1><\/div><div class=\"imageCaption\"><p>Global Worker dossier- &nbsp; Nov 2018<\/p><\/div><\/figcaption><\/figure><figure class=\"imageArticle imageMedium\"><img decoding=\"async\" alt=\"\" src=\"\/wp-content\/uploads\/styles\/article_top_image_w1440\/public\/uploads\/images\/2015\/GlobalWorker\/malaysia.png\" style=\"width: 500px;height: 332px\" \/><figcaption class=\"imageContent\"><div class=\"imageTitle\"><h1 style=\"text-align: right\"><a href=\"\/node\/53649\">PROFIL: Des syndicalistes en lutte pour avoir des droits en Malaisie<\/a><\/h1><\/div><div class=\"imageCaption\"><p>Global Worker profil&nbsp;&#8211; Nov 2015<\/p><\/div><\/figcaption><\/figure>","protected":false},"excerpt":{"rendered":"<p>Informatique, \u00e9lectricit\u00e9 et \u00e9lectronique Le travail dans le secteur \u00e9lectrique et \u00e9lectronique s&#039;occupe d&#039;un large \u00e9ventail de soci\u00e9t\u00e9s productrice d&#039;\u00e9lectronique grand public, de mat\u00e9riel et logiciel informatique. IndustriALL vise \u00e0 d\u00e9velopper des strat\u00e9gies syndicales pour ce secteur et \u00e0 renforcer l&#039;\u00e9change d&#039;information entre les cha\u00eenes de production et les soci\u00e9t\u00e9s multinationales. Contact Alex IvanouTel. +41 [&hellip;]<\/p>\n","protected":false},"author":1,"featured_media":0,"parent":0,"menu_order":0,"comment_status":"closed","ping_status":"closed","template":"","meta":{"_acf_changed":false,"footnotes":""},"issues":[],"companies":[],"regions":[],"sectors":[490],"article_tags":[],"class_list":["post-212227","page","type-page","status-publish","hentry","sectors-ict-electrical-and-electronics"],"acf":[],"yoast_head":"<!-- This site is optimized with the Yoast SEO Premium plugin v27.1 (Yoast SEO v27.1) - https:\/\/yoast.com\/product\/yoast-seo-premium-wordpress\/ -->\n<title>Informatique, \u00e9lectricit\u00e9 et \u00e9lectronique - industriall-union<\/title>\n<meta name=\"robots\" content=\"index, follow, max-snippet:-1, max-image-preview:large, max-video-preview:-1\" \/>\n<link rel=\"canonical\" href=\"https:\/\/admin.industriall-union.org\/fr\/ict-electricite-et-electronique\/\" \/>\n<meta property=\"og:locale\" content=\"fr_FR\" \/>\n<meta property=\"og:type\" content=\"article\" \/>\n<meta property=\"og:title\" content=\"Informatique, \u00e9lectricit\u00e9 et \u00e9lectronique\" \/>\n<meta property=\"og:description\" content=\"Informatique, \u00e9lectricit\u00e9 et \u00e9lectronique Le travail dans le secteur \u00e9lectrique et \u00e9lectronique s&#039;occupe d&#039;un large \u00e9ventail de soci\u00e9t\u00e9s productrice d&#039;\u00e9lectronique grand public, de mat\u00e9riel et logiciel informatique. IndustriALL vise \u00e0 d\u00e9velopper des strat\u00e9gies syndicales pour ce secteur et \u00e0 renforcer l&#039;\u00e9change d&#039;information entre les cha\u00eenes de production et les soci\u00e9t\u00e9s multinationales. Contact Alex IvanouTel. +41 [&hellip;]\" \/>\n<meta property=\"og:url\" content=\"https:\/\/admin.industriall-union.org\/fr\/ict-electricite-et-electronique\/\" \/>\n<meta property=\"og:site_name\" content=\"industriall-union\" \/>\n<meta property=\"article:modified_time\" content=\"2026-02-03T11:25:57+00:00\" \/>\n<meta name=\"twitter:card\" content=\"summary_large_image\" \/>\n<meta name=\"twitter:label1\" content=\"Est. reading time\" \/>\n\t<meta name=\"twitter:data1\" content=\"1 minute\" \/>\n<script type=\"application\/ld+json\" class=\"yoast-schema-graph\">{\"@context\":\"https:\/\/schema.org\",\"@graph\":[{\"@type\":\"WebPage\",\"@id\":\"https:\/\/admin.industriall-union.org\/fr\/ict-electricite-et-electronique\/\",\"url\":\"https:\/\/admin.industriall-union.org\/fr\/ict-electricite-et-electronique\/\",\"name\":\"Informatique, \u00e9lectricit\u00e9 et \u00e9lectronique - industriall-union\",\"isPartOf\":{\"@id\":\"https:\/\/admin.industriall-union.org\/#website\"},\"datePublished\":\"2019-03-11T14:22:49+00:00\",\"dateModified\":\"2026-02-03T11:25:57+00:00\",\"breadcrumb\":{\"@id\":\"https:\/\/admin.industriall-union.org\/fr\/ict-electricite-et-electronique\/#breadcrumb\"},\"inLanguage\":\"fr-FR\",\"potentialAction\":[{\"@type\":\"ReadAction\",\"target\":[\"https:\/\/admin.industriall-union.org\/fr\/ict-electricite-et-electronique\/\"]}]},{\"@type\":\"BreadcrumbList\",\"@id\":\"https:\/\/admin.industriall-union.org\/fr\/ict-electricite-et-electronique\/#breadcrumb\",\"itemListElement\":[{\"@type\":\"ListItem\",\"position\":1,\"name\":\"Home\",\"item\":\"https:\/\/admin.industriall-union.org\/\"},{\"@type\":\"ListItem\",\"position\":2,\"name\":\"Informatique, \u00e9lectricit\u00e9 et \u00e9lectronique\"}]},{\"@type\":\"WebSite\",\"@id\":\"https:\/\/admin.industriall-union.org\/#website\",\"url\":\"https:\/\/admin.industriall-union.org\/\",\"name\":\"industriall-union\",\"description\":\"\",\"potentialAction\":[{\"@type\":\"SearchAction\",\"target\":{\"@type\":\"EntryPoint\",\"urlTemplate\":\"https:\/\/admin.industriall-union.org\/?s={search_term_string}\"},\"query-input\":{\"@type\":\"PropertyValueSpecification\",\"valueRequired\":true,\"valueName\":\"search_term_string\"}}],\"inLanguage\":\"fr-FR\"}]}<\/script>\n<!-- \/ Yoast SEO Premium plugin. -->","yoast_head_json":{"title":"Informatique, \u00e9lectricit\u00e9 et \u00e9lectronique - industriall-union","robots":{"index":"index","follow":"follow","max-snippet":"max-snippet:-1","max-image-preview":"max-image-preview:large","max-video-preview":"max-video-preview:-1"},"canonical":"https:\/\/admin.industriall-union.org\/fr\/ict-electricite-et-electronique\/","og_locale":"fr_FR","og_type":"article","og_title":"Informatique, \u00e9lectricit\u00e9 et \u00e9lectronique","og_description":"Informatique, \u00e9lectricit\u00e9 et \u00e9lectronique Le travail dans le secteur \u00e9lectrique et \u00e9lectronique s&#039;occupe d&#039;un large \u00e9ventail de soci\u00e9t\u00e9s productrice d&#039;\u00e9lectronique grand public, de mat\u00e9riel et logiciel informatique. IndustriALL vise \u00e0 d\u00e9velopper des strat\u00e9gies syndicales pour ce secteur et \u00e0 renforcer l&#039;\u00e9change d&#039;information entre les cha\u00eenes de production et les soci\u00e9t\u00e9s multinationales. Contact Alex IvanouTel. +41 [&hellip;]","og_url":"https:\/\/admin.industriall-union.org\/fr\/ict-electricite-et-electronique\/","og_site_name":"industriall-union","article_modified_time":"2026-02-03T11:25:57+00:00","twitter_card":"summary_large_image","twitter_misc":{"Est. reading time":"1 minute"},"schema":{"@context":"https:\/\/schema.org","@graph":[{"@type":"WebPage","@id":"https:\/\/admin.industriall-union.org\/fr\/ict-electricite-et-electronique\/","url":"https:\/\/admin.industriall-union.org\/fr\/ict-electricite-et-electronique\/","name":"Informatique, \u00e9lectricit\u00e9 et \u00e9lectronique - industriall-union","isPartOf":{"@id":"https:\/\/admin.industriall-union.org\/#website"},"datePublished":"2019-03-11T14:22:49+00:00","dateModified":"2026-02-03T11:25:57+00:00","breadcrumb":{"@id":"https:\/\/admin.industriall-union.org\/fr\/ict-electricite-et-electronique\/#breadcrumb"},"inLanguage":"fr-FR","potentialAction":[{"@type":"ReadAction","target":["https:\/\/admin.industriall-union.org\/fr\/ict-electricite-et-electronique\/"]}]},{"@type":"BreadcrumbList","@id":"https:\/\/admin.industriall-union.org\/fr\/ict-electricite-et-electronique\/#breadcrumb","itemListElement":[{"@type":"ListItem","position":1,"name":"Home","item":"https:\/\/admin.industriall-union.org\/"},{"@type":"ListItem","position":2,"name":"Informatique, \u00e9lectricit\u00e9 et \u00e9lectronique"}]},{"@type":"WebSite","@id":"https:\/\/admin.industriall-union.org\/#website","url":"https:\/\/admin.industriall-union.org\/","name":"industriall-union","description":"","potentialAction":[{"@type":"SearchAction","target":{"@type":"EntryPoint","urlTemplate":"https:\/\/admin.industriall-union.org\/?s={search_term_string}"},"query-input":{"@type":"PropertyValueSpecification","valueRequired":true,"valueName":"search_term_string"}}],"inLanguage":"fr-FR"}]}},"_links":{"self":[{"href":"https:\/\/admin.industriall-union.org\/fr\/wp-json\/wp\/v2\/pages\/212227","targetHints":{"allow":["GET"]}}],"collection":[{"href":"https:\/\/admin.industriall-union.org\/fr\/wp-json\/wp\/v2\/pages"}],"about":[{"href":"https:\/\/admin.industriall-union.org\/fr\/wp-json\/wp\/v2\/types\/page"}],"author":[{"embeddable":true,"href":"https:\/\/admin.industriall-union.org\/fr\/wp-json\/wp\/v2\/users\/1"}],"replies":[{"embeddable":true,"href":"https:\/\/admin.industriall-union.org\/fr\/wp-json\/wp\/v2\/comments?post=212227"}],"version-history":[{"count":3,"href":"https:\/\/admin.industriall-union.org\/fr\/wp-json\/wp\/v2\/pages\/212227\/revisions"}],"predecessor-version":[{"id":464218,"href":"https:\/\/admin.industriall-union.org\/fr\/wp-json\/wp\/v2\/pages\/212227\/revisions\/464218"}],"wp:attachment":[{"href":"https:\/\/admin.industriall-union.org\/fr\/wp-json\/wp\/v2\/media?parent=212227"}],"wp:term":[{"taxonomy":"issues","embeddable":true,"href":"https:\/\/admin.industriall-union.org\/fr\/wp-json\/wp\/v2\/issues?post=212227"},{"taxonomy":"companies","embeddable":true,"href":"https:\/\/admin.industriall-union.org\/fr\/wp-json\/wp\/v2\/companies?post=212227"},{"taxonomy":"regions","embeddable":true,"href":"https:\/\/admin.industriall-union.org\/fr\/wp-json\/wp\/v2\/regions?post=212227"},{"taxonomy":"sectors","embeddable":true,"href":"https:\/\/admin.industriall-union.org\/fr\/wp-json\/wp\/v2\/sectors?post=212227"},{"taxonomy":"article_tags","embeddable":true,"href":"https:\/\/admin.industriall-union.org\/fr\/wp-json\/wp\/v2\/article_tags?post=212227"}],"curies":[{"name":"wp","href":"https:\/\/api.w.org\/{rel}","templated":true}]}}

Informatique, électricité et électronique

<section class="boxTurquoise"><h2>Informatique, électricité et électronique</h2><p>Le travail dans le secteur électrique et électronique s&#039;occupe d&#039;un large éventail de sociétés productrice d&#039;électronique grand public, de matériel et logiciel informatique. IndustriALL vise à développer des stratégies syndicales pour ce secteur et à renforcer l&#039;échange d&#039;information entre les chaînes de production et les sociétés multinationales.</p><h3>Contact</h3><table border="1" cellpadding="1" cellspacing="1" style="width:100%"><tbody><tr><td style="text-align: center"><img decoding="async" alt="" src="/wp-content/uploads/images/People/Internal/alexorange.png" style="width: 200px;height: 200px" /></td><td><h4><strong>Alex Ivanou</strong><br />Tel. +41 22 308 50 33<br />e-mail: <a href="mailto:aivanou@industriall-union.org">aivanou</a></h4></td></tr></tbody></table></section><h4>Accords Cadres Mondiaux (ACM) dans le secteur de l&#039;informatique, électricité et électronique</h4><table border="1" cellpadding="1" cellspacing="1" style="width:500px"><tbody><tr><td style="text-align: center"><a href="http://www.industriall-union.org/industriall-signs-gfa-with-siemens"><img decoding="async" alt="" src="/wp-content/uploads/images/Company-Logos/1081-sie-logo-petrol-1991.jpg" style="width: 200px;height: 46px" /></a></td><td style="text-align: center"><a href="http://www.industriall-union.org/electrolux"><img decoding="async" alt="" src="/wp-content/uploads/images/Company-Logos/electolux.jpg" style="width: 250px;height: 73px" /></a></td></tr></tbody></table><h4>In depth articles</h4><figure class="imageArticle imageFull"><a href="https://www.industriall-union.org/report-due-diligence-across-the-battery-supply-chain"><img decoding="async" alt="" src="/wp-content/uploads/styles/article_top_image_w1440/public/uploads/images/Global-Worker/2020-2/lithium-batshutterstock_1757106191.jpg" style="width: 1000px;height: 570px" /></a><figcaption class="imageContent"><div class="imageTitle"><h1 style="text-align: right"><a href="/node/65077">DOSSIER: Diligence raisonnable au sein de la chaîne d&rsquo;approvisionnement en batteries</a></h1></div><div class="imageCaption"><p>Global Worker dossier&nbsp;&#8211; &nbsp;NOV 2020</p></div></figcaption></figure><figure class="imageArticle imageMedium"><img decoding="async" alt="" src="/wp-content/uploads/styles/article_top_image_w1440/public/uploads/images/Global-Worker/2018-2/img_3413.jpg" style="width: 500px;height: 375px" /><figcaption class="imageContent"><div class="imageTitle"><h1 style="text-align: right"><a href="/node/61195">DOSSIER: Le syndicat biélorusse de l&rsquo;électronique sait se que lutter veut dire</a></h1></div><div class="imageCaption"><p>Global Worker dossier- &nbsp; Nov 2018</p></div></figcaption></figure><figure class="imageArticle imageMedium"><img decoding="async" alt="" src="/wp-content/uploads/styles/article_top_image_w1440/public/uploads/images/2015/GlobalWorker/malaysia.png" style="width: 500px;height: 332px" /><figcaption class="imageContent"><div class="imageTitle"><h1 style="text-align: right"><a href="/node/53649">PROFIL: Des syndicalistes en lutte pour avoir des droits en Malaisie</a></h1></div><div class="imageCaption"><p>Global Worker profil&nbsp;&#8211; Nov 2015</p></div></figcaption></figure>

<p>Informatique, électricité et électronique Le travail dans le secteur électrique et électronique s&#039;occupe d&#039;un large éventail de sociétés productrice d&#039;électronique grand public, de matériel et logiciel informatique. IndustriALL vise à développer des stratégies syndicales pour ce secteur et à renforcer l&#039;échange d&#039;information entre les chaînes de production et les sociétés multinationales. Contact Alex IvanouTel. +41 [&hellip;]</p>

<!-- This site is optimized with the Yoast SEO Premium plugin v27.1 (Yoast SEO v27.1) - https://yoast.com/product/yoast-seo-premium-wordpress/ -->
<title>Informatique, électricité et électronique - industriall-union</title>
<meta name="robots" content="index, follow, max-snippet:-1, max-image-preview:large, max-video-preview:-1" />
<link rel="canonical" href="https://admin.industriall-union.org/fr/ict-electricite-et-electronique/" />
<meta property="og:locale" content="fr_FR" />
<meta property="og:type" content="article" />
<meta property="og:title" content="Informatique, électricité et électronique" />
<meta property="og:description" content="Informatique, électricité et électronique Le travail dans le secteur électrique et électronique s&#039;occupe d&#039;un large éventail de sociétés productrice d&#039;électronique grand public, de matériel et logiciel informatique. IndustriALL vise à développer des stratégies syndicales pour ce secteur et à renforcer l&#039;échange d&#039;information entre les chaînes de production et les sociétés multinationales. Contact Alex IvanouTel. +41 [&hellip;]" />
<meta property="og:url" content="https://admin.industriall-union.org/fr/ict-electricite-et-electronique/" />
<meta property="og:site_name" content="industriall-union" />
<meta property="article:modified_time" content="2026-02-03T11:25:57+00:00" />
<meta name="twitter:card" content="summary_large_image" />
<meta name="twitter:label1" content="Est. reading time" />
	<meta name="twitter:data1" content="1 minute" />
<script type="application/ld+json" class="yoast-schema-graph">{"@context":"https://schema.org","@graph":[{"@type":"WebPage","@id":"https://admin.industriall-union.org/fr/ict-electricite-et-electronique/","url":"https://admin.industriall-union.org/fr/ict-electricite-et-electronique/","name":"Informatique, électricité et électronique - industriall-union","isPartOf":{"@id":"https://admin.industriall-union.org/#website"},"datePublished":"2019-03-11T14:22:49+00:00","dateModified":"2026-02-03T11:25:57+00:00","breadcrumb":{"@id":"https://admin.industriall-union.org/fr/ict-electricite-et-electronique/#breadcrumb"},"inLanguage":"fr-FR","potentialAction":[{"@type":"ReadAction","target":["https://admin.industriall-union.org/fr/ict-electricite-et-electronique/"]}]},{"@type":"BreadcrumbList","@id":"https://admin.industriall-union.org/fr/ict-electricite-et-electronique/#breadcrumb","itemListElement":[{"@type":"ListItem","position":1,"name":"Home","item":"https://admin.industriall-union.org/"},{"@type":"ListItem","position":2,"name":"Informatique, électricité et électronique"}]},{"@type":"WebSite","@id":"https://admin.industriall-union.org/#website","url":"https://admin.industriall-union.org/","name":"industriall-union","description":"","potentialAction":[{"@type":"SearchAction","target":{"@type":"EntryPoint","urlTemplate":"https://admin.industriall-union.org/?s={search_term_string}"},"query-input":{"@type":"PropertyValueSpecification","valueRequired":true,"valueName":"search_term_string"}}],"inLanguage":"fr-FR"}]}</script>
<!-- / Yoast SEO Premium plugin. -->

Informatique, électricité et électronique - industriall-union

Informatique, électricité et électronique Le travail dans le secteur électrique et électronique s&#039;occupe d&#039;un large éventail de sociétés productrice d&#039;électronique grand public, de matériel et logiciel informatique. IndustriALL vise à développer des stratégies syndicales pour ce secteur et à renforcer l&#039;échange d&#039;information entre les chaînes de production et les sociétés multinationales. Contact Alex IvanouTel. +41 [&hellip;]
