{"id":212200,"date":"2019-03-11T17:23:56","date_gmt":"2019-03-11T17:23:56","guid":{"rendered":"https:\/\/admin.industriall-union.org\/salaire-vital\/"},"modified":"2026-02-03T11:11:43","modified_gmt":"2026-02-03T11:11:43","slug":"salaire-vital","status":"publish","type":"page","link":"https:\/\/admin.industriall-union.org\/fr\/salaire-vital\/","title":{"rendered":"Salaire vital"},"content":{"rendered":"<p>Le protocole d&rsquo;accord est explicite dans l&rsquo;identification du d\u00e9veloppement des n\u00e9gociations sectorielles dans les pays producteurs de v\u00eatements comme \u00e9l\u00e9ment essentiel pour obtenir un salaire de subsistance et de la n\u00e9cessit\u00e9 d&rsquo;une reconnaissance effective du droit des travailleurs \u00e0 la libert\u00e9 syndicale et \u00e0 la n\u00e9gociation collective pour que cela soit r\u00e9alis\u00e9.<\/p><p>Dans le contexte des cha\u00eenes d&#039;approvisionnement mondiales, o\u00f9 les acheteurs au sommet de la cha\u00eene d&#039;approvisionnement ont le plus grand pouvoir d&#039;influence sur la r\u00e9partition de la valeur le long de la cha\u00eene et sur le montant qui reste entre les mains des travailleurs, r\u00e9forme des pratiques d&#039;achat \u00e0 l&#039;appui de la n\u00e9gociation de l&#039;industrie est essentielle.<\/p><p>En liant la n\u00e9gociation collective au niveau national entre les syndicats et les employeurs aux pratiques d&#039;achat des marques, le processus ACT cr\u00e9e un cadre pour de v\u00e9ritables relations professionnelles dans la cha\u00eene d&#039;approvisionnement. Gr\u00e2ce \u00e0 la n\u00e9gociation sectorielle, les travailleurs peuvent obtenir un salaire suffisant pour subvenir \u00e0 leurs besoins et \u00e0 ceux de leur famille, tout en tenant compte de la nature sp\u00e9cifique de l&rsquo;industrie, des horaires de travail, de la productivit\u00e9 et d&rsquo;autres probl\u00e8mes li\u00e9s aux salaires.<\/p><p>Pour la premi\u00e8re fois, le processus ACT vise \u00e0 cr\u00e9er un syst\u00e8me qui, en \u00e9liminant les obstacles structurels aux salaires vitaux, a une r\u00e9elle chance d&rsquo;augmenter les salaires des travailleurs du v\u00eatement de mani\u00e8re \u00e9volutive, durable et ex\u00e9cutoire.<\/p>","protected":false},"excerpt":{"rendered":"<p>Le protocole d&rsquo;accord est explicite dans l&rsquo;identification du d\u00e9veloppement des n\u00e9gociations sectorielles dans les pays producteurs de v\u00eatements comme \u00e9l\u00e9ment essentiel pour obtenir un salaire de subsistance et de la n\u00e9cessit\u00e9 d&rsquo;une reconnaissance effective du droit des travailleurs \u00e0 la libert\u00e9 syndicale et \u00e0 la n\u00e9gociation collective pour que cela soit r\u00e9alis\u00e9. Dans le contexte [&hellip;]<\/p>\n","protected":false},"author":1,"featured_media":0,"parent":0,"menu_order":0,"comment_status":"closed","ping_status":"closed","template":"","meta":{"_acf_changed":false,"footnotes":""},"issues":[],"companies":[],"regions":[],"sectors":[],"article_tags":[],"class_list":["post-212200","page","type-page","status-publish","hentry"],"acf":[],"yoast_head":"<!-- This site is optimized with the Yoast SEO Premium plugin v27.1 (Yoast SEO v27.1) - https:\/\/yoast.com\/product\/yoast-seo-premium-wordpress\/ -->\n<title>Salaire vital - industriall-union<\/title>\n<meta name=\"robots\" content=\"index, follow, max-snippet:-1, max-image-preview:large, max-video-preview:-1\" \/>\n<link rel=\"canonical\" href=\"https:\/\/admin.industriall-union.org\/fr\/salaire-vital\/\" \/>\n<meta property=\"og:locale\" content=\"fr_FR\" \/>\n<meta property=\"og:type\" content=\"article\" \/>\n<meta property=\"og:title\" content=\"Salaire vital\" \/>\n<meta property=\"og:description\" content=\"Le protocole d&rsquo;accord est explicite dans l&rsquo;identification du d\u00e9veloppement des n\u00e9gociations sectorielles dans les pays producteurs de v\u00eatements comme \u00e9l\u00e9ment essentiel pour obtenir un salaire de subsistance et de la n\u00e9cessit\u00e9 d&rsquo;une reconnaissance effective du droit des travailleurs \u00e0 la libert\u00e9 syndicale et \u00e0 la n\u00e9gociation collective pour que cela soit r\u00e9alis\u00e9. Dans le contexte [&hellip;]\" \/>\n<meta property=\"og:url\" content=\"https:\/\/admin.industriall-union.org\/fr\/salaire-vital\/\" \/>\n<meta property=\"og:site_name\" content=\"industriall-union\" \/>\n<meta property=\"article:modified_time\" content=\"2026-02-03T11:11:43+00:00\" \/>\n<meta name=\"twitter:card\" content=\"summary_large_image\" \/>\n<meta name=\"twitter:label1\" content=\"Est. reading time\" \/>\n\t<meta name=\"twitter:data1\" content=\"1 minute\" \/>\n<script type=\"application\/ld+json\" class=\"yoast-schema-graph\">{\"@context\":\"https:\/\/schema.org\",\"@graph\":[{\"@type\":\"WebPage\",\"@id\":\"https:\/\/admin.industriall-union.org\/fr\/salaire-vital\/\",\"url\":\"https:\/\/admin.industriall-union.org\/fr\/salaire-vital\/\",\"name\":\"Salaire vital - industriall-union\",\"isPartOf\":{\"@id\":\"https:\/\/admin.industriall-union.org\/#website\"},\"datePublished\":\"2019-03-11T17:23:56+00:00\",\"dateModified\":\"2026-02-03T11:11:43+00:00\",\"breadcrumb\":{\"@id\":\"https:\/\/admin.industriall-union.org\/fr\/salaire-vital\/#breadcrumb\"},\"inLanguage\":\"fr-FR\",\"potentialAction\":[{\"@type\":\"ReadAction\",\"target\":[\"https:\/\/admin.industriall-union.org\/fr\/salaire-vital\/\"]}]},{\"@type\":\"BreadcrumbList\",\"@id\":\"https:\/\/admin.industriall-union.org\/fr\/salaire-vital\/#breadcrumb\",\"itemListElement\":[{\"@type\":\"ListItem\",\"position\":1,\"name\":\"Home\",\"item\":\"https:\/\/admin.industriall-union.org\/\"},{\"@type\":\"ListItem\",\"position\":2,\"name\":\"Salaire vital\"}]},{\"@type\":\"WebSite\",\"@id\":\"https:\/\/admin.industriall-union.org\/#website\",\"url\":\"https:\/\/admin.industriall-union.org\/\",\"name\":\"industriall-union\",\"description\":\"\",\"potentialAction\":[{\"@type\":\"SearchAction\",\"target\":{\"@type\":\"EntryPoint\",\"urlTemplate\":\"https:\/\/admin.industriall-union.org\/?s={search_term_string}\"},\"query-input\":{\"@type\":\"PropertyValueSpecification\",\"valueRequired\":true,\"valueName\":\"search_term_string\"}}],\"inLanguage\":\"fr-FR\"}]}<\/script>\n<!-- \/ Yoast SEO Premium plugin. -->","yoast_head_json":{"title":"Salaire vital - industriall-union","robots":{"index":"index","follow":"follow","max-snippet":"max-snippet:-1","max-image-preview":"max-image-preview:large","max-video-preview":"max-video-preview:-1"},"canonical":"https:\/\/admin.industriall-union.org\/fr\/salaire-vital\/","og_locale":"fr_FR","og_type":"article","og_title":"Salaire vital","og_description":"Le protocole d&rsquo;accord est explicite dans l&rsquo;identification du d\u00e9veloppement des n\u00e9gociations sectorielles dans les pays producteurs de v\u00eatements comme \u00e9l\u00e9ment essentiel pour obtenir un salaire de subsistance et de la n\u00e9cessit\u00e9 d&rsquo;une reconnaissance effective du droit des travailleurs \u00e0 la libert\u00e9 syndicale et \u00e0 la n\u00e9gociation collective pour que cela soit r\u00e9alis\u00e9. Dans le contexte [&hellip;]","og_url":"https:\/\/admin.industriall-union.org\/fr\/salaire-vital\/","og_site_name":"industriall-union","article_modified_time":"2026-02-03T11:11:43+00:00","twitter_card":"summary_large_image","twitter_misc":{"Est. reading time":"1 minute"},"schema":{"@context":"https:\/\/schema.org","@graph":[{"@type":"WebPage","@id":"https:\/\/admin.industriall-union.org\/fr\/salaire-vital\/","url":"https:\/\/admin.industriall-union.org\/fr\/salaire-vital\/","name":"Salaire vital - industriall-union","isPartOf":{"@id":"https:\/\/admin.industriall-union.org\/#website"},"datePublished":"2019-03-11T17:23:56+00:00","dateModified":"2026-02-03T11:11:43+00:00","breadcrumb":{"@id":"https:\/\/admin.industriall-union.org\/fr\/salaire-vital\/#breadcrumb"},"inLanguage":"fr-FR","potentialAction":[{"@type":"ReadAction","target":["https:\/\/admin.industriall-union.org\/fr\/salaire-vital\/"]}]},{"@type":"BreadcrumbList","@id":"https:\/\/admin.industriall-union.org\/fr\/salaire-vital\/#breadcrumb","itemListElement":[{"@type":"ListItem","position":1,"name":"Home","item":"https:\/\/admin.industriall-union.org\/"},{"@type":"ListItem","position":2,"name":"Salaire vital"}]},{"@type":"WebSite","@id":"https:\/\/admin.industriall-union.org\/#website","url":"https:\/\/admin.industriall-union.org\/","name":"industriall-union","description":"","potentialAction":[{"@type":"SearchAction","target":{"@type":"EntryPoint","urlTemplate":"https:\/\/admin.industriall-union.org\/?s={search_term_string}"},"query-input":{"@type":"PropertyValueSpecification","valueRequired":true,"valueName":"search_term_string"}}],"inLanguage":"fr-FR"}]}},"_links":{"self":[{"href":"https:\/\/admin.industriall-union.org\/fr\/wp-json\/wp\/v2\/pages\/212200","targetHints":{"allow":["GET"]}}],"collection":[{"href":"https:\/\/admin.industriall-union.org\/fr\/wp-json\/wp\/v2\/pages"}],"about":[{"href":"https:\/\/admin.industriall-union.org\/fr\/wp-json\/wp\/v2\/types\/page"}],"author":[{"embeddable":true,"href":"https:\/\/admin.industriall-union.org\/fr\/wp-json\/wp\/v2\/users\/1"}],"replies":[{"embeddable":true,"href":"https:\/\/admin.industriall-union.org\/fr\/wp-json\/wp\/v2\/comments?post=212200"}],"version-history":[{"count":2,"href":"https:\/\/admin.industriall-union.org\/fr\/wp-json\/wp\/v2\/pages\/212200\/revisions"}],"predecessor-version":[{"id":464191,"href":"https:\/\/admin.industriall-union.org\/fr\/wp-json\/wp\/v2\/pages\/212200\/revisions\/464191"}],"wp:attachment":[{"href":"https:\/\/admin.industriall-union.org\/fr\/wp-json\/wp\/v2\/media?parent=212200"}],"wp:term":[{"taxonomy":"issues","embeddable":true,"href":"https:\/\/admin.industriall-union.org\/fr\/wp-json\/wp\/v2\/issues?post=212200"},{"taxonomy":"companies","embeddable":true,"href":"https:\/\/admin.industriall-union.org\/fr\/wp-json\/wp\/v2\/companies?post=212200"},{"taxonomy":"regions","embeddable":true,"href":"https:\/\/admin.industriall-union.org\/fr\/wp-json\/wp\/v2\/regions?post=212200"},{"taxonomy":"sectors","embeddable":true,"href":"https:\/\/admin.industriall-union.org\/fr\/wp-json\/wp\/v2\/sectors?post=212200"},{"taxonomy":"article_tags","embeddable":true,"href":"https:\/\/admin.industriall-union.org\/fr\/wp-json\/wp\/v2\/article_tags?post=212200"}],"curies":[{"name":"wp","href":"https:\/\/api.w.org\/{rel}","templated":true}]}}

<p>Le protocole d&rsquo;accord est explicite dans l&rsquo;identification du développement des négociations sectorielles dans les pays producteurs de vêtements comme élément essentiel pour obtenir un salaire de subsistance et de la nécessité d&rsquo;une reconnaissance effective du droit des travailleurs à la liberté syndicale et à la négociation collective pour que cela soit réalisé.</p><p>Dans le contexte des chaînes d&#039;approvisionnement mondiales, où les acheteurs au sommet de la chaîne d&#039;approvisionnement ont le plus grand pouvoir d&#039;influence sur la répartition de la valeur le long de la chaîne et sur le montant qui reste entre les mains des travailleurs, réforme des pratiques d&#039;achat à l&#039;appui de la négociation de l&#039;industrie est essentielle.</p><p>En liant la négociation collective au niveau national entre les syndicats et les employeurs aux pratiques d&#039;achat des marques, le processus ACT crée un cadre pour de véritables relations professionnelles dans la chaîne d&#039;approvisionnement. Grâce à la négociation sectorielle, les travailleurs peuvent obtenir un salaire suffisant pour subvenir à leurs besoins et à ceux de leur famille, tout en tenant compte de la nature spécifique de l&rsquo;industrie, des horaires de travail, de la productivité et d&rsquo;autres problèmes liés aux salaires.</p><p>Pour la première fois, le processus ACT vise à créer un système qui, en éliminant les obstacles structurels aux salaires vitaux, a une réelle chance d&rsquo;augmenter les salaires des travailleurs du vêtement de manière évolutive, durable et exécutoire.</p>

<p>Le protocole d&rsquo;accord est explicite dans l&rsquo;identification du développement des négociations sectorielles dans les pays producteurs de vêtements comme élément essentiel pour obtenir un salaire de subsistance et de la nécessité d&rsquo;une reconnaissance effective du droit des travailleurs à la liberté syndicale et à la négociation collective pour que cela soit réalisé. Dans le contexte [&hellip;]</p>

<!-- This site is optimized with the Yoast SEO Premium plugin v27.1 (Yoast SEO v27.1) - https://yoast.com/product/yoast-seo-premium-wordpress/ -->
<title>Salaire vital - industriall-union</title>
<meta name="robots" content="index, follow, max-snippet:-1, max-image-preview:large, max-video-preview:-1" />
<link rel="canonical" href="https://admin.industriall-union.org/fr/salaire-vital/" />
<meta property="og:locale" content="fr_FR" />
<meta property="og:type" content="article" />
<meta property="og:title" content="Salaire vital" />
<meta property="og:description" content="Le protocole d&rsquo;accord est explicite dans l&rsquo;identification du développement des négociations sectorielles dans les pays producteurs de vêtements comme élément essentiel pour obtenir un salaire de subsistance et de la nécessité d&rsquo;une reconnaissance effective du droit des travailleurs à la liberté syndicale et à la négociation collective pour que cela soit réalisé. Dans le contexte [&hellip;]" />
<meta property="og:url" content="https://admin.industriall-union.org/fr/salaire-vital/" />
<meta property="og:site_name" content="industriall-union" />
<meta property="article:modified_time" content="2026-02-03T11:11:43+00:00" />
<meta name="twitter:card" content="summary_large_image" />
<meta name="twitter:label1" content="Est. reading time" />
	<meta name="twitter:data1" content="1 minute" />
<script type="application/ld+json" class="yoast-schema-graph">{"@context":"https://schema.org","@graph":[{"@type":"WebPage","@id":"https://admin.industriall-union.org/fr/salaire-vital/","url":"https://admin.industriall-union.org/fr/salaire-vital/","name":"Salaire vital - industriall-union","isPartOf":{"@id":"https://admin.industriall-union.org/#website"},"datePublished":"2019-03-11T17:23:56+00:00","dateModified":"2026-02-03T11:11:43+00:00","breadcrumb":{"@id":"https://admin.industriall-union.org/fr/salaire-vital/#breadcrumb"},"inLanguage":"fr-FR","potentialAction":[{"@type":"ReadAction","target":["https://admin.industriall-union.org/fr/salaire-vital/"]}]},{"@type":"BreadcrumbList","@id":"https://admin.industriall-union.org/fr/salaire-vital/#breadcrumb","itemListElement":[{"@type":"ListItem","position":1,"name":"Home","item":"https://admin.industriall-union.org/"},{"@type":"ListItem","position":2,"name":"Salaire vital"}]},{"@type":"WebSite","@id":"https://admin.industriall-union.org/#website","url":"https://admin.industriall-union.org/","name":"industriall-union","description":"","potentialAction":[{"@type":"SearchAction","target":{"@type":"EntryPoint","urlTemplate":"https://admin.industriall-union.org/?s={search_term_string}"},"query-input":{"@type":"PropertyValueSpecification","valueRequired":true,"valueName":"search_term_string"}}],"inLanguage":"fr-FR"}]}</script>
<!-- / Yoast SEO Premium plugin. -->

Le protocole d&rsquo;accord est explicite dans l&rsquo;identification du développement des négociations sectorielles dans les pays producteurs de vêtements comme élément essentiel pour obtenir un salaire de subsistance et de la nécessité d&rsquo;une reconnaissance effective du droit des travailleurs à la liberté syndicale et à la négociation collective pour que cela soit réalisé. Dans le contexte [&hellip;]
