{"id":212069,"date":"2019-12-03T09:12:51","date_gmt":"2019-12-03T09:12:51","guid":{"rendered":"https:\/\/admin.industriall-union.org\/blog-de-la-cop-25\/"},"modified":"2026-02-03T10:49:25","modified_gmt":"2026-02-03T10:49:25","slug":"blog-de-la-cop-25","status":"publish","type":"page","link":"https:\/\/admin.industriall-union.org\/fr\/blog-de-la-cop-25\/","title":{"rendered":"Blog de la COP 25"},"content":{"rendered":"<p>Le directeur de durabilit\u00e9 d&#039;IndustriALL Global Union, Brian Kohler, pr\u00e9sente des rapports de la 25\u00e8me Conf\u00e9rence des Parties \u00e0 la Convention-cadre des Nations Unies sur les changements climatiques, \u00e9galement connue sous le nom de COP25, qui s&#039;est ouverte le lundi 2 d\u00e9cembre \u00e0 Madrid, en Espagne.<\/p>","protected":false},"excerpt":{"rendered":"<p>Le directeur de durabilit\u00e9 d&#039;IndustriALL Global Union, Brian Kohler, pr\u00e9sente des rapports de la 25\u00e8me Conf\u00e9rence des Parties \u00e0 la Convention-cadre des Nations Unies sur les changements climatiques, \u00e9galement connue sous le nom de COP25, qui s&#039;est ouverte le lundi 2 d\u00e9cembre \u00e0 Madrid, en Espagne.<\/p>\n","protected":false},"author":1,"featured_media":0,"parent":0,"menu_order":0,"comment_status":"closed","ping_status":"closed","template":"","meta":{"_acf_changed":false,"footnotes":""},"issues":[],"companies":[],"regions":[],"sectors":[],"article_tags":[507],"class_list":["post-212069","page","type-page","status-publish","hentry","article_tags-cop"],"acf":[],"yoast_head":"<!-- This site is optimized with the Yoast SEO Premium plugin v27.1 (Yoast SEO v27.1) - https:\/\/yoast.com\/product\/yoast-seo-premium-wordpress\/ -->\n<title>Blog de la COP 25 - industriall-union<\/title>\n<meta name=\"robots\" content=\"index, follow, max-snippet:-1, max-image-preview:large, max-video-preview:-1\" \/>\n<link rel=\"canonical\" href=\"https:\/\/admin.industriall-union.org\/fr\/blog-de-la-cop-25\/\" \/>\n<meta property=\"og:locale\" content=\"fr_FR\" \/>\n<meta property=\"og:type\" content=\"article\" \/>\n<meta property=\"og:title\" content=\"Blog de la COP 25\" \/>\n<meta property=\"og:description\" content=\"Le directeur de durabilit\u00e9 d&#039;IndustriALL Global Union, Brian Kohler, pr\u00e9sente des rapports de la 25\u00e8me Conf\u00e9rence des Parties \u00e0 la Convention-cadre des Nations Unies sur les changements climatiques, \u00e9galement connue sous le nom de COP25, qui s&#039;est ouverte le lundi 2 d\u00e9cembre \u00e0 Madrid, en Espagne.\" \/>\n<meta property=\"og:url\" content=\"https:\/\/admin.industriall-union.org\/fr\/blog-de-la-cop-25\/\" \/>\n<meta property=\"og:site_name\" content=\"industriall-union\" \/>\n<meta property=\"article:modified_time\" content=\"2026-02-03T10:49:25+00:00\" \/>\n<meta name=\"twitter:card\" content=\"summary_large_image\" \/>\n<script type=\"application\/ld+json\" class=\"yoast-schema-graph\">{\"@context\":\"https:\/\/schema.org\",\"@graph\":[{\"@type\":\"WebPage\",\"@id\":\"https:\/\/admin.industriall-union.org\/fr\/blog-de-la-cop-25\/\",\"url\":\"https:\/\/admin.industriall-union.org\/fr\/blog-de-la-cop-25\/\",\"name\":\"Blog de la COP 25 - industriall-union\",\"isPartOf\":{\"@id\":\"https:\/\/admin.industriall-union.org\/es\/#website\"},\"datePublished\":\"2019-12-03T09:12:51+00:00\",\"dateModified\":\"2026-02-03T10:49:25+00:00\",\"breadcrumb\":{\"@id\":\"https:\/\/admin.industriall-union.org\/fr\/blog-de-la-cop-25\/#breadcrumb\"},\"inLanguage\":\"fr-FR\",\"potentialAction\":[{\"@type\":\"ReadAction\",\"target\":[\"https:\/\/admin.industriall-union.org\/fr\/blog-de-la-cop-25\/\"]}]},{\"@type\":\"BreadcrumbList\",\"@id\":\"https:\/\/admin.industriall-union.org\/fr\/blog-de-la-cop-25\/#breadcrumb\",\"itemListElement\":[{\"@type\":\"ListItem\",\"position\":1,\"name\":\"Home\",\"item\":\"https:\/\/admin.industriall-union.org\/es\/\"},{\"@type\":\"ListItem\",\"position\":2,\"name\":\"Blog de la COP 25\"}]},{\"@type\":\"WebSite\",\"@id\":\"https:\/\/admin.industriall-union.org\/es\/#website\",\"url\":\"https:\/\/admin.industriall-union.org\/es\/\",\"name\":\"industriall-union\",\"description\":\"\",\"potentialAction\":[{\"@type\":\"SearchAction\",\"target\":{\"@type\":\"EntryPoint\",\"urlTemplate\":\"https:\/\/admin.industriall-union.org\/es\/?s={search_term_string}\"},\"query-input\":{\"@type\":\"PropertyValueSpecification\",\"valueRequired\":true,\"valueName\":\"search_term_string\"}}],\"inLanguage\":\"fr-FR\"}]}<\/script>\n<!-- \/ Yoast SEO Premium plugin. -->","yoast_head_json":{"title":"Blog de la COP 25 - industriall-union","robots":{"index":"index","follow":"follow","max-snippet":"max-snippet:-1","max-image-preview":"max-image-preview:large","max-video-preview":"max-video-preview:-1"},"canonical":"https:\/\/admin.industriall-union.org\/fr\/blog-de-la-cop-25\/","og_locale":"fr_FR","og_type":"article","og_title":"Blog de la COP 25","og_description":"Le directeur de durabilit\u00e9 d&#039;IndustriALL Global Union, Brian Kohler, pr\u00e9sente des rapports de la 25\u00e8me Conf\u00e9rence des Parties \u00e0 la Convention-cadre des Nations Unies sur les changements climatiques, \u00e9galement connue sous le nom de COP25, qui s&#039;est ouverte le lundi 2 d\u00e9cembre \u00e0 Madrid, en Espagne.","og_url":"https:\/\/admin.industriall-union.org\/fr\/blog-de-la-cop-25\/","og_site_name":"industriall-union","article_modified_time":"2026-02-03T10:49:25+00:00","twitter_card":"summary_large_image","schema":{"@context":"https:\/\/schema.org","@graph":[{"@type":"WebPage","@id":"https:\/\/admin.industriall-union.org\/fr\/blog-de-la-cop-25\/","url":"https:\/\/admin.industriall-union.org\/fr\/blog-de-la-cop-25\/","name":"Blog de la COP 25 - industriall-union","isPartOf":{"@id":"https:\/\/admin.industriall-union.org\/es\/#website"},"datePublished":"2019-12-03T09:12:51+00:00","dateModified":"2026-02-03T10:49:25+00:00","breadcrumb":{"@id":"https:\/\/admin.industriall-union.org\/fr\/blog-de-la-cop-25\/#breadcrumb"},"inLanguage":"fr-FR","potentialAction":[{"@type":"ReadAction","target":["https:\/\/admin.industriall-union.org\/fr\/blog-de-la-cop-25\/"]}]},{"@type":"BreadcrumbList","@id":"https:\/\/admin.industriall-union.org\/fr\/blog-de-la-cop-25\/#breadcrumb","itemListElement":[{"@type":"ListItem","position":1,"name":"Home","item":"https:\/\/admin.industriall-union.org\/es\/"},{"@type":"ListItem","position":2,"name":"Blog de la COP 25"}]},{"@type":"WebSite","@id":"https:\/\/admin.industriall-union.org\/es\/#website","url":"https:\/\/admin.industriall-union.org\/es\/","name":"industriall-union","description":"","potentialAction":[{"@type":"SearchAction","target":{"@type":"EntryPoint","urlTemplate":"https:\/\/admin.industriall-union.org\/es\/?s={search_term_string}"},"query-input":{"@type":"PropertyValueSpecification","valueRequired":true,"valueName":"search_term_string"}}],"inLanguage":"fr-FR"}]}},"_links":{"self":[{"href":"https:\/\/admin.industriall-union.org\/fr\/wp-json\/wp\/v2\/pages\/212069","targetHints":{"allow":["GET"]}}],"collection":[{"href":"https:\/\/admin.industriall-union.org\/fr\/wp-json\/wp\/v2\/pages"}],"about":[{"href":"https:\/\/admin.industriall-union.org\/fr\/wp-json\/wp\/v2\/types\/page"}],"author":[{"embeddable":true,"href":"https:\/\/admin.industriall-union.org\/fr\/wp-json\/wp\/v2\/users\/1"}],"replies":[{"embeddable":true,"href":"https:\/\/admin.industriall-union.org\/fr\/wp-json\/wp\/v2\/comments?post=212069"}],"version-history":[{"count":2,"href":"https:\/\/admin.industriall-union.org\/fr\/wp-json\/wp\/v2\/pages\/212069\/revisions"}],"predecessor-version":[{"id":464098,"href":"https:\/\/admin.industriall-union.org\/fr\/wp-json\/wp\/v2\/pages\/212069\/revisions\/464098"}],"wp:attachment":[{"href":"https:\/\/admin.industriall-union.org\/fr\/wp-json\/wp\/v2\/media?parent=212069"}],"wp:term":[{"taxonomy":"issues","embeddable":true,"href":"https:\/\/admin.industriall-union.org\/fr\/wp-json\/wp\/v2\/issues?post=212069"},{"taxonomy":"companies","embeddable":true,"href":"https:\/\/admin.industriall-union.org\/fr\/wp-json\/wp\/v2\/companies?post=212069"},{"taxonomy":"regions","embeddable":true,"href":"https:\/\/admin.industriall-union.org\/fr\/wp-json\/wp\/v2\/regions?post=212069"},{"taxonomy":"sectors","embeddable":true,"href":"https:\/\/admin.industriall-union.org\/fr\/wp-json\/wp\/v2\/sectors?post=212069"},{"taxonomy":"article_tags","embeddable":true,"href":"https:\/\/admin.industriall-union.org\/fr\/wp-json\/wp\/v2\/article_tags?post=212069"}],"curies":[{"name":"wp","href":"https:\/\/api.w.org\/{rel}","templated":true}]}}

<p>Le directeur de durabilité d&#039;IndustriALL Global Union, Brian Kohler, présente des rapports de la 25ème Conférence des Parties à la Convention-cadre des Nations Unies sur les changements climatiques, également connue sous le nom de COP25, qui s&#039;est ouverte le lundi 2 décembre à Madrid, en Espagne.</p>

<!-- This site is optimized with the Yoast SEO Premium plugin v27.1 (Yoast SEO v27.1) - https://yoast.com/product/yoast-seo-premium-wordpress/ -->
<title>Blog de la COP 25 - industriall-union</title>
<meta name="robots" content="index, follow, max-snippet:-1, max-image-preview:large, max-video-preview:-1" />
<link rel="canonical" href="https://admin.industriall-union.org/fr/blog-de-la-cop-25/" />
<meta property="og:locale" content="fr_FR" />
<meta property="og:type" content="article" />
<meta property="og:title" content="Blog de la COP 25" />
<meta property="og:description" content="Le directeur de durabilité d&#039;IndustriALL Global Union, Brian Kohler, présente des rapports de la 25ème Conférence des Parties à la Convention-cadre des Nations Unies sur les changements climatiques, également connue sous le nom de COP25, qui s&#039;est ouverte le lundi 2 décembre à Madrid, en Espagne." />
<meta property="og:url" content="https://admin.industriall-union.org/fr/blog-de-la-cop-25/" />
<meta property="og:site_name" content="industriall-union" />
<meta property="article:modified_time" content="2026-02-03T10:49:25+00:00" />
<meta name="twitter:card" content="summary_large_image" />
<script type="application/ld+json" class="yoast-schema-graph">{"@context":"https://schema.org","@graph":[{"@type":"WebPage","@id":"https://admin.industriall-union.org/fr/blog-de-la-cop-25/","url":"https://admin.industriall-union.org/fr/blog-de-la-cop-25/","name":"Blog de la COP 25 - industriall-union","isPartOf":{"@id":"https://admin.industriall-union.org/es/#website"},"datePublished":"2019-12-03T09:12:51+00:00","dateModified":"2026-02-03T10:49:25+00:00","breadcrumb":{"@id":"https://admin.industriall-union.org/fr/blog-de-la-cop-25/#breadcrumb"},"inLanguage":"fr-FR","potentialAction":[{"@type":"ReadAction","target":["https://admin.industriall-union.org/fr/blog-de-la-cop-25/"]}]},{"@type":"BreadcrumbList","@id":"https://admin.industriall-union.org/fr/blog-de-la-cop-25/#breadcrumb","itemListElement":[{"@type":"ListItem","position":1,"name":"Home","item":"https://admin.industriall-union.org/es/"},{"@type":"ListItem","position":2,"name":"Blog de la COP 25"}]},{"@type":"WebSite","@id":"https://admin.industriall-union.org/es/#website","url":"https://admin.industriall-union.org/es/","name":"industriall-union","description":"","potentialAction":[{"@type":"SearchAction","target":{"@type":"EntryPoint","urlTemplate":"https://admin.industriall-union.org/es/?s={search_term_string}"},"query-input":{"@type":"PropertyValueSpecification","valueRequired":true,"valueName":"search_term_string"}}],"inLanguage":"fr-FR"}]}</script>
<!-- / Yoast SEO Premium plugin. -->

Le directeur de durabilité d&#039;IndustriALL Global Union, Brian Kohler, présente des rapports de la 25ème Conférence des Parties à la Convention-cadre des Nations Unies sur les changements climatiques, également connue sous le nom de COP25, qui s&#039;est ouverte le lundi 2 décembre à Madrid, en Espagne.
