{"id":212067,"date":"2020-07-15T12:30:00","date_gmt":"2020-07-15T12:30:00","guid":{"rendered":"https:\/\/admin.industriall-union.org\/action-pour-industrie-du-textile-et-habillement\/"},"modified":"2026-02-03T11:11:27","modified_gmt":"2026-02-03T11:11:27","slug":"action-pour-lindustrie-du-textile-et-de-lhabillement","status":"publish","type":"page","link":"https:\/\/admin.industriall-union.org\/fr\/action-pour-lindustrie-du-textile-et-de-lhabillement\/","title":{"rendered":"Action pour industrie du textile et habillement"},"content":{"rendered":"<p>Tandis que le secteur de la distribution ferme des magasins dans le monde entier \u00e0 cause du Covid-19, les ateliers de confection ferment \u00e0 un rythme alarmant avec des cons\u00e9quences d\u00e9vastatrices pour les travailleurs et les travailleuses de l&#039;habillement.<\/p><p>Alors que les enseignes du v\u00eatement cessent leurs activit\u00e9s dans les pays affect\u00e9s, ce sont les travailleurs et les travailleuses de l&#039;habillement qui doivent payer le prix pour les v\u00eatements qu&#039;ils ont d\u00e9j\u00e0 produits.<\/p><p>Non seulement les grandes marques et les distributeurs annulent leurs commandes futures, ils refusent aussi d&#039;assumer leurs responsabilit\u00e9s pour les v\u00eatements qui ont d\u00e9j\u00e0 \u00e9t\u00e9 produits, invoquant les clauses d&#039;urgence de leurs contrats pour stopper les livraisons et \u00e9viter de payer les marchandises qu&#039;ils ont command\u00e9es. Les usines restent avec leur production sur les bras, elles ne peuvent plus la vendre aux clients qui l&#039;ont command\u00e9e et, bien souvent, sont incapables de payer les salaires de ceux qui l&#039;ont confectionn\u00e9e.<\/p><p>Les mesures annonc\u00e9es par des entreprises dans le but de prot\u00e9ger les salaires des employ\u00e9s de la distribution et d&#039;autres travailleurs directs sont louables, mais il ne faut pas oublier la s\u00e9curit\u00e9 et le bien-\u00eatre des travailleurs et travailleuses de leurs cha\u00eenes d&#039;approvisionnement, qui ont confectionn\u00e9 les produits sans lesquels leur activit\u00e9 serait impossible.<\/p><p>Les marques, les employeurs et les gouvernements doivent se concerter d&#039;urgence avec les organisations syndicales pour trouver des moyens de venir en aide dans cette p\u00e9riode sans pr\u00e9c\u00e9dent afin de garantir, demain, la visibilit\u00e9 de l&#039;industrie une fois la crise pass\u00e9e.<\/p><section><h3>Conform\u00e9ment \u00e0 sa <a href=\"http:\/\/www.industriall-union.org\/industriall-charter-of-solidarity\">Charte de solidarit\u00e9<\/a>, IndustriALL r\u00e9pertorie, avec ses affili\u00e9s du secteur du textile de l&#039;habillement, les marques et les distributeurs qui n&#039;ont pas honor\u00e9 leurs commandes ou invoquent le devoir de pr\u00e9caution dans la gestion de leurs cha\u00eenes d&#039;approvisionnement, avec les violations des droits de l&#039;homme et des normes fondamentales du travail que cela implique.<\/h3><\/section><p><strong>Personne de contact :<\/strong><\/p><p>Christina Hajagos-Clausen, Directrice, Industrie du textile et de l&#039;habillement<br \/>t\u00e9l. +41 22 308 5070, <a href=\"mailto:CHajagos-Clausen@industriALL-Union.org\">chajagos<\/a><\/p><p><a href=\"\/wp-content\/uploads\/documents\/2020\/SWITZERLAND\/EXCO\/covid19_industriall_principles_english.pdf\">Principes d&#039;action d&#039;IndustriALL pour le Covid-19 dans les industries TCHC<\/a><\/p><p><a href=\"\/wp-content\/uploads\/documents\/2020\/SWITZERLAND\/EXCO\/resolution_on_industriall_response_with_endorsements.pdf\">R\u00e9ponse d&#039;IndustriALL \u00e0 l&#039;inaction des multinationales et aux violations des droits de l&#039;homme et des normes fondamentales du travail commises dans leur r\u00e9action au Covid-19<\/a><span style=\"font-size:12pt\"><span style=\"font-family:Courier\"> <\/span><\/span><\/p><section><p>Aidez-nous \u00e0 soutenir les travailleurs et travailleuses de Gokaldas qui luttent pour leur survie. <a href=\"\/wp-content\/uploads\/documents\/2020\/INDIA\/support_gatwu.pdf\">T\u00e9l\u00e9chargez cette affiche<\/a>, photographiez-vous devant elle et postez-la sur les r\u00e9seaux sociaux. N&#039;oubliez pas de taguer IndustriALL et d&#039;utiliser le hashtag #GarmentWorkersNeedUnions<\/p><p>Merci pour votre soutien !<\/p><\/section><figure class=\"imageArticle imageMedium\"><img decoding=\"async\" alt=\"\" src=\"\/wp-content\/uploads\/images\/2020\/INDIA\/GOKALDAS\/my-visual_47794632-2.png\" style=\"width: 600px;height: 315px\" \/><figcaption class=\"imageContent\">&nbsp;<\/figcaption><\/figure>","protected":false},"excerpt":{"rendered":"<p>Tandis que le secteur de la distribution ferme des magasins dans le monde entier \u00e0 cause du Covid-19, les ateliers de confection ferment \u00e0 un rythme alarmant avec des cons\u00e9quences d\u00e9vastatrices pour les travailleurs et les travailleuses de l&#039;habillement. Alors que les enseignes du v\u00eatement cessent leurs activit\u00e9s dans les pays affect\u00e9s, ce sont les [&hellip;]<\/p>\n","protected":false},"author":1,"featured_media":0,"parent":0,"menu_order":0,"comment_status":"closed","ping_status":"closed","template":"","meta":{"_acf_changed":false,"footnotes":""},"issues":[],"companies":[],"regions":[],"sectors":[448],"article_tags":[],"class_list":["post-212067","page","type-page","status-publish","hentry","sectors-textile-cuir-habillement-chaussures-et-services-textiles"],"acf":[],"yoast_head":"<!-- This site is optimized with the Yoast SEO Premium plugin v27.1 (Yoast SEO v27.1) - https:\/\/yoast.com\/product\/yoast-seo-premium-wordpress\/ -->\n<title>Action pour industrie du textile et habillement - industriall-union<\/title>\n<meta name=\"robots\" content=\"index, follow, max-snippet:-1, max-image-preview:large, max-video-preview:-1\" \/>\n<link rel=\"canonical\" href=\"https:\/\/admin.industriall-union.org\/fr\/action-pour-lindustrie-du-textile-et-de-lhabillement\/\" \/>\n<meta property=\"og:locale\" content=\"fr_FR\" \/>\n<meta property=\"og:type\" content=\"article\" \/>\n<meta property=\"og:title\" content=\"Action pour industrie du textile et habillement\" \/>\n<meta property=\"og:description\" content=\"Tandis que le secteur de la distribution ferme des magasins dans le monde entier \u00e0 cause du Covid-19, les ateliers de confection ferment \u00e0 un rythme alarmant avec des cons\u00e9quences d\u00e9vastatrices pour les travailleurs et les travailleuses de l&#039;habillement. Alors que les enseignes du v\u00eatement cessent leurs activit\u00e9s dans les pays affect\u00e9s, ce sont les [&hellip;]\" \/>\n<meta property=\"og:url\" content=\"https:\/\/admin.industriall-union.org\/fr\/action-pour-lindustrie-du-textile-et-de-lhabillement\/\" \/>\n<meta property=\"og:site_name\" content=\"industriall-union\" \/>\n<meta property=\"article:modified_time\" content=\"2026-02-03T11:11:27+00:00\" \/>\n<meta name=\"twitter:card\" content=\"summary_large_image\" \/>\n<meta name=\"twitter:label1\" content=\"Est. reading time\" \/>\n\t<meta name=\"twitter:data1\" content=\"2 minutes\" \/>\n<script type=\"application\/ld+json\" class=\"yoast-schema-graph\">{\"@context\":\"https:\/\/schema.org\",\"@graph\":[{\"@type\":\"WebPage\",\"@id\":\"https:\/\/admin.industriall-union.org\/fr\/action-pour-lindustrie-du-textile-et-de-lhabillement\/\",\"url\":\"https:\/\/admin.industriall-union.org\/fr\/action-pour-lindustrie-du-textile-et-de-lhabillement\/\",\"name\":\"Action pour industrie du textile et habillement - industriall-union\",\"isPartOf\":{\"@id\":\"https:\/\/admin.industriall-union.org\/#website\"},\"datePublished\":\"2020-07-15T12:30:00+00:00\",\"dateModified\":\"2026-02-03T11:11:27+00:00\",\"breadcrumb\":{\"@id\":\"https:\/\/admin.industriall-union.org\/fr\/action-pour-lindustrie-du-textile-et-de-lhabillement\/#breadcrumb\"},\"inLanguage\":\"fr-FR\",\"potentialAction\":[{\"@type\":\"ReadAction\",\"target\":[\"https:\/\/admin.industriall-union.org\/fr\/action-pour-lindustrie-du-textile-et-de-lhabillement\/\"]}]},{\"@type\":\"BreadcrumbList\",\"@id\":\"https:\/\/admin.industriall-union.org\/fr\/action-pour-lindustrie-du-textile-et-de-lhabillement\/#breadcrumb\",\"itemListElement\":[{\"@type\":\"ListItem\",\"position\":1,\"name\":\"Home\",\"item\":\"https:\/\/admin.industriall-union.org\/\"},{\"@type\":\"ListItem\",\"position\":2,\"name\":\"Action pour industrie du textile et habillement\"}]},{\"@type\":\"WebSite\",\"@id\":\"https:\/\/admin.industriall-union.org\/#website\",\"url\":\"https:\/\/admin.industriall-union.org\/\",\"name\":\"industriall-union\",\"description\":\"\",\"potentialAction\":[{\"@type\":\"SearchAction\",\"target\":{\"@type\":\"EntryPoint\",\"urlTemplate\":\"https:\/\/admin.industriall-union.org\/?s={search_term_string}\"},\"query-input\":{\"@type\":\"PropertyValueSpecification\",\"valueRequired\":true,\"valueName\":\"search_term_string\"}}],\"inLanguage\":\"fr-FR\"}]}<\/script>\n<!-- \/ Yoast SEO Premium plugin. -->","yoast_head_json":{"title":"Action pour industrie du textile et habillement - industriall-union","robots":{"index":"index","follow":"follow","max-snippet":"max-snippet:-1","max-image-preview":"max-image-preview:large","max-video-preview":"max-video-preview:-1"},"canonical":"https:\/\/admin.industriall-union.org\/fr\/action-pour-lindustrie-du-textile-et-de-lhabillement\/","og_locale":"fr_FR","og_type":"article","og_title":"Action pour industrie du textile et habillement","og_description":"Tandis que le secteur de la distribution ferme des magasins dans le monde entier \u00e0 cause du Covid-19, les ateliers de confection ferment \u00e0 un rythme alarmant avec des cons\u00e9quences d\u00e9vastatrices pour les travailleurs et les travailleuses de l&#039;habillement. Alors que les enseignes du v\u00eatement cessent leurs activit\u00e9s dans les pays affect\u00e9s, ce sont les [&hellip;]","og_url":"https:\/\/admin.industriall-union.org\/fr\/action-pour-lindustrie-du-textile-et-de-lhabillement\/","og_site_name":"industriall-union","article_modified_time":"2026-02-03T11:11:27+00:00","twitter_card":"summary_large_image","twitter_misc":{"Est. reading time":"2 minutes"},"schema":{"@context":"https:\/\/schema.org","@graph":[{"@type":"WebPage","@id":"https:\/\/admin.industriall-union.org\/fr\/action-pour-lindustrie-du-textile-et-de-lhabillement\/","url":"https:\/\/admin.industriall-union.org\/fr\/action-pour-lindustrie-du-textile-et-de-lhabillement\/","name":"Action pour industrie du textile et habillement - industriall-union","isPartOf":{"@id":"https:\/\/admin.industriall-union.org\/#website"},"datePublished":"2020-07-15T12:30:00+00:00","dateModified":"2026-02-03T11:11:27+00:00","breadcrumb":{"@id":"https:\/\/admin.industriall-union.org\/fr\/action-pour-lindustrie-du-textile-et-de-lhabillement\/#breadcrumb"},"inLanguage":"fr-FR","potentialAction":[{"@type":"ReadAction","target":["https:\/\/admin.industriall-union.org\/fr\/action-pour-lindustrie-du-textile-et-de-lhabillement\/"]}]},{"@type":"BreadcrumbList","@id":"https:\/\/admin.industriall-union.org\/fr\/action-pour-lindustrie-du-textile-et-de-lhabillement\/#breadcrumb","itemListElement":[{"@type":"ListItem","position":1,"name":"Home","item":"https:\/\/admin.industriall-union.org\/"},{"@type":"ListItem","position":2,"name":"Action pour industrie du textile et habillement"}]},{"@type":"WebSite","@id":"https:\/\/admin.industriall-union.org\/#website","url":"https:\/\/admin.industriall-union.org\/","name":"industriall-union","description":"","potentialAction":[{"@type":"SearchAction","target":{"@type":"EntryPoint","urlTemplate":"https:\/\/admin.industriall-union.org\/?s={search_term_string}"},"query-input":{"@type":"PropertyValueSpecification","valueRequired":true,"valueName":"search_term_string"}}],"inLanguage":"fr-FR"}]}},"_links":{"self":[{"href":"https:\/\/admin.industriall-union.org\/fr\/wp-json\/wp\/v2\/pages\/212067","targetHints":{"allow":["GET"]}}],"collection":[{"href":"https:\/\/admin.industriall-union.org\/fr\/wp-json\/wp\/v2\/pages"}],"about":[{"href":"https:\/\/admin.industriall-union.org\/fr\/wp-json\/wp\/v2\/types\/page"}],"author":[{"embeddable":true,"href":"https:\/\/admin.industriall-union.org\/fr\/wp-json\/wp\/v2\/users\/1"}],"replies":[{"embeddable":true,"href":"https:\/\/admin.industriall-union.org\/fr\/wp-json\/wp\/v2\/comments?post=212067"}],"version-history":[{"count":3,"href":"https:\/\/admin.industriall-union.org\/fr\/wp-json\/wp\/v2\/pages\/212067\/revisions"}],"predecessor-version":[{"id":464082,"href":"https:\/\/admin.industriall-union.org\/fr\/wp-json\/wp\/v2\/pages\/212067\/revisions\/464082"}],"wp:attachment":[{"href":"https:\/\/admin.industriall-union.org\/fr\/wp-json\/wp\/v2\/media?parent=212067"}],"wp:term":[{"taxonomy":"issues","embeddable":true,"href":"https:\/\/admin.industriall-union.org\/fr\/wp-json\/wp\/v2\/issues?post=212067"},{"taxonomy":"companies","embeddable":true,"href":"https:\/\/admin.industriall-union.org\/fr\/wp-json\/wp\/v2\/companies?post=212067"},{"taxonomy":"regions","embeddable":true,"href":"https:\/\/admin.industriall-union.org\/fr\/wp-json\/wp\/v2\/regions?post=212067"},{"taxonomy":"sectors","embeddable":true,"href":"https:\/\/admin.industriall-union.org\/fr\/wp-json\/wp\/v2\/sectors?post=212067"},{"taxonomy":"article_tags","embeddable":true,"href":"https:\/\/admin.industriall-union.org\/fr\/wp-json\/wp\/v2\/article_tags?post=212067"}],"curies":[{"name":"wp","href":"https:\/\/api.w.org\/{rel}","templated":true}]}}

<p>Tandis que le secteur de la distribution ferme des magasins dans le monde entier à cause du Covid-19, les ateliers de confection ferment à un rythme alarmant avec des conséquences dévastatrices pour les travailleurs et les travailleuses de l&#039;habillement.</p><p>Alors que les enseignes du vêtement cessent leurs activités dans les pays affectés, ce sont les travailleurs et les travailleuses de l&#039;habillement qui doivent payer le prix pour les vêtements qu&#039;ils ont déjà produits.</p><p>Non seulement les grandes marques et les distributeurs annulent leurs commandes futures, ils refusent aussi d&#039;assumer leurs responsabilités pour les vêtements qui ont déjà été produits, invoquant les clauses d&#039;urgence de leurs contrats pour stopper les livraisons et éviter de payer les marchandises qu&#039;ils ont commandées. Les usines restent avec leur production sur les bras, elles ne peuvent plus la vendre aux clients qui l&#039;ont commandée et, bien souvent, sont incapables de payer les salaires de ceux qui l&#039;ont confectionnée.</p><p>Les mesures annoncées par des entreprises dans le but de protéger les salaires des employés de la distribution et d&#039;autres travailleurs directs sont louables, mais il ne faut pas oublier la sécurité et le bien-être des travailleurs et travailleuses de leurs chaînes d&#039;approvisionnement, qui ont confectionné les produits sans lesquels leur activité serait impossible.</p><p>Les marques, les employeurs et les gouvernements doivent se concerter d&#039;urgence avec les organisations syndicales pour trouver des moyens de venir en aide dans cette période sans précédent afin de garantir, demain, la visibilité de l&#039;industrie une fois la crise passée.</p><section><h3>Conformément à sa <a href="http://www.industriall-union.org/industriall-charter-of-solidarity">Charte de solidarité</a>, IndustriALL répertorie, avec ses affiliés du secteur du textile de l&#039;habillement, les marques et les distributeurs qui n&#039;ont pas honoré leurs commandes ou invoquent le devoir de précaution dans la gestion de leurs chaînes d&#039;approvisionnement, avec les violations des droits de l&#039;homme et des normes fondamentales du travail que cela implique.</h3></section><p><strong>Personne de contact :</strong></p><p>Christina Hajagos-Clausen, Directrice, Industrie du textile et de l&#039;habillement<br />tél. +41 22 308 5070, <a href="mailto:CHajagos-Clausen@industriALL-Union.org">chajagos</a></p><p><a href="/wp-content/uploads/documents/2020/SWITZERLAND/EXCO/covid19_industriall_principles_english.pdf">Principes d&#039;action d&#039;IndustriALL pour le Covid-19 dans les industries TCHC</a></p><p><a href="/wp-content/uploads/documents/2020/SWITZERLAND/EXCO/resolution_on_industriall_response_with_endorsements.pdf">Réponse d&#039;IndustriALL à l&#039;inaction des multinationales et aux violations des droits de l&#039;homme et des normes fondamentales du travail commises dans leur réaction au Covid-19</a><span style="font-size:12pt"><span style="font-family:Courier"> </span></span></p><section><p>Aidez-nous à soutenir les travailleurs et travailleuses de Gokaldas qui luttent pour leur survie. <a href="/wp-content/uploads/documents/2020/INDIA/support_gatwu.pdf">Téléchargez cette affiche</a>, photographiez-vous devant elle et postez-la sur les réseaux sociaux. N&#039;oubliez pas de taguer IndustriALL et d&#039;utiliser le hashtag #GarmentWorkersNeedUnions</p><p>Merci pour votre soutien !</p></section><figure class="imageArticle imageMedium"><img decoding="async" alt="" src="/wp-content/uploads/images/2020/INDIA/GOKALDAS/my-visual_47794632-2.png" style="width: 600px;height: 315px" /><figcaption class="imageContent">&nbsp;</figcaption></figure>

<p>Tandis que le secteur de la distribution ferme des magasins dans le monde entier à cause du Covid-19, les ateliers de confection ferment à un rythme alarmant avec des conséquences dévastatrices pour les travailleurs et les travailleuses de l&#039;habillement. Alors que les enseignes du vêtement cessent leurs activités dans les pays affectés, ce sont les [&hellip;]</p>

<!-- This site is optimized with the Yoast SEO Premium plugin v27.1 (Yoast SEO v27.1) - https://yoast.com/product/yoast-seo-premium-wordpress/ -->
<title>Action pour industrie du textile et habillement - industriall-union</title>
<meta name="robots" content="index, follow, max-snippet:-1, max-image-preview:large, max-video-preview:-1" />
<link rel="canonical" href="https://admin.industriall-union.org/fr/action-pour-lindustrie-du-textile-et-de-lhabillement/" />
<meta property="og:locale" content="fr_FR" />
<meta property="og:type" content="article" />
<meta property="og:title" content="Action pour industrie du textile et habillement" />
<meta property="og:description" content="Tandis que le secteur de la distribution ferme des magasins dans le monde entier à cause du Covid-19, les ateliers de confection ferment à un rythme alarmant avec des conséquences dévastatrices pour les travailleurs et les travailleuses de l&#039;habillement. Alors que les enseignes du vêtement cessent leurs activités dans les pays affectés, ce sont les [&hellip;]" />
<meta property="og:url" content="https://admin.industriall-union.org/fr/action-pour-lindustrie-du-textile-et-de-lhabillement/" />
<meta property="og:site_name" content="industriall-union" />
<meta property="article:modified_time" content="2026-02-03T11:11:27+00:00" />
<meta name="twitter:card" content="summary_large_image" />
<meta name="twitter:label1" content="Est. reading time" />
	<meta name="twitter:data1" content="2 minutes" />
<script type="application/ld+json" class="yoast-schema-graph">{"@context":"https://schema.org","@graph":[{"@type":"WebPage","@id":"https://admin.industriall-union.org/fr/action-pour-lindustrie-du-textile-et-de-lhabillement/","url":"https://admin.industriall-union.org/fr/action-pour-lindustrie-du-textile-et-de-lhabillement/","name":"Action pour industrie du textile et habillement - industriall-union","isPartOf":{"@id":"https://admin.industriall-union.org/#website"},"datePublished":"2020-07-15T12:30:00+00:00","dateModified":"2026-02-03T11:11:27+00:00","breadcrumb":{"@id":"https://admin.industriall-union.org/fr/action-pour-lindustrie-du-textile-et-de-lhabillement/#breadcrumb"},"inLanguage":"fr-FR","potentialAction":[{"@type":"ReadAction","target":["https://admin.industriall-union.org/fr/action-pour-lindustrie-du-textile-et-de-lhabillement/"]}]},{"@type":"BreadcrumbList","@id":"https://admin.industriall-union.org/fr/action-pour-lindustrie-du-textile-et-de-lhabillement/#breadcrumb","itemListElement":[{"@type":"ListItem","position":1,"name":"Home","item":"https://admin.industriall-union.org/"},{"@type":"ListItem","position":2,"name":"Action pour industrie du textile et habillement"}]},{"@type":"WebSite","@id":"https://admin.industriall-union.org/#website","url":"https://admin.industriall-union.org/","name":"industriall-union","description":"","potentialAction":[{"@type":"SearchAction","target":{"@type":"EntryPoint","urlTemplate":"https://admin.industriall-union.org/?s={search_term_string}"},"query-input":{"@type":"PropertyValueSpecification","valueRequired":true,"valueName":"search_term_string"}}],"inLanguage":"fr-FR"}]}</script>
<!-- / Yoast SEO Premium plugin. -->

Tandis que le secteur de la distribution ferme des magasins dans le monde entier à cause du Covid-19, les ateliers de confection ferment à un rythme alarmant avec des conséquences dévastatrices pour les travailleurs et les travailleuses de l&#039;habillement. Alors que les enseignes du vêtement cessent leurs activités dans les pays affectés, ce sont les [&hellip;]
