{"id":205160,"date":"2007-08-20T11:25:36","date_gmt":"2007-08-20T11:25:36","guid":{"rendered":"https:\/\/admin.industriall-union.org\/archive\/imf\/protestation-des-metallurgistes-bresiliens-pour-la-securite-de-l-039-emploi\/"},"modified":"2025-01-31T11:14:19","modified_gmt":"2025-01-31T11:14:19","slug":"protestation-des-metallurgistes-bresiliens-pour-la-securite-de-l-039-emploi","status":"publish","type":"archive_imf","link":"https:\/\/admin.industriall-union.org\/fr\/archive\/imf\/protestation-des-metallurgistes-bresiliens-pour-la-securite-de-l-039-emploi\/","title":{"rendered":"Protestation des m\u00e9tallurgistes br\u00e9siliens pour la s\u00e9curit\u00e9 de l&#039;emploi"},"content":{"rendered":"BR\u00c9SIL:  Des milliers de m\u00e9tallurgistes br\u00e9siliens se sont r\u00e9unis, du 13 au 15 ao\u00fbt, \u00e0 Brasilia, capitale du Br\u00e9sil, pour r\u00e9clamer la ratification de la convention no 158 de l&#8217;Organisation internationale du Travail (OIT) afin d&#8217;obtenir la s\u00e9curit\u00e9 de l&#8217;emploi. Les m\u00e9tallurgistes demandaient aussi l&#8217;application d&#8217;une convention collective nationale, la m\u00eame date limite pour la n\u00e9gociation en septembre et l&#8217;\u00e9tablissement d&#8217;un salaire minimum national pour les m\u00e9tallurgistes. L&#8217;action \u00e9tait organis\u00e9e par la Conf\u00e9d\u00e9ration br\u00e9silienne des m\u00e9tallurgistes (CNM\/CUT).\n\nDans le cadre de cette action de protestation, les travailleurs\/euses se sont rendu(e)s en cort\u00e8ge jusqu&#8217;au Congr\u00e8s du Br\u00e9sil, \u00e0 la Conf\u00e9d\u00e9ration nationale de l&#8217;industrie, au minist\u00e8re du Travail, aux bureaux de l&#8217;OIT, au Tribunal sup\u00e9rieur du Travail et \u00e0 la Cour supr\u00eame du Br\u00e9sil, et ont remis des documents pour appuyer leurs revendications en faveur de la s\u00e9curit\u00e9 de l&#8217;emploi. La convention de l&#8217;OIT no 158, qui concerne la cessation d&#8217;une relation de travail sur l&#8217;initiative de l&#8217;employeur, a \u00e9t\u00e9 approuv\u00e9e par le Br\u00e9sil en 1995. Cependant, la convention a \u00e9t\u00e9 suspendue un an plus tard \u00e0 la demande de la Conf\u00e9d\u00e9ration nationale de l&#8217;industrie et des conf\u00e9d\u00e9rations du transport. \n\nLes syndicats cherchent \u00e0 obtenir la ratification de la convention de l&#8217;OIT no 158 pour emp\u00eacher le patronat br\u00e9silien d&#8217;avoir recours \u00e0 la pratique courante du remplacement des travailleurs\/euses d&#8217;une ann\u00e9e \u00e0 l&#8217;autre, dans le but de r\u00e9duire les co\u00fbts salariaux en les r\u00e9embauchant \u00e0 des conditions inf\u00e9rieures \u00e0 celles qui leur \u00e9taient offertes auparavant.\n\nAvant l&#8217;action entreprise \u00e0 Brasilia, les m\u00e9tallurgistes br\u00e9siliens avaient protest\u00e9 de la m\u00eame mani\u00e8re au niveau local devant les bureaux de groupes d&#8217;employeurs dans la ville de S\u00e3o Paulo, le 27 juin, et \u00e0 Belo Horizonte, le 25 juillet.","protected":false},"featured_media":0,"template":"","class_list":["post-205160","archive_imf","type-archive_imf","status-publish","hentry"],"acf":[],"yoast_head":"<!-- This site is optimized with the Yoast SEO Premium plugin v27.1 (Yoast SEO v27.1) - https:\/\/yoast.com\/product\/yoast-seo-premium-wordpress\/ -->\n<title>Protestation des m\u00e9tallurgistes br\u00e9siliens pour la s\u00e9curit\u00e9 de l&#039;emploi - industriall-union<\/title>\n<meta name=\"robots\" content=\"index, follow, max-snippet:-1, max-image-preview:large, max-video-preview:-1\" \/>\n<link rel=\"canonical\" href=\"https:\/\/admin.industriall-union.org\/fr\/archive\/imf\/protestation-des-metallurgistes-bresiliens-pour-la-securite-de-l-039-emploi\/\" \/>\n<meta property=\"og:locale\" content=\"fr_FR\" \/>\n<meta property=\"og:type\" content=\"article\" \/>\n<meta property=\"og:title\" content=\"Protestation des m\u00e9tallurgistes br\u00e9siliens pour la s\u00e9curit\u00e9 de l&#039;emploi\" \/>\n<meta property=\"og:description\" content=\"BR\u00c9SIL: Des milliers de m\u00e9tallurgistes br\u00e9siliens se sont r\u00e9unis, du 13 au 15 ao\u00fbt, \u00e0 Brasilia, capitale du Br\u00e9sil, pour r\u00e9clamer la ratification de la convention no 158 de l&#8217;Organisation internationale du Travail (OIT) afin d&#8217;obtenir la s\u00e9curit\u00e9 de l&#8217;emploi. Les m\u00e9tallurgistes demandaient aussi l&#8217;application d&#8217;une convention collective nationale, la m\u00eame date limite pour la [&hellip;]\" \/>\n<meta property=\"og:url\" content=\"https:\/\/admin.industriall-union.org\/fr\/archive\/imf\/protestation-des-metallurgistes-bresiliens-pour-la-securite-de-l-039-emploi\/\" \/>\n<meta property=\"og:site_name\" content=\"industriall-union\" \/>\n<meta property=\"article:modified_time\" content=\"2025-01-31T11:14:19+00:00\" \/>\n<meta name=\"twitter:card\" content=\"summary_large_image\" \/>\n<meta name=\"twitter:label1\" content=\"Est. reading time\" \/>\n\t<meta name=\"twitter:data1\" content=\"2 minutes\" \/>\n<script type=\"application\/ld+json\" class=\"yoast-schema-graph\">{\"@context\":\"https:\/\/schema.org\",\"@graph\":[{\"@type\":\"WebPage\",\"@id\":\"https:\/\/admin.industriall-union.org\/fr\/archive\/imf\/protestation-des-metallurgistes-bresiliens-pour-la-securite-de-l-039-emploi\/\",\"url\":\"https:\/\/admin.industriall-union.org\/fr\/archive\/imf\/protestation-des-metallurgistes-bresiliens-pour-la-securite-de-l-039-emploi\/\",\"name\":\"Protestation des m\u00e9tallurgistes br\u00e9siliens pour la s\u00e9curit\u00e9 de l&#039;emploi - industriall-union\",\"isPartOf\":{\"@id\":\"https:\/\/admin.industriall-union.org\/#website\"},\"datePublished\":\"2007-08-20T11:25:36+00:00\",\"dateModified\":\"2025-01-31T11:14:19+00:00\",\"breadcrumb\":{\"@id\":\"https:\/\/admin.industriall-union.org\/fr\/archive\/imf\/protestation-des-metallurgistes-bresiliens-pour-la-securite-de-l-039-emploi\/#breadcrumb\"},\"inLanguage\":\"fr-FR\",\"potentialAction\":[{\"@type\":\"ReadAction\",\"target\":[\"https:\/\/admin.industriall-union.org\/fr\/archive\/imf\/protestation-des-metallurgistes-bresiliens-pour-la-securite-de-l-039-emploi\/\"]}]},{\"@type\":\"BreadcrumbList\",\"@id\":\"https:\/\/admin.industriall-union.org\/fr\/archive\/imf\/protestation-des-metallurgistes-bresiliens-pour-la-securite-de-l-039-emploi\/#breadcrumb\",\"itemListElement\":[{\"@type\":\"ListItem\",\"position\":1,\"name\":\"Home\",\"item\":\"https:\/\/admin.industriall-union.org\/\"},{\"@type\":\"ListItem\",\"position\":2,\"name\":\"Archive Imf\",\"item\":\"https:\/\/admin.industriall-union.org\/es\/archive\/imf\/\"},{\"@type\":\"ListItem\",\"position\":3,\"name\":\"Protestation des m\u00e9tallurgistes br\u00e9siliens pour la s\u00e9curit\u00e9 de l&#039;emploi\"}]},{\"@type\":\"WebSite\",\"@id\":\"https:\/\/admin.industriall-union.org\/#website\",\"url\":\"https:\/\/admin.industriall-union.org\/\",\"name\":\"industriall-union\",\"description\":\"\",\"potentialAction\":[{\"@type\":\"SearchAction\",\"target\":{\"@type\":\"EntryPoint\",\"urlTemplate\":\"https:\/\/admin.industriall-union.org\/?s={search_term_string}\"},\"query-input\":{\"@type\":\"PropertyValueSpecification\",\"valueRequired\":true,\"valueName\":\"search_term_string\"}}],\"inLanguage\":\"fr-FR\"}]}<\/script>\n<!-- \/ Yoast SEO Premium plugin. -->","yoast_head_json":{"title":"Protestation des m\u00e9tallurgistes br\u00e9siliens pour la s\u00e9curit\u00e9 de l&#039;emploi - industriall-union","robots":{"index":"index","follow":"follow","max-snippet":"max-snippet:-1","max-image-preview":"max-image-preview:large","max-video-preview":"max-video-preview:-1"},"canonical":"https:\/\/admin.industriall-union.org\/fr\/archive\/imf\/protestation-des-metallurgistes-bresiliens-pour-la-securite-de-l-039-emploi\/","og_locale":"fr_FR","og_type":"article","og_title":"Protestation des m\u00e9tallurgistes br\u00e9siliens pour la s\u00e9curit\u00e9 de l&#039;emploi","og_description":"BR\u00c9SIL: Des milliers de m\u00e9tallurgistes br\u00e9siliens se sont r\u00e9unis, du 13 au 15 ao\u00fbt, \u00e0 Brasilia, capitale du Br\u00e9sil, pour r\u00e9clamer la ratification de la convention no 158 de l&#8217;Organisation internationale du Travail (OIT) afin d&#8217;obtenir la s\u00e9curit\u00e9 de l&#8217;emploi. Les m\u00e9tallurgistes demandaient aussi l&#8217;application d&#8217;une convention collective nationale, la m\u00eame date limite pour la [&hellip;]","og_url":"https:\/\/admin.industriall-union.org\/fr\/archive\/imf\/protestation-des-metallurgistes-bresiliens-pour-la-securite-de-l-039-emploi\/","og_site_name":"industriall-union","article_modified_time":"2025-01-31T11:14:19+00:00","twitter_card":"summary_large_image","twitter_misc":{"Est. reading time":"2 minutes"},"schema":{"@context":"https:\/\/schema.org","@graph":[{"@type":"WebPage","@id":"https:\/\/admin.industriall-union.org\/fr\/archive\/imf\/protestation-des-metallurgistes-bresiliens-pour-la-securite-de-l-039-emploi\/","url":"https:\/\/admin.industriall-union.org\/fr\/archive\/imf\/protestation-des-metallurgistes-bresiliens-pour-la-securite-de-l-039-emploi\/","name":"Protestation des m\u00e9tallurgistes br\u00e9siliens pour la s\u00e9curit\u00e9 de l&#039;emploi - industriall-union","isPartOf":{"@id":"https:\/\/admin.industriall-union.org\/#website"},"datePublished":"2007-08-20T11:25:36+00:00","dateModified":"2025-01-31T11:14:19+00:00","breadcrumb":{"@id":"https:\/\/admin.industriall-union.org\/fr\/archive\/imf\/protestation-des-metallurgistes-bresiliens-pour-la-securite-de-l-039-emploi\/#breadcrumb"},"inLanguage":"fr-FR","potentialAction":[{"@type":"ReadAction","target":["https:\/\/admin.industriall-union.org\/fr\/archive\/imf\/protestation-des-metallurgistes-bresiliens-pour-la-securite-de-l-039-emploi\/"]}]},{"@type":"BreadcrumbList","@id":"https:\/\/admin.industriall-union.org\/fr\/archive\/imf\/protestation-des-metallurgistes-bresiliens-pour-la-securite-de-l-039-emploi\/#breadcrumb","itemListElement":[{"@type":"ListItem","position":1,"name":"Home","item":"https:\/\/admin.industriall-union.org\/"},{"@type":"ListItem","position":2,"name":"Archive Imf","item":"https:\/\/admin.industriall-union.org\/es\/archive\/imf\/"},{"@type":"ListItem","position":3,"name":"Protestation des m\u00e9tallurgistes br\u00e9siliens pour la s\u00e9curit\u00e9 de l&#039;emploi"}]},{"@type":"WebSite","@id":"https:\/\/admin.industriall-union.org\/#website","url":"https:\/\/admin.industriall-union.org\/","name":"industriall-union","description":"","potentialAction":[{"@type":"SearchAction","target":{"@type":"EntryPoint","urlTemplate":"https:\/\/admin.industriall-union.org\/?s={search_term_string}"},"query-input":{"@type":"PropertyValueSpecification","valueRequired":true,"valueName":"search_term_string"}}],"inLanguage":"fr-FR"}]}},"_links":{"self":[{"href":"https:\/\/admin.industriall-union.org\/fr\/wp-json\/wp\/v2\/archive_imf\/205160","targetHints":{"allow":["GET"]}}],"collection":[{"href":"https:\/\/admin.industriall-union.org\/fr\/wp-json\/wp\/v2\/archive_imf"}],"about":[{"href":"https:\/\/admin.industriall-union.org\/fr\/wp-json\/wp\/v2\/types\/archive_imf"}],"wp:attachment":[{"href":"https:\/\/admin.industriall-union.org\/fr\/wp-json\/wp\/v2\/media?parent=205160"}],"curies":[{"name":"wp","href":"https:\/\/api.w.org\/{rel}","templated":true}]}}

Protestation des métallurgistes brésiliens pour la sécurité de l&#039;emploi

BRÉSIL:  Des milliers de métallurgistes brésiliens se sont réunis, du 13 au 15 août, à Brasilia, capitale du Brésil, pour réclamer la ratification de la convention no 158 de l&#8217;Organisation internationale du Travail (OIT) afin d&#8217;obtenir la sécurité de l&#8217;emploi. Les métallurgistes demandaient aussi l&#8217;application d&#8217;une convention collective nationale, la même date limite pour la négociation en septembre et l&#8217;établissement d&#8217;un salaire minimum national pour les métallurgistes. L&#8217;action était organisée par la Confédération brésilienne des métallurgistes (CNM/CUT).

Dans le cadre de cette action de protestation, les travailleurs/euses se sont rendu(e)s en cortège jusqu&#8217;au Congrès du Brésil, à la Confédération nationale de l&#8217;industrie, au ministère du Travail, aux bureaux de l&#8217;OIT, au Tribunal supérieur du Travail et à la Cour suprême du Brésil, et ont remis des documents pour appuyer leurs revendications en faveur de la sécurité de l&#8217;emploi. La convention de l&#8217;OIT no 158, qui concerne la cessation d&#8217;une relation de travail sur l&#8217;initiative de l&#8217;employeur, a été approuvée par le Brésil en 1995. Cependant, la convention a été suspendue un an plus tard à la demande de la Confédération nationale de l&#8217;industrie et des confédérations du transport. 

Les syndicats cherchent à obtenir la ratification de la convention de l&#8217;OIT no 158 pour empêcher le patronat brésilien d&#8217;avoir recours à la pratique courante du remplacement des travailleurs/euses d&#8217;une année à l&#8217;autre, dans le but de réduire les coûts salariaux en les réembauchant à des conditions inférieures à celles qui leur étaient offertes auparavant.

Avant l&#8217;action entreprise à Brasilia, les métallurgistes brésiliens avaient protesté de la même manière au niveau local devant les bureaux de groupes d&#8217;employeurs dans la ville de São Paulo, le 27 juin, et à Belo Horizonte, le 25 juillet.

<!-- This site is optimized with the Yoast SEO Premium plugin v27.1 (Yoast SEO v27.1) - https://yoast.com/product/yoast-seo-premium-wordpress/ -->
<title>Protestation des métallurgistes brésiliens pour la sécurité de l&#039;emploi - industriall-union</title>
<meta name="robots" content="index, follow, max-snippet:-1, max-image-preview:large, max-video-preview:-1" />
<link rel="canonical" href="https://admin.industriall-union.org/fr/archive/imf/protestation-des-metallurgistes-bresiliens-pour-la-securite-de-l-039-emploi/" />
<meta property="og:locale" content="fr_FR" />
<meta property="og:type" content="article" />
<meta property="og:title" content="Protestation des métallurgistes brésiliens pour la sécurité de l&#039;emploi" />
<meta property="og:description" content="BRÉSIL: Des milliers de métallurgistes brésiliens se sont réunis, du 13 au 15 août, à Brasilia, capitale du Brésil, pour réclamer la ratification de la convention no 158 de l&#8217;Organisation internationale du Travail (OIT) afin d&#8217;obtenir la sécurité de l&#8217;emploi. Les métallurgistes demandaient aussi l&#8217;application d&#8217;une convention collective nationale, la même date limite pour la [&hellip;]" />
<meta property="og:url" content="https://admin.industriall-union.org/fr/archive/imf/protestation-des-metallurgistes-bresiliens-pour-la-securite-de-l-039-emploi/" />
<meta property="og:site_name" content="industriall-union" />
<meta property="article:modified_time" content="2025-01-31T11:14:19+00:00" />
<meta name="twitter:card" content="summary_large_image" />
<meta name="twitter:label1" content="Est. reading time" />
	<meta name="twitter:data1" content="2 minutes" />
<script type="application/ld+json" class="yoast-schema-graph">{"@context":"https://schema.org","@graph":[{"@type":"WebPage","@id":"https://admin.industriall-union.org/fr/archive/imf/protestation-des-metallurgistes-bresiliens-pour-la-securite-de-l-039-emploi/","url":"https://admin.industriall-union.org/fr/archive/imf/protestation-des-metallurgistes-bresiliens-pour-la-securite-de-l-039-emploi/","name":"Protestation des métallurgistes brésiliens pour la sécurité de l&#039;emploi - industriall-union","isPartOf":{"@id":"https://admin.industriall-union.org/#website"},"datePublished":"2007-08-20T11:25:36+00:00","dateModified":"2025-01-31T11:14:19+00:00","breadcrumb":{"@id":"https://admin.industriall-union.org/fr/archive/imf/protestation-des-metallurgistes-bresiliens-pour-la-securite-de-l-039-emploi/#breadcrumb"},"inLanguage":"fr-FR","potentialAction":[{"@type":"ReadAction","target":["https://admin.industriall-union.org/fr/archive/imf/protestation-des-metallurgistes-bresiliens-pour-la-securite-de-l-039-emploi/"]}]},{"@type":"BreadcrumbList","@id":"https://admin.industriall-union.org/fr/archive/imf/protestation-des-metallurgistes-bresiliens-pour-la-securite-de-l-039-emploi/#breadcrumb","itemListElement":[{"@type":"ListItem","position":1,"name":"Home","item":"https://admin.industriall-union.org/"},{"@type":"ListItem","position":2,"name":"Archive Imf","item":"https://admin.industriall-union.org/es/archive/imf/"},{"@type":"ListItem","position":3,"name":"Protestation des métallurgistes brésiliens pour la sécurité de l&#039;emploi"}]},{"@type":"WebSite","@id":"https://admin.industriall-union.org/#website","url":"https://admin.industriall-union.org/","name":"industriall-union","description":"","potentialAction":[{"@type":"SearchAction","target":{"@type":"EntryPoint","urlTemplate":"https://admin.industriall-union.org/?s={search_term_string}"},"query-input":{"@type":"PropertyValueSpecification","valueRequired":true,"valueName":"search_term_string"}}],"inLanguage":"fr-FR"}]}</script>
<!-- / Yoast SEO Premium plugin. -->

Protestation des métallurgistes brésiliens pour la sécurité de l&#039;emploi - industriall-union

BRÉSIL: Des milliers de métallurgistes brésiliens se sont réunis, du 13 au 15 août, à Brasilia, capitale du Brésil, pour réclamer la ratification de la convention no 158 de l&#8217;Organisation internationale du Travail (OIT) afin d&#8217;obtenir la sécurité de l&#8217;emploi. Les métallurgistes demandaient aussi l&#8217;application d&#8217;une convention collective nationale, la même date limite pour la [&hellip;]
