{"id":204961,"date":"2008-02-04T12:50:00","date_gmt":"2008-02-04T12:50:00","guid":{"rendered":"https:\/\/admin.industriall-union.org\/archive\/imf\/les-pourparlers-a-l-039-omc-atteignent-un-stade-critique\/"},"modified":"2025-01-31T11:04:12","modified_gmt":"2025-01-31T11:04:12","slug":"les-pourparlers-a-l-039-omc-atteignent-un-stade-critique","status":"publish","type":"archive_imf","link":"https:\/\/admin.industriall-union.org\/fr\/archive\/imf\/les-pourparlers-a-l-039-omc-atteignent-un-stade-critique\/","title":{"rendered":"Les pourparlers \u00e0 l&#039;OMC atteignent un stade critique"},"content":{"rendered":"<p>MONDE: De nouveaux textes sur l&#8217;agriculture et l&#8217;acc\u00e8s au march\u00e9 pour les produits non agricoles (NAMA) devraient \u00eatre publi\u00e9s cette semaine, alors que les n\u00e9gociations sur l&#8217;accord commercial de Doha \u00e0 l&#8217;Organisation mondiale du commerce atteignent un stade critique.<\/p><p>Le processus pour les prochaines semaines, comme l&#8217;a propos\u00e9 Pascal Lamy, directeur g\u00e9n\u00e9ral de l&#8217;OMC, et qui a re\u00e7u l&#8217;approbation des ministres \u00e0 Davos, comporte la publication de nouveaux textes destin\u00e9s \u00e0 l&#8217;analyse et des pourparlers compl\u00e9mentaires sur l&#8217;agriculture et les groupes NAMA s\u00e9par\u00e9ment. Cela sera suivi d&#8217;un processus horizontal \u00e0 un haut niveau officiel qui permettra d&#8217;avoir une discussion sur les textes concernant l&#8217;agriculture et NAMA pris ensemble et donnera la possibilit\u00e9 de faire des compromis. L&#8217;OMC s&#8217;attend \u00e0 finaliser ce processus autour de P\u00e2ques, apr\u00e8s quoi les ministres adopteront les positions finales sur les modalit\u00e9s restantes.<\/p><p>Au moment o\u00f9 les n\u00e9gociations atteignent un stade critique et o\u00f9 les compromis deviennent plus probables, les syndicats qui continuent de s&#8217;inqui\u00e9ter des effets n\u00e9gatifs qu&#8217;un accord aurait sur le d\u00e9veloppement durable et sur l&#8217;emploi, pr\u00e9voient une s\u00e9rie de r\u00e9unions de lobbying \u00e0 Gen\u00e8ve au d\u00e9but de mars. <\/p><p>Le 17 janvier, deux d\u00e9clarations syndicales sur NAMA ont \u00e9t\u00e9 publi\u00e9es, l&#8217;une par les syndicats NAMA 11 et l&#8217;autre par le groupe des syndicats latino-am\u00e9ricains sur NAMA (en espagnol et en anglais). Ces deux d\u00e9clarations sont en r\u00e9ponse aux communications pr\u00e9sent\u00e9es par le Canada, la Communaut\u00e9 europ\u00e9enne, l&#8217;Islande, le Japon, la Nouvelle-Z\u00e9lande, la Norv\u00e8ge, la Suisse et les \u00c9tats-Unis qui proposent de restreindre le niveau des flexibilit\u00e9s qui pourraient \u00eatre donn\u00e9es aux pays en d\u00e9veloppement dans l&#8217;accord NAMA.<\/p><p>&quot;Les communications ne tiennent aucun compte des besoins en mati\u00e8re d&#8217;emploi dans nos pays, dont beaucoup ont des taux de ch\u00f4mage sup\u00e9rieurs \u00e0 10 pour cent et des taux \u00e9lev\u00e9s de sous-emploi et d&#8217;emplois informels&quot;, d\u00e9clarent les syndicats NAMA 11.<\/p><p>Les syndicats en appellent aux gouvernements pour s&#8217;assurer que les pays en d\u00e9veloppement peuvent appliquer une r\u00e9duction tarifaire qui corresponde \u00e0 leur stade de d\u00e9veloppement, que les flexibilit\u00e9s pour les pays en d\u00e9veloppement soient consid\u00e9rablement \u00e9tendues et que les flexibilit\u00e9s puissent \u00eatre modifi\u00e9es dans le temps. Les syndicats r\u00e9affirment aussi qu&#8217;aucune proposition ne devra \u00eatre faite pour tenter de briser les groupements de pays en d\u00e9veloppement au NAMA ou les groupements r\u00e9gionaux d&#8217;int\u00e9gration.<\/p><p>Les deux d\u00e9clarations syndicales se trouvent sur le site web de la FIOM.<\/p>","protected":false},"featured_media":0,"template":"","class_list":["post-204961","archive_imf","type-archive_imf","status-publish","hentry"],"acf":[],"yoast_head":"<!-- This site is optimized with the Yoast SEO Premium plugin v27.1 (Yoast SEO v27.1) - https:\/\/yoast.com\/product\/yoast-seo-premium-wordpress\/ -->\n<title>Les pourparlers \u00e0 l&#039;OMC atteignent un stade critique - industriall-union<\/title>\n<meta name=\"robots\" content=\"index, follow, max-snippet:-1, max-image-preview:large, max-video-preview:-1\" \/>\n<link rel=\"canonical\" href=\"https:\/\/admin.industriall-union.org\/fr\/archive\/imf\/les-pourparlers-a-l-039-omc-atteignent-un-stade-critique\/\" \/>\n<meta property=\"og:locale\" content=\"fr_FR\" \/>\n<meta property=\"og:type\" content=\"article\" \/>\n<meta property=\"og:title\" content=\"Les pourparlers \u00e0 l&#039;OMC atteignent un stade critique\" \/>\n<meta property=\"og:description\" content=\"MONDE: De nouveaux textes sur l&#8217;agriculture et l&#8217;acc\u00e8s au march\u00e9 pour les produits non agricoles (NAMA) devraient \u00eatre publi\u00e9s cette semaine, alors que les n\u00e9gociations sur l&#8217;accord commercial de Doha \u00e0 l&#8217;Organisation mondiale du commerce atteignent un stade critique. Le processus pour les prochaines semaines, comme l&#8217;a propos\u00e9 Pascal Lamy, directeur g\u00e9n\u00e9ral de l&#8217;OMC, et [&hellip;]\" \/>\n<meta property=\"og:url\" content=\"https:\/\/admin.industriall-union.org\/fr\/archive\/imf\/les-pourparlers-a-l-039-omc-atteignent-un-stade-critique\/\" \/>\n<meta property=\"og:site_name\" content=\"industriall-union\" \/>\n<meta property=\"article:modified_time\" content=\"2025-01-31T11:04:12+00:00\" \/>\n<meta name=\"twitter:card\" content=\"summary_large_image\" \/>\n<meta name=\"twitter:label1\" content=\"Est. reading time\" \/>\n\t<meta name=\"twitter:data1\" content=\"2 minutes\" \/>\n<script type=\"application\/ld+json\" class=\"yoast-schema-graph\">{\"@context\":\"https:\/\/schema.org\",\"@graph\":[{\"@type\":\"WebPage\",\"@id\":\"https:\/\/admin.industriall-union.org\/fr\/archive\/imf\/les-pourparlers-a-l-039-omc-atteignent-un-stade-critique\/\",\"url\":\"https:\/\/admin.industriall-union.org\/fr\/archive\/imf\/les-pourparlers-a-l-039-omc-atteignent-un-stade-critique\/\",\"name\":\"Les pourparlers \u00e0 l&#039;OMC atteignent un stade critique - industriall-union\",\"isPartOf\":{\"@id\":\"https:\/\/admin.industriall-union.org\/#website\"},\"datePublished\":\"2008-02-04T12:50:00+00:00\",\"dateModified\":\"2025-01-31T11:04:12+00:00\",\"breadcrumb\":{\"@id\":\"https:\/\/admin.industriall-union.org\/fr\/archive\/imf\/les-pourparlers-a-l-039-omc-atteignent-un-stade-critique\/#breadcrumb\"},\"inLanguage\":\"fr-FR\",\"potentialAction\":[{\"@type\":\"ReadAction\",\"target\":[\"https:\/\/admin.industriall-union.org\/fr\/archive\/imf\/les-pourparlers-a-l-039-omc-atteignent-un-stade-critique\/\"]}]},{\"@type\":\"BreadcrumbList\",\"@id\":\"https:\/\/admin.industriall-union.org\/fr\/archive\/imf\/les-pourparlers-a-l-039-omc-atteignent-un-stade-critique\/#breadcrumb\",\"itemListElement\":[{\"@type\":\"ListItem\",\"position\":1,\"name\":\"Home\",\"item\":\"https:\/\/admin.industriall-union.org\/\"},{\"@type\":\"ListItem\",\"position\":2,\"name\":\"Archive Imf\",\"item\":\"https:\/\/admin.industriall-union.org\/es\/archive\/imf\/\"},{\"@type\":\"ListItem\",\"position\":3,\"name\":\"Les pourparlers \u00e0 l&#039;OMC atteignent un stade critique\"}]},{\"@type\":\"WebSite\",\"@id\":\"https:\/\/admin.industriall-union.org\/#website\",\"url\":\"https:\/\/admin.industriall-union.org\/\",\"name\":\"industriall-union\",\"description\":\"\",\"potentialAction\":[{\"@type\":\"SearchAction\",\"target\":{\"@type\":\"EntryPoint\",\"urlTemplate\":\"https:\/\/admin.industriall-union.org\/?s={search_term_string}\"},\"query-input\":{\"@type\":\"PropertyValueSpecification\",\"valueRequired\":true,\"valueName\":\"search_term_string\"}}],\"inLanguage\":\"fr-FR\"}]}<\/script>\n<!-- \/ Yoast SEO Premium plugin. -->","yoast_head_json":{"title":"Les pourparlers \u00e0 l&#039;OMC atteignent un stade critique - industriall-union","robots":{"index":"index","follow":"follow","max-snippet":"max-snippet:-1","max-image-preview":"max-image-preview:large","max-video-preview":"max-video-preview:-1"},"canonical":"https:\/\/admin.industriall-union.org\/fr\/archive\/imf\/les-pourparlers-a-l-039-omc-atteignent-un-stade-critique\/","og_locale":"fr_FR","og_type":"article","og_title":"Les pourparlers \u00e0 l&#039;OMC atteignent un stade critique","og_description":"MONDE: De nouveaux textes sur l&#8217;agriculture et l&#8217;acc\u00e8s au march\u00e9 pour les produits non agricoles (NAMA) devraient \u00eatre publi\u00e9s cette semaine, alors que les n\u00e9gociations sur l&#8217;accord commercial de Doha \u00e0 l&#8217;Organisation mondiale du commerce atteignent un stade critique. Le processus pour les prochaines semaines, comme l&#8217;a propos\u00e9 Pascal Lamy, directeur g\u00e9n\u00e9ral de l&#8217;OMC, et [&hellip;]","og_url":"https:\/\/admin.industriall-union.org\/fr\/archive\/imf\/les-pourparlers-a-l-039-omc-atteignent-un-stade-critique\/","og_site_name":"industriall-union","article_modified_time":"2025-01-31T11:04:12+00:00","twitter_card":"summary_large_image","twitter_misc":{"Est. reading time":"2 minutes"},"schema":{"@context":"https:\/\/schema.org","@graph":[{"@type":"WebPage","@id":"https:\/\/admin.industriall-union.org\/fr\/archive\/imf\/les-pourparlers-a-l-039-omc-atteignent-un-stade-critique\/","url":"https:\/\/admin.industriall-union.org\/fr\/archive\/imf\/les-pourparlers-a-l-039-omc-atteignent-un-stade-critique\/","name":"Les pourparlers \u00e0 l&#039;OMC atteignent un stade critique - industriall-union","isPartOf":{"@id":"https:\/\/admin.industriall-union.org\/#website"},"datePublished":"2008-02-04T12:50:00+00:00","dateModified":"2025-01-31T11:04:12+00:00","breadcrumb":{"@id":"https:\/\/admin.industriall-union.org\/fr\/archive\/imf\/les-pourparlers-a-l-039-omc-atteignent-un-stade-critique\/#breadcrumb"},"inLanguage":"fr-FR","potentialAction":[{"@type":"ReadAction","target":["https:\/\/admin.industriall-union.org\/fr\/archive\/imf\/les-pourparlers-a-l-039-omc-atteignent-un-stade-critique\/"]}]},{"@type":"BreadcrumbList","@id":"https:\/\/admin.industriall-union.org\/fr\/archive\/imf\/les-pourparlers-a-l-039-omc-atteignent-un-stade-critique\/#breadcrumb","itemListElement":[{"@type":"ListItem","position":1,"name":"Home","item":"https:\/\/admin.industriall-union.org\/"},{"@type":"ListItem","position":2,"name":"Archive Imf","item":"https:\/\/admin.industriall-union.org\/es\/archive\/imf\/"},{"@type":"ListItem","position":3,"name":"Les pourparlers \u00e0 l&#039;OMC atteignent un stade critique"}]},{"@type":"WebSite","@id":"https:\/\/admin.industriall-union.org\/#website","url":"https:\/\/admin.industriall-union.org\/","name":"industriall-union","description":"","potentialAction":[{"@type":"SearchAction","target":{"@type":"EntryPoint","urlTemplate":"https:\/\/admin.industriall-union.org\/?s={search_term_string}"},"query-input":{"@type":"PropertyValueSpecification","valueRequired":true,"valueName":"search_term_string"}}],"inLanguage":"fr-FR"}]}},"_links":{"self":[{"href":"https:\/\/admin.industriall-union.org\/fr\/wp-json\/wp\/v2\/archive_imf\/204961","targetHints":{"allow":["GET"]}}],"collection":[{"href":"https:\/\/admin.industriall-union.org\/fr\/wp-json\/wp\/v2\/archive_imf"}],"about":[{"href":"https:\/\/admin.industriall-union.org\/fr\/wp-json\/wp\/v2\/types\/archive_imf"}],"wp:attachment":[{"href":"https:\/\/admin.industriall-union.org\/fr\/wp-json\/wp\/v2\/media?parent=204961"}],"curies":[{"name":"wp","href":"https:\/\/api.w.org\/{rel}","templated":true}]}}

Les pourparlers à l&#039;OMC atteignent un stade critique

<p>MONDE: De nouveaux textes sur l&#8217;agriculture et l&#8217;accès au marché pour les produits non agricoles (NAMA) devraient être publiés cette semaine, alors que les négociations sur l&#8217;accord commercial de Doha à l&#8217;Organisation mondiale du commerce atteignent un stade critique.</p><p>Le processus pour les prochaines semaines, comme l&#8217;a proposé Pascal Lamy, directeur général de l&#8217;OMC, et qui a reçu l&#8217;approbation des ministres à Davos, comporte la publication de nouveaux textes destinés à l&#8217;analyse et des pourparlers complémentaires sur l&#8217;agriculture et les groupes NAMA séparément. Cela sera suivi d&#8217;un processus horizontal à un haut niveau officiel qui permettra d&#8217;avoir une discussion sur les textes concernant l&#8217;agriculture et NAMA pris ensemble et donnera la possibilité de faire des compromis. L&#8217;OMC s&#8217;attend à finaliser ce processus autour de Pâques, après quoi les ministres adopteront les positions finales sur les modalités restantes.</p><p>Au moment où les négociations atteignent un stade critique et où les compromis deviennent plus probables, les syndicats qui continuent de s&#8217;inquiéter des effets négatifs qu&#8217;un accord aurait sur le développement durable et sur l&#8217;emploi, prévoient une série de réunions de lobbying à Genève au début de mars. </p><p>Le 17 janvier, deux déclarations syndicales sur NAMA ont été publiées, l&#8217;une par les syndicats NAMA 11 et l&#8217;autre par le groupe des syndicats latino-américains sur NAMA (en espagnol et en anglais). Ces deux déclarations sont en réponse aux communications présentées par le Canada, la Communauté européenne, l&#8217;Islande, le Japon, la Nouvelle-Zélande, la Norvège, la Suisse et les États-Unis qui proposent de restreindre le niveau des flexibilités qui pourraient être données aux pays en développement dans l&#8217;accord NAMA.</p><p>&quot;Les communications ne tiennent aucun compte des besoins en matière d&#8217;emploi dans nos pays, dont beaucoup ont des taux de chômage supérieurs à 10 pour cent et des taux élevés de sous-emploi et d&#8217;emplois informels&quot;, déclarent les syndicats NAMA 11.</p><p>Les syndicats en appellent aux gouvernements pour s&#8217;assurer que les pays en développement peuvent appliquer une réduction tarifaire qui corresponde à leur stade de développement, que les flexibilités pour les pays en développement soient considérablement étendues et que les flexibilités puissent être modifiées dans le temps. Les syndicats réaffirment aussi qu&#8217;aucune proposition ne devra être faite pour tenter de briser les groupements de pays en développement au NAMA ou les groupements régionaux d&#8217;intégration.</p><p>Les deux déclarations syndicales se trouvent sur le site web de la FIOM.</p>

<!-- This site is optimized with the Yoast SEO Premium plugin v27.1 (Yoast SEO v27.1) - https://yoast.com/product/yoast-seo-premium-wordpress/ -->
<title>Les pourparlers à l&#039;OMC atteignent un stade critique - industriall-union</title>
<meta name="robots" content="index, follow, max-snippet:-1, max-image-preview:large, max-video-preview:-1" />
<link rel="canonical" href="https://admin.industriall-union.org/fr/archive/imf/les-pourparlers-a-l-039-omc-atteignent-un-stade-critique/" />
<meta property="og:locale" content="fr_FR" />
<meta property="og:type" content="article" />
<meta property="og:title" content="Les pourparlers à l&#039;OMC atteignent un stade critique" />
<meta property="og:description" content="MONDE: De nouveaux textes sur l&#8217;agriculture et l&#8217;accès au marché pour les produits non agricoles (NAMA) devraient être publiés cette semaine, alors que les négociations sur l&#8217;accord commercial de Doha à l&#8217;Organisation mondiale du commerce atteignent un stade critique. Le processus pour les prochaines semaines, comme l&#8217;a proposé Pascal Lamy, directeur général de l&#8217;OMC, et [&hellip;]" />
<meta property="og:url" content="https://admin.industriall-union.org/fr/archive/imf/les-pourparlers-a-l-039-omc-atteignent-un-stade-critique/" />
<meta property="og:site_name" content="industriall-union" />
<meta property="article:modified_time" content="2025-01-31T11:04:12+00:00" />
<meta name="twitter:card" content="summary_large_image" />
<meta name="twitter:label1" content="Est. reading time" />
	<meta name="twitter:data1" content="2 minutes" />
<script type="application/ld+json" class="yoast-schema-graph">{"@context":"https://schema.org","@graph":[{"@type":"WebPage","@id":"https://admin.industriall-union.org/fr/archive/imf/les-pourparlers-a-l-039-omc-atteignent-un-stade-critique/","url":"https://admin.industriall-union.org/fr/archive/imf/les-pourparlers-a-l-039-omc-atteignent-un-stade-critique/","name":"Les pourparlers à l&#039;OMC atteignent un stade critique - industriall-union","isPartOf":{"@id":"https://admin.industriall-union.org/#website"},"datePublished":"2008-02-04T12:50:00+00:00","dateModified":"2025-01-31T11:04:12+00:00","breadcrumb":{"@id":"https://admin.industriall-union.org/fr/archive/imf/les-pourparlers-a-l-039-omc-atteignent-un-stade-critique/#breadcrumb"},"inLanguage":"fr-FR","potentialAction":[{"@type":"ReadAction","target":["https://admin.industriall-union.org/fr/archive/imf/les-pourparlers-a-l-039-omc-atteignent-un-stade-critique/"]}]},{"@type":"BreadcrumbList","@id":"https://admin.industriall-union.org/fr/archive/imf/les-pourparlers-a-l-039-omc-atteignent-un-stade-critique/#breadcrumb","itemListElement":[{"@type":"ListItem","position":1,"name":"Home","item":"https://admin.industriall-union.org/"},{"@type":"ListItem","position":2,"name":"Archive Imf","item":"https://admin.industriall-union.org/es/archive/imf/"},{"@type":"ListItem","position":3,"name":"Les pourparlers à l&#039;OMC atteignent un stade critique"}]},{"@type":"WebSite","@id":"https://admin.industriall-union.org/#website","url":"https://admin.industriall-union.org/","name":"industriall-union","description":"","potentialAction":[{"@type":"SearchAction","target":{"@type":"EntryPoint","urlTemplate":"https://admin.industriall-union.org/?s={search_term_string}"},"query-input":{"@type":"PropertyValueSpecification","valueRequired":true,"valueName":"search_term_string"}}],"inLanguage":"fr-FR"}]}</script>
<!-- / Yoast SEO Premium plugin. -->

Les pourparlers à l&#039;OMC atteignent un stade critique - industriall-union

MONDE: De nouveaux textes sur l&#8217;agriculture et l&#8217;accès au marché pour les produits non agricoles (NAMA) devraient être publiés cette semaine, alors que les négociations sur l&#8217;accord commercial de Doha à l&#8217;Organisation mondiale du commerce atteignent un stade critique. Le processus pour les prochaines semaines, comme l&#8217;a proposé Pascal Lamy, directeur général de l&#8217;OMC, et [&hellip;]
