{"id":204957,"date":"2008-02-08T12:29:00","date_gmt":"2008-02-08T12:29:00","guid":{"rendered":"https:\/\/admin.industriall-union.org\/archive\/imf\/etude-de-la-fiom-sur-le-pouvoir-d-039-achat-du-temps-de-travail\/"},"modified":"2025-01-31T11:04:10","modified_gmt":"2025-01-31T11:04:10","slug":"etude-de-la-fiom-sur-le-pouvoir-d-039-achat-du-temps-de-travail","status":"publish","type":"archive_imf","link":"https:\/\/admin.industriall-union.org\/fr\/archive\/imf\/etude-de-la-fiom-sur-le-pouvoir-d-039-achat-du-temps-de-travail\/","title":{"rendered":"\u00c9tude de la FIOM sur le Pouvoir d&#039;achat du temps de travail"},"content":{"rendered":"MONDE: Voulez-vous une information \u00e0 jour pour comparer le temps de travail n\u00e9cessaire aux m\u00e9tallurgistes de diff\u00e9rents pays pour acheter une gamme de biens de consommation, notamment les v\u00eatements, la nourriture, le loyer et autres produits de base? <br \/><br \/>La comparaison des salaires dans un secteur, un pays ou entre des pays constitue une t\u00e2che ardue, et une comparaison directe en monnaies converties est souvent d\u00e9nu\u00e9e de sens. Pour cette raison, la FIOM a choisi depuis longtemps une m\u00e9thode qui permet de comparer le temps de travail, et publie tous les deux ans un rapport sur les diff\u00e9rences en mati\u00e8re de conditions de vie entre les m\u00e9tallurgistes de diff\u00e9rents pays. <br \/><br \/>L&#8217;\u00e9tude de la FIOM sur le Pouvoir d&#8217;achat du temps de travail sert aux affili\u00e9s de la FIOM dans le monde entier pour fixer des objectifs dans leurs n\u00e9gociations collectives et salariales dans le but d&#8217;am\u00e9liorer les salaires et les conditions des m\u00e9tallurgistes. <br \/><br \/>Cette ann\u00e9e, la FIOM met \u00e0 jour son \u00e9tude sur le Pouvoir d&#8217;achat du temps de travail et demande \u00e0 ses affili\u00e9s de r\u00e9pondre \u00e0 un questionnaire pour le 28 mars 2008, en fournissant une information sur les salaires bruts horaires et le co\u00fbt des biens de consommation dans leur pays. <br \/><br \/>&#8220;Les affili\u00e9s de 66 pays \u00e9taient inclus dans la derni\u00e8re \u00e9dition. Nous voulons nous assurer que l&#8217;\u00e9dition de cette ann\u00e9e inclura un nombre aussi grand de pays, et demandons aux affili\u00e9s de nous faire parvenir leur information d\u00e8s que possible, au plus tard le 28 mars dernier d\u00e9lai&#8221; d\u00e9clare la responsable de l&#8217;\u00e9tude, Anne-Marie Mureau. <br \/><br \/>Le questionnaire qui a \u00e9t\u00e9 envoy\u00e9 \u00e0 tous les affili\u00e9s de la FIOM peut \u00eatre aussi t\u00e9l\u00e9charg\u00e9 sur le site web de la FIOM dans toutes les langues officielles de la FIOM: <a href=\"..\/survey08\">www.imfmetal.org\/survey08<\/a> <br \/><br \/>Le rapport sur le Pouvoir d&#8217;achat du temps de travail publi\u00e9 en 2006 est publi\u00e9 sur le site web de la FIOM: <a href=\"..\/main\/index.cfm?n=47&amp;l=2&amp;ol=5&amp;c=15350\">http:\/\/www.imfmetal.org\/main\/index.cfm?n=47&amp;l=2&amp;ol=5&amp;c=15350<\/a> <br \/><br \/>Des questions? Envoyez un courriel \u00e0 <a href=\"mailto:ammureau@imfmetal.org\">ammureau@imfmetal.org<\/a>","protected":false},"featured_media":0,"template":"","class_list":["post-204957","archive_imf","type-archive_imf","status-publish","hentry"],"acf":[],"yoast_head":"<!-- This site is optimized with the Yoast SEO Premium plugin v27.1 (Yoast SEO v27.1) - https:\/\/yoast.com\/product\/yoast-seo-premium-wordpress\/ -->\n<title>\u00c9tude de la FIOM sur le Pouvoir d&#039;achat du temps de travail - industriall-union<\/title>\n<meta name=\"robots\" content=\"index, follow, max-snippet:-1, max-image-preview:large, max-video-preview:-1\" \/>\n<link rel=\"canonical\" href=\"https:\/\/admin.industriall-union.org\/fr\/archive\/imf\/etude-de-la-fiom-sur-le-pouvoir-d-039-achat-du-temps-de-travail\/\" \/>\n<meta property=\"og:locale\" content=\"fr_FR\" \/>\n<meta property=\"og:type\" content=\"article\" \/>\n<meta property=\"og:title\" content=\"\u00c9tude de la FIOM sur le Pouvoir d&#039;achat du temps de travail\" \/>\n<meta property=\"og:description\" content=\"MONDE: Voulez-vous une information \u00e0 jour pour comparer le temps de travail n\u00e9cessaire aux m\u00e9tallurgistes de diff\u00e9rents pays pour acheter une gamme de biens de consommation, notamment les v\u00eatements, la nourriture, le loyer et autres produits de base? La comparaison des salaires dans un secteur, un pays ou entre des pays constitue une t\u00e2che ardue, [&hellip;]\" \/>\n<meta property=\"og:url\" content=\"https:\/\/admin.industriall-union.org\/fr\/archive\/imf\/etude-de-la-fiom-sur-le-pouvoir-d-039-achat-du-temps-de-travail\/\" \/>\n<meta property=\"og:site_name\" content=\"industriall-union\" \/>\n<meta property=\"article:modified_time\" content=\"2025-01-31T11:04:10+00:00\" \/>\n<meta name=\"twitter:card\" content=\"summary_large_image\" \/>\n<meta name=\"twitter:label1\" content=\"Est. reading time\" \/>\n\t<meta name=\"twitter:data1\" content=\"2 minutes\" \/>\n<script type=\"application\/ld+json\" class=\"yoast-schema-graph\">{\"@context\":\"https:\/\/schema.org\",\"@graph\":[{\"@type\":\"WebPage\",\"@id\":\"https:\/\/admin.industriall-union.org\/fr\/archive\/imf\/etude-de-la-fiom-sur-le-pouvoir-d-039-achat-du-temps-de-travail\/\",\"url\":\"https:\/\/admin.industriall-union.org\/fr\/archive\/imf\/etude-de-la-fiom-sur-le-pouvoir-d-039-achat-du-temps-de-travail\/\",\"name\":\"\u00c9tude de la FIOM sur le Pouvoir d&#039;achat du temps de travail - industriall-union\",\"isPartOf\":{\"@id\":\"https:\/\/admin.industriall-union.org\/#website\"},\"datePublished\":\"2008-02-08T12:29:00+00:00\",\"dateModified\":\"2025-01-31T11:04:10+00:00\",\"breadcrumb\":{\"@id\":\"https:\/\/admin.industriall-union.org\/fr\/archive\/imf\/etude-de-la-fiom-sur-le-pouvoir-d-039-achat-du-temps-de-travail\/#breadcrumb\"},\"inLanguage\":\"fr-FR\",\"potentialAction\":[{\"@type\":\"ReadAction\",\"target\":[\"https:\/\/admin.industriall-union.org\/fr\/archive\/imf\/etude-de-la-fiom-sur-le-pouvoir-d-039-achat-du-temps-de-travail\/\"]}]},{\"@type\":\"BreadcrumbList\",\"@id\":\"https:\/\/admin.industriall-union.org\/fr\/archive\/imf\/etude-de-la-fiom-sur-le-pouvoir-d-039-achat-du-temps-de-travail\/#breadcrumb\",\"itemListElement\":[{\"@type\":\"ListItem\",\"position\":1,\"name\":\"Home\",\"item\":\"https:\/\/admin.industriall-union.org\/\"},{\"@type\":\"ListItem\",\"position\":2,\"name\":\"Archive Imf\",\"item\":\"https:\/\/admin.industriall-union.org\/es\/archive\/imf\/\"},{\"@type\":\"ListItem\",\"position\":3,\"name\":\"\u00c9tude de la FIOM sur le Pouvoir d&#039;achat du temps de travail\"}]},{\"@type\":\"WebSite\",\"@id\":\"https:\/\/admin.industriall-union.org\/#website\",\"url\":\"https:\/\/admin.industriall-union.org\/\",\"name\":\"industriall-union\",\"description\":\"\",\"potentialAction\":[{\"@type\":\"SearchAction\",\"target\":{\"@type\":\"EntryPoint\",\"urlTemplate\":\"https:\/\/admin.industriall-union.org\/?s={search_term_string}\"},\"query-input\":{\"@type\":\"PropertyValueSpecification\",\"valueRequired\":true,\"valueName\":\"search_term_string\"}}],\"inLanguage\":\"fr-FR\"}]}<\/script>\n<!-- \/ Yoast SEO Premium plugin. -->","yoast_head_json":{"title":"\u00c9tude de la FIOM sur le Pouvoir d&#039;achat du temps de travail - industriall-union","robots":{"index":"index","follow":"follow","max-snippet":"max-snippet:-1","max-image-preview":"max-image-preview:large","max-video-preview":"max-video-preview:-1"},"canonical":"https:\/\/admin.industriall-union.org\/fr\/archive\/imf\/etude-de-la-fiom-sur-le-pouvoir-d-039-achat-du-temps-de-travail\/","og_locale":"fr_FR","og_type":"article","og_title":"\u00c9tude de la FIOM sur le Pouvoir d&#039;achat du temps de travail","og_description":"MONDE: Voulez-vous une information \u00e0 jour pour comparer le temps de travail n\u00e9cessaire aux m\u00e9tallurgistes de diff\u00e9rents pays pour acheter une gamme de biens de consommation, notamment les v\u00eatements, la nourriture, le loyer et autres produits de base? La comparaison des salaires dans un secteur, un pays ou entre des pays constitue une t\u00e2che ardue, [&hellip;]","og_url":"https:\/\/admin.industriall-union.org\/fr\/archive\/imf\/etude-de-la-fiom-sur-le-pouvoir-d-039-achat-du-temps-de-travail\/","og_site_name":"industriall-union","article_modified_time":"2025-01-31T11:04:10+00:00","twitter_card":"summary_large_image","twitter_misc":{"Est. reading time":"2 minutes"},"schema":{"@context":"https:\/\/schema.org","@graph":[{"@type":"WebPage","@id":"https:\/\/admin.industriall-union.org\/fr\/archive\/imf\/etude-de-la-fiom-sur-le-pouvoir-d-039-achat-du-temps-de-travail\/","url":"https:\/\/admin.industriall-union.org\/fr\/archive\/imf\/etude-de-la-fiom-sur-le-pouvoir-d-039-achat-du-temps-de-travail\/","name":"\u00c9tude de la FIOM sur le Pouvoir d&#039;achat du temps de travail - industriall-union","isPartOf":{"@id":"https:\/\/admin.industriall-union.org\/#website"},"datePublished":"2008-02-08T12:29:00+00:00","dateModified":"2025-01-31T11:04:10+00:00","breadcrumb":{"@id":"https:\/\/admin.industriall-union.org\/fr\/archive\/imf\/etude-de-la-fiom-sur-le-pouvoir-d-039-achat-du-temps-de-travail\/#breadcrumb"},"inLanguage":"fr-FR","potentialAction":[{"@type":"ReadAction","target":["https:\/\/admin.industriall-union.org\/fr\/archive\/imf\/etude-de-la-fiom-sur-le-pouvoir-d-039-achat-du-temps-de-travail\/"]}]},{"@type":"BreadcrumbList","@id":"https:\/\/admin.industriall-union.org\/fr\/archive\/imf\/etude-de-la-fiom-sur-le-pouvoir-d-039-achat-du-temps-de-travail\/#breadcrumb","itemListElement":[{"@type":"ListItem","position":1,"name":"Home","item":"https:\/\/admin.industriall-union.org\/"},{"@type":"ListItem","position":2,"name":"Archive Imf","item":"https:\/\/admin.industriall-union.org\/es\/archive\/imf\/"},{"@type":"ListItem","position":3,"name":"\u00c9tude de la FIOM sur le Pouvoir d&#039;achat du temps de travail"}]},{"@type":"WebSite","@id":"https:\/\/admin.industriall-union.org\/#website","url":"https:\/\/admin.industriall-union.org\/","name":"industriall-union","description":"","potentialAction":[{"@type":"SearchAction","target":{"@type":"EntryPoint","urlTemplate":"https:\/\/admin.industriall-union.org\/?s={search_term_string}"},"query-input":{"@type":"PropertyValueSpecification","valueRequired":true,"valueName":"search_term_string"}}],"inLanguage":"fr-FR"}]}},"_links":{"self":[{"href":"https:\/\/admin.industriall-union.org\/fr\/wp-json\/wp\/v2\/archive_imf\/204957","targetHints":{"allow":["GET"]}}],"collection":[{"href":"https:\/\/admin.industriall-union.org\/fr\/wp-json\/wp\/v2\/archive_imf"}],"about":[{"href":"https:\/\/admin.industriall-union.org\/fr\/wp-json\/wp\/v2\/types\/archive_imf"}],"wp:attachment":[{"href":"https:\/\/admin.industriall-union.org\/fr\/wp-json\/wp\/v2\/media?parent=204957"}],"curies":[{"name":"wp","href":"https:\/\/api.w.org\/{rel}","templated":true}]}}

Étude de la FIOM sur le Pouvoir d&#039;achat du temps de travail

MONDE: Voulez-vous une information à jour pour comparer le temps de travail nécessaire aux métallurgistes de différents pays pour acheter une gamme de biens de consommation, notamment les vêtements, la nourriture, le loyer et autres produits de base? <br /><br />La comparaison des salaires dans un secteur, un pays ou entre des pays constitue une tâche ardue, et une comparaison directe en monnaies converties est souvent dénuée de sens. Pour cette raison, la FIOM a choisi depuis longtemps une méthode qui permet de comparer le temps de travail, et publie tous les deux ans un rapport sur les différences en matière de conditions de vie entre les métallurgistes de différents pays. <br /><br />L&#8217;étude de la FIOM sur le Pouvoir d&#8217;achat du temps de travail sert aux affiliés de la FIOM dans le monde entier pour fixer des objectifs dans leurs négociations collectives et salariales dans le but d&#8217;améliorer les salaires et les conditions des métallurgistes. <br /><br />Cette année, la FIOM met à jour son étude sur le Pouvoir d&#8217;achat du temps de travail et demande à ses affiliés de répondre à un questionnaire pour le 28 mars 2008, en fournissant une information sur les salaires bruts horaires et le coût des biens de consommation dans leur pays. <br /><br />&#8220;Les affiliés de 66 pays étaient inclus dans la dernière édition. Nous voulons nous assurer que l&#8217;édition de cette année inclura un nombre aussi grand de pays, et demandons aux affiliés de nous faire parvenir leur information dès que possible, au plus tard le 28 mars dernier délai&#8221; déclare la responsable de l&#8217;étude, Anne-Marie Mureau. <br /><br />Le questionnaire qui a été envoyé à tous les affiliés de la FIOM peut être aussi téléchargé sur le site web de la FIOM dans toutes les langues officielles de la FIOM: <a href="../survey08">www.imfmetal.org/survey08</a> <br /><br />Le rapport sur le Pouvoir d&#8217;achat du temps de travail publié en 2006 est publié sur le site web de la FIOM: <a href="../main/index.cfm?n=47&amp;l=2&amp;ol=5&amp;c=15350">http://www.imfmetal.org/main/index.cfm?n=47&amp;l=2&amp;ol=5&amp;c=15350</a> <br /><br />Des questions? Envoyez un courriel à <a href="mailto:ammureau@imfmetal.org">ammureau@imfmetal.org</a>

<!-- This site is optimized with the Yoast SEO Premium plugin v27.1 (Yoast SEO v27.1) - https://yoast.com/product/yoast-seo-premium-wordpress/ -->
<title>Étude de la FIOM sur le Pouvoir d&#039;achat du temps de travail - industriall-union</title>
<meta name="robots" content="index, follow, max-snippet:-1, max-image-preview:large, max-video-preview:-1" />
<link rel="canonical" href="https://admin.industriall-union.org/fr/archive/imf/etude-de-la-fiom-sur-le-pouvoir-d-039-achat-du-temps-de-travail/" />
<meta property="og:locale" content="fr_FR" />
<meta property="og:type" content="article" />
<meta property="og:title" content="Étude de la FIOM sur le Pouvoir d&#039;achat du temps de travail" />
<meta property="og:description" content="MONDE: Voulez-vous une information à jour pour comparer le temps de travail nécessaire aux métallurgistes de différents pays pour acheter une gamme de biens de consommation, notamment les vêtements, la nourriture, le loyer et autres produits de base? La comparaison des salaires dans un secteur, un pays ou entre des pays constitue une tâche ardue, [&hellip;]" />
<meta property="og:url" content="https://admin.industriall-union.org/fr/archive/imf/etude-de-la-fiom-sur-le-pouvoir-d-039-achat-du-temps-de-travail/" />
<meta property="og:site_name" content="industriall-union" />
<meta property="article:modified_time" content="2025-01-31T11:04:10+00:00" />
<meta name="twitter:card" content="summary_large_image" />
<meta name="twitter:label1" content="Est. reading time" />
	<meta name="twitter:data1" content="2 minutes" />
<script type="application/ld+json" class="yoast-schema-graph">{"@context":"https://schema.org","@graph":[{"@type":"WebPage","@id":"https://admin.industriall-union.org/fr/archive/imf/etude-de-la-fiom-sur-le-pouvoir-d-039-achat-du-temps-de-travail/","url":"https://admin.industriall-union.org/fr/archive/imf/etude-de-la-fiom-sur-le-pouvoir-d-039-achat-du-temps-de-travail/","name":"Étude de la FIOM sur le Pouvoir d&#039;achat du temps de travail - industriall-union","isPartOf":{"@id":"https://admin.industriall-union.org/#website"},"datePublished":"2008-02-08T12:29:00+00:00","dateModified":"2025-01-31T11:04:10+00:00","breadcrumb":{"@id":"https://admin.industriall-union.org/fr/archive/imf/etude-de-la-fiom-sur-le-pouvoir-d-039-achat-du-temps-de-travail/#breadcrumb"},"inLanguage":"fr-FR","potentialAction":[{"@type":"ReadAction","target":["https://admin.industriall-union.org/fr/archive/imf/etude-de-la-fiom-sur-le-pouvoir-d-039-achat-du-temps-de-travail/"]}]},{"@type":"BreadcrumbList","@id":"https://admin.industriall-union.org/fr/archive/imf/etude-de-la-fiom-sur-le-pouvoir-d-039-achat-du-temps-de-travail/#breadcrumb","itemListElement":[{"@type":"ListItem","position":1,"name":"Home","item":"https://admin.industriall-union.org/"},{"@type":"ListItem","position":2,"name":"Archive Imf","item":"https://admin.industriall-union.org/es/archive/imf/"},{"@type":"ListItem","position":3,"name":"Étude de la FIOM sur le Pouvoir d&#039;achat du temps de travail"}]},{"@type":"WebSite","@id":"https://admin.industriall-union.org/#website","url":"https://admin.industriall-union.org/","name":"industriall-union","description":"","potentialAction":[{"@type":"SearchAction","target":{"@type":"EntryPoint","urlTemplate":"https://admin.industriall-union.org/?s={search_term_string}"},"query-input":{"@type":"PropertyValueSpecification","valueRequired":true,"valueName":"search_term_string"}}],"inLanguage":"fr-FR"}]}</script>
<!-- / Yoast SEO Premium plugin. -->

Étude de la FIOM sur le Pouvoir d&#039;achat du temps de travail - industriall-union

MONDE: Voulez-vous une information à jour pour comparer le temps de travail nécessaire aux métallurgistes de différents pays pour acheter une gamme de biens de consommation, notamment les vêtements, la nourriture, le loyer et autres produits de base? La comparaison des salaires dans un secteur, un pays ou entre des pays constitue une tâche ardue, [&hellip;]
