{"id":204732,"date":"2008-04-09T13:17:07","date_gmt":"2008-04-09T13:17:07","guid":{"rendered":"https:\/\/admin.industriall-union.org\/archive\/imf\/hausse-du-salaire-minimum-au-pakistan\/"},"modified":"2025-01-31T11:03:24","modified_gmt":"2025-01-31T11:03:24","slug":"hausse-du-salaire-minimum-au-pakistan","status":"publish","type":"archive_imf","link":"https:\/\/admin.industriall-union.org\/fr\/archive\/imf\/hausse-du-salaire-minimum-au-pakistan\/","title":{"rendered":"Hausse du salaire minimum au Pakistan"},"content":{"rendered":"<p>PAKISTAN: Les salari\u00e9s au Pakistan prennent note avec satisfaction de l&#8217;augmentation du salaire minimum annonc\u00e9e le 29 mars par le Premier ministre Syed Youssuf Raza Gilani. Le salaire minimum passe de 4.000 Rs (63 USD) \u00e0 6.000 Rs (95 USD) par mois.<\/p><p>Les salari\u00e9s ont aussi accueilli tr\u00e8s favorablement l&#8217;\u00e9tablissement de la Commission nationale de l&#8217;emploi, qui veillera \u00e0 accro\u00eetre les possibilit\u00e9s d&#8217;emploi pour les jeunes et la main-d&#8217;\u0153uvre, et l&#8217;abrogation de l&#8217;ordonnance 2002 sur les relations de travail, hostile aux salari\u00e9s, qui imposait des limitations excessives aux activit\u00e9s syndicales.<\/p><p>Selon des organes de presse, la f\u00e9d\u00e9ration pakistanaise des travailleurs estime que l&#8217;abrogation de la loi qui restreignait l&#8217;activit\u00e9 des syndicats \u00e9tait n\u00e9cessaire car ce texte \u00e9tait en infraction aux conventions de l&#8217;Organisation internationale du Travail. Le syndicat signale aussi que la hausse du salaire minimum est insuffisante, mais que cette augmentation procurera un certain soulagement aux salari\u00e9s.<\/p><p>&#160;<\/p>","protected":false},"featured_media":0,"template":"","class_list":["post-204732","archive_imf","type-archive_imf","status-publish","hentry"],"acf":[],"yoast_head":"<!-- This site is optimized with the Yoast SEO Premium plugin v27.1 (Yoast SEO v27.1) - https:\/\/yoast.com\/product\/yoast-seo-premium-wordpress\/ -->\n<title>Hausse du salaire minimum au Pakistan - industriall-union<\/title>\n<meta name=\"robots\" content=\"index, follow, max-snippet:-1, max-image-preview:large, max-video-preview:-1\" \/>\n<link rel=\"canonical\" href=\"https:\/\/admin.industriall-union.org\/fr\/archive\/imf\/hausse-du-salaire-minimum-au-pakistan\/\" \/>\n<meta property=\"og:locale\" content=\"fr_FR\" \/>\n<meta property=\"og:type\" content=\"article\" \/>\n<meta property=\"og:title\" content=\"Hausse du salaire minimum au Pakistan\" \/>\n<meta property=\"og:description\" content=\"PAKISTAN: Les salari\u00e9s au Pakistan prennent note avec satisfaction de l&#8217;augmentation du salaire minimum annonc\u00e9e le 29 mars par le Premier ministre Syed Youssuf Raza Gilani. Le salaire minimum passe de 4.000 Rs (63 USD) \u00e0 6.000 Rs (95 USD) par mois. Les salari\u00e9s ont aussi accueilli tr\u00e8s favorablement l&#8217;\u00e9tablissement de la Commission nationale de [&hellip;]\" \/>\n<meta property=\"og:url\" content=\"https:\/\/admin.industriall-union.org\/fr\/archive\/imf\/hausse-du-salaire-minimum-au-pakistan\/\" \/>\n<meta property=\"og:site_name\" content=\"industriall-union\" \/>\n<meta property=\"article:modified_time\" content=\"2025-01-31T11:03:24+00:00\" \/>\n<meta name=\"twitter:card\" content=\"summary_large_image\" \/>\n<meta name=\"twitter:label1\" content=\"Est. reading time\" \/>\n\t<meta name=\"twitter:data1\" content=\"1 minute\" \/>\n<script type=\"application\/ld+json\" class=\"yoast-schema-graph\">{\"@context\":\"https:\/\/schema.org\",\"@graph\":[{\"@type\":\"WebPage\",\"@id\":\"https:\/\/admin.industriall-union.org\/fr\/archive\/imf\/hausse-du-salaire-minimum-au-pakistan\/\",\"url\":\"https:\/\/admin.industriall-union.org\/fr\/archive\/imf\/hausse-du-salaire-minimum-au-pakistan\/\",\"name\":\"Hausse du salaire minimum au Pakistan - industriall-union\",\"isPartOf\":{\"@id\":\"https:\/\/admin.industriall-union.org\/#website\"},\"datePublished\":\"2008-04-09T13:17:07+00:00\",\"dateModified\":\"2025-01-31T11:03:24+00:00\",\"breadcrumb\":{\"@id\":\"https:\/\/admin.industriall-union.org\/fr\/archive\/imf\/hausse-du-salaire-minimum-au-pakistan\/#breadcrumb\"},\"inLanguage\":\"fr-FR\",\"potentialAction\":[{\"@type\":\"ReadAction\",\"target\":[\"https:\/\/admin.industriall-union.org\/fr\/archive\/imf\/hausse-du-salaire-minimum-au-pakistan\/\"]}]},{\"@type\":\"BreadcrumbList\",\"@id\":\"https:\/\/admin.industriall-union.org\/fr\/archive\/imf\/hausse-du-salaire-minimum-au-pakistan\/#breadcrumb\",\"itemListElement\":[{\"@type\":\"ListItem\",\"position\":1,\"name\":\"Home\",\"item\":\"https:\/\/admin.industriall-union.org\/\"},{\"@type\":\"ListItem\",\"position\":2,\"name\":\"Archive Imf\",\"item\":\"https:\/\/admin.industriall-union.org\/es\/archive\/imf\/\"},{\"@type\":\"ListItem\",\"position\":3,\"name\":\"Hausse du salaire minimum au Pakistan\"}]},{\"@type\":\"WebSite\",\"@id\":\"https:\/\/admin.industriall-union.org\/#website\",\"url\":\"https:\/\/admin.industriall-union.org\/\",\"name\":\"industriall-union\",\"description\":\"\",\"potentialAction\":[{\"@type\":\"SearchAction\",\"target\":{\"@type\":\"EntryPoint\",\"urlTemplate\":\"https:\/\/admin.industriall-union.org\/?s={search_term_string}\"},\"query-input\":{\"@type\":\"PropertyValueSpecification\",\"valueRequired\":true,\"valueName\":\"search_term_string\"}}],\"inLanguage\":\"fr-FR\"}]}<\/script>\n<!-- \/ Yoast SEO Premium plugin. -->","yoast_head_json":{"title":"Hausse du salaire minimum au Pakistan - industriall-union","robots":{"index":"index","follow":"follow","max-snippet":"max-snippet:-1","max-image-preview":"max-image-preview:large","max-video-preview":"max-video-preview:-1"},"canonical":"https:\/\/admin.industriall-union.org\/fr\/archive\/imf\/hausse-du-salaire-minimum-au-pakistan\/","og_locale":"fr_FR","og_type":"article","og_title":"Hausse du salaire minimum au Pakistan","og_description":"PAKISTAN: Les salari\u00e9s au Pakistan prennent note avec satisfaction de l&#8217;augmentation du salaire minimum annonc\u00e9e le 29 mars par le Premier ministre Syed Youssuf Raza Gilani. Le salaire minimum passe de 4.000 Rs (63 USD) \u00e0 6.000 Rs (95 USD) par mois. Les salari\u00e9s ont aussi accueilli tr\u00e8s favorablement l&#8217;\u00e9tablissement de la Commission nationale de [&hellip;]","og_url":"https:\/\/admin.industriall-union.org\/fr\/archive\/imf\/hausse-du-salaire-minimum-au-pakistan\/","og_site_name":"industriall-union","article_modified_time":"2025-01-31T11:03:24+00:00","twitter_card":"summary_large_image","twitter_misc":{"Est. reading time":"1 minute"},"schema":{"@context":"https:\/\/schema.org","@graph":[{"@type":"WebPage","@id":"https:\/\/admin.industriall-union.org\/fr\/archive\/imf\/hausse-du-salaire-minimum-au-pakistan\/","url":"https:\/\/admin.industriall-union.org\/fr\/archive\/imf\/hausse-du-salaire-minimum-au-pakistan\/","name":"Hausse du salaire minimum au Pakistan - industriall-union","isPartOf":{"@id":"https:\/\/admin.industriall-union.org\/#website"},"datePublished":"2008-04-09T13:17:07+00:00","dateModified":"2025-01-31T11:03:24+00:00","breadcrumb":{"@id":"https:\/\/admin.industriall-union.org\/fr\/archive\/imf\/hausse-du-salaire-minimum-au-pakistan\/#breadcrumb"},"inLanguage":"fr-FR","potentialAction":[{"@type":"ReadAction","target":["https:\/\/admin.industriall-union.org\/fr\/archive\/imf\/hausse-du-salaire-minimum-au-pakistan\/"]}]},{"@type":"BreadcrumbList","@id":"https:\/\/admin.industriall-union.org\/fr\/archive\/imf\/hausse-du-salaire-minimum-au-pakistan\/#breadcrumb","itemListElement":[{"@type":"ListItem","position":1,"name":"Home","item":"https:\/\/admin.industriall-union.org\/"},{"@type":"ListItem","position":2,"name":"Archive Imf","item":"https:\/\/admin.industriall-union.org\/es\/archive\/imf\/"},{"@type":"ListItem","position":3,"name":"Hausse du salaire minimum au Pakistan"}]},{"@type":"WebSite","@id":"https:\/\/admin.industriall-union.org\/#website","url":"https:\/\/admin.industriall-union.org\/","name":"industriall-union","description":"","potentialAction":[{"@type":"SearchAction","target":{"@type":"EntryPoint","urlTemplate":"https:\/\/admin.industriall-union.org\/?s={search_term_string}"},"query-input":{"@type":"PropertyValueSpecification","valueRequired":true,"valueName":"search_term_string"}}],"inLanguage":"fr-FR"}]}},"_links":{"self":[{"href":"https:\/\/admin.industriall-union.org\/fr\/wp-json\/wp\/v2\/archive_imf\/204732","targetHints":{"allow":["GET"]}}],"collection":[{"href":"https:\/\/admin.industriall-union.org\/fr\/wp-json\/wp\/v2\/archive_imf"}],"about":[{"href":"https:\/\/admin.industriall-union.org\/fr\/wp-json\/wp\/v2\/types\/archive_imf"}],"wp:attachment":[{"href":"https:\/\/admin.industriall-union.org\/fr\/wp-json\/wp\/v2\/media?parent=204732"}],"curies":[{"name":"wp","href":"https:\/\/api.w.org\/{rel}","templated":true}]}}

<p>PAKISTAN: Les salariés au Pakistan prennent note avec satisfaction de l&#8217;augmentation du salaire minimum annoncée le 29 mars par le Premier ministre Syed Youssuf Raza Gilani. Le salaire minimum passe de 4.000 Rs (63 USD) à 6.000 Rs (95 USD) par mois.</p><p>Les salariés ont aussi accueilli très favorablement l&#8217;établissement de la Commission nationale de l&#8217;emploi, qui veillera à accroître les possibilités d&#8217;emploi pour les jeunes et la main-d&#8217;œuvre, et l&#8217;abrogation de l&#8217;ordonnance 2002 sur les relations de travail, hostile aux salariés, qui imposait des limitations excessives aux activités syndicales.</p><p>Selon des organes de presse, la fédération pakistanaise des travailleurs estime que l&#8217;abrogation de la loi qui restreignait l&#8217;activité des syndicats était nécessaire car ce texte était en infraction aux conventions de l&#8217;Organisation internationale du Travail. Le syndicat signale aussi que la hausse du salaire minimum est insuffisante, mais que cette augmentation procurera un certain soulagement aux salariés.</p><p>&#160;</p>

<!-- This site is optimized with the Yoast SEO Premium plugin v27.1 (Yoast SEO v27.1) - https://yoast.com/product/yoast-seo-premium-wordpress/ -->
<title>Hausse du salaire minimum au Pakistan - industriall-union</title>
<meta name="robots" content="index, follow, max-snippet:-1, max-image-preview:large, max-video-preview:-1" />
<link rel="canonical" href="https://admin.industriall-union.org/fr/archive/imf/hausse-du-salaire-minimum-au-pakistan/" />
<meta property="og:locale" content="fr_FR" />
<meta property="og:type" content="article" />
<meta property="og:title" content="Hausse du salaire minimum au Pakistan" />
<meta property="og:description" content="PAKISTAN: Les salariés au Pakistan prennent note avec satisfaction de l&#8217;augmentation du salaire minimum annoncée le 29 mars par le Premier ministre Syed Youssuf Raza Gilani. Le salaire minimum passe de 4.000 Rs (63 USD) à 6.000 Rs (95 USD) par mois. Les salariés ont aussi accueilli très favorablement l&#8217;établissement de la Commission nationale de [&hellip;]" />
<meta property="og:url" content="https://admin.industriall-union.org/fr/archive/imf/hausse-du-salaire-minimum-au-pakistan/" />
<meta property="og:site_name" content="industriall-union" />
<meta property="article:modified_time" content="2025-01-31T11:03:24+00:00" />
<meta name="twitter:card" content="summary_large_image" />
<meta name="twitter:label1" content="Est. reading time" />
	<meta name="twitter:data1" content="1 minute" />
<script type="application/ld+json" class="yoast-schema-graph">{"@context":"https://schema.org","@graph":[{"@type":"WebPage","@id":"https://admin.industriall-union.org/fr/archive/imf/hausse-du-salaire-minimum-au-pakistan/","url":"https://admin.industriall-union.org/fr/archive/imf/hausse-du-salaire-minimum-au-pakistan/","name":"Hausse du salaire minimum au Pakistan - industriall-union","isPartOf":{"@id":"https://admin.industriall-union.org/#website"},"datePublished":"2008-04-09T13:17:07+00:00","dateModified":"2025-01-31T11:03:24+00:00","breadcrumb":{"@id":"https://admin.industriall-union.org/fr/archive/imf/hausse-du-salaire-minimum-au-pakistan/#breadcrumb"},"inLanguage":"fr-FR","potentialAction":[{"@type":"ReadAction","target":["https://admin.industriall-union.org/fr/archive/imf/hausse-du-salaire-minimum-au-pakistan/"]}]},{"@type":"BreadcrumbList","@id":"https://admin.industriall-union.org/fr/archive/imf/hausse-du-salaire-minimum-au-pakistan/#breadcrumb","itemListElement":[{"@type":"ListItem","position":1,"name":"Home","item":"https://admin.industriall-union.org/"},{"@type":"ListItem","position":2,"name":"Archive Imf","item":"https://admin.industriall-union.org/es/archive/imf/"},{"@type":"ListItem","position":3,"name":"Hausse du salaire minimum au Pakistan"}]},{"@type":"WebSite","@id":"https://admin.industriall-union.org/#website","url":"https://admin.industriall-union.org/","name":"industriall-union","description":"","potentialAction":[{"@type":"SearchAction","target":{"@type":"EntryPoint","urlTemplate":"https://admin.industriall-union.org/?s={search_term_string}"},"query-input":{"@type":"PropertyValueSpecification","valueRequired":true,"valueName":"search_term_string"}}],"inLanguage":"fr-FR"}]}</script>
<!-- / Yoast SEO Premium plugin. -->

PAKISTAN: Les salariés au Pakistan prennent note avec satisfaction de l&#8217;augmentation du salaire minimum annoncée le 29 mars par le Premier ministre Syed Youssuf Raza Gilani. Le salaire minimum passe de 4.000 Rs (63 USD) à 6.000 Rs (95 USD) par mois. Les salariés ont aussi accueilli très favorablement l&#8217;établissement de la Commission nationale de [&hellip;]
