{"id":204699,"date":"2008-04-28T12:27:54","date_gmt":"2008-04-28T12:27:54","guid":{"rendered":"https:\/\/admin.industriall-union.org\/archive\/imf\/night-of-labour-film-shorts\/"},"modified":"2025-01-31T11:03:16","modified_gmt":"2025-01-31T11:03:16","slug":"night-of-labour-film-shorts","status":"publish","type":"archive_imf","link":"https:\/\/admin.industriall-union.org\/fr\/archive\/imf\/night-of-labour-film-shorts\/","title":{"rendered":"Night of Labour Film Shorts"},"content":{"rendered":"<p>Le 1<sup>er<\/sup> mai, le mouvement syndical international organise une soir\u00e9e de projection de films r\u00e9alis\u00e9s par des syndicats de divers secteurs et r\u00e9gions du monde sur des sujets importants pour les travailleurs. <\/p><p>&quot;De plus en plus de syndicats utilisent des films et vid\u00e9os pour expliquer certaines questions, motiver leurs membres, convaincre les d\u00e9cideurs et \u00e9duquer le grand public&quot;, affirme Anna Biondi, directrice du bureau de Gen\u00e8ve de la Conf\u00e9d\u00e9ration syndicale internationale et secr\u00e9taire du groupe des travailleurs de l&#8217;Organisation internationale du travail, qui inaugurera la manifestation le 1<sup>er<\/sup> mai 2008. <\/p><p>Des courts m\u00e9trages d&#8217;Australie, d&#8217;Iran, du Mexique, de Norv\u00e8ge, du Royaume-Uni, de Su\u00e8de, de Suisse et de Taiwan figurent au programme, ainsi que le documentaire d&#8217;Anne Lewis\u00a0: <strong>Morristown\u00a0: In the Air and Sun<\/strong>. Film\u00e9 dans les montagnes de l&#8217;Est du Tennessee, au milieu du Mexique et \u00e0 Ciudad Juarez, <strong>Morristown<\/strong> d\u00e9crit les r\u00e9actions des travailleurs face \u00e0 la mondialisation, aux migrations, aux d\u00e9localisations d&#8217;usines ainsi que les revendications des syndicats en mati\u00e8re de justice \u00e9conomique et sociale. <\/p><p>La lutte pour l&#8217;\u00e9galit\u00e9 des salaires (Equal Pay Story\u00a0: Scenes from a Turbulent History),\u00a0 la d\u00e9fense des droits fondamentaux de l&#8217;homme (Freedom Will Come &#8211; The Story of Mansour Osanloo\u00a0; An Injury to One\u00a0: The Mexican miners&#8217; struggle for union independence) et les efforts des syndicats pour obtenir de meilleures conditions de travail (1er novembre 2007\u00a0: les chantiers de Zurich en gr\u00e8ve, Our Story Our Dream) ne sont que quelques exemples des sujets abord\u00e9s dans les courts m\u00e9trages. <\/p><p>\u00a0&quot;Tous ces films d\u00e9crivent comment les travailleurs tentent d&#8217;obtenir et de d\u00e9fendre leurs droits, leurs salaires et leurs conditions de travail et esp\u00e8rent am\u00e9liorer leurs conditions de vie&quot;, nous explique Mme Biondi. &quot;Ces r\u00e9cits nous touchent tous, dans toutes les r\u00e9gions du monde&quot;.<\/p><p><strong>QU&#8217;EST-CE-QUE C&#8217;EST?\u00a0: <\/strong>A Night of Labour Film Shorts<\/p><p><strong>OU? <\/strong>:\u00a0\u00a0\u00a0\u00a0\u00a0\u00a0\u00a0\u00a0\u00a0\u00a0 Th\u00e9atre du Gr\u00fctli, rue du G\u00e9n\u00e9ral Dufour, 16, Gen\u00e8ve<\/p><p><strong>QUAND\u00a0?\u00a0<\/strong>: 1<sup>er<\/sup> mai de 19h00 \u00e0 22h00<\/p><p><strong>RSVP\u00a0:\u00a0\u00a0\u00a0\u00a0\u00a0\u00a0\u00a0 <\/strong>L&#8217;entr\u00e9e est gratuite, veuillez r\u00e9server avant le 28 avril pour \u00eatre s\u00fbr d&#8217;avoir une\u00a0\u00a0\u00a0\u00a0 place au num\u00e9ro +41 22\u00a0 308 5050 ou par courriel \u00e0\u00a0: <a href=\"mailto:info@imfmetal.org\">info@imfmetal.org<\/a><\/p><p><strong>Pour le programme complet et des informations suppl\u00e9mentaires, consultez\u00a0: <\/strong><a href=\"..\/labourfilms\">www.imfmetal.org\/labourfilms<\/a><\/p>","protected":false},"featured_media":0,"template":"","class_list":["post-204699","archive_imf","type-archive_imf","status-publish","hentry"],"acf":[],"yoast_head":"<!-- This site is optimized with the Yoast SEO Premium plugin v27.1 (Yoast SEO v27.1) - https:\/\/yoast.com\/product\/yoast-seo-premium-wordpress\/ -->\n<title>Night of Labour Film Shorts - industriall-union<\/title>\n<meta name=\"robots\" content=\"index, follow, max-snippet:-1, max-image-preview:large, max-video-preview:-1\" \/>\n<link rel=\"canonical\" href=\"https:\/\/admin.industriall-union.org\/fr\/archive\/imf\/night-of-labour-film-shorts\/\" \/>\n<meta property=\"og:locale\" content=\"fr_FR\" \/>\n<meta property=\"og:type\" content=\"article\" \/>\n<meta property=\"og:title\" content=\"Night of Labour Film Shorts\" \/>\n<meta property=\"og:description\" content=\"Le 1er mai, le mouvement syndical international organise une soir\u00e9e de projection de films r\u00e9alis\u00e9s par des syndicats de divers secteurs et r\u00e9gions du monde sur des sujets importants pour les travailleurs. &quot;De plus en plus de syndicats utilisent des films et vid\u00e9os pour expliquer certaines questions, motiver leurs membres, convaincre les d\u00e9cideurs et \u00e9duquer [&hellip;]\" \/>\n<meta property=\"og:url\" content=\"https:\/\/admin.industriall-union.org\/fr\/archive\/imf\/night-of-labour-film-shorts\/\" \/>\n<meta property=\"og:site_name\" content=\"industriall-union\" \/>\n<meta property=\"article:modified_time\" content=\"2025-01-31T11:03:16+00:00\" \/>\n<meta name=\"twitter:card\" content=\"summary_large_image\" \/>\n<meta name=\"twitter:label1\" content=\"Est. reading time\" \/>\n\t<meta name=\"twitter:data1\" content=\"2 minutes\" \/>\n<script type=\"application\/ld+json\" class=\"yoast-schema-graph\">{\"@context\":\"https:\/\/schema.org\",\"@graph\":[{\"@type\":\"WebPage\",\"@id\":\"https:\/\/admin.industriall-union.org\/fr\/archive\/imf\/night-of-labour-film-shorts\/\",\"url\":\"https:\/\/admin.industriall-union.org\/fr\/archive\/imf\/night-of-labour-film-shorts\/\",\"name\":\"Night of Labour Film Shorts - industriall-union\",\"isPartOf\":{\"@id\":\"https:\/\/admin.industriall-union.org\/#website\"},\"datePublished\":\"2008-04-28T12:27:54+00:00\",\"dateModified\":\"2025-01-31T11:03:16+00:00\",\"breadcrumb\":{\"@id\":\"https:\/\/admin.industriall-union.org\/fr\/archive\/imf\/night-of-labour-film-shorts\/#breadcrumb\"},\"inLanguage\":\"fr-FR\",\"potentialAction\":[{\"@type\":\"ReadAction\",\"target\":[\"https:\/\/admin.industriall-union.org\/fr\/archive\/imf\/night-of-labour-film-shorts\/\"]}]},{\"@type\":\"BreadcrumbList\",\"@id\":\"https:\/\/admin.industriall-union.org\/fr\/archive\/imf\/night-of-labour-film-shorts\/#breadcrumb\",\"itemListElement\":[{\"@type\":\"ListItem\",\"position\":1,\"name\":\"Home\",\"item\":\"https:\/\/admin.industriall-union.org\/\"},{\"@type\":\"ListItem\",\"position\":2,\"name\":\"Archive Imf\",\"item\":\"https:\/\/admin.industriall-union.org\/es\/archive\/imf\/\"},{\"@type\":\"ListItem\",\"position\":3,\"name\":\"Night of Labour Film Shorts\"}]},{\"@type\":\"WebSite\",\"@id\":\"https:\/\/admin.industriall-union.org\/#website\",\"url\":\"https:\/\/admin.industriall-union.org\/\",\"name\":\"industriall-union\",\"description\":\"\",\"potentialAction\":[{\"@type\":\"SearchAction\",\"target\":{\"@type\":\"EntryPoint\",\"urlTemplate\":\"https:\/\/admin.industriall-union.org\/?s={search_term_string}\"},\"query-input\":{\"@type\":\"PropertyValueSpecification\",\"valueRequired\":true,\"valueName\":\"search_term_string\"}}],\"inLanguage\":\"fr-FR\"}]}<\/script>\n<!-- \/ Yoast SEO Premium plugin. -->","yoast_head_json":{"title":"Night of Labour Film Shorts - industriall-union","robots":{"index":"index","follow":"follow","max-snippet":"max-snippet:-1","max-image-preview":"max-image-preview:large","max-video-preview":"max-video-preview:-1"},"canonical":"https:\/\/admin.industriall-union.org\/fr\/archive\/imf\/night-of-labour-film-shorts\/","og_locale":"fr_FR","og_type":"article","og_title":"Night of Labour Film Shorts","og_description":"Le 1er mai, le mouvement syndical international organise une soir\u00e9e de projection de films r\u00e9alis\u00e9s par des syndicats de divers secteurs et r\u00e9gions du monde sur des sujets importants pour les travailleurs. &quot;De plus en plus de syndicats utilisent des films et vid\u00e9os pour expliquer certaines questions, motiver leurs membres, convaincre les d\u00e9cideurs et \u00e9duquer [&hellip;]","og_url":"https:\/\/admin.industriall-union.org\/fr\/archive\/imf\/night-of-labour-film-shorts\/","og_site_name":"industriall-union","article_modified_time":"2025-01-31T11:03:16+00:00","twitter_card":"summary_large_image","twitter_misc":{"Est. reading time":"2 minutes"},"schema":{"@context":"https:\/\/schema.org","@graph":[{"@type":"WebPage","@id":"https:\/\/admin.industriall-union.org\/fr\/archive\/imf\/night-of-labour-film-shorts\/","url":"https:\/\/admin.industriall-union.org\/fr\/archive\/imf\/night-of-labour-film-shorts\/","name":"Night of Labour Film Shorts - industriall-union","isPartOf":{"@id":"https:\/\/admin.industriall-union.org\/#website"},"datePublished":"2008-04-28T12:27:54+00:00","dateModified":"2025-01-31T11:03:16+00:00","breadcrumb":{"@id":"https:\/\/admin.industriall-union.org\/fr\/archive\/imf\/night-of-labour-film-shorts\/#breadcrumb"},"inLanguage":"fr-FR","potentialAction":[{"@type":"ReadAction","target":["https:\/\/admin.industriall-union.org\/fr\/archive\/imf\/night-of-labour-film-shorts\/"]}]},{"@type":"BreadcrumbList","@id":"https:\/\/admin.industriall-union.org\/fr\/archive\/imf\/night-of-labour-film-shorts\/#breadcrumb","itemListElement":[{"@type":"ListItem","position":1,"name":"Home","item":"https:\/\/admin.industriall-union.org\/"},{"@type":"ListItem","position":2,"name":"Archive Imf","item":"https:\/\/admin.industriall-union.org\/es\/archive\/imf\/"},{"@type":"ListItem","position":3,"name":"Night of Labour Film Shorts"}]},{"@type":"WebSite","@id":"https:\/\/admin.industriall-union.org\/#website","url":"https:\/\/admin.industriall-union.org\/","name":"industriall-union","description":"","potentialAction":[{"@type":"SearchAction","target":{"@type":"EntryPoint","urlTemplate":"https:\/\/admin.industriall-union.org\/?s={search_term_string}"},"query-input":{"@type":"PropertyValueSpecification","valueRequired":true,"valueName":"search_term_string"}}],"inLanguage":"fr-FR"}]}},"_links":{"self":[{"href":"https:\/\/admin.industriall-union.org\/fr\/wp-json\/wp\/v2\/archive_imf\/204699","targetHints":{"allow":["GET"]}}],"collection":[{"href":"https:\/\/admin.industriall-union.org\/fr\/wp-json\/wp\/v2\/archive_imf"}],"about":[{"href":"https:\/\/admin.industriall-union.org\/fr\/wp-json\/wp\/v2\/types\/archive_imf"}],"wp:attachment":[{"href":"https:\/\/admin.industriall-union.org\/fr\/wp-json\/wp\/v2\/media?parent=204699"}],"curies":[{"name":"wp","href":"https:\/\/api.w.org\/{rel}","templated":true}]}}

<p>Le 1<sup>er</sup> mai, le mouvement syndical international organise une soirée de projection de films réalisés par des syndicats de divers secteurs et régions du monde sur des sujets importants pour les travailleurs. </p><p>&quot;De plus en plus de syndicats utilisent des films et vidéos pour expliquer certaines questions, motiver leurs membres, convaincre les décideurs et éduquer le grand public&quot;, affirme Anna Biondi, directrice du bureau de Genève de la Confédération syndicale internationale et secrétaire du groupe des travailleurs de l&#8217;Organisation internationale du travail, qui inaugurera la manifestation le 1<sup>er</sup> mai 2008. </p><p>Des courts métrages d&#8217;Australie, d&#8217;Iran, du Mexique, de Norvège, du Royaume-Uni, de Suède, de Suisse et de Taiwan figurent au programme, ainsi que le documentaire d&#8217;Anne Lewis : <strong>Morristown : In the Air and Sun</strong>. Filmé dans les montagnes de l&#8217;Est du Tennessee, au milieu du Mexique et à Ciudad Juarez, <strong>Morristown</strong> décrit les réactions des travailleurs face à la mondialisation, aux migrations, aux délocalisations d&#8217;usines ainsi que les revendications des syndicats en matière de justice économique et sociale. </p><p>La lutte pour l&#8217;égalité des salaires (Equal Pay Story : Scenes from a Turbulent History),  la défense des droits fondamentaux de l&#8217;homme (Freedom Will Come &#8211; The Story of Mansour Osanloo ; An Injury to One : The Mexican miners&#8217; struggle for union independence) et les efforts des syndicats pour obtenir de meilleures conditions de travail (1er novembre 2007 : les chantiers de Zurich en grève, Our Story Our Dream) ne sont que quelques exemples des sujets abordés dans les courts métrages. </p><p> &quot;Tous ces films décrivent comment les travailleurs tentent d&#8217;obtenir et de défendre leurs droits, leurs salaires et leurs conditions de travail et espèrent améliorer leurs conditions de vie&quot;, nous explique Mme Biondi. &quot;Ces récits nous touchent tous, dans toutes les régions du monde&quot;.</p><p><strong>QU&#8217;EST-CE-QUE C&#8217;EST? : </strong>A Night of Labour Film Shorts</p><p><strong>OU? </strong>:           Théatre du Grütli, rue du Général Dufour, 16, Genève</p><p><strong>QUAND ? </strong>: 1<sup>er</sup> mai de 19h00 à 22h00</p><p><strong>RSVP :        </strong>L&#8217;entrée est gratuite, veuillez réserver avant le 28 avril pour être sûr d&#8217;avoir une     place au numéro +41 22  308 5050 ou par courriel à : <a href="mailto:info@imfmetal.org">info@imfmetal.org</a></p><p><strong>Pour le programme complet et des informations supplémentaires, consultez : </strong><a href="../labourfilms">www.imfmetal.org/labourfilms</a></p>

<!-- This site is optimized with the Yoast SEO Premium plugin v27.1 (Yoast SEO v27.1) - https://yoast.com/product/yoast-seo-premium-wordpress/ -->
<title>Night of Labour Film Shorts - industriall-union</title>
<meta name="robots" content="index, follow, max-snippet:-1, max-image-preview:large, max-video-preview:-1" />
<link rel="canonical" href="https://admin.industriall-union.org/fr/archive/imf/night-of-labour-film-shorts/" />
<meta property="og:locale" content="fr_FR" />
<meta property="og:type" content="article" />
<meta property="og:title" content="Night of Labour Film Shorts" />
<meta property="og:description" content="Le 1er mai, le mouvement syndical international organise une soirée de projection de films réalisés par des syndicats de divers secteurs et régions du monde sur des sujets importants pour les travailleurs. &quot;De plus en plus de syndicats utilisent des films et vidéos pour expliquer certaines questions, motiver leurs membres, convaincre les décideurs et éduquer [&hellip;]" />
<meta property="og:url" content="https://admin.industriall-union.org/fr/archive/imf/night-of-labour-film-shorts/" />
<meta property="og:site_name" content="industriall-union" />
<meta property="article:modified_time" content="2025-01-31T11:03:16+00:00" />
<meta name="twitter:card" content="summary_large_image" />
<meta name="twitter:label1" content="Est. reading time" />
	<meta name="twitter:data1" content="2 minutes" />
<script type="application/ld+json" class="yoast-schema-graph">{"@context":"https://schema.org","@graph":[{"@type":"WebPage","@id":"https://admin.industriall-union.org/fr/archive/imf/night-of-labour-film-shorts/","url":"https://admin.industriall-union.org/fr/archive/imf/night-of-labour-film-shorts/","name":"Night of Labour Film Shorts - industriall-union","isPartOf":{"@id":"https://admin.industriall-union.org/#website"},"datePublished":"2008-04-28T12:27:54+00:00","dateModified":"2025-01-31T11:03:16+00:00","breadcrumb":{"@id":"https://admin.industriall-union.org/fr/archive/imf/night-of-labour-film-shorts/#breadcrumb"},"inLanguage":"fr-FR","potentialAction":[{"@type":"ReadAction","target":["https://admin.industriall-union.org/fr/archive/imf/night-of-labour-film-shorts/"]}]},{"@type":"BreadcrumbList","@id":"https://admin.industriall-union.org/fr/archive/imf/night-of-labour-film-shorts/#breadcrumb","itemListElement":[{"@type":"ListItem","position":1,"name":"Home","item":"https://admin.industriall-union.org/"},{"@type":"ListItem","position":2,"name":"Archive Imf","item":"https://admin.industriall-union.org/es/archive/imf/"},{"@type":"ListItem","position":3,"name":"Night of Labour Film Shorts"}]},{"@type":"WebSite","@id":"https://admin.industriall-union.org/#website","url":"https://admin.industriall-union.org/","name":"industriall-union","description":"","potentialAction":[{"@type":"SearchAction","target":{"@type":"EntryPoint","urlTemplate":"https://admin.industriall-union.org/?s={search_term_string}"},"query-input":{"@type":"PropertyValueSpecification","valueRequired":true,"valueName":"search_term_string"}}],"inLanguage":"fr-FR"}]}</script>
<!-- / Yoast SEO Premium plugin. -->

Le 1er mai, le mouvement syndical international organise une soirée de projection de films réalisés par des syndicats de divers secteurs et régions du monde sur des sujets importants pour les travailleurs. &quot;De plus en plus de syndicats utilisent des films et vidéos pour expliquer certaines questions, motiver leurs membres, convaincre les décideurs et éduquer [&hellip;]
