{"id":204697,"date":"2008-05-05T12:23:00","date_gmt":"2008-05-05T12:23:00","guid":{"rendered":"https:\/\/admin.industriall-union.org\/archive\/imf\/grupo-mexico-decide-de-fermer-cananea-en-raison-de-la-greve\/"},"modified":"2025-01-31T11:03:16","modified_gmt":"2025-01-31T11:03:16","slug":"grupo-mexico-decide-de-fermer-cananea-en-raison-de-la-greve","status":"publish","type":"archive_imf","link":"https:\/\/admin.industriall-union.org\/fr\/archive\/imf\/grupo-mexico-decide-de-fermer-cananea-en-raison-de-la-greve\/","title":{"rendered":"Grupo Mexico d\u00e9cide de fermer Cananea en raison de la gr\u00e8ve"},"content":{"rendered":"Mexique: Grupo Mexico a d\u00e9cid\u00e9 de fermer la mine de Cananea en raison de la gr\u00e8ve qui avait \u00e9t\u00e9 d\u00e9clench\u00e9e le 30 juillet 2007. Les tribunaux ont d\u00e9cid\u00e9 que la gr\u00e8ve avait un caract\u00e8re l\u00e9gal. <br \/><br \/>Grupo Mexico a fait une d\u00e9claration pour annoncer la fermeture de la mine. Selon l&#8217;entreprise, la gr\u00e8ve qui dure depuis neuf mois a conduit &quot;l&#8217;entreprise \u00e0 fermer la mine et \u00e0 licencier les salari\u00e9s conform\u00e9ment \u00e0 la loi&quot;. <br \/><br \/>Le syndicat des mineurs croit que l&#8217;annonce est purement tactique. Selon le secr\u00e9taire syndical aux affaires politiques, Carlos Pav\u00f3n, l&#8217;annonce de la fermeture de l&#8217;entreprise Mexicana de Cananea et l&#8217;offre de donner leur compte aux salari\u00e9s est &quot;tactique&quot;. Il ajoute: &quot;Nous savons tous que la gr\u00e8ve est l\u00e9gale, c&#8217;est pourquoi ils ne peuvent rien faire. Ils essaient seulement de faire peur aux travailleurs&quot;. <br \/><br \/>Il explique que l&#8217;entreprise n&#8217;a pas l\u00e9galement le droit de d\u00e9cider unilat\u00e9ralement de fermer car le contrat d&#8217;emploi collectif est toujours en vigueur. L&#8217;entreprise devrait demander la permission de fermer la mine au Tribunal de conciliation et d&#8217;arbitrage. <br \/><br \/>Le porte-parole du syndicat dit que les travailleurs restent calmes et sont conscients de ce qui se passe. Selon lui, Grupo Mexico &quot;s&#8217;attendait \u00e0 ce que les tribunaux confirment son appel contre la l\u00e9galit\u00e9 de la gr\u00e8ve, mais les choses ne se sont pas pass\u00e9es comme l&#8217;entreprise le pr\u00e9voyait et elle se raccroche d\u00e9sesp\u00e9r\u00e9ment \u00e0 la moindre lueur d&#8217;espoir&quot;. <br \/><br \/>Mexicana de Cananea qui est consid\u00e9r\u00e9e comme l&#8217;une des plus grandes mines au monde, emploie environ 1.300 travailleurs syndiqu\u00e9s. ","protected":false},"featured_media":0,"template":"","class_list":["post-204697","archive_imf","type-archive_imf","status-publish","hentry"],"acf":[],"yoast_head":"<!-- This site is optimized with the Yoast SEO Premium plugin v27.1 (Yoast SEO v27.1) - https:\/\/yoast.com\/product\/yoast-seo-premium-wordpress\/ -->\n<title>Grupo Mexico d\u00e9cide de fermer Cananea en raison de la gr\u00e8ve - industriall-union<\/title>\n<meta name=\"robots\" content=\"index, follow, max-snippet:-1, max-image-preview:large, max-video-preview:-1\" \/>\n<link rel=\"canonical\" href=\"https:\/\/admin.industriall-union.org\/fr\/archive\/imf\/grupo-mexico-decide-de-fermer-cananea-en-raison-de-la-greve\/\" \/>\n<meta property=\"og:locale\" content=\"fr_FR\" \/>\n<meta property=\"og:type\" content=\"article\" \/>\n<meta property=\"og:title\" content=\"Grupo Mexico d\u00e9cide de fermer Cananea en raison de la gr\u00e8ve\" \/>\n<meta property=\"og:description\" content=\"Mexique: Grupo Mexico a d\u00e9cid\u00e9 de fermer la mine de Cananea en raison de la gr\u00e8ve qui avait \u00e9t\u00e9 d\u00e9clench\u00e9e le 30 juillet 2007. Les tribunaux ont d\u00e9cid\u00e9 que la gr\u00e8ve avait un caract\u00e8re l\u00e9gal. Grupo Mexico a fait une d\u00e9claration pour annoncer la fermeture de la mine. Selon l&#8217;entreprise, la gr\u00e8ve qui dure depuis [&hellip;]\" \/>\n<meta property=\"og:url\" content=\"https:\/\/admin.industriall-union.org\/fr\/archive\/imf\/grupo-mexico-decide-de-fermer-cananea-en-raison-de-la-greve\/\" \/>\n<meta property=\"og:site_name\" content=\"industriall-union\" \/>\n<meta property=\"article:modified_time\" content=\"2025-01-31T11:03:16+00:00\" \/>\n<meta name=\"twitter:card\" content=\"summary_large_image\" \/>\n<meta name=\"twitter:label1\" content=\"Est. reading time\" \/>\n\t<meta name=\"twitter:data1\" content=\"1 minute\" \/>\n<script type=\"application\/ld+json\" class=\"yoast-schema-graph\">{\"@context\":\"https:\/\/schema.org\",\"@graph\":[{\"@type\":\"WebPage\",\"@id\":\"https:\/\/admin.industriall-union.org\/fr\/archive\/imf\/grupo-mexico-decide-de-fermer-cananea-en-raison-de-la-greve\/\",\"url\":\"https:\/\/admin.industriall-union.org\/fr\/archive\/imf\/grupo-mexico-decide-de-fermer-cananea-en-raison-de-la-greve\/\",\"name\":\"Grupo Mexico d\u00e9cide de fermer Cananea en raison de la gr\u00e8ve - industriall-union\",\"isPartOf\":{\"@id\":\"https:\/\/admin.industriall-union.org\/#website\"},\"datePublished\":\"2008-05-05T12:23:00+00:00\",\"dateModified\":\"2025-01-31T11:03:16+00:00\",\"breadcrumb\":{\"@id\":\"https:\/\/admin.industriall-union.org\/fr\/archive\/imf\/grupo-mexico-decide-de-fermer-cananea-en-raison-de-la-greve\/#breadcrumb\"},\"inLanguage\":\"fr-FR\",\"potentialAction\":[{\"@type\":\"ReadAction\",\"target\":[\"https:\/\/admin.industriall-union.org\/fr\/archive\/imf\/grupo-mexico-decide-de-fermer-cananea-en-raison-de-la-greve\/\"]}]},{\"@type\":\"BreadcrumbList\",\"@id\":\"https:\/\/admin.industriall-union.org\/fr\/archive\/imf\/grupo-mexico-decide-de-fermer-cananea-en-raison-de-la-greve\/#breadcrumb\",\"itemListElement\":[{\"@type\":\"ListItem\",\"position\":1,\"name\":\"Home\",\"item\":\"https:\/\/admin.industriall-union.org\/\"},{\"@type\":\"ListItem\",\"position\":2,\"name\":\"Archive Imf\",\"item\":\"https:\/\/admin.industriall-union.org\/es\/archive\/imf\/\"},{\"@type\":\"ListItem\",\"position\":3,\"name\":\"Grupo Mexico d\u00e9cide de fermer Cananea en raison de la gr\u00e8ve\"}]},{\"@type\":\"WebSite\",\"@id\":\"https:\/\/admin.industriall-union.org\/#website\",\"url\":\"https:\/\/admin.industriall-union.org\/\",\"name\":\"industriall-union\",\"description\":\"\",\"potentialAction\":[{\"@type\":\"SearchAction\",\"target\":{\"@type\":\"EntryPoint\",\"urlTemplate\":\"https:\/\/admin.industriall-union.org\/?s={search_term_string}\"},\"query-input\":{\"@type\":\"PropertyValueSpecification\",\"valueRequired\":true,\"valueName\":\"search_term_string\"}}],\"inLanguage\":\"fr-FR\"}]}<\/script>\n<!-- \/ Yoast SEO Premium plugin. -->","yoast_head_json":{"title":"Grupo Mexico d\u00e9cide de fermer Cananea en raison de la gr\u00e8ve - industriall-union","robots":{"index":"index","follow":"follow","max-snippet":"max-snippet:-1","max-image-preview":"max-image-preview:large","max-video-preview":"max-video-preview:-1"},"canonical":"https:\/\/admin.industriall-union.org\/fr\/archive\/imf\/grupo-mexico-decide-de-fermer-cananea-en-raison-de-la-greve\/","og_locale":"fr_FR","og_type":"article","og_title":"Grupo Mexico d\u00e9cide de fermer Cananea en raison de la gr\u00e8ve","og_description":"Mexique: Grupo Mexico a d\u00e9cid\u00e9 de fermer la mine de Cananea en raison de la gr\u00e8ve qui avait \u00e9t\u00e9 d\u00e9clench\u00e9e le 30 juillet 2007. Les tribunaux ont d\u00e9cid\u00e9 que la gr\u00e8ve avait un caract\u00e8re l\u00e9gal. Grupo Mexico a fait une d\u00e9claration pour annoncer la fermeture de la mine. Selon l&#8217;entreprise, la gr\u00e8ve qui dure depuis [&hellip;]","og_url":"https:\/\/admin.industriall-union.org\/fr\/archive\/imf\/grupo-mexico-decide-de-fermer-cananea-en-raison-de-la-greve\/","og_site_name":"industriall-union","article_modified_time":"2025-01-31T11:03:16+00:00","twitter_card":"summary_large_image","twitter_misc":{"Est. reading time":"1 minute"},"schema":{"@context":"https:\/\/schema.org","@graph":[{"@type":"WebPage","@id":"https:\/\/admin.industriall-union.org\/fr\/archive\/imf\/grupo-mexico-decide-de-fermer-cananea-en-raison-de-la-greve\/","url":"https:\/\/admin.industriall-union.org\/fr\/archive\/imf\/grupo-mexico-decide-de-fermer-cananea-en-raison-de-la-greve\/","name":"Grupo Mexico d\u00e9cide de fermer Cananea en raison de la gr\u00e8ve - industriall-union","isPartOf":{"@id":"https:\/\/admin.industriall-union.org\/#website"},"datePublished":"2008-05-05T12:23:00+00:00","dateModified":"2025-01-31T11:03:16+00:00","breadcrumb":{"@id":"https:\/\/admin.industriall-union.org\/fr\/archive\/imf\/grupo-mexico-decide-de-fermer-cananea-en-raison-de-la-greve\/#breadcrumb"},"inLanguage":"fr-FR","potentialAction":[{"@type":"ReadAction","target":["https:\/\/admin.industriall-union.org\/fr\/archive\/imf\/grupo-mexico-decide-de-fermer-cananea-en-raison-de-la-greve\/"]}]},{"@type":"BreadcrumbList","@id":"https:\/\/admin.industriall-union.org\/fr\/archive\/imf\/grupo-mexico-decide-de-fermer-cananea-en-raison-de-la-greve\/#breadcrumb","itemListElement":[{"@type":"ListItem","position":1,"name":"Home","item":"https:\/\/admin.industriall-union.org\/"},{"@type":"ListItem","position":2,"name":"Archive Imf","item":"https:\/\/admin.industriall-union.org\/es\/archive\/imf\/"},{"@type":"ListItem","position":3,"name":"Grupo Mexico d\u00e9cide de fermer Cananea en raison de la gr\u00e8ve"}]},{"@type":"WebSite","@id":"https:\/\/admin.industriall-union.org\/#website","url":"https:\/\/admin.industriall-union.org\/","name":"industriall-union","description":"","potentialAction":[{"@type":"SearchAction","target":{"@type":"EntryPoint","urlTemplate":"https:\/\/admin.industriall-union.org\/?s={search_term_string}"},"query-input":{"@type":"PropertyValueSpecification","valueRequired":true,"valueName":"search_term_string"}}],"inLanguage":"fr-FR"}]}},"_links":{"self":[{"href":"https:\/\/admin.industriall-union.org\/fr\/wp-json\/wp\/v2\/archive_imf\/204697","targetHints":{"allow":["GET"]}}],"collection":[{"href":"https:\/\/admin.industriall-union.org\/fr\/wp-json\/wp\/v2\/archive_imf"}],"about":[{"href":"https:\/\/admin.industriall-union.org\/fr\/wp-json\/wp\/v2\/types\/archive_imf"}],"wp:attachment":[{"href":"https:\/\/admin.industriall-union.org\/fr\/wp-json\/wp\/v2\/media?parent=204697"}],"curies":[{"name":"wp","href":"https:\/\/api.w.org\/{rel}","templated":true}]}}

Grupo Mexico décide de fermer Cananea en raison de la grève

Mexique: Grupo Mexico a décidé de fermer la mine de Cananea en raison de la grève qui avait été déclenchée le 30 juillet 2007. Les tribunaux ont décidé que la grève avait un caractère légal. <br /><br />Grupo Mexico a fait une déclaration pour annoncer la fermeture de la mine. Selon l&#8217;entreprise, la grève qui dure depuis neuf mois a conduit &quot;l&#8217;entreprise à fermer la mine et à licencier les salariés conformément à la loi&quot;. <br /><br />Le syndicat des mineurs croit que l&#8217;annonce est purement tactique. Selon le secrétaire syndical aux affaires politiques, Carlos Pavón, l&#8217;annonce de la fermeture de l&#8217;entreprise Mexicana de Cananea et l&#8217;offre de donner leur compte aux salariés est &quot;tactique&quot;. Il ajoute: &quot;Nous savons tous que la grève est légale, c&#8217;est pourquoi ils ne peuvent rien faire. Ils essaient seulement de faire peur aux travailleurs&quot;. <br /><br />Il explique que l&#8217;entreprise n&#8217;a pas légalement le droit de décider unilatéralement de fermer car le contrat d&#8217;emploi collectif est toujours en vigueur. L&#8217;entreprise devrait demander la permission de fermer la mine au Tribunal de conciliation et d&#8217;arbitrage. <br /><br />Le porte-parole du syndicat dit que les travailleurs restent calmes et sont conscients de ce qui se passe. Selon lui, Grupo Mexico &quot;s&#8217;attendait à ce que les tribunaux confirment son appel contre la légalité de la grève, mais les choses ne se sont pas passées comme l&#8217;entreprise le prévoyait et elle se raccroche désespérément à la moindre lueur d&#8217;espoir&quot;. <br /><br />Mexicana de Cananea qui est considérée comme l&#8217;une des plus grandes mines au monde, emploie environ 1.300 travailleurs syndiqués.

<!-- This site is optimized with the Yoast SEO Premium plugin v27.1 (Yoast SEO v27.1) - https://yoast.com/product/yoast-seo-premium-wordpress/ -->
<title>Grupo Mexico décide de fermer Cananea en raison de la grève - industriall-union</title>
<meta name="robots" content="index, follow, max-snippet:-1, max-image-preview:large, max-video-preview:-1" />
<link rel="canonical" href="https://admin.industriall-union.org/fr/archive/imf/grupo-mexico-decide-de-fermer-cananea-en-raison-de-la-greve/" />
<meta property="og:locale" content="fr_FR" />
<meta property="og:type" content="article" />
<meta property="og:title" content="Grupo Mexico décide de fermer Cananea en raison de la grève" />
<meta property="og:description" content="Mexique: Grupo Mexico a décidé de fermer la mine de Cananea en raison de la grève qui avait été déclenchée le 30 juillet 2007. Les tribunaux ont décidé que la grève avait un caractère légal. Grupo Mexico a fait une déclaration pour annoncer la fermeture de la mine. Selon l&#8217;entreprise, la grève qui dure depuis [&hellip;]" />
<meta property="og:url" content="https://admin.industriall-union.org/fr/archive/imf/grupo-mexico-decide-de-fermer-cananea-en-raison-de-la-greve/" />
<meta property="og:site_name" content="industriall-union" />
<meta property="article:modified_time" content="2025-01-31T11:03:16+00:00" />
<meta name="twitter:card" content="summary_large_image" />
<meta name="twitter:label1" content="Est. reading time" />
	<meta name="twitter:data1" content="1 minute" />
<script type="application/ld+json" class="yoast-schema-graph">{"@context":"https://schema.org","@graph":[{"@type":"WebPage","@id":"https://admin.industriall-union.org/fr/archive/imf/grupo-mexico-decide-de-fermer-cananea-en-raison-de-la-greve/","url":"https://admin.industriall-union.org/fr/archive/imf/grupo-mexico-decide-de-fermer-cananea-en-raison-de-la-greve/","name":"Grupo Mexico décide de fermer Cananea en raison de la grève - industriall-union","isPartOf":{"@id":"https://admin.industriall-union.org/#website"},"datePublished":"2008-05-05T12:23:00+00:00","dateModified":"2025-01-31T11:03:16+00:00","breadcrumb":{"@id":"https://admin.industriall-union.org/fr/archive/imf/grupo-mexico-decide-de-fermer-cananea-en-raison-de-la-greve/#breadcrumb"},"inLanguage":"fr-FR","potentialAction":[{"@type":"ReadAction","target":["https://admin.industriall-union.org/fr/archive/imf/grupo-mexico-decide-de-fermer-cananea-en-raison-de-la-greve/"]}]},{"@type":"BreadcrumbList","@id":"https://admin.industriall-union.org/fr/archive/imf/grupo-mexico-decide-de-fermer-cananea-en-raison-de-la-greve/#breadcrumb","itemListElement":[{"@type":"ListItem","position":1,"name":"Home","item":"https://admin.industriall-union.org/"},{"@type":"ListItem","position":2,"name":"Archive Imf","item":"https://admin.industriall-union.org/es/archive/imf/"},{"@type":"ListItem","position":3,"name":"Grupo Mexico décide de fermer Cananea en raison de la grève"}]},{"@type":"WebSite","@id":"https://admin.industriall-union.org/#website","url":"https://admin.industriall-union.org/","name":"industriall-union","description":"","potentialAction":[{"@type":"SearchAction","target":{"@type":"EntryPoint","urlTemplate":"https://admin.industriall-union.org/?s={search_term_string}"},"query-input":{"@type":"PropertyValueSpecification","valueRequired":true,"valueName":"search_term_string"}}],"inLanguage":"fr-FR"}]}</script>
<!-- / Yoast SEO Premium plugin. -->

Grupo Mexico décide de fermer Cananea en raison de la grève - industriall-union

Mexique: Grupo Mexico a décidé de fermer la mine de Cananea en raison de la grève qui avait été déclenchée le 30 juillet 2007. Les tribunaux ont décidé que la grève avait un caractère légal. Grupo Mexico a fait une déclaration pour annoncer la fermeture de la mine. Selon l&#8217;entreprise, la grève qui dure depuis [&hellip;]
