{"id":204501,"date":"2008-08-27T12:00:00","date_gmt":"2008-08-27T12:00:00","guid":{"rendered":"https:\/\/admin.industriall-union.org\/archive\/imf\/accord-conclu-chez-siemens-a-prague\/"},"modified":"2025-01-31T10:54:09","modified_gmt":"2025-01-31T10:54:09","slug":"accord-conclu-chez-siemens-a-prague","status":"publish","type":"archive_imf","link":"https:\/\/admin.industriall-union.org\/fr\/archive\/imf\/accord-conclu-chez-siemens-a-prague\/","title":{"rendered":"Accord conclu chez Siemens \u00e0 Prague"},"content":{"rendered":"<p>R\u00c9PUBLIQUE TCH\u00c8QUE: Siemens AG et le syndicat OS KOVO ont sign\u00e9 un accord le 25 ao\u00fbt sur les dispositions concernant les licenciements \u00e0 l&#8217;usine Siemens SKV \u00e0 Prague, dont la fermeture est pr\u00e9vue l&#8217;an prochain.<\/p><p>L&#8217;accord contient les dispositions suivantes:<\/p><ul><li>En cas de fermeture de l&#8217;usine, Siemens offrira une indemnit\u00e9 de d\u00e9part \u00e9gale \u00e0 16 mois de salaire (salaire moyen), et ce uniquement dans le cas o\u00f9 le salari\u00e9 ne d\u00e9missionnerait pas auparavant.<\/li><li>En ao\u00fbt 2008, les salari\u00e9s recevront une indemnit\u00e9 sp\u00e9ciale de 15.000 CZK (612 euros), sauf s&#8217;ils ont d\u00e9missionn\u00e9 auparavant.<\/li><li>\u00c0 partir d&#8217;ao\u00fbt, les salari\u00e9s recevront des primes d&#8217;encouragement se montant \u00e0 35 pour cent de leur salaire mensuel (salaire moyen). Ces primes augmenteront chaque mois de cinq points en pourcentage jusqu&#8217;en juin 2009 (35%, 40%, 45%,&#8230; 60%).<\/li><li>SKV assurera la qualification des salari\u00e9s. Des mesures d&#8217;am\u00e9lioration de la qualification pouvant aller jusqu&#8217;\u00e0 trois mois seront soutenues financi\u00e8rement. <\/li><li>En cas de vente de SKV, l&#8217;entreprise versera \u00e0 chaque salari\u00e9 une prime de transfert \u00e9gale \u00e0 trois mois de salaire (salaire moyen). <\/li><li>Pendant le processus de vente, SKV informera r\u00e9guli\u00e8rement en temps voulu et consultera le syndicat sur cette question.<\/li><\/ul><p>Le groupe de n\u00e9gociation des repr\u00e9sentants de Siemens AG et de OS KOVO doit encore n\u00e9gocier les d\u00e9tails des diff\u00e9rentes questions individuelles mentionn\u00e9es dans l&#8217;accord-cadre pour qu&#8217;elles soient conformes \u00e0 la l\u00e9gislation tch\u00e8que.<\/p><p>L&#8217;accord fait suite \u00e0 une gr\u00e8ve d&#8217;avertissement d\u00e9clench\u00e9e par les salari\u00e9s le 20 ao\u00fbt avec le soutien solidaire international des syndicats qui ont des membres chez Siemens en Europe.<\/p>","protected":false},"featured_media":0,"template":"","class_list":["post-204501","archive_imf","type-archive_imf","status-publish","hentry"],"acf":[],"yoast_head":"<!-- This site is optimized with the Yoast SEO Premium plugin v27.1 (Yoast SEO v27.1) - https:\/\/yoast.com\/product\/yoast-seo-premium-wordpress\/ -->\n<title>Accord conclu chez Siemens \u00e0 Prague - industriall-union<\/title>\n<meta name=\"robots\" content=\"index, follow, max-snippet:-1, max-image-preview:large, max-video-preview:-1\" \/>\n<link rel=\"canonical\" href=\"https:\/\/admin.industriall-union.org\/fr\/archive\/imf\/accord-conclu-chez-siemens-a-prague\/\" \/>\n<meta property=\"og:locale\" content=\"fr_FR\" \/>\n<meta property=\"og:type\" content=\"article\" \/>\n<meta property=\"og:title\" content=\"Accord conclu chez Siemens \u00e0 Prague\" \/>\n<meta property=\"og:description\" content=\"R\u00c9PUBLIQUE TCH\u00c8QUE: Siemens AG et le syndicat OS KOVO ont sign\u00e9 un accord le 25 ao\u00fbt sur les dispositions concernant les licenciements \u00e0 l&#8217;usine Siemens SKV \u00e0 Prague, dont la fermeture est pr\u00e9vue l&#8217;an prochain. L&#8217;accord contient les dispositions suivantes: En cas de fermeture de l&#8217;usine, Siemens offrira une indemnit\u00e9 de d\u00e9part \u00e9gale \u00e0 16 [&hellip;]\" \/>\n<meta property=\"og:url\" content=\"https:\/\/admin.industriall-union.org\/fr\/archive\/imf\/accord-conclu-chez-siemens-a-prague\/\" \/>\n<meta property=\"og:site_name\" content=\"industriall-union\" \/>\n<meta property=\"article:modified_time\" content=\"2025-01-31T10:54:09+00:00\" \/>\n<meta name=\"twitter:card\" content=\"summary_large_image\" \/>\n<meta name=\"twitter:label1\" content=\"Est. reading time\" \/>\n\t<meta name=\"twitter:data1\" content=\"1 minute\" \/>\n<script type=\"application\/ld+json\" class=\"yoast-schema-graph\">{\"@context\":\"https:\/\/schema.org\",\"@graph\":[{\"@type\":\"WebPage\",\"@id\":\"https:\/\/admin.industriall-union.org\/fr\/archive\/imf\/accord-conclu-chez-siemens-a-prague\/\",\"url\":\"https:\/\/admin.industriall-union.org\/fr\/archive\/imf\/accord-conclu-chez-siemens-a-prague\/\",\"name\":\"Accord conclu chez Siemens \u00e0 Prague - industriall-union\",\"isPartOf\":{\"@id\":\"https:\/\/admin.industriall-union.org\/#website\"},\"datePublished\":\"2008-08-27T12:00:00+00:00\",\"dateModified\":\"2025-01-31T10:54:09+00:00\",\"breadcrumb\":{\"@id\":\"https:\/\/admin.industriall-union.org\/fr\/archive\/imf\/accord-conclu-chez-siemens-a-prague\/#breadcrumb\"},\"inLanguage\":\"fr-FR\",\"potentialAction\":[{\"@type\":\"ReadAction\",\"target\":[\"https:\/\/admin.industriall-union.org\/fr\/archive\/imf\/accord-conclu-chez-siemens-a-prague\/\"]}]},{\"@type\":\"BreadcrumbList\",\"@id\":\"https:\/\/admin.industriall-union.org\/fr\/archive\/imf\/accord-conclu-chez-siemens-a-prague\/#breadcrumb\",\"itemListElement\":[{\"@type\":\"ListItem\",\"position\":1,\"name\":\"Home\",\"item\":\"https:\/\/admin.industriall-union.org\/\"},{\"@type\":\"ListItem\",\"position\":2,\"name\":\"Archive Imf\",\"item\":\"https:\/\/admin.industriall-union.org\/es\/archive\/imf\/\"},{\"@type\":\"ListItem\",\"position\":3,\"name\":\"Accord conclu chez Siemens \u00e0 Prague\"}]},{\"@type\":\"WebSite\",\"@id\":\"https:\/\/admin.industriall-union.org\/#website\",\"url\":\"https:\/\/admin.industriall-union.org\/\",\"name\":\"industriall-union\",\"description\":\"\",\"potentialAction\":[{\"@type\":\"SearchAction\",\"target\":{\"@type\":\"EntryPoint\",\"urlTemplate\":\"https:\/\/admin.industriall-union.org\/?s={search_term_string}\"},\"query-input\":{\"@type\":\"PropertyValueSpecification\",\"valueRequired\":true,\"valueName\":\"search_term_string\"}}],\"inLanguage\":\"fr-FR\"}]}<\/script>\n<!-- \/ Yoast SEO Premium plugin. -->","yoast_head_json":{"title":"Accord conclu chez Siemens \u00e0 Prague - industriall-union","robots":{"index":"index","follow":"follow","max-snippet":"max-snippet:-1","max-image-preview":"max-image-preview:large","max-video-preview":"max-video-preview:-1"},"canonical":"https:\/\/admin.industriall-union.org\/fr\/archive\/imf\/accord-conclu-chez-siemens-a-prague\/","og_locale":"fr_FR","og_type":"article","og_title":"Accord conclu chez Siemens \u00e0 Prague","og_description":"R\u00c9PUBLIQUE TCH\u00c8QUE: Siemens AG et le syndicat OS KOVO ont sign\u00e9 un accord le 25 ao\u00fbt sur les dispositions concernant les licenciements \u00e0 l&#8217;usine Siemens SKV \u00e0 Prague, dont la fermeture est pr\u00e9vue l&#8217;an prochain. L&#8217;accord contient les dispositions suivantes: En cas de fermeture de l&#8217;usine, Siemens offrira une indemnit\u00e9 de d\u00e9part \u00e9gale \u00e0 16 [&hellip;]","og_url":"https:\/\/admin.industriall-union.org\/fr\/archive\/imf\/accord-conclu-chez-siemens-a-prague\/","og_site_name":"industriall-union","article_modified_time":"2025-01-31T10:54:09+00:00","twitter_card":"summary_large_image","twitter_misc":{"Est. reading time":"1 minute"},"schema":{"@context":"https:\/\/schema.org","@graph":[{"@type":"WebPage","@id":"https:\/\/admin.industriall-union.org\/fr\/archive\/imf\/accord-conclu-chez-siemens-a-prague\/","url":"https:\/\/admin.industriall-union.org\/fr\/archive\/imf\/accord-conclu-chez-siemens-a-prague\/","name":"Accord conclu chez Siemens \u00e0 Prague - industriall-union","isPartOf":{"@id":"https:\/\/admin.industriall-union.org\/#website"},"datePublished":"2008-08-27T12:00:00+00:00","dateModified":"2025-01-31T10:54:09+00:00","breadcrumb":{"@id":"https:\/\/admin.industriall-union.org\/fr\/archive\/imf\/accord-conclu-chez-siemens-a-prague\/#breadcrumb"},"inLanguage":"fr-FR","potentialAction":[{"@type":"ReadAction","target":["https:\/\/admin.industriall-union.org\/fr\/archive\/imf\/accord-conclu-chez-siemens-a-prague\/"]}]},{"@type":"BreadcrumbList","@id":"https:\/\/admin.industriall-union.org\/fr\/archive\/imf\/accord-conclu-chez-siemens-a-prague\/#breadcrumb","itemListElement":[{"@type":"ListItem","position":1,"name":"Home","item":"https:\/\/admin.industriall-union.org\/"},{"@type":"ListItem","position":2,"name":"Archive Imf","item":"https:\/\/admin.industriall-union.org\/es\/archive\/imf\/"},{"@type":"ListItem","position":3,"name":"Accord conclu chez Siemens \u00e0 Prague"}]},{"@type":"WebSite","@id":"https:\/\/admin.industriall-union.org\/#website","url":"https:\/\/admin.industriall-union.org\/","name":"industriall-union","description":"","potentialAction":[{"@type":"SearchAction","target":{"@type":"EntryPoint","urlTemplate":"https:\/\/admin.industriall-union.org\/?s={search_term_string}"},"query-input":{"@type":"PropertyValueSpecification","valueRequired":true,"valueName":"search_term_string"}}],"inLanguage":"fr-FR"}]}},"_links":{"self":[{"href":"https:\/\/admin.industriall-union.org\/fr\/wp-json\/wp\/v2\/archive_imf\/204501","targetHints":{"allow":["GET"]}}],"collection":[{"href":"https:\/\/admin.industriall-union.org\/fr\/wp-json\/wp\/v2\/archive_imf"}],"about":[{"href":"https:\/\/admin.industriall-union.org\/fr\/wp-json\/wp\/v2\/types\/archive_imf"}],"wp:attachment":[{"href":"https:\/\/admin.industriall-union.org\/fr\/wp-json\/wp\/v2\/media?parent=204501"}],"curies":[{"name":"wp","href":"https:\/\/api.w.org\/{rel}","templated":true}]}}

Accord conclu chez Siemens à Prague

<p>RÉPUBLIQUE TCHÈQUE: Siemens AG et le syndicat OS KOVO ont signé un accord le 25 août sur les dispositions concernant les licenciements à l&#8217;usine Siemens SKV à Prague, dont la fermeture est prévue l&#8217;an prochain.</p><p>L&#8217;accord contient les dispositions suivantes:</p><ul><li>En cas de fermeture de l&#8217;usine, Siemens offrira une indemnité de départ égale à 16 mois de salaire (salaire moyen), et ce uniquement dans le cas où le salarié ne démissionnerait pas auparavant.</li><li>En août 2008, les salariés recevront une indemnité spéciale de 15.000 CZK (612 euros), sauf s&#8217;ils ont démissionné auparavant.</li><li>À partir d&#8217;août, les salariés recevront des primes d&#8217;encouragement se montant à 35 pour cent de leur salaire mensuel (salaire moyen). Ces primes augmenteront chaque mois de cinq points en pourcentage jusqu&#8217;en juin 2009 (35%, 40%, 45%,&#8230; 60%).</li><li>SKV assurera la qualification des salariés. Des mesures d&#8217;amélioration de la qualification pouvant aller jusqu&#8217;à trois mois seront soutenues financièrement. </li><li>En cas de vente de SKV, l&#8217;entreprise versera à chaque salarié une prime de transfert égale à trois mois de salaire (salaire moyen). </li><li>Pendant le processus de vente, SKV informera régulièrement en temps voulu et consultera le syndicat sur cette question.</li></ul><p>Le groupe de négociation des représentants de Siemens AG et de OS KOVO doit encore négocier les détails des différentes questions individuelles mentionnées dans l&#8217;accord-cadre pour qu&#8217;elles soient conformes à la législation tchèque.</p><p>L&#8217;accord fait suite à une grève d&#8217;avertissement déclenchée par les salariés le 20 août avec le soutien solidaire international des syndicats qui ont des membres chez Siemens en Europe.</p>

<!-- This site is optimized with the Yoast SEO Premium plugin v27.1 (Yoast SEO v27.1) - https://yoast.com/product/yoast-seo-premium-wordpress/ -->
<title>Accord conclu chez Siemens à Prague - industriall-union</title>
<meta name="robots" content="index, follow, max-snippet:-1, max-image-preview:large, max-video-preview:-1" />
<link rel="canonical" href="https://admin.industriall-union.org/fr/archive/imf/accord-conclu-chez-siemens-a-prague/" />
<meta property="og:locale" content="fr_FR" />
<meta property="og:type" content="article" />
<meta property="og:title" content="Accord conclu chez Siemens à Prague" />
<meta property="og:description" content="RÉPUBLIQUE TCHÈQUE: Siemens AG et le syndicat OS KOVO ont signé un accord le 25 août sur les dispositions concernant les licenciements à l&#8217;usine Siemens SKV à Prague, dont la fermeture est prévue l&#8217;an prochain. L&#8217;accord contient les dispositions suivantes: En cas de fermeture de l&#8217;usine, Siemens offrira une indemnité de départ égale à 16 [&hellip;]" />
<meta property="og:url" content="https://admin.industriall-union.org/fr/archive/imf/accord-conclu-chez-siemens-a-prague/" />
<meta property="og:site_name" content="industriall-union" />
<meta property="article:modified_time" content="2025-01-31T10:54:09+00:00" />
<meta name="twitter:card" content="summary_large_image" />
<meta name="twitter:label1" content="Est. reading time" />
	<meta name="twitter:data1" content="1 minute" />
<script type="application/ld+json" class="yoast-schema-graph">{"@context":"https://schema.org","@graph":[{"@type":"WebPage","@id":"https://admin.industriall-union.org/fr/archive/imf/accord-conclu-chez-siemens-a-prague/","url":"https://admin.industriall-union.org/fr/archive/imf/accord-conclu-chez-siemens-a-prague/","name":"Accord conclu chez Siemens à Prague - industriall-union","isPartOf":{"@id":"https://admin.industriall-union.org/#website"},"datePublished":"2008-08-27T12:00:00+00:00","dateModified":"2025-01-31T10:54:09+00:00","breadcrumb":{"@id":"https://admin.industriall-union.org/fr/archive/imf/accord-conclu-chez-siemens-a-prague/#breadcrumb"},"inLanguage":"fr-FR","potentialAction":[{"@type":"ReadAction","target":["https://admin.industriall-union.org/fr/archive/imf/accord-conclu-chez-siemens-a-prague/"]}]},{"@type":"BreadcrumbList","@id":"https://admin.industriall-union.org/fr/archive/imf/accord-conclu-chez-siemens-a-prague/#breadcrumb","itemListElement":[{"@type":"ListItem","position":1,"name":"Home","item":"https://admin.industriall-union.org/"},{"@type":"ListItem","position":2,"name":"Archive Imf","item":"https://admin.industriall-union.org/es/archive/imf/"},{"@type":"ListItem","position":3,"name":"Accord conclu chez Siemens à Prague"}]},{"@type":"WebSite","@id":"https://admin.industriall-union.org/#website","url":"https://admin.industriall-union.org/","name":"industriall-union","description":"","potentialAction":[{"@type":"SearchAction","target":{"@type":"EntryPoint","urlTemplate":"https://admin.industriall-union.org/?s={search_term_string}"},"query-input":{"@type":"PropertyValueSpecification","valueRequired":true,"valueName":"search_term_string"}}],"inLanguage":"fr-FR"}]}</script>
<!-- / Yoast SEO Premium plugin. -->

Accord conclu chez Siemens à Prague - industriall-union

RÉPUBLIQUE TCHÈQUE: Siemens AG et le syndicat OS KOVO ont signé un accord le 25 août sur les dispositions concernant les licenciements à l&#8217;usine Siemens SKV à Prague, dont la fermeture est prévue l&#8217;an prochain. L&#8217;accord contient les dispositions suivantes: En cas de fermeture de l&#8217;usine, Siemens offrira une indemnité de départ égale à 16 [&hellip;]
