{"id":202812,"date":"2009-05-05T11:43:00","date_gmt":"2009-05-05T11:43:00","guid":{"rendered":"https:\/\/admin.industriall-union.org\/archive\/imf\/l-039-emploi-precaire-nous-concerne-tous\/"},"modified":"2025-01-31T10:30:25","modified_gmt":"2025-01-31T10:30:25","slug":"l-039-emploi-precaire-nous-concerne-tous-2","status":"publish","type":"archive_imf","link":"https:\/\/admin.industriall-union.org\/fr\/archive\/imf\/l-039-emploi-precaire-nous-concerne-tous-2\/","title":{"rendered":"L&#039;emploi pr\u00e9caire nous concerne tous"},"content":{"rendered":"<p>La mondialisation ne concerne pas seulement la mani\u00e8re dont les choses se font, s&#8217;ach\u00e8tent et se vendent. Il s&#8217;ag\u00edt aussi des gens. Les soci\u00e9t\u00e9s transnationales veulent une main-d&#8217;\u0153uvre bon march\u00e9 et flexible. C&#8217;est pourquoi elles abandonnent les emplois s\u00fcrs pour des emplois sans s\u00e9curit\u00e9 &#8211; et rendent de ce fait tous les emplois plus &quot;pr\u00e9caires&quot;.\u00a0 <\/p><p>L&#8217;emploi pr\u00e9caire est mauvais pour l&#8217;ensemble des travailleurs\/euses. Il cr\u00e9e une forme de travail au rabais qui tire tous les salaires vers le bas. Il \u00e9largit le foss\u00e9 entre riches et pauvres, et ampl\u00edfie les pratiques abusives qui d\u00e9savantagent d\u00e9j\u00e0 les femmes, les jeunes et les migrants. <\/p><p>Les bons emplois sont n\u00e9goci\u00e9s par les syndicats. Dans le monde entier, les syndicats se mobilisent, syndiquent les travailleurs\/euses et n\u00e9gocient pour obtenir des emplois meilleurs offrant davantage de s\u00e9curit\u00e9. Pour cela, les syndicats contestent les ruses juridiques et politiques visant \u00e0 assurer le d\u00e9veloppement de l&#8217;emploi pr\u00e9caire. Il faut donc se mobiliser \u00e0 l&#8217;\u00e9chelle du monde et entreprendre une action syndicale contre l&#8217;emploi pr\u00e9caire. <\/p>","protected":false},"featured_media":0,"template":"","class_list":["post-202812","archive_imf","type-archive_imf","status-publish","hentry"],"acf":[],"yoast_head":"<!-- This site is optimized with the Yoast SEO Premium plugin v27.1 (Yoast SEO v27.1) - https:\/\/yoast.com\/product\/yoast-seo-premium-wordpress\/ -->\n<title>L&#039;emploi pr\u00e9caire nous concerne tous - industriall-union<\/title>\n<meta name=\"robots\" content=\"index, follow, max-snippet:-1, max-image-preview:large, max-video-preview:-1\" \/>\n<link rel=\"canonical\" href=\"https:\/\/admin.industriall-union.org\/fr\/archive\/imf\/l-039-emploi-precaire-nous-concerne-tous-2\/\" \/>\n<meta property=\"og:locale\" content=\"fr_FR\" \/>\n<meta property=\"og:type\" content=\"article\" \/>\n<meta property=\"og:title\" content=\"L&#039;emploi pr\u00e9caire nous concerne tous\" \/>\n<meta property=\"og:description\" content=\"La mondialisation ne concerne pas seulement la mani\u00e8re dont les choses se font, s&#8217;ach\u00e8tent et se vendent. Il s&#8217;ag\u00edt aussi des gens. Les soci\u00e9t\u00e9s transnationales veulent une main-d&#8217;\u0153uvre bon march\u00e9 et flexible. C&#8217;est pourquoi elles abandonnent les emplois s\u00fcrs pour des emplois sans s\u00e9curit\u00e9 &#8211; et rendent de ce fait tous les emplois plus &quot;pr\u00e9caires&quot;.\u00a0 [&hellip;]\" \/>\n<meta property=\"og:url\" content=\"https:\/\/admin.industriall-union.org\/fr\/archive\/imf\/l-039-emploi-precaire-nous-concerne-tous-2\/\" \/>\n<meta property=\"og:site_name\" content=\"industriall-union\" \/>\n<meta property=\"article:modified_time\" content=\"2025-01-31T10:30:25+00:00\" \/>\n<meta name=\"twitter:card\" content=\"summary_large_image\" \/>\n<meta name=\"twitter:label1\" content=\"Est. reading time\" \/>\n\t<meta name=\"twitter:data1\" content=\"1 minute\" \/>\n<script type=\"application\/ld+json\" class=\"yoast-schema-graph\">{\"@context\":\"https:\/\/schema.org\",\"@graph\":[{\"@type\":\"WebPage\",\"@id\":\"https:\/\/admin.industriall-union.org\/fr\/archive\/imf\/l-039-emploi-precaire-nous-concerne-tous-2\/\",\"url\":\"https:\/\/admin.industriall-union.org\/fr\/archive\/imf\/l-039-emploi-precaire-nous-concerne-tous-2\/\",\"name\":\"L&#039;emploi pr\u00e9caire nous concerne tous - industriall-union\",\"isPartOf\":{\"@id\":\"https:\/\/admin.industriall-union.org\/#website\"},\"datePublished\":\"2009-05-05T11:43:00+00:00\",\"dateModified\":\"2025-01-31T10:30:25+00:00\",\"breadcrumb\":{\"@id\":\"https:\/\/admin.industriall-union.org\/fr\/archive\/imf\/l-039-emploi-precaire-nous-concerne-tous-2\/#breadcrumb\"},\"inLanguage\":\"fr-FR\",\"potentialAction\":[{\"@type\":\"ReadAction\",\"target\":[\"https:\/\/admin.industriall-union.org\/fr\/archive\/imf\/l-039-emploi-precaire-nous-concerne-tous-2\/\"]}]},{\"@type\":\"BreadcrumbList\",\"@id\":\"https:\/\/admin.industriall-union.org\/fr\/archive\/imf\/l-039-emploi-precaire-nous-concerne-tous-2\/#breadcrumb\",\"itemListElement\":[{\"@type\":\"ListItem\",\"position\":1,\"name\":\"Home\",\"item\":\"https:\/\/admin.industriall-union.org\/\"},{\"@type\":\"ListItem\",\"position\":2,\"name\":\"Archive Imf\",\"item\":\"https:\/\/admin.industriall-union.org\/es\/archive\/imf\/\"},{\"@type\":\"ListItem\",\"position\":3,\"name\":\"L&#039;emploi pr\u00e9caire nous concerne tous\"}]},{\"@type\":\"WebSite\",\"@id\":\"https:\/\/admin.industriall-union.org\/#website\",\"url\":\"https:\/\/admin.industriall-union.org\/\",\"name\":\"industriall-union\",\"description\":\"\",\"potentialAction\":[{\"@type\":\"SearchAction\",\"target\":{\"@type\":\"EntryPoint\",\"urlTemplate\":\"https:\/\/admin.industriall-union.org\/?s={search_term_string}\"},\"query-input\":{\"@type\":\"PropertyValueSpecification\",\"valueRequired\":true,\"valueName\":\"search_term_string\"}}],\"inLanguage\":\"fr-FR\"}]}<\/script>\n<!-- \/ Yoast SEO Premium plugin. -->","yoast_head_json":{"title":"L&#039;emploi pr\u00e9caire nous concerne tous - industriall-union","robots":{"index":"index","follow":"follow","max-snippet":"max-snippet:-1","max-image-preview":"max-image-preview:large","max-video-preview":"max-video-preview:-1"},"canonical":"https:\/\/admin.industriall-union.org\/fr\/archive\/imf\/l-039-emploi-precaire-nous-concerne-tous-2\/","og_locale":"fr_FR","og_type":"article","og_title":"L&#039;emploi pr\u00e9caire nous concerne tous","og_description":"La mondialisation ne concerne pas seulement la mani\u00e8re dont les choses se font, s&#8217;ach\u00e8tent et se vendent. Il s&#8217;ag\u00edt aussi des gens. Les soci\u00e9t\u00e9s transnationales veulent une main-d&#8217;\u0153uvre bon march\u00e9 et flexible. C&#8217;est pourquoi elles abandonnent les emplois s\u00fcrs pour des emplois sans s\u00e9curit\u00e9 &#8211; et rendent de ce fait tous les emplois plus &quot;pr\u00e9caires&quot;.\u00a0 [&hellip;]","og_url":"https:\/\/admin.industriall-union.org\/fr\/archive\/imf\/l-039-emploi-precaire-nous-concerne-tous-2\/","og_site_name":"industriall-union","article_modified_time":"2025-01-31T10:30:25+00:00","twitter_card":"summary_large_image","twitter_misc":{"Est. reading time":"1 minute"},"schema":{"@context":"https:\/\/schema.org","@graph":[{"@type":"WebPage","@id":"https:\/\/admin.industriall-union.org\/fr\/archive\/imf\/l-039-emploi-precaire-nous-concerne-tous-2\/","url":"https:\/\/admin.industriall-union.org\/fr\/archive\/imf\/l-039-emploi-precaire-nous-concerne-tous-2\/","name":"L&#039;emploi pr\u00e9caire nous concerne tous - industriall-union","isPartOf":{"@id":"https:\/\/admin.industriall-union.org\/#website"},"datePublished":"2009-05-05T11:43:00+00:00","dateModified":"2025-01-31T10:30:25+00:00","breadcrumb":{"@id":"https:\/\/admin.industriall-union.org\/fr\/archive\/imf\/l-039-emploi-precaire-nous-concerne-tous-2\/#breadcrumb"},"inLanguage":"fr-FR","potentialAction":[{"@type":"ReadAction","target":["https:\/\/admin.industriall-union.org\/fr\/archive\/imf\/l-039-emploi-precaire-nous-concerne-tous-2\/"]}]},{"@type":"BreadcrumbList","@id":"https:\/\/admin.industriall-union.org\/fr\/archive\/imf\/l-039-emploi-precaire-nous-concerne-tous-2\/#breadcrumb","itemListElement":[{"@type":"ListItem","position":1,"name":"Home","item":"https:\/\/admin.industriall-union.org\/"},{"@type":"ListItem","position":2,"name":"Archive Imf","item":"https:\/\/admin.industriall-union.org\/es\/archive\/imf\/"},{"@type":"ListItem","position":3,"name":"L&#039;emploi pr\u00e9caire nous concerne tous"}]},{"@type":"WebSite","@id":"https:\/\/admin.industriall-union.org\/#website","url":"https:\/\/admin.industriall-union.org\/","name":"industriall-union","description":"","potentialAction":[{"@type":"SearchAction","target":{"@type":"EntryPoint","urlTemplate":"https:\/\/admin.industriall-union.org\/?s={search_term_string}"},"query-input":{"@type":"PropertyValueSpecification","valueRequired":true,"valueName":"search_term_string"}}],"inLanguage":"fr-FR"}]}},"_links":{"self":[{"href":"https:\/\/admin.industriall-union.org\/fr\/wp-json\/wp\/v2\/archive_imf\/202812","targetHints":{"allow":["GET"]}}],"collection":[{"href":"https:\/\/admin.industriall-union.org\/fr\/wp-json\/wp\/v2\/archive_imf"}],"about":[{"href":"https:\/\/admin.industriall-union.org\/fr\/wp-json\/wp\/v2\/types\/archive_imf"}],"wp:attachment":[{"href":"https:\/\/admin.industriall-union.org\/fr\/wp-json\/wp\/v2\/media?parent=202812"}],"curies":[{"name":"wp","href":"https:\/\/api.w.org\/{rel}","templated":true}]}}

L&#039;emploi précaire nous concerne tous

<p>La mondialisation ne concerne pas seulement la manière dont les choses se font, s&#8217;achètent et se vendent. Il s&#8217;agít aussi des gens. Les sociétés transnationales veulent une main-d&#8217;œuvre bon marché et flexible. C&#8217;est pourquoi elles abandonnent les emplois sürs pour des emplois sans sécurité &#8211; et rendent de ce fait tous les emplois plus &quot;précaires&quot;.  </p><p>L&#8217;emploi précaire est mauvais pour l&#8217;ensemble des travailleurs/euses. Il crée une forme de travail au rabais qui tire tous les salaires vers le bas. Il élargit le fossé entre riches et pauvres, et amplífie les pratiques abusives qui désavantagent déjà les femmes, les jeunes et les migrants. </p><p>Les bons emplois sont négociés par les syndicats. Dans le monde entier, les syndicats se mobilisent, syndiquent les travailleurs/euses et négocient pour obtenir des emplois meilleurs offrant davantage de sécurité. Pour cela, les syndicats contestent les ruses juridiques et politiques visant à assurer le développement de l&#8217;emploi précaire. Il faut donc se mobiliser à l&#8217;échelle du monde et entreprendre une action syndicale contre l&#8217;emploi précaire. </p>

<!-- This site is optimized with the Yoast SEO Premium plugin v27.1 (Yoast SEO v27.1) - https://yoast.com/product/yoast-seo-premium-wordpress/ -->
<title>L&#039;emploi précaire nous concerne tous - industriall-union</title>
<meta name="robots" content="index, follow, max-snippet:-1, max-image-preview:large, max-video-preview:-1" />
<link rel="canonical" href="https://admin.industriall-union.org/fr/archive/imf/l-039-emploi-precaire-nous-concerne-tous-2/" />
<meta property="og:locale" content="fr_FR" />
<meta property="og:type" content="article" />
<meta property="og:title" content="L&#039;emploi précaire nous concerne tous" />
<meta property="og:description" content="La mondialisation ne concerne pas seulement la manière dont les choses se font, s&#8217;achètent et se vendent. Il s&#8217;agít aussi des gens. Les sociétés transnationales veulent une main-d&#8217;œuvre bon marché et flexible. C&#8217;est pourquoi elles abandonnent les emplois sürs pour des emplois sans sécurité &#8211; et rendent de ce fait tous les emplois plus &quot;précaires&quot;.  [&hellip;]" />
<meta property="og:url" content="https://admin.industriall-union.org/fr/archive/imf/l-039-emploi-precaire-nous-concerne-tous-2/" />
<meta property="og:site_name" content="industriall-union" />
<meta property="article:modified_time" content="2025-01-31T10:30:25+00:00" />
<meta name="twitter:card" content="summary_large_image" />
<meta name="twitter:label1" content="Est. reading time" />
	<meta name="twitter:data1" content="1 minute" />
<script type="application/ld+json" class="yoast-schema-graph">{"@context":"https://schema.org","@graph":[{"@type":"WebPage","@id":"https://admin.industriall-union.org/fr/archive/imf/l-039-emploi-precaire-nous-concerne-tous-2/","url":"https://admin.industriall-union.org/fr/archive/imf/l-039-emploi-precaire-nous-concerne-tous-2/","name":"L&#039;emploi précaire nous concerne tous - industriall-union","isPartOf":{"@id":"https://admin.industriall-union.org/#website"},"datePublished":"2009-05-05T11:43:00+00:00","dateModified":"2025-01-31T10:30:25+00:00","breadcrumb":{"@id":"https://admin.industriall-union.org/fr/archive/imf/l-039-emploi-precaire-nous-concerne-tous-2/#breadcrumb"},"inLanguage":"fr-FR","potentialAction":[{"@type":"ReadAction","target":["https://admin.industriall-union.org/fr/archive/imf/l-039-emploi-precaire-nous-concerne-tous-2/"]}]},{"@type":"BreadcrumbList","@id":"https://admin.industriall-union.org/fr/archive/imf/l-039-emploi-precaire-nous-concerne-tous-2/#breadcrumb","itemListElement":[{"@type":"ListItem","position":1,"name":"Home","item":"https://admin.industriall-union.org/"},{"@type":"ListItem","position":2,"name":"Archive Imf","item":"https://admin.industriall-union.org/es/archive/imf/"},{"@type":"ListItem","position":3,"name":"L&#039;emploi précaire nous concerne tous"}]},{"@type":"WebSite","@id":"https://admin.industriall-union.org/#website","url":"https://admin.industriall-union.org/","name":"industriall-union","description":"","potentialAction":[{"@type":"SearchAction","target":{"@type":"EntryPoint","urlTemplate":"https://admin.industriall-union.org/?s={search_term_string}"},"query-input":{"@type":"PropertyValueSpecification","valueRequired":true,"valueName":"search_term_string"}}],"inLanguage":"fr-FR"}]}</script>
<!-- / Yoast SEO Premium plugin. -->

L&#039;emploi précaire nous concerne tous - industriall-union

La mondialisation ne concerne pas seulement la manière dont les choses se font, s&#8217;achètent et se vendent. Il s&#8217;agít aussi des gens. Les sociétés transnationales veulent une main-d&#8217;œuvre bon marché et flexible. C&#8217;est pourquoi elles abandonnent les emplois sürs pour des emplois sans sécurité &#8211; et rendent de ce fait tous les emplois plus &quot;précaires&quot;.  [&hellip;]
