{"id":202699,"date":"2009-08-27T08:04:00","date_gmt":"2009-08-27T08:04:00","guid":{"rendered":"https:\/\/admin.industriall-union.org\/archive\/imf\/3-solidarite-mondiale-en-action\/"},"modified":"2025-01-31T10:25:15","modified_gmt":"2025-01-31T10:25:15","slug":"3-solidarite-mondiale-en-action","status":"publish","type":"archive_imf","link":"https:\/\/admin.industriall-union.org\/fr\/archive\/imf\/3-solidarite-mondiale-en-action\/","title":{"rendered":"3. SOLIDARITE MONDIALE EN ACTION"},"content":{"rendered":"<p><strong><a href=\"..\/index.cfm?c=19951&amp;ol=5\">3.1. <strong>Renforcer la puissance des syndicats nationaux <\/strong><\/a><\/strong><\/p><p><a href=\"..\/index.cfm?c=19952&amp;ol=5\">3.1.1. Syndiquer les non syndiqu\u00e9s<\/a><\/p><p><a href=\"..\/index.cfm?c=19953&amp;ol=5\">3.1.2. \u0152uvrer pour l&#8217;unit\u00e9 syndicale au niveau national<\/a> <\/p><p><a href=\"..\/index.cfm?c=19954&amp;ol=5\">3.1.3. Renforcer les syndicats par l&#8217;\u00e9ducation, la formation et l&#8217;\u00e9change efficace d&#8217;informations <\/a><\/p><p><strong><a href=\"..\/index.cfm?c=19955&amp;ol=5\">3.2. <strong>Renforcer la n\u00e9gociation collective <\/strong><\/a><\/strong><\/p><p><strong><a href=\"..\/index.cfm?c=20557&amp;ol=5\">3.3. <strong>D\u00e9fendre et prot\u00e9ger les droits des travailleurs\/euses<\/strong><\/a><\/strong> <\/p><p><a href=\"..\/index.cfm?c=19957&amp;ol=5\">3.3.1. Lutter pour les droits syndicaux <\/a><\/p><p><a href=\"..\/index.cfm?c=19958&amp;ol=5\">3.3.2. Lutter pour l&#8217;\u00e9galit\u00e9 des droits <\/a><\/p><p><a href=\"..\/index.cfm?c=19959&amp;ol=5\">3.3.3. Lutter pour la s\u00e9curit\u00e9 au travail<\/a><\/p><p><strong><a href=\"..\/index.cfm?c=19960&amp;ol=5\">3.4. <strong>Cr\u00e9er un contrepoids au pouvoir des soci\u00e9t\u00e9s transnationales <\/strong><\/a><\/strong><\/p><p><a href=\"..\/index.cfm?c=19961&amp;ol=5\">3.4.1. Renforcer la solidarit\u00e9 et la coop\u00e9ration syndicales dans les secteurs et les STN<\/a> <\/p><p><a href=\"..\/index.cfm?c=19962&amp;ol=5\">3.4.2. Faire progresser les droits fondamentaux en s&#8217;appuyant sur les accords-cadres internationaux<\/a> <\/p><p><strong><a href=\"..\/index.cfm?c=19963&amp;ol=5\">3.5. <strong>Lutter pour le commerce, le d\u00e9veloppement et l&#8217;emploi durables<\/strong><\/a><\/strong><\/p>","protected":false},"featured_media":0,"template":"","class_list":["post-202699","archive_imf","type-archive_imf","status-publish","hentry"],"acf":[],"yoast_head":"<!-- This site is optimized with the Yoast SEO Premium plugin v27.1 (Yoast SEO v27.1) - https:\/\/yoast.com\/product\/yoast-seo-premium-wordpress\/ -->\n<title>3. SOLIDARITE MONDIALE EN ACTION - industriall-union<\/title>\n<meta name=\"robots\" content=\"index, follow, max-snippet:-1, max-image-preview:large, max-video-preview:-1\" \/>\n<link rel=\"canonical\" href=\"https:\/\/admin.industriall-union.org\/fr\/archive\/imf\/3-solidarite-mondiale-en-action\/\" \/>\n<meta property=\"og:locale\" content=\"fr_FR\" \/>\n<meta property=\"og:type\" content=\"article\" \/>\n<meta property=\"og:title\" content=\"3. SOLIDARITE MONDIALE EN ACTION\" \/>\n<meta property=\"og:description\" content=\"3.1. Renforcer la puissance des syndicats nationaux 3.1.1. Syndiquer les non syndiqu\u00e9s 3.1.2. \u0152uvrer pour l&#8217;unit\u00e9 syndicale au niveau national 3.1.3. Renforcer les syndicats par l&#8217;\u00e9ducation, la formation et l&#8217;\u00e9change efficace d&#8217;informations 3.2. Renforcer la n\u00e9gociation collective 3.3. D\u00e9fendre et prot\u00e9ger les droits des travailleurs\/euses 3.3.1. Lutter pour les droits syndicaux 3.3.2. Lutter pour l&#8217;\u00e9galit\u00e9 [&hellip;]\" \/>\n<meta property=\"og:url\" content=\"https:\/\/admin.industriall-union.org\/fr\/archive\/imf\/3-solidarite-mondiale-en-action\/\" \/>\n<meta property=\"og:site_name\" content=\"industriall-union\" \/>\n<meta property=\"article:modified_time\" content=\"2025-01-31T10:25:15+00:00\" \/>\n<meta name=\"twitter:card\" content=\"summary_large_image\" \/>\n<meta name=\"twitter:label1\" content=\"Est. reading time\" \/>\n\t<meta name=\"twitter:data1\" content=\"1 minute\" \/>\n<script type=\"application\/ld+json\" class=\"yoast-schema-graph\">{\"@context\":\"https:\/\/schema.org\",\"@graph\":[{\"@type\":\"WebPage\",\"@id\":\"https:\/\/admin.industriall-union.org\/fr\/archive\/imf\/3-solidarite-mondiale-en-action\/\",\"url\":\"https:\/\/admin.industriall-union.org\/fr\/archive\/imf\/3-solidarite-mondiale-en-action\/\",\"name\":\"3. SOLIDARITE MONDIALE EN ACTION - industriall-union\",\"isPartOf\":{\"@id\":\"https:\/\/admin.industriall-union.org\/#website\"},\"datePublished\":\"2009-08-27T08:04:00+00:00\",\"dateModified\":\"2025-01-31T10:25:15+00:00\",\"breadcrumb\":{\"@id\":\"https:\/\/admin.industriall-union.org\/fr\/archive\/imf\/3-solidarite-mondiale-en-action\/#breadcrumb\"},\"inLanguage\":\"fr-FR\",\"potentialAction\":[{\"@type\":\"ReadAction\",\"target\":[\"https:\/\/admin.industriall-union.org\/fr\/archive\/imf\/3-solidarite-mondiale-en-action\/\"]}]},{\"@type\":\"BreadcrumbList\",\"@id\":\"https:\/\/admin.industriall-union.org\/fr\/archive\/imf\/3-solidarite-mondiale-en-action\/#breadcrumb\",\"itemListElement\":[{\"@type\":\"ListItem\",\"position\":1,\"name\":\"Home\",\"item\":\"https:\/\/admin.industriall-union.org\/\"},{\"@type\":\"ListItem\",\"position\":2,\"name\":\"Archive Imf\",\"item\":\"https:\/\/admin.industriall-union.org\/es\/archive\/imf\/\"},{\"@type\":\"ListItem\",\"position\":3,\"name\":\"3. SOLIDARITE MONDIALE EN ACTION\"}]},{\"@type\":\"WebSite\",\"@id\":\"https:\/\/admin.industriall-union.org\/#website\",\"url\":\"https:\/\/admin.industriall-union.org\/\",\"name\":\"industriall-union\",\"description\":\"\",\"potentialAction\":[{\"@type\":\"SearchAction\",\"target\":{\"@type\":\"EntryPoint\",\"urlTemplate\":\"https:\/\/admin.industriall-union.org\/?s={search_term_string}\"},\"query-input\":{\"@type\":\"PropertyValueSpecification\",\"valueRequired\":true,\"valueName\":\"search_term_string\"}}],\"inLanguage\":\"fr-FR\"}]}<\/script>\n<!-- \/ Yoast SEO Premium plugin. -->","yoast_head_json":{"title":"3. SOLIDARITE MONDIALE EN ACTION - industriall-union","robots":{"index":"index","follow":"follow","max-snippet":"max-snippet:-1","max-image-preview":"max-image-preview:large","max-video-preview":"max-video-preview:-1"},"canonical":"https:\/\/admin.industriall-union.org\/fr\/archive\/imf\/3-solidarite-mondiale-en-action\/","og_locale":"fr_FR","og_type":"article","og_title":"3. SOLIDARITE MONDIALE EN ACTION","og_description":"3.1. Renforcer la puissance des syndicats nationaux 3.1.1. Syndiquer les non syndiqu\u00e9s 3.1.2. \u0152uvrer pour l&#8217;unit\u00e9 syndicale au niveau national 3.1.3. Renforcer les syndicats par l&#8217;\u00e9ducation, la formation et l&#8217;\u00e9change efficace d&#8217;informations 3.2. Renforcer la n\u00e9gociation collective 3.3. D\u00e9fendre et prot\u00e9ger les droits des travailleurs\/euses 3.3.1. Lutter pour les droits syndicaux 3.3.2. Lutter pour l&#8217;\u00e9galit\u00e9 [&hellip;]","og_url":"https:\/\/admin.industriall-union.org\/fr\/archive\/imf\/3-solidarite-mondiale-en-action\/","og_site_name":"industriall-union","article_modified_time":"2025-01-31T10:25:15+00:00","twitter_card":"summary_large_image","twitter_misc":{"Est. reading time":"1 minute"},"schema":{"@context":"https:\/\/schema.org","@graph":[{"@type":"WebPage","@id":"https:\/\/admin.industriall-union.org\/fr\/archive\/imf\/3-solidarite-mondiale-en-action\/","url":"https:\/\/admin.industriall-union.org\/fr\/archive\/imf\/3-solidarite-mondiale-en-action\/","name":"3. SOLIDARITE MONDIALE EN ACTION - industriall-union","isPartOf":{"@id":"https:\/\/admin.industriall-union.org\/#website"},"datePublished":"2009-08-27T08:04:00+00:00","dateModified":"2025-01-31T10:25:15+00:00","breadcrumb":{"@id":"https:\/\/admin.industriall-union.org\/fr\/archive\/imf\/3-solidarite-mondiale-en-action\/#breadcrumb"},"inLanguage":"fr-FR","potentialAction":[{"@type":"ReadAction","target":["https:\/\/admin.industriall-union.org\/fr\/archive\/imf\/3-solidarite-mondiale-en-action\/"]}]},{"@type":"BreadcrumbList","@id":"https:\/\/admin.industriall-union.org\/fr\/archive\/imf\/3-solidarite-mondiale-en-action\/#breadcrumb","itemListElement":[{"@type":"ListItem","position":1,"name":"Home","item":"https:\/\/admin.industriall-union.org\/"},{"@type":"ListItem","position":2,"name":"Archive Imf","item":"https:\/\/admin.industriall-union.org\/es\/archive\/imf\/"},{"@type":"ListItem","position":3,"name":"3. SOLIDARITE MONDIALE EN ACTION"}]},{"@type":"WebSite","@id":"https:\/\/admin.industriall-union.org\/#website","url":"https:\/\/admin.industriall-union.org\/","name":"industriall-union","description":"","potentialAction":[{"@type":"SearchAction","target":{"@type":"EntryPoint","urlTemplate":"https:\/\/admin.industriall-union.org\/?s={search_term_string}"},"query-input":{"@type":"PropertyValueSpecification","valueRequired":true,"valueName":"search_term_string"}}],"inLanguage":"fr-FR"}]}},"_links":{"self":[{"href":"https:\/\/admin.industriall-union.org\/fr\/wp-json\/wp\/v2\/archive_imf\/202699","targetHints":{"allow":["GET"]}}],"collection":[{"href":"https:\/\/admin.industriall-union.org\/fr\/wp-json\/wp\/v2\/archive_imf"}],"about":[{"href":"https:\/\/admin.industriall-union.org\/fr\/wp-json\/wp\/v2\/types\/archive_imf"}],"wp:attachment":[{"href":"https:\/\/admin.industriall-union.org\/fr\/wp-json\/wp\/v2\/media?parent=202699"}],"curies":[{"name":"wp","href":"https:\/\/api.w.org\/{rel}","templated":true}]}}

<p><strong><a href="../index.cfm?c=19951&amp;ol=5">3.1. <strong>Renforcer la puissance des syndicats nationaux </strong></a></strong></p><p><a href="../index.cfm?c=19952&amp;ol=5">3.1.1. Syndiquer les non syndiqués</a></p><p><a href="../index.cfm?c=19953&amp;ol=5">3.1.2. Œuvrer pour l&#8217;unité syndicale au niveau national</a> </p><p><a href="../index.cfm?c=19954&amp;ol=5">3.1.3. Renforcer les syndicats par l&#8217;éducation, la formation et l&#8217;échange efficace d&#8217;informations </a></p><p><strong><a href="../index.cfm?c=19955&amp;ol=5">3.2. <strong>Renforcer la négociation collective </strong></a></strong></p><p><strong><a href="../index.cfm?c=20557&amp;ol=5">3.3. <strong>Défendre et protéger les droits des travailleurs/euses</strong></a></strong> </p><p><a href="../index.cfm?c=19957&amp;ol=5">3.3.1. Lutter pour les droits syndicaux </a></p><p><a href="../index.cfm?c=19958&amp;ol=5">3.3.2. Lutter pour l&#8217;égalité des droits </a></p><p><a href="../index.cfm?c=19959&amp;ol=5">3.3.3. Lutter pour la sécurité au travail</a></p><p><strong><a href="../index.cfm?c=19960&amp;ol=5">3.4. <strong>Créer un contrepoids au pouvoir des sociétés transnationales </strong></a></strong></p><p><a href="../index.cfm?c=19961&amp;ol=5">3.4.1. Renforcer la solidarité et la coopération syndicales dans les secteurs et les STN</a> </p><p><a href="../index.cfm?c=19962&amp;ol=5">3.4.2. Faire progresser les droits fondamentaux en s&#8217;appuyant sur les accords-cadres internationaux</a> </p><p><strong><a href="../index.cfm?c=19963&amp;ol=5">3.5. <strong>Lutter pour le commerce, le développement et l&#8217;emploi durables</strong></a></strong></p>

<!-- This site is optimized with the Yoast SEO Premium plugin v27.1 (Yoast SEO v27.1) - https://yoast.com/product/yoast-seo-premium-wordpress/ -->
<title>3. SOLIDARITE MONDIALE EN ACTION - industriall-union</title>
<meta name="robots" content="index, follow, max-snippet:-1, max-image-preview:large, max-video-preview:-1" />
<link rel="canonical" href="https://admin.industriall-union.org/fr/archive/imf/3-solidarite-mondiale-en-action/" />
<meta property="og:locale" content="fr_FR" />
<meta property="og:type" content="article" />
<meta property="og:title" content="3. SOLIDARITE MONDIALE EN ACTION" />
<meta property="og:description" content="3.1. Renforcer la puissance des syndicats nationaux 3.1.1. Syndiquer les non syndiqués 3.1.2. Œuvrer pour l&#8217;unité syndicale au niveau national 3.1.3. Renforcer les syndicats par l&#8217;éducation, la formation et l&#8217;échange efficace d&#8217;informations 3.2. Renforcer la négociation collective 3.3. Défendre et protéger les droits des travailleurs/euses 3.3.1. Lutter pour les droits syndicaux 3.3.2. Lutter pour l&#8217;égalité [&hellip;]" />
<meta property="og:url" content="https://admin.industriall-union.org/fr/archive/imf/3-solidarite-mondiale-en-action/" />
<meta property="og:site_name" content="industriall-union" />
<meta property="article:modified_time" content="2025-01-31T10:25:15+00:00" />
<meta name="twitter:card" content="summary_large_image" />
<meta name="twitter:label1" content="Est. reading time" />
	<meta name="twitter:data1" content="1 minute" />
<script type="application/ld+json" class="yoast-schema-graph">{"@context":"https://schema.org","@graph":[{"@type":"WebPage","@id":"https://admin.industriall-union.org/fr/archive/imf/3-solidarite-mondiale-en-action/","url":"https://admin.industriall-union.org/fr/archive/imf/3-solidarite-mondiale-en-action/","name":"3. SOLIDARITE MONDIALE EN ACTION - industriall-union","isPartOf":{"@id":"https://admin.industriall-union.org/#website"},"datePublished":"2009-08-27T08:04:00+00:00","dateModified":"2025-01-31T10:25:15+00:00","breadcrumb":{"@id":"https://admin.industriall-union.org/fr/archive/imf/3-solidarite-mondiale-en-action/#breadcrumb"},"inLanguage":"fr-FR","potentialAction":[{"@type":"ReadAction","target":["https://admin.industriall-union.org/fr/archive/imf/3-solidarite-mondiale-en-action/"]}]},{"@type":"BreadcrumbList","@id":"https://admin.industriall-union.org/fr/archive/imf/3-solidarite-mondiale-en-action/#breadcrumb","itemListElement":[{"@type":"ListItem","position":1,"name":"Home","item":"https://admin.industriall-union.org/"},{"@type":"ListItem","position":2,"name":"Archive Imf","item":"https://admin.industriall-union.org/es/archive/imf/"},{"@type":"ListItem","position":3,"name":"3. SOLIDARITE MONDIALE EN ACTION"}]},{"@type":"WebSite","@id":"https://admin.industriall-union.org/#website","url":"https://admin.industriall-union.org/","name":"industriall-union","description":"","potentialAction":[{"@type":"SearchAction","target":{"@type":"EntryPoint","urlTemplate":"https://admin.industriall-union.org/?s={search_term_string}"},"query-input":{"@type":"PropertyValueSpecification","valueRequired":true,"valueName":"search_term_string"}}],"inLanguage":"fr-FR"}]}</script>
<!-- / Yoast SEO Premium plugin. -->

3.1. Renforcer la puissance des syndicats nationaux 3.1.1. Syndiquer les non syndiqués 3.1.2. Œuvrer pour l&#8217;unité syndicale au niveau national 3.1.3. Renforcer les syndicats par l&#8217;éducation, la formation et l&#8217;échange efficace d&#8217;informations 3.2. Renforcer la négociation collective 3.3. Défendre et protéger les droits des travailleurs/euses 3.3.1. Lutter pour les droits syndicaux 3.3.2. Lutter pour l&#8217;égalité [&hellip;]
