{"id":202601,"date":"2009-09-08T13:50:00","date_gmt":"2009-09-08T13:50:00","guid":{"rendered":"https:\/\/admin.industriall-union.org\/archive\/imf\/les-metallurgistes-allemands-demandent-des-emplois-stables\/"},"modified":"2025-01-31T10:24:47","modified_gmt":"2025-01-31T10:24:47","slug":"les-metallurgistes-allemands-demandent-des-emplois-stables","status":"publish","type":"archive_imf","link":"https:\/\/admin.industriall-union.org\/fr\/archive\/imf\/les-metallurgistes-allemands-demandent-des-emplois-stables\/","title":{"rendered":"Les m\u00e9tallurgistes allemands demandent des emplois stables"},"content":{"rendered":"ALLEMAGNE:\u00a0 Environ 45.000 membres du syndicat venus de toutes les parties de l&#8217;Allemagne se sont rassembl\u00e9s samedi 5 septembre sur le stade de Francfort pour participer \u00e0 la journ\u00e9e d&#8217;action organis\u00e9e par IG Metall, affili\u00e9 \u00e0 la FIOM.<br \/><br \/>L&#8217;action faisait partie de la campagne &#8216;Ensemble pour une bonne vie&#8217; (Gemeinsam f\u00fcr ein gutes Leben) organis\u00e9e par IG Metall et destin\u00e9e \u00e0 exprimer le m\u00e9contentement des travailleurs\/euses pour les politiques men\u00e9es actuellement dans le pays et pour affirmer les revendications des travailleurs\/euses pour une &#8216;bonne vie&#8217;, la plus importante \u00e9tant la s\u00e9curit\u00e9 de l&#8217;emploi. Pour en savoir plus: <a href=\"http:\/\/www.gutes-leben.de\/\">http:\/\/www.gutes-leben.de\/<\/a><br \/><br \/>La journ\u00e9e d&#8217;action comportait plusieurs \u00e9tapes et a commenc\u00e9 le matin par un meeting des jeunes membres de IG Metall. Les jeunes qui s&#8217;inqui\u00e8tent de leurs perspectives d&#8217;avenir en termes de s\u00e9curit\u00e9 d&#8217;emploi et d&#8217;emplois permanents ont travers\u00e9 les rues de Francfort en scandant: &quot;Il faut que cela soit diff\u00e9rent! L&#8217;avenir nous appartient!&quot;<br \/><br \/>Plus tard, l&#8217;action s&#8217;est poursuivie au stade de Francfort o\u00f9 des syndicalistes ont r\u00e9clam\u00e9 des changements fondamentaux dans le monde des affaires et les politiques du pays, et pour une soci\u00e9t\u00e9 plus juste. La journ\u00e9e d&#8217;action avait lieu \u00e0 la veille des \u00e9lections en Allemagne f\u00e9d\u00e9rale.<br \/><br \/>L&#8217;appel de IG Metall pour une &#8216;bonne vie&#8217; et une s\u00e9curit\u00e9 de l&#8217;emploi fait \u00e9cho \u00e0 l&#8217;appel que les m\u00e9tallurgistes du monde entier lanceront durant la semaine mondiale d&#8217;action du 3 au 10 octobre, organis\u00e9e dans le cadre de la campagne contre l&#8217;emploi pr\u00e9caire.<br \/><br \/>L&#8217;impact de la crise financi\u00e8re mondiale sur les travailleurs\/euses est le th\u00e8me de l&#8217;action de la FIOM de cette ann\u00e9e. Les affili\u00e9s engagent la lutte contre les gouvernements pour leur demander de renforcer la l\u00e9gislation de mani\u00e8re \u00e0 emp\u00eacher les employeurs d&#8217;avoir recours \u00e0 l&#8217;emploi pr\u00e9caire en lieu et place de l&#8217;emploi direct et permanent.","protected":false},"featured_media":0,"template":"","class_list":["post-202601","archive_imf","type-archive_imf","status-publish","hentry"],"acf":[],"yoast_head":"<!-- This site is optimized with the Yoast SEO Premium plugin v27.1 (Yoast SEO v27.1) - https:\/\/yoast.com\/product\/yoast-seo-premium-wordpress\/ -->\n<title>Les m\u00e9tallurgistes allemands demandent des emplois stables - industriall-union<\/title>\n<meta name=\"robots\" content=\"index, follow, max-snippet:-1, max-image-preview:large, max-video-preview:-1\" \/>\n<link rel=\"canonical\" href=\"https:\/\/admin.industriall-union.org\/fr\/archive\/imf\/les-metallurgistes-allemands-demandent-des-emplois-stables\/\" \/>\n<meta property=\"og:locale\" content=\"fr_FR\" \/>\n<meta property=\"og:type\" content=\"article\" \/>\n<meta property=\"og:title\" content=\"Les m\u00e9tallurgistes allemands demandent des emplois stables\" \/>\n<meta property=\"og:description\" content=\"ALLEMAGNE:\u00a0 Environ 45.000 membres du syndicat venus de toutes les parties de l&#8217;Allemagne se sont rassembl\u00e9s samedi 5 septembre sur le stade de Francfort pour participer \u00e0 la journ\u00e9e d&#8217;action organis\u00e9e par IG Metall, affili\u00e9 \u00e0 la FIOM. L&#8217;action faisait partie de la campagne &#8216;Ensemble pour une bonne vie&#8217; (Gemeinsam f\u00fcr ein gutes Leben) organis\u00e9e [&hellip;]\" \/>\n<meta property=\"og:url\" content=\"https:\/\/admin.industriall-union.org\/fr\/archive\/imf\/les-metallurgistes-allemands-demandent-des-emplois-stables\/\" \/>\n<meta property=\"og:site_name\" content=\"industriall-union\" \/>\n<meta property=\"article:modified_time\" content=\"2025-01-31T10:24:47+00:00\" \/>\n<meta name=\"twitter:card\" content=\"summary_large_image\" \/>\n<meta name=\"twitter:label1\" content=\"Est. reading time\" \/>\n\t<meta name=\"twitter:data1\" content=\"2 minutes\" \/>\n<script type=\"application\/ld+json\" class=\"yoast-schema-graph\">{\"@context\":\"https:\/\/schema.org\",\"@graph\":[{\"@type\":\"WebPage\",\"@id\":\"https:\/\/admin.industriall-union.org\/fr\/archive\/imf\/les-metallurgistes-allemands-demandent-des-emplois-stables\/\",\"url\":\"https:\/\/admin.industriall-union.org\/fr\/archive\/imf\/les-metallurgistes-allemands-demandent-des-emplois-stables\/\",\"name\":\"Les m\u00e9tallurgistes allemands demandent des emplois stables - industriall-union\",\"isPartOf\":{\"@id\":\"https:\/\/admin.industriall-union.org\/#website\"},\"datePublished\":\"2009-09-08T13:50:00+00:00\",\"dateModified\":\"2025-01-31T10:24:47+00:00\",\"breadcrumb\":{\"@id\":\"https:\/\/admin.industriall-union.org\/fr\/archive\/imf\/les-metallurgistes-allemands-demandent-des-emplois-stables\/#breadcrumb\"},\"inLanguage\":\"fr-FR\",\"potentialAction\":[{\"@type\":\"ReadAction\",\"target\":[\"https:\/\/admin.industriall-union.org\/fr\/archive\/imf\/les-metallurgistes-allemands-demandent-des-emplois-stables\/\"]}]},{\"@type\":\"BreadcrumbList\",\"@id\":\"https:\/\/admin.industriall-union.org\/fr\/archive\/imf\/les-metallurgistes-allemands-demandent-des-emplois-stables\/#breadcrumb\",\"itemListElement\":[{\"@type\":\"ListItem\",\"position\":1,\"name\":\"Home\",\"item\":\"https:\/\/admin.industriall-union.org\/\"},{\"@type\":\"ListItem\",\"position\":2,\"name\":\"Archive Imf\",\"item\":\"https:\/\/admin.industriall-union.org\/es\/archive\/imf\/\"},{\"@type\":\"ListItem\",\"position\":3,\"name\":\"Les m\u00e9tallurgistes allemands demandent des emplois stables\"}]},{\"@type\":\"WebSite\",\"@id\":\"https:\/\/admin.industriall-union.org\/#website\",\"url\":\"https:\/\/admin.industriall-union.org\/\",\"name\":\"industriall-union\",\"description\":\"\",\"potentialAction\":[{\"@type\":\"SearchAction\",\"target\":{\"@type\":\"EntryPoint\",\"urlTemplate\":\"https:\/\/admin.industriall-union.org\/?s={search_term_string}\"},\"query-input\":{\"@type\":\"PropertyValueSpecification\",\"valueRequired\":true,\"valueName\":\"search_term_string\"}}],\"inLanguage\":\"fr-FR\"}]}<\/script>\n<!-- \/ Yoast SEO Premium plugin. -->","yoast_head_json":{"title":"Les m\u00e9tallurgistes allemands demandent des emplois stables - industriall-union","robots":{"index":"index","follow":"follow","max-snippet":"max-snippet:-1","max-image-preview":"max-image-preview:large","max-video-preview":"max-video-preview:-1"},"canonical":"https:\/\/admin.industriall-union.org\/fr\/archive\/imf\/les-metallurgistes-allemands-demandent-des-emplois-stables\/","og_locale":"fr_FR","og_type":"article","og_title":"Les m\u00e9tallurgistes allemands demandent des emplois stables","og_description":"ALLEMAGNE:\u00a0 Environ 45.000 membres du syndicat venus de toutes les parties de l&#8217;Allemagne se sont rassembl\u00e9s samedi 5 septembre sur le stade de Francfort pour participer \u00e0 la journ\u00e9e d&#8217;action organis\u00e9e par IG Metall, affili\u00e9 \u00e0 la FIOM. L&#8217;action faisait partie de la campagne &#8216;Ensemble pour une bonne vie&#8217; (Gemeinsam f\u00fcr ein gutes Leben) organis\u00e9e [&hellip;]","og_url":"https:\/\/admin.industriall-union.org\/fr\/archive\/imf\/les-metallurgistes-allemands-demandent-des-emplois-stables\/","og_site_name":"industriall-union","article_modified_time":"2025-01-31T10:24:47+00:00","twitter_card":"summary_large_image","twitter_misc":{"Est. reading time":"2 minutes"},"schema":{"@context":"https:\/\/schema.org","@graph":[{"@type":"WebPage","@id":"https:\/\/admin.industriall-union.org\/fr\/archive\/imf\/les-metallurgistes-allemands-demandent-des-emplois-stables\/","url":"https:\/\/admin.industriall-union.org\/fr\/archive\/imf\/les-metallurgistes-allemands-demandent-des-emplois-stables\/","name":"Les m\u00e9tallurgistes allemands demandent des emplois stables - industriall-union","isPartOf":{"@id":"https:\/\/admin.industriall-union.org\/#website"},"datePublished":"2009-09-08T13:50:00+00:00","dateModified":"2025-01-31T10:24:47+00:00","breadcrumb":{"@id":"https:\/\/admin.industriall-union.org\/fr\/archive\/imf\/les-metallurgistes-allemands-demandent-des-emplois-stables\/#breadcrumb"},"inLanguage":"fr-FR","potentialAction":[{"@type":"ReadAction","target":["https:\/\/admin.industriall-union.org\/fr\/archive\/imf\/les-metallurgistes-allemands-demandent-des-emplois-stables\/"]}]},{"@type":"BreadcrumbList","@id":"https:\/\/admin.industriall-union.org\/fr\/archive\/imf\/les-metallurgistes-allemands-demandent-des-emplois-stables\/#breadcrumb","itemListElement":[{"@type":"ListItem","position":1,"name":"Home","item":"https:\/\/admin.industriall-union.org\/"},{"@type":"ListItem","position":2,"name":"Archive Imf","item":"https:\/\/admin.industriall-union.org\/es\/archive\/imf\/"},{"@type":"ListItem","position":3,"name":"Les m\u00e9tallurgistes allemands demandent des emplois stables"}]},{"@type":"WebSite","@id":"https:\/\/admin.industriall-union.org\/#website","url":"https:\/\/admin.industriall-union.org\/","name":"industriall-union","description":"","potentialAction":[{"@type":"SearchAction","target":{"@type":"EntryPoint","urlTemplate":"https:\/\/admin.industriall-union.org\/?s={search_term_string}"},"query-input":{"@type":"PropertyValueSpecification","valueRequired":true,"valueName":"search_term_string"}}],"inLanguage":"fr-FR"}]}},"_links":{"self":[{"href":"https:\/\/admin.industriall-union.org\/fr\/wp-json\/wp\/v2\/archive_imf\/202601","targetHints":{"allow":["GET"]}}],"collection":[{"href":"https:\/\/admin.industriall-union.org\/fr\/wp-json\/wp\/v2\/archive_imf"}],"about":[{"href":"https:\/\/admin.industriall-union.org\/fr\/wp-json\/wp\/v2\/types\/archive_imf"}],"wp:attachment":[{"href":"https:\/\/admin.industriall-union.org\/fr\/wp-json\/wp\/v2\/media?parent=202601"}],"curies":[{"name":"wp","href":"https:\/\/api.w.org\/{rel}","templated":true}]}}

Les métallurgistes allemands demandent des emplois stables

ALLEMAGNE:  Environ 45.000 membres du syndicat venus de toutes les parties de l&#8217;Allemagne se sont rassemblés samedi 5 septembre sur le stade de Francfort pour participer à la journée d&#8217;action organisée par IG Metall, affilié à la FIOM.<br /><br />L&#8217;action faisait partie de la campagne &#8216;Ensemble pour une bonne vie&#8217; (Gemeinsam für ein gutes Leben) organisée par IG Metall et destinée à exprimer le mécontentement des travailleurs/euses pour les politiques menées actuellement dans le pays et pour affirmer les revendications des travailleurs/euses pour une &#8216;bonne vie&#8217;, la plus importante étant la sécurité de l&#8217;emploi. Pour en savoir plus: <a href="http://www.gutes-leben.de/">http://www.gutes-leben.de/</a><br /><br />La journée d&#8217;action comportait plusieurs étapes et a commencé le matin par un meeting des jeunes membres de IG Metall. Les jeunes qui s&#8217;inquiètent de leurs perspectives d&#8217;avenir en termes de sécurité d&#8217;emploi et d&#8217;emplois permanents ont traversé les rues de Francfort en scandant: &quot;Il faut que cela soit différent! L&#8217;avenir nous appartient!&quot;<br /><br />Plus tard, l&#8217;action s&#8217;est poursuivie au stade de Francfort où des syndicalistes ont réclamé des changements fondamentaux dans le monde des affaires et les politiques du pays, et pour une société plus juste. La journée d&#8217;action avait lieu à la veille des élections en Allemagne fédérale.<br /><br />L&#8217;appel de IG Metall pour une &#8216;bonne vie&#8217; et une sécurité de l&#8217;emploi fait écho à l&#8217;appel que les métallurgistes du monde entier lanceront durant la semaine mondiale d&#8217;action du 3 au 10 octobre, organisée dans le cadre de la campagne contre l&#8217;emploi précaire.<br /><br />L&#8217;impact de la crise financière mondiale sur les travailleurs/euses est le thème de l&#8217;action de la FIOM de cette année. Les affiliés engagent la lutte contre les gouvernements pour leur demander de renforcer la législation de manière à empêcher les employeurs d&#8217;avoir recours à l&#8217;emploi précaire en lieu et place de l&#8217;emploi direct et permanent.

<!-- This site is optimized with the Yoast SEO Premium plugin v27.1 (Yoast SEO v27.1) - https://yoast.com/product/yoast-seo-premium-wordpress/ -->
<title>Les métallurgistes allemands demandent des emplois stables - industriall-union</title>
<meta name="robots" content="index, follow, max-snippet:-1, max-image-preview:large, max-video-preview:-1" />
<link rel="canonical" href="https://admin.industriall-union.org/fr/archive/imf/les-metallurgistes-allemands-demandent-des-emplois-stables/" />
<meta property="og:locale" content="fr_FR" />
<meta property="og:type" content="article" />
<meta property="og:title" content="Les métallurgistes allemands demandent des emplois stables" />
<meta property="og:description" content="ALLEMAGNE:  Environ 45.000 membres du syndicat venus de toutes les parties de l&#8217;Allemagne se sont rassemblés samedi 5 septembre sur le stade de Francfort pour participer à la journée d&#8217;action organisée par IG Metall, affilié à la FIOM. L&#8217;action faisait partie de la campagne &#8216;Ensemble pour une bonne vie&#8217; (Gemeinsam für ein gutes Leben) organisée [&hellip;]" />
<meta property="og:url" content="https://admin.industriall-union.org/fr/archive/imf/les-metallurgistes-allemands-demandent-des-emplois-stables/" />
<meta property="og:site_name" content="industriall-union" />
<meta property="article:modified_time" content="2025-01-31T10:24:47+00:00" />
<meta name="twitter:card" content="summary_large_image" />
<meta name="twitter:label1" content="Est. reading time" />
	<meta name="twitter:data1" content="2 minutes" />
<script type="application/ld+json" class="yoast-schema-graph">{"@context":"https://schema.org","@graph":[{"@type":"WebPage","@id":"https://admin.industriall-union.org/fr/archive/imf/les-metallurgistes-allemands-demandent-des-emplois-stables/","url":"https://admin.industriall-union.org/fr/archive/imf/les-metallurgistes-allemands-demandent-des-emplois-stables/","name":"Les métallurgistes allemands demandent des emplois stables - industriall-union","isPartOf":{"@id":"https://admin.industriall-union.org/#website"},"datePublished":"2009-09-08T13:50:00+00:00","dateModified":"2025-01-31T10:24:47+00:00","breadcrumb":{"@id":"https://admin.industriall-union.org/fr/archive/imf/les-metallurgistes-allemands-demandent-des-emplois-stables/#breadcrumb"},"inLanguage":"fr-FR","potentialAction":[{"@type":"ReadAction","target":["https://admin.industriall-union.org/fr/archive/imf/les-metallurgistes-allemands-demandent-des-emplois-stables/"]}]},{"@type":"BreadcrumbList","@id":"https://admin.industriall-union.org/fr/archive/imf/les-metallurgistes-allemands-demandent-des-emplois-stables/#breadcrumb","itemListElement":[{"@type":"ListItem","position":1,"name":"Home","item":"https://admin.industriall-union.org/"},{"@type":"ListItem","position":2,"name":"Archive Imf","item":"https://admin.industriall-union.org/es/archive/imf/"},{"@type":"ListItem","position":3,"name":"Les métallurgistes allemands demandent des emplois stables"}]},{"@type":"WebSite","@id":"https://admin.industriall-union.org/#website","url":"https://admin.industriall-union.org/","name":"industriall-union","description":"","potentialAction":[{"@type":"SearchAction","target":{"@type":"EntryPoint","urlTemplate":"https://admin.industriall-union.org/?s={search_term_string}"},"query-input":{"@type":"PropertyValueSpecification","valueRequired":true,"valueName":"search_term_string"}}],"inLanguage":"fr-FR"}]}</script>
<!-- / Yoast SEO Premium plugin. -->

Les métallurgistes allemands demandent des emplois stables - industriall-union

ALLEMAGNE:  Environ 45.000 membres du syndicat venus de toutes les parties de l&#8217;Allemagne se sont rassemblés samedi 5 septembre sur le stade de Francfort pour participer à la journée d&#8217;action organisée par IG Metall, affilié à la FIOM. L&#8217;action faisait partie de la campagne &#8216;Ensemble pour une bonne vie&#8217; (Gemeinsam für ein gutes Leben) organisée [&hellip;]
