{"id":202296,"date":"2009-11-03T08:01:00","date_gmt":"2009-11-03T08:01:00","guid":{"rendered":"https:\/\/admin.industriall-union.org\/archive\/imf\/les-travailleurs-euses-de-tenaris-se-renforcent\/"},"modified":"2025-01-31T10:13:44","modified_gmt":"2025-01-31T10:13:44","slug":"les-travailleurs-euses-de-tenaris-se-renforcent","status":"publish","type":"archive_imf","link":"https:\/\/admin.industriall-union.org\/fr\/archive\/imf\/les-travailleurs-euses-de-tenaris-se-renforcent\/","title":{"rendered":"Les travailleurs\/euses de Tenaris se renforcent"},"content":{"rendered":"ITALIE: Le Conseil mondial des travailleurs\/euses de Tenaris s&#8217;est r\u00e9uni \u00e0 Bergamo, Italie, du 28 au 30 octobre. Des repr\u00e9sentant(e)s syndicaux\/ales de six pays ont particip\u00e9 \u00e0 la r\u00e9union et se sont engag\u00e9(e)s \u00e0 poursuivre leur lutte pour obtenir la reconnaissance du Conseil par la direction de l&#8217;entreprise. Au cours de la r\u00e9union, le Conseil a pris la d\u00e9cision de manifester sa solidarit\u00e9 avec les travailleurs\/euses de Tenaris en Italie qui font face aux projets de la direction de supprimer 1.024 emplois et de fermer des usines. <br \/><br \/>Dans cet esprit, le Conseil a pris la d\u00e9cision de remettre une lettre \u00e0 la direction de Tenaris \u00e0 l&#8217;usine de Dalmine. Cependant, l&#8217;entreprise a refus\u00e9 d&#8217;accepter la lettre du Conseil, provoquant alors une manifestation in situ des membres du Conseil, un \u00e9v\u00e9nement largement couvert par la presse locale (la r\u00e9union et la manifestation ont eu lieu en face de l&#8217;usine locale). <br \/><br \/>En plus de la manifestation, un d\u00e9bat a eu lieu au Conseil qui a approuv\u00e9 un plan d&#8217;action 2009-2010. Le plan pr\u00e9voit tout d&#8217;abord une journ\u00e9e internationale d&#8217;action dans toutes les usines durant la semaine du 23 novembre 2009. Le plan d&#8217;action comprend \u00e9galement l&#8217;envoi d&#8217;une d\u00e9l\u00e9gation en Colombie pour exprimer son soutien \u00e0 SINTRATUCAR et s&#8217;assurer de la s\u00e9curit\u00e9 de ses dirigeants. <br \/><br \/>Rob Johnston, Directeur ex\u00e9cutif des politiques industrielles et des STN \u00e0 la FIOM a d\u00e9clar\u00e9 pour conclure la r\u00e9union: &quot; Nous ne laisserons pas cette entreprise continuer de fouler aux pieds les travailleurs\/euses et leurs aspirations. Nous sommes r\u00e9solus \u00e0 n\u00e9gocier un accord-cadre international et \u00e0 travailler \u00e0 l&#8217;am\u00e9lioration de la sant\u00e9, de la s\u00e9curit\u00e9 et des conditions de travail dans cette entreprise. La haute direction semble croire qu&#8217;en se cachant, nous partirons, mais chaque fois que le Conseil se r\u00e9unit, il devient plus fort, et il en est de m\u00eame de nos revendications.&quot;","protected":false},"featured_media":0,"template":"","class_list":["post-202296","archive_imf","type-archive_imf","status-publish","hentry"],"acf":[],"yoast_head":"<!-- This site is optimized with the Yoast SEO Premium plugin v27.1 (Yoast SEO v27.1) - https:\/\/yoast.com\/product\/yoast-seo-premium-wordpress\/ -->\n<title>Les travailleurs\/euses de Tenaris se renforcent - industriall-union<\/title>\n<meta name=\"robots\" content=\"index, follow, max-snippet:-1, max-image-preview:large, max-video-preview:-1\" \/>\n<link rel=\"canonical\" href=\"https:\/\/admin.industriall-union.org\/fr\/archive\/imf\/les-travailleurs-euses-de-tenaris-se-renforcent\/\" \/>\n<meta property=\"og:locale\" content=\"fr_FR\" \/>\n<meta property=\"og:type\" content=\"article\" \/>\n<meta property=\"og:title\" content=\"Les travailleurs\/euses de Tenaris se renforcent\" \/>\n<meta property=\"og:description\" content=\"ITALIE: Le Conseil mondial des travailleurs\/euses de Tenaris s&#8217;est r\u00e9uni \u00e0 Bergamo, Italie, du 28 au 30 octobre. Des repr\u00e9sentant(e)s syndicaux\/ales de six pays ont particip\u00e9 \u00e0 la r\u00e9union et se sont engag\u00e9(e)s \u00e0 poursuivre leur lutte pour obtenir la reconnaissance du Conseil par la direction de l&#8217;entreprise. Au cours de la r\u00e9union, le Conseil [&hellip;]\" \/>\n<meta property=\"og:url\" content=\"https:\/\/admin.industriall-union.org\/fr\/archive\/imf\/les-travailleurs-euses-de-tenaris-se-renforcent\/\" \/>\n<meta property=\"og:site_name\" content=\"industriall-union\" \/>\n<meta property=\"article:modified_time\" content=\"2025-01-31T10:13:44+00:00\" \/>\n<meta name=\"twitter:card\" content=\"summary_large_image\" \/>\n<meta name=\"twitter:label1\" content=\"Est. reading time\" \/>\n\t<meta name=\"twitter:data1\" content=\"2 minutes\" \/>\n<script type=\"application\/ld+json\" class=\"yoast-schema-graph\">{\"@context\":\"https:\/\/schema.org\",\"@graph\":[{\"@type\":\"WebPage\",\"@id\":\"https:\/\/admin.industriall-union.org\/fr\/archive\/imf\/les-travailleurs-euses-de-tenaris-se-renforcent\/\",\"url\":\"https:\/\/admin.industriall-union.org\/fr\/archive\/imf\/les-travailleurs-euses-de-tenaris-se-renforcent\/\",\"name\":\"Les travailleurs\/euses de Tenaris se renforcent - industriall-union\",\"isPartOf\":{\"@id\":\"https:\/\/admin.industriall-union.org\/#website\"},\"datePublished\":\"2009-11-03T08:01:00+00:00\",\"dateModified\":\"2025-01-31T10:13:44+00:00\",\"breadcrumb\":{\"@id\":\"https:\/\/admin.industriall-union.org\/fr\/archive\/imf\/les-travailleurs-euses-de-tenaris-se-renforcent\/#breadcrumb\"},\"inLanguage\":\"fr-FR\",\"potentialAction\":[{\"@type\":\"ReadAction\",\"target\":[\"https:\/\/admin.industriall-union.org\/fr\/archive\/imf\/les-travailleurs-euses-de-tenaris-se-renforcent\/\"]}]},{\"@type\":\"BreadcrumbList\",\"@id\":\"https:\/\/admin.industriall-union.org\/fr\/archive\/imf\/les-travailleurs-euses-de-tenaris-se-renforcent\/#breadcrumb\",\"itemListElement\":[{\"@type\":\"ListItem\",\"position\":1,\"name\":\"Home\",\"item\":\"https:\/\/admin.industriall-union.org\/\"},{\"@type\":\"ListItem\",\"position\":2,\"name\":\"Archive Imf\",\"item\":\"https:\/\/admin.industriall-union.org\/es\/archive\/imf\/\"},{\"@type\":\"ListItem\",\"position\":3,\"name\":\"Les travailleurs\/euses de Tenaris se renforcent\"}]},{\"@type\":\"WebSite\",\"@id\":\"https:\/\/admin.industriall-union.org\/#website\",\"url\":\"https:\/\/admin.industriall-union.org\/\",\"name\":\"industriall-union\",\"description\":\"\",\"potentialAction\":[{\"@type\":\"SearchAction\",\"target\":{\"@type\":\"EntryPoint\",\"urlTemplate\":\"https:\/\/admin.industriall-union.org\/?s={search_term_string}\"},\"query-input\":{\"@type\":\"PropertyValueSpecification\",\"valueRequired\":true,\"valueName\":\"search_term_string\"}}],\"inLanguage\":\"fr-FR\"}]}<\/script>\n<!-- \/ Yoast SEO Premium plugin. -->","yoast_head_json":{"title":"Les travailleurs\/euses de Tenaris se renforcent - industriall-union","robots":{"index":"index","follow":"follow","max-snippet":"max-snippet:-1","max-image-preview":"max-image-preview:large","max-video-preview":"max-video-preview:-1"},"canonical":"https:\/\/admin.industriall-union.org\/fr\/archive\/imf\/les-travailleurs-euses-de-tenaris-se-renforcent\/","og_locale":"fr_FR","og_type":"article","og_title":"Les travailleurs\/euses de Tenaris se renforcent","og_description":"ITALIE: Le Conseil mondial des travailleurs\/euses de Tenaris s&#8217;est r\u00e9uni \u00e0 Bergamo, Italie, du 28 au 30 octobre. Des repr\u00e9sentant(e)s syndicaux\/ales de six pays ont particip\u00e9 \u00e0 la r\u00e9union et se sont engag\u00e9(e)s \u00e0 poursuivre leur lutte pour obtenir la reconnaissance du Conseil par la direction de l&#8217;entreprise. Au cours de la r\u00e9union, le Conseil [&hellip;]","og_url":"https:\/\/admin.industriall-union.org\/fr\/archive\/imf\/les-travailleurs-euses-de-tenaris-se-renforcent\/","og_site_name":"industriall-union","article_modified_time":"2025-01-31T10:13:44+00:00","twitter_card":"summary_large_image","twitter_misc":{"Est. reading time":"2 minutes"},"schema":{"@context":"https:\/\/schema.org","@graph":[{"@type":"WebPage","@id":"https:\/\/admin.industriall-union.org\/fr\/archive\/imf\/les-travailleurs-euses-de-tenaris-se-renforcent\/","url":"https:\/\/admin.industriall-union.org\/fr\/archive\/imf\/les-travailleurs-euses-de-tenaris-se-renforcent\/","name":"Les travailleurs\/euses de Tenaris se renforcent - industriall-union","isPartOf":{"@id":"https:\/\/admin.industriall-union.org\/#website"},"datePublished":"2009-11-03T08:01:00+00:00","dateModified":"2025-01-31T10:13:44+00:00","breadcrumb":{"@id":"https:\/\/admin.industriall-union.org\/fr\/archive\/imf\/les-travailleurs-euses-de-tenaris-se-renforcent\/#breadcrumb"},"inLanguage":"fr-FR","potentialAction":[{"@type":"ReadAction","target":["https:\/\/admin.industriall-union.org\/fr\/archive\/imf\/les-travailleurs-euses-de-tenaris-se-renforcent\/"]}]},{"@type":"BreadcrumbList","@id":"https:\/\/admin.industriall-union.org\/fr\/archive\/imf\/les-travailleurs-euses-de-tenaris-se-renforcent\/#breadcrumb","itemListElement":[{"@type":"ListItem","position":1,"name":"Home","item":"https:\/\/admin.industriall-union.org\/"},{"@type":"ListItem","position":2,"name":"Archive Imf","item":"https:\/\/admin.industriall-union.org\/es\/archive\/imf\/"},{"@type":"ListItem","position":3,"name":"Les travailleurs\/euses de Tenaris se renforcent"}]},{"@type":"WebSite","@id":"https:\/\/admin.industriall-union.org\/#website","url":"https:\/\/admin.industriall-union.org\/","name":"industriall-union","description":"","potentialAction":[{"@type":"SearchAction","target":{"@type":"EntryPoint","urlTemplate":"https:\/\/admin.industriall-union.org\/?s={search_term_string}"},"query-input":{"@type":"PropertyValueSpecification","valueRequired":true,"valueName":"search_term_string"}}],"inLanguage":"fr-FR"}]}},"_links":{"self":[{"href":"https:\/\/admin.industriall-union.org\/fr\/wp-json\/wp\/v2\/archive_imf\/202296","targetHints":{"allow":["GET"]}}],"collection":[{"href":"https:\/\/admin.industriall-union.org\/fr\/wp-json\/wp\/v2\/archive_imf"}],"about":[{"href":"https:\/\/admin.industriall-union.org\/fr\/wp-json\/wp\/v2\/types\/archive_imf"}],"wp:attachment":[{"href":"https:\/\/admin.industriall-union.org\/fr\/wp-json\/wp\/v2\/media?parent=202296"}],"curies":[{"name":"wp","href":"https:\/\/api.w.org\/{rel}","templated":true}]}}

ITALIE: Le Conseil mondial des travailleurs/euses de Tenaris s&#8217;est réuni à Bergamo, Italie, du 28 au 30 octobre. Des représentant(e)s syndicaux/ales de six pays ont participé à la réunion et se sont engagé(e)s à poursuivre leur lutte pour obtenir la reconnaissance du Conseil par la direction de l&#8217;entreprise. Au cours de la réunion, le Conseil a pris la décision de manifester sa solidarité avec les travailleurs/euses de Tenaris en Italie qui font face aux projets de la direction de supprimer 1.024 emplois et de fermer des usines. <br /><br />Dans cet esprit, le Conseil a pris la décision de remettre une lettre à la direction de Tenaris à l&#8217;usine de Dalmine. Cependant, l&#8217;entreprise a refusé d&#8217;accepter la lettre du Conseil, provoquant alors une manifestation in situ des membres du Conseil, un événement largement couvert par la presse locale (la réunion et la manifestation ont eu lieu en face de l&#8217;usine locale). <br /><br />En plus de la manifestation, un débat a eu lieu au Conseil qui a approuvé un plan d&#8217;action 2009-2010. Le plan prévoit tout d&#8217;abord une journée internationale d&#8217;action dans toutes les usines durant la semaine du 23 novembre 2009. Le plan d&#8217;action comprend également l&#8217;envoi d&#8217;une délégation en Colombie pour exprimer son soutien à SINTRATUCAR et s&#8217;assurer de la sécurité de ses dirigeants. <br /><br />Rob Johnston, Directeur exécutif des politiques industrielles et des STN à la FIOM a déclaré pour conclure la réunion: &quot; Nous ne laisserons pas cette entreprise continuer de fouler aux pieds les travailleurs/euses et leurs aspirations. Nous sommes résolus à négocier un accord-cadre international et à travailler à l&#8217;amélioration de la santé, de la sécurité et des conditions de travail dans cette entreprise. La haute direction semble croire qu&#8217;en se cachant, nous partirons, mais chaque fois que le Conseil se réunit, il devient plus fort, et il en est de même de nos revendications.&quot;

<!-- This site is optimized with the Yoast SEO Premium plugin v27.1 (Yoast SEO v27.1) - https://yoast.com/product/yoast-seo-premium-wordpress/ -->
<title>Les travailleurs/euses de Tenaris se renforcent - industriall-union</title>
<meta name="robots" content="index, follow, max-snippet:-1, max-image-preview:large, max-video-preview:-1" />
<link rel="canonical" href="https://admin.industriall-union.org/fr/archive/imf/les-travailleurs-euses-de-tenaris-se-renforcent/" />
<meta property="og:locale" content="fr_FR" />
<meta property="og:type" content="article" />
<meta property="og:title" content="Les travailleurs/euses de Tenaris se renforcent" />
<meta property="og:description" content="ITALIE: Le Conseil mondial des travailleurs/euses de Tenaris s&#8217;est réuni à Bergamo, Italie, du 28 au 30 octobre. Des représentant(e)s syndicaux/ales de six pays ont participé à la réunion et se sont engagé(e)s à poursuivre leur lutte pour obtenir la reconnaissance du Conseil par la direction de l&#8217;entreprise. Au cours de la réunion, le Conseil [&hellip;]" />
<meta property="og:url" content="https://admin.industriall-union.org/fr/archive/imf/les-travailleurs-euses-de-tenaris-se-renforcent/" />
<meta property="og:site_name" content="industriall-union" />
<meta property="article:modified_time" content="2025-01-31T10:13:44+00:00" />
<meta name="twitter:card" content="summary_large_image" />
<meta name="twitter:label1" content="Est. reading time" />
	<meta name="twitter:data1" content="2 minutes" />
<script type="application/ld+json" class="yoast-schema-graph">{"@context":"https://schema.org","@graph":[{"@type":"WebPage","@id":"https://admin.industriall-union.org/fr/archive/imf/les-travailleurs-euses-de-tenaris-se-renforcent/","url":"https://admin.industriall-union.org/fr/archive/imf/les-travailleurs-euses-de-tenaris-se-renforcent/","name":"Les travailleurs/euses de Tenaris se renforcent - industriall-union","isPartOf":{"@id":"https://admin.industriall-union.org/#website"},"datePublished":"2009-11-03T08:01:00+00:00","dateModified":"2025-01-31T10:13:44+00:00","breadcrumb":{"@id":"https://admin.industriall-union.org/fr/archive/imf/les-travailleurs-euses-de-tenaris-se-renforcent/#breadcrumb"},"inLanguage":"fr-FR","potentialAction":[{"@type":"ReadAction","target":["https://admin.industriall-union.org/fr/archive/imf/les-travailleurs-euses-de-tenaris-se-renforcent/"]}]},{"@type":"BreadcrumbList","@id":"https://admin.industriall-union.org/fr/archive/imf/les-travailleurs-euses-de-tenaris-se-renforcent/#breadcrumb","itemListElement":[{"@type":"ListItem","position":1,"name":"Home","item":"https://admin.industriall-union.org/"},{"@type":"ListItem","position":2,"name":"Archive Imf","item":"https://admin.industriall-union.org/es/archive/imf/"},{"@type":"ListItem","position":3,"name":"Les travailleurs/euses de Tenaris se renforcent"}]},{"@type":"WebSite","@id":"https://admin.industriall-union.org/#website","url":"https://admin.industriall-union.org/","name":"industriall-union","description":"","potentialAction":[{"@type":"SearchAction","target":{"@type":"EntryPoint","urlTemplate":"https://admin.industriall-union.org/?s={search_term_string}"},"query-input":{"@type":"PropertyValueSpecification","valueRequired":true,"valueName":"search_term_string"}}],"inLanguage":"fr-FR"}]}</script>
<!-- / Yoast SEO Premium plugin. -->

ITALIE: Le Conseil mondial des travailleurs/euses de Tenaris s&#8217;est réuni à Bergamo, Italie, du 28 au 30 octobre. Des représentant(e)s syndicaux/ales de six pays ont participé à la réunion et se sont engagé(e)s à poursuivre leur lutte pour obtenir la reconnaissance du Conseil par la direction de l&#8217;entreprise. Au cours de la réunion, le Conseil [&hellip;]
