{"id":202285,"date":"2009-11-03T12:41:00","date_gmt":"2009-11-03T12:41:00","guid":{"rendered":"https:\/\/admin.industriall-union.org\/archive\/imf\/la-fiom-doit-donner-plus-d-039-importance-a-la-syndicalisation-des-non-manuels\/"},"modified":"2025-01-31T10:13:41","modified_gmt":"2025-01-31T10:13:41","slug":"la-fiom-doit-donner-plus-d-039-importance-a-la-syndicalisation-des-non-manuels","status":"publish","type":"archive_imf","link":"https:\/\/admin.industriall-union.org\/fr\/archive\/imf\/la-fiom-doit-donner-plus-d-039-importance-a-la-syndicalisation-des-non-manuels\/","title":{"rendered":"La FIOM doit donner plus d&#039;importance \u00e0 la syndicalisation des non-manuels"},"content":{"rendered":"<p>ALLEMAGNE: Environ 50 repr\u00e9sentant(e)s syndicaux\/ales des affili\u00e9s de la FIOM en Australie, en Europe, au Japon, en Am\u00e9rique du Nord et \u00e0 Singapour se sont r\u00e9uni(e)s les 29-30 octobre 2009 au si\u00e8ge de IG Metall pour discuter des outils et des strat\u00e9gies de syndicalisation des non-manuels dans le contexte de la crise mondiale. <\/p><p>Dans un expos\u00e9 liminaire sur les d\u00e9veloppements structurels dans l&#8217;industrie m\u00e9tallurgique, le professeur Volker Wittke de l&#8217;Universit\u00e9 de G\u00f6ttingen a soulign\u00e9 le glissement continuel du travail manuel au travail non manuel qui se passe dans l&#8217;industrie, et qui r\u00e9sulte de l&#8217;automatisation, de l&#8217;innovation technologique, de la demande en nouveaux produits et services, et de la mondialisation. <\/p><p>Tous ces changements ont un impact important sur la composition de la main-d&#8217;\u0153uvre dans les secteurs cl\u00e9s de l&#8217;industrie m\u00e9tallurgique, sur les comp\u00e9tences requises, l&#8217;organisation du travail et les conditions de travail, notamment par une augmentation significative de la charge de travail et de l&#8217;intensification du travail. M\u00eame si la crise ne constitue pas une raison suffisante pour faire adh\u00e9rer les non-manuels \u00e0 un syndicat, le Dr Heiner Dribbusch de la Fondation Hans-B\u00f6ckler fait remarquer que les syndicats pourraient profiter des occasions donn\u00e9es pour d\u00e9montrer leur pertinence, leur efficacit\u00e9 et les avantages d&#8217;une action collective au moment pr\u00e9sent. <\/p><p>Helga Schwitzer, Conseil ex\u00e9cutif de IG Metall, a not\u00e9 que cette ann\u00e9e, 13.000 non-manuels avaient rejoint IG Metall, ce qui repr\u00e9sente une augmentation de 2,4 pour cent sur l&#8217;ann\u00e9e pr\u00e9c\u00e9dente, consid\u00e9rant que les adh\u00e9sions avaient g\u00e9n\u00e9ralement baiss\u00e9 d&#8217;environ un pour cent. Des repr\u00e9sentant(e)s des autres pays ont fait \u00e9tat d&#8217;une \u00e9volution identique dans leurs propres organisations, en faisant valoir que ces travailleurs\/euses ne se sentaient plus \u00e0 l&#8217;abri des restructurations et des plans de r\u00e9duction des co\u00fbts, et qu&#8217;ils\/elles se mobilisaient de plus en plus pour assurer la d\u00e9fense leurs droits. <\/p><p>Le s\u00e9minaire \u00e9tait structur\u00e9 autour de quatre tables rondes: atteindre les jeunes; syndicalisation du personnel des TIC et des travailleurs\/euses ind\u00e9pendant(e)s; syndicalisation des ing\u00e9nieurs et des techniciens de haut niveau; renforcement de la solidarit\u00e9 entre manuels et non-manuels. Les expos\u00e9s sur les strat\u00e9gies de syndicalisation dans diff\u00e9rents pays ont donn\u00e9 lieu \u00e0 de vives discussions et \u00e0 un \u00e9change approfondi de vues et d&#8217;exp\u00e9riences sur les probl\u00e8mes et les d\u00e9fis auxquels font face les affili\u00e9s pour la syndicalisation des non-manuels. <\/p><p>Les principaux points soulev\u00e9s dans les discussions, r\u00e9sum\u00e9s par le Secr\u00e9taire g\u00e9n\u00e9ral de la FIOM Jyrki Raina, donnent une id\u00e9e des travaux \u00e0 r\u00e9aliser: <\/p><ul><li><p>Questions pr\u00e9dominantes concernant les non-manuels dans toutes les activit\u00e9s de la FIOM et dans les projets de cr\u00e9ation de syndicats<\/p><\/li><li><p>Mise \u00e0 jour et cr\u00e9ation d&#8217;un contenu pour une section des non-manuels sur le site de la FIOM<\/p><\/li><li><p>Mise en r\u00e9seau et appui accord\u00e9 aux \u00e9changes d&#8217;information, de mat\u00e9riel et d&#8217;id\u00e9es <\/p><\/li><li><p>Communication et visibilit\u00e9: articles sur le site de la FIOM, NewsBriefs et Metal World <\/p><\/li><li><p>Droits syndicaux: action sur les pays o\u00f9 des restrictions l\u00e9gales emp\u00eachent la syndicalisation des non-manuels <\/p><\/li><\/ul><p>Questions cl\u00e9s soulev\u00e9es \u00e0 la r\u00e9union sur les \u00e9changes en cours: <\/p><ul><li><p>M\u00e9thodes innovatrices de syndicalisation et cas particuliers<\/p><\/li><li><p>Droits syndicaux<\/p><\/li><li><p>Questions relatives \u00e0 la n\u00e9gociation collective <\/p><\/li><li><p>Communications et services<\/p><\/li><li><p>\u00c9galit\u00e9 des droits<\/p><\/li><li><p>Jeunes travailleurs\/euses <\/p><\/li><\/ul><p>Les textes des expos\u00e9s faits \u00e0 la r\u00e9union seront publi\u00e9s sur le site de la FIOM.<\/p>","protected":false},"featured_media":0,"template":"","class_list":["post-202285","archive_imf","type-archive_imf","status-publish","hentry"],"acf":[],"yoast_head":"<!-- This site is optimized with the Yoast SEO Premium plugin v27.1 (Yoast SEO v27.1) - https:\/\/yoast.com\/product\/yoast-seo-premium-wordpress\/ -->\n<title>La FIOM doit donner plus d&#039;importance \u00e0 la syndicalisation des non-manuels - industriall-union<\/title>\n<meta name=\"robots\" content=\"index, follow, max-snippet:-1, max-image-preview:large, max-video-preview:-1\" \/>\n<link rel=\"canonical\" href=\"https:\/\/admin.industriall-union.org\/fr\/archive\/imf\/la-fiom-doit-donner-plus-d-039-importance-a-la-syndicalisation-des-non-manuels\/\" \/>\n<meta property=\"og:locale\" content=\"fr_FR\" \/>\n<meta property=\"og:type\" content=\"article\" \/>\n<meta property=\"og:title\" content=\"La FIOM doit donner plus d&#039;importance \u00e0 la syndicalisation des non-manuels\" \/>\n<meta property=\"og:description\" content=\"ALLEMAGNE: Environ 50 repr\u00e9sentant(e)s syndicaux\/ales des affili\u00e9s de la FIOM en Australie, en Europe, au Japon, en Am\u00e9rique du Nord et \u00e0 Singapour se sont r\u00e9uni(e)s les 29-30 octobre 2009 au si\u00e8ge de IG Metall pour discuter des outils et des strat\u00e9gies de syndicalisation des non-manuels dans le contexte de la crise mondiale. Dans un [&hellip;]\" \/>\n<meta property=\"og:url\" content=\"https:\/\/admin.industriall-union.org\/fr\/archive\/imf\/la-fiom-doit-donner-plus-d-039-importance-a-la-syndicalisation-des-non-manuels\/\" \/>\n<meta property=\"og:site_name\" content=\"industriall-union\" \/>\n<meta property=\"article:modified_time\" content=\"2025-01-31T10:13:41+00:00\" \/>\n<meta name=\"twitter:card\" content=\"summary_large_image\" \/>\n<meta name=\"twitter:label1\" content=\"Est. reading time\" \/>\n\t<meta name=\"twitter:data1\" content=\"3 minutes\" \/>\n<script type=\"application\/ld+json\" class=\"yoast-schema-graph\">{\"@context\":\"https:\/\/schema.org\",\"@graph\":[{\"@type\":\"WebPage\",\"@id\":\"https:\/\/admin.industriall-union.org\/fr\/archive\/imf\/la-fiom-doit-donner-plus-d-039-importance-a-la-syndicalisation-des-non-manuels\/\",\"url\":\"https:\/\/admin.industriall-union.org\/fr\/archive\/imf\/la-fiom-doit-donner-plus-d-039-importance-a-la-syndicalisation-des-non-manuels\/\",\"name\":\"La FIOM doit donner plus d&#039;importance \u00e0 la syndicalisation des non-manuels - industriall-union\",\"isPartOf\":{\"@id\":\"https:\/\/admin.industriall-union.org\/#website\"},\"datePublished\":\"2009-11-03T12:41:00+00:00\",\"dateModified\":\"2025-01-31T10:13:41+00:00\",\"breadcrumb\":{\"@id\":\"https:\/\/admin.industriall-union.org\/fr\/archive\/imf\/la-fiom-doit-donner-plus-d-039-importance-a-la-syndicalisation-des-non-manuels\/#breadcrumb\"},\"inLanguage\":\"fr-FR\",\"potentialAction\":[{\"@type\":\"ReadAction\",\"target\":[\"https:\/\/admin.industriall-union.org\/fr\/archive\/imf\/la-fiom-doit-donner-plus-d-039-importance-a-la-syndicalisation-des-non-manuels\/\"]}]},{\"@type\":\"BreadcrumbList\",\"@id\":\"https:\/\/admin.industriall-union.org\/fr\/archive\/imf\/la-fiom-doit-donner-plus-d-039-importance-a-la-syndicalisation-des-non-manuels\/#breadcrumb\",\"itemListElement\":[{\"@type\":\"ListItem\",\"position\":1,\"name\":\"Home\",\"item\":\"https:\/\/admin.industriall-union.org\/\"},{\"@type\":\"ListItem\",\"position\":2,\"name\":\"Archive Imf\",\"item\":\"https:\/\/admin.industriall-union.org\/es\/archive\/imf\/\"},{\"@type\":\"ListItem\",\"position\":3,\"name\":\"La FIOM doit donner plus d&#039;importance \u00e0 la syndicalisation des non-manuels\"}]},{\"@type\":\"WebSite\",\"@id\":\"https:\/\/admin.industriall-union.org\/#website\",\"url\":\"https:\/\/admin.industriall-union.org\/\",\"name\":\"industriall-union\",\"description\":\"\",\"potentialAction\":[{\"@type\":\"SearchAction\",\"target\":{\"@type\":\"EntryPoint\",\"urlTemplate\":\"https:\/\/admin.industriall-union.org\/?s={search_term_string}\"},\"query-input\":{\"@type\":\"PropertyValueSpecification\",\"valueRequired\":true,\"valueName\":\"search_term_string\"}}],\"inLanguage\":\"fr-FR\"}]}<\/script>\n<!-- \/ Yoast SEO Premium plugin. -->","yoast_head_json":{"title":"La FIOM doit donner plus d&#039;importance \u00e0 la syndicalisation des non-manuels - industriall-union","robots":{"index":"index","follow":"follow","max-snippet":"max-snippet:-1","max-image-preview":"max-image-preview:large","max-video-preview":"max-video-preview:-1"},"canonical":"https:\/\/admin.industriall-union.org\/fr\/archive\/imf\/la-fiom-doit-donner-plus-d-039-importance-a-la-syndicalisation-des-non-manuels\/","og_locale":"fr_FR","og_type":"article","og_title":"La FIOM doit donner plus d&#039;importance \u00e0 la syndicalisation des non-manuels","og_description":"ALLEMAGNE: Environ 50 repr\u00e9sentant(e)s syndicaux\/ales des affili\u00e9s de la FIOM en Australie, en Europe, au Japon, en Am\u00e9rique du Nord et \u00e0 Singapour se sont r\u00e9uni(e)s les 29-30 octobre 2009 au si\u00e8ge de IG Metall pour discuter des outils et des strat\u00e9gies de syndicalisation des non-manuels dans le contexte de la crise mondiale. Dans un [&hellip;]","og_url":"https:\/\/admin.industriall-union.org\/fr\/archive\/imf\/la-fiom-doit-donner-plus-d-039-importance-a-la-syndicalisation-des-non-manuels\/","og_site_name":"industriall-union","article_modified_time":"2025-01-31T10:13:41+00:00","twitter_card":"summary_large_image","twitter_misc":{"Est. reading time":"3 minutes"},"schema":{"@context":"https:\/\/schema.org","@graph":[{"@type":"WebPage","@id":"https:\/\/admin.industriall-union.org\/fr\/archive\/imf\/la-fiom-doit-donner-plus-d-039-importance-a-la-syndicalisation-des-non-manuels\/","url":"https:\/\/admin.industriall-union.org\/fr\/archive\/imf\/la-fiom-doit-donner-plus-d-039-importance-a-la-syndicalisation-des-non-manuels\/","name":"La FIOM doit donner plus d&#039;importance \u00e0 la syndicalisation des non-manuels - industriall-union","isPartOf":{"@id":"https:\/\/admin.industriall-union.org\/#website"},"datePublished":"2009-11-03T12:41:00+00:00","dateModified":"2025-01-31T10:13:41+00:00","breadcrumb":{"@id":"https:\/\/admin.industriall-union.org\/fr\/archive\/imf\/la-fiom-doit-donner-plus-d-039-importance-a-la-syndicalisation-des-non-manuels\/#breadcrumb"},"inLanguage":"fr-FR","potentialAction":[{"@type":"ReadAction","target":["https:\/\/admin.industriall-union.org\/fr\/archive\/imf\/la-fiom-doit-donner-plus-d-039-importance-a-la-syndicalisation-des-non-manuels\/"]}]},{"@type":"BreadcrumbList","@id":"https:\/\/admin.industriall-union.org\/fr\/archive\/imf\/la-fiom-doit-donner-plus-d-039-importance-a-la-syndicalisation-des-non-manuels\/#breadcrumb","itemListElement":[{"@type":"ListItem","position":1,"name":"Home","item":"https:\/\/admin.industriall-union.org\/"},{"@type":"ListItem","position":2,"name":"Archive Imf","item":"https:\/\/admin.industriall-union.org\/es\/archive\/imf\/"},{"@type":"ListItem","position":3,"name":"La FIOM doit donner plus d&#039;importance \u00e0 la syndicalisation des non-manuels"}]},{"@type":"WebSite","@id":"https:\/\/admin.industriall-union.org\/#website","url":"https:\/\/admin.industriall-union.org\/","name":"industriall-union","description":"","potentialAction":[{"@type":"SearchAction","target":{"@type":"EntryPoint","urlTemplate":"https:\/\/admin.industriall-union.org\/?s={search_term_string}"},"query-input":{"@type":"PropertyValueSpecification","valueRequired":true,"valueName":"search_term_string"}}],"inLanguage":"fr-FR"}]}},"_links":{"self":[{"href":"https:\/\/admin.industriall-union.org\/fr\/wp-json\/wp\/v2\/archive_imf\/202285","targetHints":{"allow":["GET"]}}],"collection":[{"href":"https:\/\/admin.industriall-union.org\/fr\/wp-json\/wp\/v2\/archive_imf"}],"about":[{"href":"https:\/\/admin.industriall-union.org\/fr\/wp-json\/wp\/v2\/types\/archive_imf"}],"wp:attachment":[{"href":"https:\/\/admin.industriall-union.org\/fr\/wp-json\/wp\/v2\/media?parent=202285"}],"curies":[{"name":"wp","href":"https:\/\/api.w.org\/{rel}","templated":true}]}}

La FIOM doit donner plus d&#039;importance à la syndicalisation des non-manuels

<p>ALLEMAGNE: Environ 50 représentant(e)s syndicaux/ales des affiliés de la FIOM en Australie, en Europe, au Japon, en Amérique du Nord et à Singapour se sont réuni(e)s les 29-30 octobre 2009 au siège de IG Metall pour discuter des outils et des stratégies de syndicalisation des non-manuels dans le contexte de la crise mondiale. </p><p>Dans un exposé liminaire sur les développements structurels dans l&#8217;industrie métallurgique, le professeur Volker Wittke de l&#8217;Université de Göttingen a souligné le glissement continuel du travail manuel au travail non manuel qui se passe dans l&#8217;industrie, et qui résulte de l&#8217;automatisation, de l&#8217;innovation technologique, de la demande en nouveaux produits et services, et de la mondialisation. </p><p>Tous ces changements ont un impact important sur la composition de la main-d&#8217;œuvre dans les secteurs clés de l&#8217;industrie métallurgique, sur les compétences requises, l&#8217;organisation du travail et les conditions de travail, notamment par une augmentation significative de la charge de travail et de l&#8217;intensification du travail. Même si la crise ne constitue pas une raison suffisante pour faire adhérer les non-manuels à un syndicat, le Dr Heiner Dribbusch de la Fondation Hans-Böckler fait remarquer que les syndicats pourraient profiter des occasions données pour démontrer leur pertinence, leur efficacité et les avantages d&#8217;une action collective au moment présent. </p><p>Helga Schwitzer, Conseil exécutif de IG Metall, a noté que cette année, 13.000 non-manuels avaient rejoint IG Metall, ce qui représente une augmentation de 2,4 pour cent sur l&#8217;année précédente, considérant que les adhésions avaient généralement baissé d&#8217;environ un pour cent. Des représentant(e)s des autres pays ont fait état d&#8217;une évolution identique dans leurs propres organisations, en faisant valoir que ces travailleurs/euses ne se sentaient plus à l&#8217;abri des restructurations et des plans de réduction des coûts, et qu&#8217;ils/elles se mobilisaient de plus en plus pour assurer la défense leurs droits. </p><p>Le séminaire était structuré autour de quatre tables rondes: atteindre les jeunes; syndicalisation du personnel des TIC et des travailleurs/euses indépendant(e)s; syndicalisation des ingénieurs et des techniciens de haut niveau; renforcement de la solidarité entre manuels et non-manuels. Les exposés sur les stratégies de syndicalisation dans différents pays ont donné lieu à de vives discussions et à un échange approfondi de vues et d&#8217;expériences sur les problèmes et les défis auxquels font face les affiliés pour la syndicalisation des non-manuels. </p><p>Les principaux points soulevés dans les discussions, résumés par le Secrétaire général de la FIOM Jyrki Raina, donnent une idée des travaux à réaliser: </p><ul><li><p>Questions prédominantes concernant les non-manuels dans toutes les activités de la FIOM et dans les projets de création de syndicats</p></li><li><p>Mise à jour et création d&#8217;un contenu pour une section des non-manuels sur le site de la FIOM</p></li><li><p>Mise en réseau et appui accordé aux échanges d&#8217;information, de matériel et d&#8217;idées </p></li><li><p>Communication et visibilité: articles sur le site de la FIOM, NewsBriefs et Metal World </p></li><li><p>Droits syndicaux: action sur les pays où des restrictions légales empêchent la syndicalisation des non-manuels </p></li></ul><p>Questions clés soulevées à la réunion sur les échanges en cours: </p><ul><li><p>Méthodes innovatrices de syndicalisation et cas particuliers</p></li><li><p>Droits syndicaux</p></li><li><p>Questions relatives à la négociation collective </p></li><li><p>Communications et services</p></li><li><p>Égalité des droits</p></li><li><p>Jeunes travailleurs/euses </p></li></ul><p>Les textes des exposés faits à la réunion seront publiés sur le site de la FIOM.</p>

<!-- This site is optimized with the Yoast SEO Premium plugin v27.1 (Yoast SEO v27.1) - https://yoast.com/product/yoast-seo-premium-wordpress/ -->
<title>La FIOM doit donner plus d&#039;importance à la syndicalisation des non-manuels - industriall-union</title>
<meta name="robots" content="index, follow, max-snippet:-1, max-image-preview:large, max-video-preview:-1" />
<link rel="canonical" href="https://admin.industriall-union.org/fr/archive/imf/la-fiom-doit-donner-plus-d-039-importance-a-la-syndicalisation-des-non-manuels/" />
<meta property="og:locale" content="fr_FR" />
<meta property="og:type" content="article" />
<meta property="og:title" content="La FIOM doit donner plus d&#039;importance à la syndicalisation des non-manuels" />
<meta property="og:description" content="ALLEMAGNE: Environ 50 représentant(e)s syndicaux/ales des affiliés de la FIOM en Australie, en Europe, au Japon, en Amérique du Nord et à Singapour se sont réuni(e)s les 29-30 octobre 2009 au siège de IG Metall pour discuter des outils et des stratégies de syndicalisation des non-manuels dans le contexte de la crise mondiale. Dans un [&hellip;]" />
<meta property="og:url" content="https://admin.industriall-union.org/fr/archive/imf/la-fiom-doit-donner-plus-d-039-importance-a-la-syndicalisation-des-non-manuels/" />
<meta property="og:site_name" content="industriall-union" />
<meta property="article:modified_time" content="2025-01-31T10:13:41+00:00" />
<meta name="twitter:card" content="summary_large_image" />
<meta name="twitter:label1" content="Est. reading time" />
	<meta name="twitter:data1" content="3 minutes" />
<script type="application/ld+json" class="yoast-schema-graph">{"@context":"https://schema.org","@graph":[{"@type":"WebPage","@id":"https://admin.industriall-union.org/fr/archive/imf/la-fiom-doit-donner-plus-d-039-importance-a-la-syndicalisation-des-non-manuels/","url":"https://admin.industriall-union.org/fr/archive/imf/la-fiom-doit-donner-plus-d-039-importance-a-la-syndicalisation-des-non-manuels/","name":"La FIOM doit donner plus d&#039;importance à la syndicalisation des non-manuels - industriall-union","isPartOf":{"@id":"https://admin.industriall-union.org/#website"},"datePublished":"2009-11-03T12:41:00+00:00","dateModified":"2025-01-31T10:13:41+00:00","breadcrumb":{"@id":"https://admin.industriall-union.org/fr/archive/imf/la-fiom-doit-donner-plus-d-039-importance-a-la-syndicalisation-des-non-manuels/#breadcrumb"},"inLanguage":"fr-FR","potentialAction":[{"@type":"ReadAction","target":["https://admin.industriall-union.org/fr/archive/imf/la-fiom-doit-donner-plus-d-039-importance-a-la-syndicalisation-des-non-manuels/"]}]},{"@type":"BreadcrumbList","@id":"https://admin.industriall-union.org/fr/archive/imf/la-fiom-doit-donner-plus-d-039-importance-a-la-syndicalisation-des-non-manuels/#breadcrumb","itemListElement":[{"@type":"ListItem","position":1,"name":"Home","item":"https://admin.industriall-union.org/"},{"@type":"ListItem","position":2,"name":"Archive Imf","item":"https://admin.industriall-union.org/es/archive/imf/"},{"@type":"ListItem","position":3,"name":"La FIOM doit donner plus d&#039;importance à la syndicalisation des non-manuels"}]},{"@type":"WebSite","@id":"https://admin.industriall-union.org/#website","url":"https://admin.industriall-union.org/","name":"industriall-union","description":"","potentialAction":[{"@type":"SearchAction","target":{"@type":"EntryPoint","urlTemplate":"https://admin.industriall-union.org/?s={search_term_string}"},"query-input":{"@type":"PropertyValueSpecification","valueRequired":true,"valueName":"search_term_string"}}],"inLanguage":"fr-FR"}]}</script>
<!-- / Yoast SEO Premium plugin. -->

La FIOM doit donner plus d&#039;importance à la syndicalisation des non-manuels - industriall-union

ALLEMAGNE: Environ 50 représentant(e)s syndicaux/ales des affiliés de la FIOM en Australie, en Europe, au Japon, en Amérique du Nord et à Singapour se sont réuni(e)s les 29-30 octobre 2009 au siège de IG Metall pour discuter des outils et des stratégies de syndicalisation des non-manuels dans le contexte de la crise mondiale. Dans un [&hellip;]
