{"id":202282,"date":"2009-11-03T15:17:00","date_gmt":"2009-11-03T15:17:00","guid":{"rendered":"https:\/\/admin.industriall-union.org\/archive\/imf\/la-photo-de-l-039-annee-sur-le-travail\/"},"modified":"2025-01-31T10:13:40","modified_gmt":"2025-01-31T10:13:40","slug":"la-photo-de-l-039-annee-sur-le-travail","status":"publish","type":"archive_imf","link":"https:\/\/admin.industriall-union.org\/fr\/archive\/imf\/la-photo-de-l-039-annee-sur-le-travail\/","title":{"rendered":"La photo de l&#039;ann\u00e9e sur le travail"},"content":{"rendered":"<p>MONDE: La photo de l&#8217;ann\u00e9e sur le travail repr\u00e9sente un gar\u00e7on bangladais travaillant dans un atelier d&#8217;un chantier de construction navale \u00e0 Dhaka, Bangladesh, a-t-on annonc\u00e9 le 2 novembre 2009. <\/p><p>La photo montre le visage mis\u00e9reux d&#8217;un jeune gar\u00e7on qui se tient pr\u00e8s d&#8217;un four dans un atelier de construction navale. Pour voir la photo, cliquer ici: <\/p><p><a href=\"http:\/\/www.flickr.com\/photos\/kmasad\/3951175816\/\">http:\/\/www.flickr.com\/photos\/kmasad\/3951175816\/<\/a><\/p><p>Prise par K M Asad, la photo montre le sort r\u00e9serv\u00e9 \u00e0 de nombreux jeunes gar\u00e7ons employ\u00e9s dans la construction navale et sur les chantiers de d\u00e9molition comme apprentis, sans salaires durant les premi\u00e8res ann\u00e9es. &quot;Ils travaillent dans des conditions extr\u00eamement dures, sans protections comme des gants, des lunettes de s\u00e9curit\u00e9 et autres moyens. En \u00e9change, ils obtiennent un savoir-faire dans le travail. Mais cela leur co\u00fbte une d\u00e9t\u00e9rioration de la sant\u00e9 et un manque d&#8217;\u00e9ducation&quot;, \u00e9crit Asad. <\/p><p>L&#8217;\u00e9tat d\u00e9sesp\u00e9r\u00e9 de l&#8217;industrie de d\u00e9molition des navires au Bangladesh est l&#8217;objet d&#8217;une campagne mondiale qui b\u00e9n\u00e9ficie du soutien de la FIOM pour demander aux dirigeants mondiaux de faire davantage pour prot\u00e9ger ces travailleurs\/euses, comme signal\u00e9 ici sur le site de la FIOM. <\/p><p>Presque deux fois plus de photos ont \u00e9t\u00e9 envoy\u00e9es cette ann\u00e9e au concours de la photo sur le travail que l&#8217;an dernier (189 contre 118) et 3.203 votes ont \u00e9t\u00e9 exprim\u00e9s pour le choix du laur\u00e9at parmi une liste restreinte de cinq photos. <\/p><p>Le concours de la photo de l&#8217;ann\u00e9e sur le travail est organis\u00e9 par LabourStart, <a href=\"http:\/\/www.labourstart.org\/\">http:\/\/www.labourstart.org\/<\/a> &#8211; un service de nouvelles en ligne soutenu par un r\u00e9seau mondial de b\u00e9n\u00e9voles qui ont pour but de servir le mouvement syndical international en rassemblant et en diffusant des informations, et d&#8217;aider les syndicats dans leurs campagnes. <\/p><p>Eric Lee, le fondateur de LabourStart, est l&#8217;un des orateurs qui seront pr\u00e9sents les 17 et 18 novembre \u00e0 Francfort au Forum des communicateurs FIOM\/FEM. Il prendra la parole \u00e0 une table ronde sur les applications des nouveaux m\u00e9dias. <\/p><p>Au Forum, les participant(e)s pourront \u00e9galement se pencher sur les communications syndicales dans le contexte de la syndicalisation, du changement climatique et des campagnes syndicales. Une copie du projet de programme est publi\u00e9e sur le site de la FIOM.<\/p>","protected":false},"featured_media":0,"template":"","class_list":["post-202282","archive_imf","type-archive_imf","status-publish","hentry"],"acf":[],"yoast_head":"<!-- This site is optimized with the Yoast SEO Premium plugin v27.1 (Yoast SEO v27.1) - https:\/\/yoast.com\/product\/yoast-seo-premium-wordpress\/ -->\n<title>La photo de l&#039;ann\u00e9e sur le travail - industriall-union<\/title>\n<meta name=\"robots\" content=\"index, follow, max-snippet:-1, max-image-preview:large, max-video-preview:-1\" \/>\n<link rel=\"canonical\" href=\"https:\/\/admin.industriall-union.org\/fr\/archive\/imf\/la-photo-de-l-039-annee-sur-le-travail\/\" \/>\n<meta property=\"og:locale\" content=\"fr_FR\" \/>\n<meta property=\"og:type\" content=\"article\" \/>\n<meta property=\"og:title\" content=\"La photo de l&#039;ann\u00e9e sur le travail\" \/>\n<meta property=\"og:description\" content=\"MONDE: La photo de l&#8217;ann\u00e9e sur le travail repr\u00e9sente un gar\u00e7on bangladais travaillant dans un atelier d&#8217;un chantier de construction navale \u00e0 Dhaka, Bangladesh, a-t-on annonc\u00e9 le 2 novembre 2009. La photo montre le visage mis\u00e9reux d&#8217;un jeune gar\u00e7on qui se tient pr\u00e8s d&#8217;un four dans un atelier de construction navale. Pour voir la photo, [&hellip;]\" \/>\n<meta property=\"og:url\" content=\"https:\/\/admin.industriall-union.org\/fr\/archive\/imf\/la-photo-de-l-039-annee-sur-le-travail\/\" \/>\n<meta property=\"og:site_name\" content=\"industriall-union\" \/>\n<meta property=\"article:modified_time\" content=\"2025-01-31T10:13:40+00:00\" \/>\n<meta name=\"twitter:card\" content=\"summary_large_image\" \/>\n<meta name=\"twitter:label1\" content=\"Est. reading time\" \/>\n\t<meta name=\"twitter:data1\" content=\"2 minutes\" \/>\n<script type=\"application\/ld+json\" class=\"yoast-schema-graph\">{\"@context\":\"https:\/\/schema.org\",\"@graph\":[{\"@type\":\"WebPage\",\"@id\":\"https:\/\/admin.industriall-union.org\/fr\/archive\/imf\/la-photo-de-l-039-annee-sur-le-travail\/\",\"url\":\"https:\/\/admin.industriall-union.org\/fr\/archive\/imf\/la-photo-de-l-039-annee-sur-le-travail\/\",\"name\":\"La photo de l&#039;ann\u00e9e sur le travail - industriall-union\",\"isPartOf\":{\"@id\":\"https:\/\/admin.industriall-union.org\/#website\"},\"datePublished\":\"2009-11-03T15:17:00+00:00\",\"dateModified\":\"2025-01-31T10:13:40+00:00\",\"breadcrumb\":{\"@id\":\"https:\/\/admin.industriall-union.org\/fr\/archive\/imf\/la-photo-de-l-039-annee-sur-le-travail\/#breadcrumb\"},\"inLanguage\":\"fr-FR\",\"potentialAction\":[{\"@type\":\"ReadAction\",\"target\":[\"https:\/\/admin.industriall-union.org\/fr\/archive\/imf\/la-photo-de-l-039-annee-sur-le-travail\/\"]}]},{\"@type\":\"BreadcrumbList\",\"@id\":\"https:\/\/admin.industriall-union.org\/fr\/archive\/imf\/la-photo-de-l-039-annee-sur-le-travail\/#breadcrumb\",\"itemListElement\":[{\"@type\":\"ListItem\",\"position\":1,\"name\":\"Home\",\"item\":\"https:\/\/admin.industriall-union.org\/\"},{\"@type\":\"ListItem\",\"position\":2,\"name\":\"Archive Imf\",\"item\":\"https:\/\/admin.industriall-union.org\/es\/archive\/imf\/\"},{\"@type\":\"ListItem\",\"position\":3,\"name\":\"La photo de l&#039;ann\u00e9e sur le travail\"}]},{\"@type\":\"WebSite\",\"@id\":\"https:\/\/admin.industriall-union.org\/#website\",\"url\":\"https:\/\/admin.industriall-union.org\/\",\"name\":\"industriall-union\",\"description\":\"\",\"potentialAction\":[{\"@type\":\"SearchAction\",\"target\":{\"@type\":\"EntryPoint\",\"urlTemplate\":\"https:\/\/admin.industriall-union.org\/?s={search_term_string}\"},\"query-input\":{\"@type\":\"PropertyValueSpecification\",\"valueRequired\":true,\"valueName\":\"search_term_string\"}}],\"inLanguage\":\"fr-FR\"}]}<\/script>\n<!-- \/ Yoast SEO Premium plugin. -->","yoast_head_json":{"title":"La photo de l&#039;ann\u00e9e sur le travail - industriall-union","robots":{"index":"index","follow":"follow","max-snippet":"max-snippet:-1","max-image-preview":"max-image-preview:large","max-video-preview":"max-video-preview:-1"},"canonical":"https:\/\/admin.industriall-union.org\/fr\/archive\/imf\/la-photo-de-l-039-annee-sur-le-travail\/","og_locale":"fr_FR","og_type":"article","og_title":"La photo de l&#039;ann\u00e9e sur le travail","og_description":"MONDE: La photo de l&#8217;ann\u00e9e sur le travail repr\u00e9sente un gar\u00e7on bangladais travaillant dans un atelier d&#8217;un chantier de construction navale \u00e0 Dhaka, Bangladesh, a-t-on annonc\u00e9 le 2 novembre 2009. La photo montre le visage mis\u00e9reux d&#8217;un jeune gar\u00e7on qui se tient pr\u00e8s d&#8217;un four dans un atelier de construction navale. Pour voir la photo, [&hellip;]","og_url":"https:\/\/admin.industriall-union.org\/fr\/archive\/imf\/la-photo-de-l-039-annee-sur-le-travail\/","og_site_name":"industriall-union","article_modified_time":"2025-01-31T10:13:40+00:00","twitter_card":"summary_large_image","twitter_misc":{"Est. reading time":"2 minutes"},"schema":{"@context":"https:\/\/schema.org","@graph":[{"@type":"WebPage","@id":"https:\/\/admin.industriall-union.org\/fr\/archive\/imf\/la-photo-de-l-039-annee-sur-le-travail\/","url":"https:\/\/admin.industriall-union.org\/fr\/archive\/imf\/la-photo-de-l-039-annee-sur-le-travail\/","name":"La photo de l&#039;ann\u00e9e sur le travail - industriall-union","isPartOf":{"@id":"https:\/\/admin.industriall-union.org\/#website"},"datePublished":"2009-11-03T15:17:00+00:00","dateModified":"2025-01-31T10:13:40+00:00","breadcrumb":{"@id":"https:\/\/admin.industriall-union.org\/fr\/archive\/imf\/la-photo-de-l-039-annee-sur-le-travail\/#breadcrumb"},"inLanguage":"fr-FR","potentialAction":[{"@type":"ReadAction","target":["https:\/\/admin.industriall-union.org\/fr\/archive\/imf\/la-photo-de-l-039-annee-sur-le-travail\/"]}]},{"@type":"BreadcrumbList","@id":"https:\/\/admin.industriall-union.org\/fr\/archive\/imf\/la-photo-de-l-039-annee-sur-le-travail\/#breadcrumb","itemListElement":[{"@type":"ListItem","position":1,"name":"Home","item":"https:\/\/admin.industriall-union.org\/"},{"@type":"ListItem","position":2,"name":"Archive Imf","item":"https:\/\/admin.industriall-union.org\/es\/archive\/imf\/"},{"@type":"ListItem","position":3,"name":"La photo de l&#039;ann\u00e9e sur le travail"}]},{"@type":"WebSite","@id":"https:\/\/admin.industriall-union.org\/#website","url":"https:\/\/admin.industriall-union.org\/","name":"industriall-union","description":"","potentialAction":[{"@type":"SearchAction","target":{"@type":"EntryPoint","urlTemplate":"https:\/\/admin.industriall-union.org\/?s={search_term_string}"},"query-input":{"@type":"PropertyValueSpecification","valueRequired":true,"valueName":"search_term_string"}}],"inLanguage":"fr-FR"}]}},"_links":{"self":[{"href":"https:\/\/admin.industriall-union.org\/fr\/wp-json\/wp\/v2\/archive_imf\/202282","targetHints":{"allow":["GET"]}}],"collection":[{"href":"https:\/\/admin.industriall-union.org\/fr\/wp-json\/wp\/v2\/archive_imf"}],"about":[{"href":"https:\/\/admin.industriall-union.org\/fr\/wp-json\/wp\/v2\/types\/archive_imf"}],"wp:attachment":[{"href":"https:\/\/admin.industriall-union.org\/fr\/wp-json\/wp\/v2\/media?parent=202282"}],"curies":[{"name":"wp","href":"https:\/\/api.w.org\/{rel}","templated":true}]}}

La photo de l&#039;année sur le travail

<p>MONDE: La photo de l&#8217;année sur le travail représente un garçon bangladais travaillant dans un atelier d&#8217;un chantier de construction navale à Dhaka, Bangladesh, a-t-on annoncé le 2 novembre 2009. </p><p>La photo montre le visage miséreux d&#8217;un jeune garçon qui se tient près d&#8217;un four dans un atelier de construction navale. Pour voir la photo, cliquer ici: </p><p><a href="http://www.flickr.com/photos/kmasad/3951175816/">http://www.flickr.com/photos/kmasad/3951175816/</a></p><p>Prise par K M Asad, la photo montre le sort réservé à de nombreux jeunes garçons employés dans la construction navale et sur les chantiers de démolition comme apprentis, sans salaires durant les premières années. &quot;Ils travaillent dans des conditions extrêmement dures, sans protections comme des gants, des lunettes de sécurité et autres moyens. En échange, ils obtiennent un savoir-faire dans le travail. Mais cela leur coûte une détérioration de la santé et un manque d&#8217;éducation&quot;, écrit Asad. </p><p>L&#8217;état désespéré de l&#8217;industrie de démolition des navires au Bangladesh est l&#8217;objet d&#8217;une campagne mondiale qui bénéficie du soutien de la FIOM pour demander aux dirigeants mondiaux de faire davantage pour protéger ces travailleurs/euses, comme signalé ici sur le site de la FIOM. </p><p>Presque deux fois plus de photos ont été envoyées cette année au concours de la photo sur le travail que l&#8217;an dernier (189 contre 118) et 3.203 votes ont été exprimés pour le choix du lauréat parmi une liste restreinte de cinq photos. </p><p>Le concours de la photo de l&#8217;année sur le travail est organisé par LabourStart, <a href="http://www.labourstart.org/">http://www.labourstart.org/</a> &#8211; un service de nouvelles en ligne soutenu par un réseau mondial de bénévoles qui ont pour but de servir le mouvement syndical international en rassemblant et en diffusant des informations, et d&#8217;aider les syndicats dans leurs campagnes. </p><p>Eric Lee, le fondateur de LabourStart, est l&#8217;un des orateurs qui seront présents les 17 et 18 novembre à Francfort au Forum des communicateurs FIOM/FEM. Il prendra la parole à une table ronde sur les applications des nouveaux médias. </p><p>Au Forum, les participant(e)s pourront également se pencher sur les communications syndicales dans le contexte de la syndicalisation, du changement climatique et des campagnes syndicales. Une copie du projet de programme est publiée sur le site de la FIOM.</p>

<!-- This site is optimized with the Yoast SEO Premium plugin v27.1 (Yoast SEO v27.1) - https://yoast.com/product/yoast-seo-premium-wordpress/ -->
<title>La photo de l&#039;année sur le travail - industriall-union</title>
<meta name="robots" content="index, follow, max-snippet:-1, max-image-preview:large, max-video-preview:-1" />
<link rel="canonical" href="https://admin.industriall-union.org/fr/archive/imf/la-photo-de-l-039-annee-sur-le-travail/" />
<meta property="og:locale" content="fr_FR" />
<meta property="og:type" content="article" />
<meta property="og:title" content="La photo de l&#039;année sur le travail" />
<meta property="og:description" content="MONDE: La photo de l&#8217;année sur le travail représente un garçon bangladais travaillant dans un atelier d&#8217;un chantier de construction navale à Dhaka, Bangladesh, a-t-on annoncé le 2 novembre 2009. La photo montre le visage miséreux d&#8217;un jeune garçon qui se tient près d&#8217;un four dans un atelier de construction navale. Pour voir la photo, [&hellip;]" />
<meta property="og:url" content="https://admin.industriall-union.org/fr/archive/imf/la-photo-de-l-039-annee-sur-le-travail/" />
<meta property="og:site_name" content="industriall-union" />
<meta property="article:modified_time" content="2025-01-31T10:13:40+00:00" />
<meta name="twitter:card" content="summary_large_image" />
<meta name="twitter:label1" content="Est. reading time" />
	<meta name="twitter:data1" content="2 minutes" />
<script type="application/ld+json" class="yoast-schema-graph">{"@context":"https://schema.org","@graph":[{"@type":"WebPage","@id":"https://admin.industriall-union.org/fr/archive/imf/la-photo-de-l-039-annee-sur-le-travail/","url":"https://admin.industriall-union.org/fr/archive/imf/la-photo-de-l-039-annee-sur-le-travail/","name":"La photo de l&#039;année sur le travail - industriall-union","isPartOf":{"@id":"https://admin.industriall-union.org/#website"},"datePublished":"2009-11-03T15:17:00+00:00","dateModified":"2025-01-31T10:13:40+00:00","breadcrumb":{"@id":"https://admin.industriall-union.org/fr/archive/imf/la-photo-de-l-039-annee-sur-le-travail/#breadcrumb"},"inLanguage":"fr-FR","potentialAction":[{"@type":"ReadAction","target":["https://admin.industriall-union.org/fr/archive/imf/la-photo-de-l-039-annee-sur-le-travail/"]}]},{"@type":"BreadcrumbList","@id":"https://admin.industriall-union.org/fr/archive/imf/la-photo-de-l-039-annee-sur-le-travail/#breadcrumb","itemListElement":[{"@type":"ListItem","position":1,"name":"Home","item":"https://admin.industriall-union.org/"},{"@type":"ListItem","position":2,"name":"Archive Imf","item":"https://admin.industriall-union.org/es/archive/imf/"},{"@type":"ListItem","position":3,"name":"La photo de l&#039;année sur le travail"}]},{"@type":"WebSite","@id":"https://admin.industriall-union.org/#website","url":"https://admin.industriall-union.org/","name":"industriall-union","description":"","potentialAction":[{"@type":"SearchAction","target":{"@type":"EntryPoint","urlTemplate":"https://admin.industriall-union.org/?s={search_term_string}"},"query-input":{"@type":"PropertyValueSpecification","valueRequired":true,"valueName":"search_term_string"}}],"inLanguage":"fr-FR"}]}</script>
<!-- / Yoast SEO Premium plugin. -->

La photo de l&#039;année sur le travail - industriall-union

MONDE: La photo de l&#8217;année sur le travail représente un garçon bangladais travaillant dans un atelier d&#8217;un chantier de construction navale à Dhaka, Bangladesh, a-t-on annoncé le 2 novembre 2009. La photo montre le visage miséreux d&#8217;un jeune garçon qui se tient près d&#8217;un four dans un atelier de construction navale. Pour voir la photo, [&hellip;]
