{"id":202277,"date":"2009-11-04T15:08:00","date_gmt":"2009-11-04T15:08:00","guid":{"rendered":"https:\/\/admin.industriall-union.org\/archive\/imf\/signature-d-039-une-charte-mondiale-du-travail-avec-vw\/"},"modified":"2025-01-31T10:13:38","modified_gmt":"2025-01-31T10:13:38","slug":"signature-d-039-une-charte-mondiale-du-travail-avec-vw","status":"publish","type":"archive_imf","link":"https:\/\/admin.industriall-union.org\/fr\/archive\/imf\/signature-d-039-une-charte-mondiale-du-travail-avec-vw\/","title":{"rendered":"Signature d&#039;une charte mondiale du travail avec VW"},"content":{"rendered":"<p>MONDE: La F\u00e9d\u00e9ration internationale des organisations de travailleurs de la m\u00e9tallurgie et le &#8216;Board of Management&#8217; du groupe Volkswagen ont sign\u00e9 le 29 octobre une Charte mondiale sur les relations de travail, qui fixe des normes minimums contraignantes pour l&#8217;ensemble du Groupe dans le domaine des droits de participation des instances repr\u00e9sentatives du personnel au niveau des installations individuelles. <\/p><p>La Charte mondiale sur les relations du travail a \u00e9t\u00e9 sign\u00e9e \u00e0 la r\u00e9union du Comit\u00e9 d&#8217;entreprise mondial du groupe qui s&#8217;est tenue \u00e0 l&#8217;usine Volkswagen de Zwickau, Allemagne. La Charte d\u00e9finit les droits de participation des instances repr\u00e9sentatives du personnel dans les domaines suivants: ressources humaines et questions sociales, organisation du travail, syst\u00e8mes de r\u00e9mun\u00e9ration, information et communication, formations de base et sup\u00e9rieure, sant\u00e9 et s\u00e9curit\u00e9 au travail, contr\u00f4le, viabilit\u00e9s sociale et \u00e9cologique. <\/p><p>L&#8217;accord distingue trois niveaux de participation: le droit de recevoir de l&#8217;information, les droits de consultation et la cogestion. La Charte sera mise en \u0153uvre sur les diff\u00e9rents sites d&#8217;exploitation du groupe, sur la base d&#8217;accords particuliers conclus entre les directions et les repr\u00e9sentant(e)s des salari\u00e9s des usines concern\u00e9es. <\/p><p>La Charte pr\u00e9voit \u00e9galement la tenue de colloques annuels sur chaque site o\u00f9 la direction et les repr\u00e9sentant(e)s des salari\u00e9s discuteront du d\u00e9veloppement propre au site au cours de la p\u00e9riode pr\u00e9vue, et notamment des perspectives d&#8217;emploi. <\/p><p>En outre, la Charte donne aux organismes mondiaux de repr\u00e9sentation des salari\u00e9s le droit de tenir des r\u00e9unions du personnel au moins une fois par an. Lors de ces r\u00e9unions, la direction informera les salari\u00e9s de la situation \u00e9conomique, du d\u00e9veloppement du site et de l&#8217;\u00e9volution dans les domaines des ressources humaines et des questions sociales. <\/p><p>Le Pr\u00e9sident de la F\u00e9d\u00e9ration internationale des organisations de travailleurs de la m\u00e9tallurgie et Pr\u00e9sident de IG Metall, Berthold Huber, a sp\u00e9cifi\u00e9: &quot;La Charte permettra d&#8217;am\u00e9liorer les normes mondiales de relations de travail sur tous les sites d&#8217;exploitation. Le fait que les employeurs et les repr\u00e9sentant(e)s des salari\u00e9s n\u00e9gocient sur l&#8217;avenir des relations de travail en ces temps \u00e9conomiquement troubl\u00e9s montre bien l&#8217;importance accord\u00e9e \u00e0 ces questions par les deux parties. La Charte est l&#8217;expression de la culture particuli\u00e8re de cogestion chez Volkswagen, une culture de cogestion qui a permis la r\u00e9ussite de Volkswagen&quot;. <\/p><p>La Charte est publi\u00e9e en anglais et en allemand sur le site de la FIOM. Sa traduction dans d&#8217;autres langues suivra.<\/p>","protected":false},"featured_media":0,"template":"","class_list":["post-202277","archive_imf","type-archive_imf","status-publish","hentry"],"acf":[],"yoast_head":"<!-- This site is optimized with the Yoast SEO Premium plugin v27.1 (Yoast SEO v27.1) - https:\/\/yoast.com\/product\/yoast-seo-premium-wordpress\/ -->\n<title>Signature d&#039;une charte mondiale du travail avec VW - industriall-union<\/title>\n<meta name=\"robots\" content=\"index, follow, max-snippet:-1, max-image-preview:large, max-video-preview:-1\" \/>\n<link rel=\"canonical\" href=\"https:\/\/admin.industriall-union.org\/fr\/archive\/imf\/signature-d-039-une-charte-mondiale-du-travail-avec-vw\/\" \/>\n<meta property=\"og:locale\" content=\"fr_FR\" \/>\n<meta property=\"og:type\" content=\"article\" \/>\n<meta property=\"og:title\" content=\"Signature d&#039;une charte mondiale du travail avec VW\" \/>\n<meta property=\"og:description\" content=\"MONDE: La F\u00e9d\u00e9ration internationale des organisations de travailleurs de la m\u00e9tallurgie et le &#8216;Board of Management&#8217; du groupe Volkswagen ont sign\u00e9 le 29 octobre une Charte mondiale sur les relations de travail, qui fixe des normes minimums contraignantes pour l&#8217;ensemble du Groupe dans le domaine des droits de participation des instances repr\u00e9sentatives du personnel au [&hellip;]\" \/>\n<meta property=\"og:url\" content=\"https:\/\/admin.industriall-union.org\/fr\/archive\/imf\/signature-d-039-une-charte-mondiale-du-travail-avec-vw\/\" \/>\n<meta property=\"og:site_name\" content=\"industriall-union\" \/>\n<meta property=\"article:modified_time\" content=\"2025-01-31T10:13:38+00:00\" \/>\n<meta name=\"twitter:card\" content=\"summary_large_image\" \/>\n<meta name=\"twitter:label1\" content=\"Est. reading time\" \/>\n\t<meta name=\"twitter:data1\" content=\"2 minutes\" \/>\n<script type=\"application\/ld+json\" class=\"yoast-schema-graph\">{\"@context\":\"https:\/\/schema.org\",\"@graph\":[{\"@type\":\"WebPage\",\"@id\":\"https:\/\/admin.industriall-union.org\/fr\/archive\/imf\/signature-d-039-une-charte-mondiale-du-travail-avec-vw\/\",\"url\":\"https:\/\/admin.industriall-union.org\/fr\/archive\/imf\/signature-d-039-une-charte-mondiale-du-travail-avec-vw\/\",\"name\":\"Signature d&#039;une charte mondiale du travail avec VW - industriall-union\",\"isPartOf\":{\"@id\":\"https:\/\/admin.industriall-union.org\/#website\"},\"datePublished\":\"2009-11-04T15:08:00+00:00\",\"dateModified\":\"2025-01-31T10:13:38+00:00\",\"breadcrumb\":{\"@id\":\"https:\/\/admin.industriall-union.org\/fr\/archive\/imf\/signature-d-039-une-charte-mondiale-du-travail-avec-vw\/#breadcrumb\"},\"inLanguage\":\"fr-FR\",\"potentialAction\":[{\"@type\":\"ReadAction\",\"target\":[\"https:\/\/admin.industriall-union.org\/fr\/archive\/imf\/signature-d-039-une-charte-mondiale-du-travail-avec-vw\/\"]}]},{\"@type\":\"BreadcrumbList\",\"@id\":\"https:\/\/admin.industriall-union.org\/fr\/archive\/imf\/signature-d-039-une-charte-mondiale-du-travail-avec-vw\/#breadcrumb\",\"itemListElement\":[{\"@type\":\"ListItem\",\"position\":1,\"name\":\"Home\",\"item\":\"https:\/\/admin.industriall-union.org\/\"},{\"@type\":\"ListItem\",\"position\":2,\"name\":\"Archive Imf\",\"item\":\"https:\/\/admin.industriall-union.org\/es\/archive\/imf\/\"},{\"@type\":\"ListItem\",\"position\":3,\"name\":\"Signature d&#039;une charte mondiale du travail avec VW\"}]},{\"@type\":\"WebSite\",\"@id\":\"https:\/\/admin.industriall-union.org\/#website\",\"url\":\"https:\/\/admin.industriall-union.org\/\",\"name\":\"industriall-union\",\"description\":\"\",\"potentialAction\":[{\"@type\":\"SearchAction\",\"target\":{\"@type\":\"EntryPoint\",\"urlTemplate\":\"https:\/\/admin.industriall-union.org\/?s={search_term_string}\"},\"query-input\":{\"@type\":\"PropertyValueSpecification\",\"valueRequired\":true,\"valueName\":\"search_term_string\"}}],\"inLanguage\":\"fr-FR\"}]}<\/script>\n<!-- \/ Yoast SEO Premium plugin. -->","yoast_head_json":{"title":"Signature d&#039;une charte mondiale du travail avec VW - industriall-union","robots":{"index":"index","follow":"follow","max-snippet":"max-snippet:-1","max-image-preview":"max-image-preview:large","max-video-preview":"max-video-preview:-1"},"canonical":"https:\/\/admin.industriall-union.org\/fr\/archive\/imf\/signature-d-039-une-charte-mondiale-du-travail-avec-vw\/","og_locale":"fr_FR","og_type":"article","og_title":"Signature d&#039;une charte mondiale du travail avec VW","og_description":"MONDE: La F\u00e9d\u00e9ration internationale des organisations de travailleurs de la m\u00e9tallurgie et le &#8216;Board of Management&#8217; du groupe Volkswagen ont sign\u00e9 le 29 octobre une Charte mondiale sur les relations de travail, qui fixe des normes minimums contraignantes pour l&#8217;ensemble du Groupe dans le domaine des droits de participation des instances repr\u00e9sentatives du personnel au [&hellip;]","og_url":"https:\/\/admin.industriall-union.org\/fr\/archive\/imf\/signature-d-039-une-charte-mondiale-du-travail-avec-vw\/","og_site_name":"industriall-union","article_modified_time":"2025-01-31T10:13:38+00:00","twitter_card":"summary_large_image","twitter_misc":{"Est. reading time":"2 minutes"},"schema":{"@context":"https:\/\/schema.org","@graph":[{"@type":"WebPage","@id":"https:\/\/admin.industriall-union.org\/fr\/archive\/imf\/signature-d-039-une-charte-mondiale-du-travail-avec-vw\/","url":"https:\/\/admin.industriall-union.org\/fr\/archive\/imf\/signature-d-039-une-charte-mondiale-du-travail-avec-vw\/","name":"Signature d&#039;une charte mondiale du travail avec VW - industriall-union","isPartOf":{"@id":"https:\/\/admin.industriall-union.org\/#website"},"datePublished":"2009-11-04T15:08:00+00:00","dateModified":"2025-01-31T10:13:38+00:00","breadcrumb":{"@id":"https:\/\/admin.industriall-union.org\/fr\/archive\/imf\/signature-d-039-une-charte-mondiale-du-travail-avec-vw\/#breadcrumb"},"inLanguage":"fr-FR","potentialAction":[{"@type":"ReadAction","target":["https:\/\/admin.industriall-union.org\/fr\/archive\/imf\/signature-d-039-une-charte-mondiale-du-travail-avec-vw\/"]}]},{"@type":"BreadcrumbList","@id":"https:\/\/admin.industriall-union.org\/fr\/archive\/imf\/signature-d-039-une-charte-mondiale-du-travail-avec-vw\/#breadcrumb","itemListElement":[{"@type":"ListItem","position":1,"name":"Home","item":"https:\/\/admin.industriall-union.org\/"},{"@type":"ListItem","position":2,"name":"Archive Imf","item":"https:\/\/admin.industriall-union.org\/es\/archive\/imf\/"},{"@type":"ListItem","position":3,"name":"Signature d&#039;une charte mondiale du travail avec VW"}]},{"@type":"WebSite","@id":"https:\/\/admin.industriall-union.org\/#website","url":"https:\/\/admin.industriall-union.org\/","name":"industriall-union","description":"","potentialAction":[{"@type":"SearchAction","target":{"@type":"EntryPoint","urlTemplate":"https:\/\/admin.industriall-union.org\/?s={search_term_string}"},"query-input":{"@type":"PropertyValueSpecification","valueRequired":true,"valueName":"search_term_string"}}],"inLanguage":"fr-FR"}]}},"_links":{"self":[{"href":"https:\/\/admin.industriall-union.org\/fr\/wp-json\/wp\/v2\/archive_imf\/202277","targetHints":{"allow":["GET"]}}],"collection":[{"href":"https:\/\/admin.industriall-union.org\/fr\/wp-json\/wp\/v2\/archive_imf"}],"about":[{"href":"https:\/\/admin.industriall-union.org\/fr\/wp-json\/wp\/v2\/types\/archive_imf"}],"wp:attachment":[{"href":"https:\/\/admin.industriall-union.org\/fr\/wp-json\/wp\/v2\/media?parent=202277"}],"curies":[{"name":"wp","href":"https:\/\/api.w.org\/{rel}","templated":true}]}}

<p>MONDE: La Fédération internationale des organisations de travailleurs de la métallurgie et le &#8216;Board of Management&#8217; du groupe Volkswagen ont signé le 29 octobre une Charte mondiale sur les relations de travail, qui fixe des normes minimums contraignantes pour l&#8217;ensemble du Groupe dans le domaine des droits de participation des instances représentatives du personnel au niveau des installations individuelles. </p><p>La Charte mondiale sur les relations du travail a été signée à la réunion du Comité d&#8217;entreprise mondial du groupe qui s&#8217;est tenue à l&#8217;usine Volkswagen de Zwickau, Allemagne. La Charte définit les droits de participation des instances représentatives du personnel dans les domaines suivants: ressources humaines et questions sociales, organisation du travail, systèmes de rémunération, information et communication, formations de base et supérieure, santé et sécurité au travail, contrôle, viabilités sociale et écologique. </p><p>L&#8217;accord distingue trois niveaux de participation: le droit de recevoir de l&#8217;information, les droits de consultation et la cogestion. La Charte sera mise en œuvre sur les différents sites d&#8217;exploitation du groupe, sur la base d&#8217;accords particuliers conclus entre les directions et les représentant(e)s des salariés des usines concernées. </p><p>La Charte prévoit également la tenue de colloques annuels sur chaque site où la direction et les représentant(e)s des salariés discuteront du développement propre au site au cours de la période prévue, et notamment des perspectives d&#8217;emploi. </p><p>En outre, la Charte donne aux organismes mondiaux de représentation des salariés le droit de tenir des réunions du personnel au moins une fois par an. Lors de ces réunions, la direction informera les salariés de la situation économique, du développement du site et de l&#8217;évolution dans les domaines des ressources humaines et des questions sociales. </p><p>Le Président de la Fédération internationale des organisations de travailleurs de la métallurgie et Président de IG Metall, Berthold Huber, a spécifié: &quot;La Charte permettra d&#8217;améliorer les normes mondiales de relations de travail sur tous les sites d&#8217;exploitation. Le fait que les employeurs et les représentant(e)s des salariés négocient sur l&#8217;avenir des relations de travail en ces temps économiquement troublés montre bien l&#8217;importance accordée à ces questions par les deux parties. La Charte est l&#8217;expression de la culture particulière de cogestion chez Volkswagen, une culture de cogestion qui a permis la réussite de Volkswagen&quot;. </p><p>La Charte est publiée en anglais et en allemand sur le site de la FIOM. Sa traduction dans d&#8217;autres langues suivra.</p>

<!-- This site is optimized with the Yoast SEO Premium plugin v27.1 (Yoast SEO v27.1) - https://yoast.com/product/yoast-seo-premium-wordpress/ -->
<title>Signature d&#039;une charte mondiale du travail avec VW - industriall-union</title>
<meta name="robots" content="index, follow, max-snippet:-1, max-image-preview:large, max-video-preview:-1" />
<link rel="canonical" href="https://admin.industriall-union.org/fr/archive/imf/signature-d-039-une-charte-mondiale-du-travail-avec-vw/" />
<meta property="og:locale" content="fr_FR" />
<meta property="og:type" content="article" />
<meta property="og:title" content="Signature d&#039;une charte mondiale du travail avec VW" />
<meta property="og:description" content="MONDE: La Fédération internationale des organisations de travailleurs de la métallurgie et le &#8216;Board of Management&#8217; du groupe Volkswagen ont signé le 29 octobre une Charte mondiale sur les relations de travail, qui fixe des normes minimums contraignantes pour l&#8217;ensemble du Groupe dans le domaine des droits de participation des instances représentatives du personnel au [&hellip;]" />
<meta property="og:url" content="https://admin.industriall-union.org/fr/archive/imf/signature-d-039-une-charte-mondiale-du-travail-avec-vw/" />
<meta property="og:site_name" content="industriall-union" />
<meta property="article:modified_time" content="2025-01-31T10:13:38+00:00" />
<meta name="twitter:card" content="summary_large_image" />
<meta name="twitter:label1" content="Est. reading time" />
	<meta name="twitter:data1" content="2 minutes" />
<script type="application/ld+json" class="yoast-schema-graph">{"@context":"https://schema.org","@graph":[{"@type":"WebPage","@id":"https://admin.industriall-union.org/fr/archive/imf/signature-d-039-une-charte-mondiale-du-travail-avec-vw/","url":"https://admin.industriall-union.org/fr/archive/imf/signature-d-039-une-charte-mondiale-du-travail-avec-vw/","name":"Signature d&#039;une charte mondiale du travail avec VW - industriall-union","isPartOf":{"@id":"https://admin.industriall-union.org/#website"},"datePublished":"2009-11-04T15:08:00+00:00","dateModified":"2025-01-31T10:13:38+00:00","breadcrumb":{"@id":"https://admin.industriall-union.org/fr/archive/imf/signature-d-039-une-charte-mondiale-du-travail-avec-vw/#breadcrumb"},"inLanguage":"fr-FR","potentialAction":[{"@type":"ReadAction","target":["https://admin.industriall-union.org/fr/archive/imf/signature-d-039-une-charte-mondiale-du-travail-avec-vw/"]}]},{"@type":"BreadcrumbList","@id":"https://admin.industriall-union.org/fr/archive/imf/signature-d-039-une-charte-mondiale-du-travail-avec-vw/#breadcrumb","itemListElement":[{"@type":"ListItem","position":1,"name":"Home","item":"https://admin.industriall-union.org/"},{"@type":"ListItem","position":2,"name":"Archive Imf","item":"https://admin.industriall-union.org/es/archive/imf/"},{"@type":"ListItem","position":3,"name":"Signature d&#039;une charte mondiale du travail avec VW"}]},{"@type":"WebSite","@id":"https://admin.industriall-union.org/#website","url":"https://admin.industriall-union.org/","name":"industriall-union","description":"","potentialAction":[{"@type":"SearchAction","target":{"@type":"EntryPoint","urlTemplate":"https://admin.industriall-union.org/?s={search_term_string}"},"query-input":{"@type":"PropertyValueSpecification","valueRequired":true,"valueName":"search_term_string"}}],"inLanguage":"fr-FR"}]}</script>
<!-- / Yoast SEO Premium plugin. -->

MONDE: La Fédération internationale des organisations de travailleurs de la métallurgie et le &#8216;Board of Management&#8217; du groupe Volkswagen ont signé le 29 octobre une Charte mondiale sur les relations de travail, qui fixe des normes minimums contraignantes pour l&#8217;ensemble du Groupe dans le domaine des droits de participation des instances représentatives du personnel au [&hellip;]
