{"id":202273,"date":"2009-11-04T18:40:00","date_gmt":"2009-11-04T18:40:00","guid":{"rendered":"https:\/\/admin.industriall-union.org\/archive\/imf\/discussions-au-maroc-entre-delegues-syndicaux-sur-les-reseaux-de-communication\/"},"modified":"2025-01-31T10:13:37","modified_gmt":"2025-01-31T10:13:37","slug":"discussions-au-maroc-entre-delegues-syndicaux-sur-les-reseaux-de-communication","status":"publish","type":"archive_imf","link":"https:\/\/admin.industriall-union.org\/fr\/archive\/imf\/discussions-au-maroc-entre-delegues-syndicaux-sur-les-reseaux-de-communication\/","title":{"rendered":"Discussions au Maroc entre d\u00e9l\u00e9gu\u00e9s syndicaux sur les r\u00e9seaux de communication"},"content":{"rendered":"<p>MAROC: Un atelier de deux jours organis\u00e9 par la FIOM avec SNTIMMEE-CDT dans le cadre d&#8217;un projet en cours visant \u00e0 soutenir les syndicats au Maroc et en Tunisie pour la syndicalisation des travailleurs\/euses des entreprises multinationales, s&#8217;est tenu les 3 et 4 novembre \u00e0 Casablanca sur le th\u00e8me &quot;communication syndicale et mise en r\u00e9seau&quot;. <\/p><p>Une formation de base sur les outils disponibles pour l&#8217;application des technologies d&#8217;information et de communication a \u00e9t\u00e9 donn\u00e9e aux participant(e)s dans le but d&#8217;\u00e9tablir \u00e0 leur intention un r\u00e9seau permanent de communications. L&#8217;\u00e9tablissement d&#8217;un lien permanent et l&#8217;\u00e9change syst\u00e9matique d&#8217;informations constituent des outils indispensables pour obtenir une r\u00e9elle solidarit\u00e9 chez les travailleurs\/euses et une coop\u00e9ration entre syndicats au niveau national, r\u00e9gional et international. <\/p><p>Le programme de la r\u00e9union a port\u00e9 sur les besoins en communications dans les activit\u00e9s syndicales. Il comportait un aper\u00e7u des exp\u00e9riences syndicales dans l&#8217;utilisation de moyens \u00e9lectroniques pour mener des actions syndicales. Des exemples ont \u00e9t\u00e9 donn\u00e9s sur les r\u00e9seaux de communication, l&#8217;utilisation des outils li\u00e9s \u00e0 l&#8217;Internet et sur le co\u00fbt et les implications techniques de leur utilisation. <\/p><p>Cette initiative vise en particulier les STN signataires d&#8217;accords-cadres internationaux avec la FIOM afin de contr\u00f4ler l&#8217;application des ACI. Elle fait partie d&#8217;un programme plus large mis en \u0153uvre avec le soutien de l&#8217;ISCOD &#8211; UGT et la participation des syndicats de m\u00e9tallurgistes de Tunisie, du Maroc, de France, d&#8217;Allemagne, d&#8217;Italie et d&#8217;Espagne. <\/p><p>Tout en fournissant une occasion propice pour la coordination des repr\u00e9sentants des travailleurs\u00a0dans les STN, la r\u00e9union a mis en avant le probl\u00e8me de la repr\u00e9sentation insuffisante des femmes membres du syndicat, m\u00eame quand les effectifs f\u00e9minins sont majoritaires dans la main-d&#8217;\u0153uvre. <\/p>","protected":false},"featured_media":0,"template":"","class_list":["post-202273","archive_imf","type-archive_imf","status-publish","hentry"],"acf":[],"yoast_head":"<!-- This site is optimized with the Yoast SEO Premium plugin v27.1 (Yoast SEO v27.1) - https:\/\/yoast.com\/product\/yoast-seo-premium-wordpress\/ -->\n<title>Discussions au Maroc entre d\u00e9l\u00e9gu\u00e9s syndicaux sur les r\u00e9seaux de communication - industriall-union<\/title>\n<meta name=\"robots\" content=\"index, follow, max-snippet:-1, max-image-preview:large, max-video-preview:-1\" \/>\n<link rel=\"canonical\" href=\"https:\/\/admin.industriall-union.org\/fr\/archive\/imf\/discussions-au-maroc-entre-delegues-syndicaux-sur-les-reseaux-de-communication\/\" \/>\n<meta property=\"og:locale\" content=\"fr_FR\" \/>\n<meta property=\"og:type\" content=\"article\" \/>\n<meta property=\"og:title\" content=\"Discussions au Maroc entre d\u00e9l\u00e9gu\u00e9s syndicaux sur les r\u00e9seaux de communication\" \/>\n<meta property=\"og:description\" content=\"MAROC: Un atelier de deux jours organis\u00e9 par la FIOM avec SNTIMMEE-CDT dans le cadre d&#8217;un projet en cours visant \u00e0 soutenir les syndicats au Maroc et en Tunisie pour la syndicalisation des travailleurs\/euses des entreprises multinationales, s&#8217;est tenu les 3 et 4 novembre \u00e0 Casablanca sur le th\u00e8me &quot;communication syndicale et mise en r\u00e9seau&quot;. [&hellip;]\" \/>\n<meta property=\"og:url\" content=\"https:\/\/admin.industriall-union.org\/fr\/archive\/imf\/discussions-au-maroc-entre-delegues-syndicaux-sur-les-reseaux-de-communication\/\" \/>\n<meta property=\"og:site_name\" content=\"industriall-union\" \/>\n<meta property=\"article:modified_time\" content=\"2025-01-31T10:13:37+00:00\" \/>\n<meta name=\"twitter:card\" content=\"summary_large_image\" \/>\n<meta name=\"twitter:label1\" content=\"Est. reading time\" \/>\n\t<meta name=\"twitter:data1\" content=\"2 minutes\" \/>\n<script type=\"application\/ld+json\" class=\"yoast-schema-graph\">{\"@context\":\"https:\/\/schema.org\",\"@graph\":[{\"@type\":\"WebPage\",\"@id\":\"https:\/\/admin.industriall-union.org\/fr\/archive\/imf\/discussions-au-maroc-entre-delegues-syndicaux-sur-les-reseaux-de-communication\/\",\"url\":\"https:\/\/admin.industriall-union.org\/fr\/archive\/imf\/discussions-au-maroc-entre-delegues-syndicaux-sur-les-reseaux-de-communication\/\",\"name\":\"Discussions au Maroc entre d\u00e9l\u00e9gu\u00e9s syndicaux sur les r\u00e9seaux de communication - industriall-union\",\"isPartOf\":{\"@id\":\"https:\/\/admin.industriall-union.org\/#website\"},\"datePublished\":\"2009-11-04T18:40:00+00:00\",\"dateModified\":\"2025-01-31T10:13:37+00:00\",\"breadcrumb\":{\"@id\":\"https:\/\/admin.industriall-union.org\/fr\/archive\/imf\/discussions-au-maroc-entre-delegues-syndicaux-sur-les-reseaux-de-communication\/#breadcrumb\"},\"inLanguage\":\"fr-FR\",\"potentialAction\":[{\"@type\":\"ReadAction\",\"target\":[\"https:\/\/admin.industriall-union.org\/fr\/archive\/imf\/discussions-au-maroc-entre-delegues-syndicaux-sur-les-reseaux-de-communication\/\"]}]},{\"@type\":\"BreadcrumbList\",\"@id\":\"https:\/\/admin.industriall-union.org\/fr\/archive\/imf\/discussions-au-maroc-entre-delegues-syndicaux-sur-les-reseaux-de-communication\/#breadcrumb\",\"itemListElement\":[{\"@type\":\"ListItem\",\"position\":1,\"name\":\"Home\",\"item\":\"https:\/\/admin.industriall-union.org\/\"},{\"@type\":\"ListItem\",\"position\":2,\"name\":\"Archive Imf\",\"item\":\"https:\/\/admin.industriall-union.org\/es\/archive\/imf\/\"},{\"@type\":\"ListItem\",\"position\":3,\"name\":\"Discussions au Maroc entre d\u00e9l\u00e9gu\u00e9s syndicaux sur les r\u00e9seaux de communication\"}]},{\"@type\":\"WebSite\",\"@id\":\"https:\/\/admin.industriall-union.org\/#website\",\"url\":\"https:\/\/admin.industriall-union.org\/\",\"name\":\"industriall-union\",\"description\":\"\",\"potentialAction\":[{\"@type\":\"SearchAction\",\"target\":{\"@type\":\"EntryPoint\",\"urlTemplate\":\"https:\/\/admin.industriall-union.org\/?s={search_term_string}\"},\"query-input\":{\"@type\":\"PropertyValueSpecification\",\"valueRequired\":true,\"valueName\":\"search_term_string\"}}],\"inLanguage\":\"fr-FR\"}]}<\/script>\n<!-- \/ Yoast SEO Premium plugin. -->","yoast_head_json":{"title":"Discussions au Maroc entre d\u00e9l\u00e9gu\u00e9s syndicaux sur les r\u00e9seaux de communication - industriall-union","robots":{"index":"index","follow":"follow","max-snippet":"max-snippet:-1","max-image-preview":"max-image-preview:large","max-video-preview":"max-video-preview:-1"},"canonical":"https:\/\/admin.industriall-union.org\/fr\/archive\/imf\/discussions-au-maroc-entre-delegues-syndicaux-sur-les-reseaux-de-communication\/","og_locale":"fr_FR","og_type":"article","og_title":"Discussions au Maroc entre d\u00e9l\u00e9gu\u00e9s syndicaux sur les r\u00e9seaux de communication","og_description":"MAROC: Un atelier de deux jours organis\u00e9 par la FIOM avec SNTIMMEE-CDT dans le cadre d&#8217;un projet en cours visant \u00e0 soutenir les syndicats au Maroc et en Tunisie pour la syndicalisation des travailleurs\/euses des entreprises multinationales, s&#8217;est tenu les 3 et 4 novembre \u00e0 Casablanca sur le th\u00e8me &quot;communication syndicale et mise en r\u00e9seau&quot;. [&hellip;]","og_url":"https:\/\/admin.industriall-union.org\/fr\/archive\/imf\/discussions-au-maroc-entre-delegues-syndicaux-sur-les-reseaux-de-communication\/","og_site_name":"industriall-union","article_modified_time":"2025-01-31T10:13:37+00:00","twitter_card":"summary_large_image","twitter_misc":{"Est. reading time":"2 minutes"},"schema":{"@context":"https:\/\/schema.org","@graph":[{"@type":"WebPage","@id":"https:\/\/admin.industriall-union.org\/fr\/archive\/imf\/discussions-au-maroc-entre-delegues-syndicaux-sur-les-reseaux-de-communication\/","url":"https:\/\/admin.industriall-union.org\/fr\/archive\/imf\/discussions-au-maroc-entre-delegues-syndicaux-sur-les-reseaux-de-communication\/","name":"Discussions au Maroc entre d\u00e9l\u00e9gu\u00e9s syndicaux sur les r\u00e9seaux de communication - industriall-union","isPartOf":{"@id":"https:\/\/admin.industriall-union.org\/#website"},"datePublished":"2009-11-04T18:40:00+00:00","dateModified":"2025-01-31T10:13:37+00:00","breadcrumb":{"@id":"https:\/\/admin.industriall-union.org\/fr\/archive\/imf\/discussions-au-maroc-entre-delegues-syndicaux-sur-les-reseaux-de-communication\/#breadcrumb"},"inLanguage":"fr-FR","potentialAction":[{"@type":"ReadAction","target":["https:\/\/admin.industriall-union.org\/fr\/archive\/imf\/discussions-au-maroc-entre-delegues-syndicaux-sur-les-reseaux-de-communication\/"]}]},{"@type":"BreadcrumbList","@id":"https:\/\/admin.industriall-union.org\/fr\/archive\/imf\/discussions-au-maroc-entre-delegues-syndicaux-sur-les-reseaux-de-communication\/#breadcrumb","itemListElement":[{"@type":"ListItem","position":1,"name":"Home","item":"https:\/\/admin.industriall-union.org\/"},{"@type":"ListItem","position":2,"name":"Archive Imf","item":"https:\/\/admin.industriall-union.org\/es\/archive\/imf\/"},{"@type":"ListItem","position":3,"name":"Discussions au Maroc entre d\u00e9l\u00e9gu\u00e9s syndicaux sur les r\u00e9seaux de communication"}]},{"@type":"WebSite","@id":"https:\/\/admin.industriall-union.org\/#website","url":"https:\/\/admin.industriall-union.org\/","name":"industriall-union","description":"","potentialAction":[{"@type":"SearchAction","target":{"@type":"EntryPoint","urlTemplate":"https:\/\/admin.industriall-union.org\/?s={search_term_string}"},"query-input":{"@type":"PropertyValueSpecification","valueRequired":true,"valueName":"search_term_string"}}],"inLanguage":"fr-FR"}]}},"_links":{"self":[{"href":"https:\/\/admin.industriall-union.org\/fr\/wp-json\/wp\/v2\/archive_imf\/202273","targetHints":{"allow":["GET"]}}],"collection":[{"href":"https:\/\/admin.industriall-union.org\/fr\/wp-json\/wp\/v2\/archive_imf"}],"about":[{"href":"https:\/\/admin.industriall-union.org\/fr\/wp-json\/wp\/v2\/types\/archive_imf"}],"wp:attachment":[{"href":"https:\/\/admin.industriall-union.org\/fr\/wp-json\/wp\/v2\/media?parent=202273"}],"curies":[{"name":"wp","href":"https:\/\/api.w.org\/{rel}","templated":true}]}}

Discussions au Maroc entre délégués syndicaux sur les réseaux de communication

<p>MAROC: Un atelier de deux jours organisé par la FIOM avec SNTIMMEE-CDT dans le cadre d&#8217;un projet en cours visant à soutenir les syndicats au Maroc et en Tunisie pour la syndicalisation des travailleurs/euses des entreprises multinationales, s&#8217;est tenu les 3 et 4 novembre à Casablanca sur le thème &quot;communication syndicale et mise en réseau&quot;. </p><p>Une formation de base sur les outils disponibles pour l&#8217;application des technologies d&#8217;information et de communication a été donnée aux participant(e)s dans le but d&#8217;établir à leur intention un réseau permanent de communications. L&#8217;établissement d&#8217;un lien permanent et l&#8217;échange systématique d&#8217;informations constituent des outils indispensables pour obtenir une réelle solidarité chez les travailleurs/euses et une coopération entre syndicats au niveau national, régional et international. </p><p>Le programme de la réunion a porté sur les besoins en communications dans les activités syndicales. Il comportait un aperçu des expériences syndicales dans l&#8217;utilisation de moyens électroniques pour mener des actions syndicales. Des exemples ont été donnés sur les réseaux de communication, l&#8217;utilisation des outils liés à l&#8217;Internet et sur le coût et les implications techniques de leur utilisation. </p><p>Cette initiative vise en particulier les STN signataires d&#8217;accords-cadres internationaux avec la FIOM afin de contrôler l&#8217;application des ACI. Elle fait partie d&#8217;un programme plus large mis en œuvre avec le soutien de l&#8217;ISCOD &#8211; UGT et la participation des syndicats de métallurgistes de Tunisie, du Maroc, de France, d&#8217;Allemagne, d&#8217;Italie et d&#8217;Espagne. </p><p>Tout en fournissant une occasion propice pour la coordination des représentants des travailleurs dans les STN, la réunion a mis en avant le problème de la représentation insuffisante des femmes membres du syndicat, même quand les effectifs féminins sont majoritaires dans la main-d&#8217;œuvre. </p>

<!-- This site is optimized with the Yoast SEO Premium plugin v27.1 (Yoast SEO v27.1) - https://yoast.com/product/yoast-seo-premium-wordpress/ -->
<title>Discussions au Maroc entre délégués syndicaux sur les réseaux de communication - industriall-union</title>
<meta name="robots" content="index, follow, max-snippet:-1, max-image-preview:large, max-video-preview:-1" />
<link rel="canonical" href="https://admin.industriall-union.org/fr/archive/imf/discussions-au-maroc-entre-delegues-syndicaux-sur-les-reseaux-de-communication/" />
<meta property="og:locale" content="fr_FR" />
<meta property="og:type" content="article" />
<meta property="og:title" content="Discussions au Maroc entre délégués syndicaux sur les réseaux de communication" />
<meta property="og:description" content="MAROC: Un atelier de deux jours organisé par la FIOM avec SNTIMMEE-CDT dans le cadre d&#8217;un projet en cours visant à soutenir les syndicats au Maroc et en Tunisie pour la syndicalisation des travailleurs/euses des entreprises multinationales, s&#8217;est tenu les 3 et 4 novembre à Casablanca sur le thème &quot;communication syndicale et mise en réseau&quot;. [&hellip;]" />
<meta property="og:url" content="https://admin.industriall-union.org/fr/archive/imf/discussions-au-maroc-entre-delegues-syndicaux-sur-les-reseaux-de-communication/" />
<meta property="og:site_name" content="industriall-union" />
<meta property="article:modified_time" content="2025-01-31T10:13:37+00:00" />
<meta name="twitter:card" content="summary_large_image" />
<meta name="twitter:label1" content="Est. reading time" />
	<meta name="twitter:data1" content="2 minutes" />
<script type="application/ld+json" class="yoast-schema-graph">{"@context":"https://schema.org","@graph":[{"@type":"WebPage","@id":"https://admin.industriall-union.org/fr/archive/imf/discussions-au-maroc-entre-delegues-syndicaux-sur-les-reseaux-de-communication/","url":"https://admin.industriall-union.org/fr/archive/imf/discussions-au-maroc-entre-delegues-syndicaux-sur-les-reseaux-de-communication/","name":"Discussions au Maroc entre délégués syndicaux sur les réseaux de communication - industriall-union","isPartOf":{"@id":"https://admin.industriall-union.org/#website"},"datePublished":"2009-11-04T18:40:00+00:00","dateModified":"2025-01-31T10:13:37+00:00","breadcrumb":{"@id":"https://admin.industriall-union.org/fr/archive/imf/discussions-au-maroc-entre-delegues-syndicaux-sur-les-reseaux-de-communication/#breadcrumb"},"inLanguage":"fr-FR","potentialAction":[{"@type":"ReadAction","target":["https://admin.industriall-union.org/fr/archive/imf/discussions-au-maroc-entre-delegues-syndicaux-sur-les-reseaux-de-communication/"]}]},{"@type":"BreadcrumbList","@id":"https://admin.industriall-union.org/fr/archive/imf/discussions-au-maroc-entre-delegues-syndicaux-sur-les-reseaux-de-communication/#breadcrumb","itemListElement":[{"@type":"ListItem","position":1,"name":"Home","item":"https://admin.industriall-union.org/"},{"@type":"ListItem","position":2,"name":"Archive Imf","item":"https://admin.industriall-union.org/es/archive/imf/"},{"@type":"ListItem","position":3,"name":"Discussions au Maroc entre délégués syndicaux sur les réseaux de communication"}]},{"@type":"WebSite","@id":"https://admin.industriall-union.org/#website","url":"https://admin.industriall-union.org/","name":"industriall-union","description":"","potentialAction":[{"@type":"SearchAction","target":{"@type":"EntryPoint","urlTemplate":"https://admin.industriall-union.org/?s={search_term_string}"},"query-input":{"@type":"PropertyValueSpecification","valueRequired":true,"valueName":"search_term_string"}}],"inLanguage":"fr-FR"}]}</script>
<!-- / Yoast SEO Premium plugin. -->

Discussions au Maroc entre délégués syndicaux sur les réseaux de communication - industriall-union

MAROC: Un atelier de deux jours organisé par la FIOM avec SNTIMMEE-CDT dans le cadre d&#8217;un projet en cours visant à soutenir les syndicats au Maroc et en Tunisie pour la syndicalisation des travailleurs/euses des entreprises multinationales, s&#8217;est tenu les 3 et 4 novembre à Casablanca sur le thème &quot;communication syndicale et mise en réseau&quot;. [&hellip;]
