{"id":202217,"date":"2009-11-25T08:04:00","date_gmt":"2009-11-25T08:04:00","guid":{"rendered":"https:\/\/admin.industriall-union.org\/archive\/imf\/non-aux-cancers-professionnels-en-australie\/"},"modified":"2025-01-31T10:10:07","modified_gmt":"2025-01-31T10:10:07","slug":"non-aux-cancers-professionnels-en-australie","status":"publish","type":"archive_imf","link":"https:\/\/admin.industriall-union.org\/fr\/archive\/imf\/non-aux-cancers-professionnels-en-australie\/","title":{"rendered":"Non aux cancers professionnels en Australie"},"content":{"rendered":"AUSTRALIE: Dans le cadre de sa campagne &quot;Non aux cancers professionnels&quot;, le syndicat Australian Manufacturing Workers&#8217; Union (AMWU) (syndicat australien des travailleurs de la fabrication) a r\u00e9alis\u00e9 une version locale de la brochure &#8216;Cancer professionnel, Z\u00e9ro cancer&#8217; publi\u00e9e pour la premi\u00e8re fois en 2007 par la F\u00e9d\u00e9ration internationale des organisations de travailleurs de la m\u00e9tallurgie.<br \/><br \/>La nouvelle publication se sert de l&#8217;information contenue dans la brochure mondiale et l&#8217;applique au contexte australien, en tenant compte de la l\u00e9gislation australienne sur la s\u00e9curit\u00e9 au travail et de la r\u00e9glementation sur les produits chimiques. <br \/><br \/>Selon les estimations, 60.000 personnes seront mortes en Australie d&#8217;ici 2020 \u00e0 la suite de maladies li\u00e9es \u00e0 l&#8217;amiante. Bien que la nature mortelle de l&#8217;amiante ait d\u00e9j\u00e0 \u00e9t\u00e9 reconnue dans les ann\u00e9es 1930, l&#8217;Australie n&#8217;a pas interdit l&#8217;importation et l&#8217;exportation de l&#8217;amiante avant d\u00e9cembre 2003.<br \/><br \/>&quot;Il a fallu des dizaines d&#8217;ann\u00e9es de campagnes pour obtenir ce r\u00e9sultat avec l&#8217;amiante. Mais nous continuons d&#8217;introduire de nouvelles substances et de nouvelles technologies dans le travail sans effectuer les investigations indispensables et sans prendre les pr\u00e9cautions n\u00e9cessaires&quot;, a d\u00e9clar\u00e9 Dave Oliver, Secr\u00e9taire national de l&#8217;AMWU.<br \/><br \/>La sortie de la nouvelle publication co\u00efncide avec la semaine de sensibilisation \u00e0 l&#8217;amiante \u00e0 Victoria, Australie, du 23 au 27 novembre. La semaine est un rappel puissant des effets de l&#8217;amiante et offre l&#8217;occasion de se souvenir et de soutenir les familles touch\u00e9es par les maladies caus\u00e9es par l&#8217;amiante. Les repr\u00e9sentant(e)s \u00e9lu(e)s qui ont la charge des questions de sant\u00e9 et de s\u00e9curit\u00e9 au travail profitent \u00e9galement la semaine pour v\u00e9rifier que leur employeur se conforme aux exigences l\u00e9gales.<br \/><br \/>La publication australienne peut \u00eatre consult\u00e9e ici sur le site de la FIOM. <br \/><br \/>Une version de la brochure mondiale Cancer professionnel, Z\u00e9ro cancer en anglais, fran\u00e7ais, espagnol et russe se trouve <a href=\"..\/index.cfm?id=622&amp;l=2&amp;cid=15709\">ici<\/a>.<br \/><br \/>Voir \u00e9galement: <a href=\"..\/index.cfm?c=15620&amp;ol=5\">www.imfmetal.org\/cancer<\/a>","protected":false},"featured_media":0,"template":"","class_list":["post-202217","archive_imf","type-archive_imf","status-publish","hentry"],"acf":[],"yoast_head":"<!-- This site is optimized with the Yoast SEO Premium plugin v27.1 (Yoast SEO v27.1) - https:\/\/yoast.com\/product\/yoast-seo-premium-wordpress\/ -->\n<title>Non aux cancers professionnels en Australie - industriall-union<\/title>\n<meta name=\"robots\" content=\"index, follow, max-snippet:-1, max-image-preview:large, max-video-preview:-1\" \/>\n<link rel=\"canonical\" href=\"https:\/\/admin.industriall-union.org\/fr\/archive\/imf\/non-aux-cancers-professionnels-en-australie\/\" \/>\n<meta property=\"og:locale\" content=\"fr_FR\" \/>\n<meta property=\"og:type\" content=\"article\" \/>\n<meta property=\"og:title\" content=\"Non aux cancers professionnels en Australie\" \/>\n<meta property=\"og:description\" content=\"AUSTRALIE: Dans le cadre de sa campagne &quot;Non aux cancers professionnels&quot;, le syndicat Australian Manufacturing Workers&#8217; Union (AMWU) (syndicat australien des travailleurs de la fabrication) a r\u00e9alis\u00e9 une version locale de la brochure &#8216;Cancer professionnel, Z\u00e9ro cancer&#8217; publi\u00e9e pour la premi\u00e8re fois en 2007 par la F\u00e9d\u00e9ration internationale des organisations de travailleurs de la m\u00e9tallurgie. [&hellip;]\" \/>\n<meta property=\"og:url\" content=\"https:\/\/admin.industriall-union.org\/fr\/archive\/imf\/non-aux-cancers-professionnels-en-australie\/\" \/>\n<meta property=\"og:site_name\" content=\"industriall-union\" \/>\n<meta property=\"article:modified_time\" content=\"2025-01-31T10:10:07+00:00\" \/>\n<meta name=\"twitter:card\" content=\"summary_large_image\" \/>\n<meta name=\"twitter:label1\" content=\"Est. reading time\" \/>\n\t<meta name=\"twitter:data1\" content=\"2 minutes\" \/>\n<script type=\"application\/ld+json\" class=\"yoast-schema-graph\">{\"@context\":\"https:\/\/schema.org\",\"@graph\":[{\"@type\":\"WebPage\",\"@id\":\"https:\/\/admin.industriall-union.org\/fr\/archive\/imf\/non-aux-cancers-professionnels-en-australie\/\",\"url\":\"https:\/\/admin.industriall-union.org\/fr\/archive\/imf\/non-aux-cancers-professionnels-en-australie\/\",\"name\":\"Non aux cancers professionnels en Australie - industriall-union\",\"isPartOf\":{\"@id\":\"https:\/\/admin.industriall-union.org\/#website\"},\"datePublished\":\"2009-11-25T08:04:00+00:00\",\"dateModified\":\"2025-01-31T10:10:07+00:00\",\"breadcrumb\":{\"@id\":\"https:\/\/admin.industriall-union.org\/fr\/archive\/imf\/non-aux-cancers-professionnels-en-australie\/#breadcrumb\"},\"inLanguage\":\"fr-FR\",\"potentialAction\":[{\"@type\":\"ReadAction\",\"target\":[\"https:\/\/admin.industriall-union.org\/fr\/archive\/imf\/non-aux-cancers-professionnels-en-australie\/\"]}]},{\"@type\":\"BreadcrumbList\",\"@id\":\"https:\/\/admin.industriall-union.org\/fr\/archive\/imf\/non-aux-cancers-professionnels-en-australie\/#breadcrumb\",\"itemListElement\":[{\"@type\":\"ListItem\",\"position\":1,\"name\":\"Home\",\"item\":\"https:\/\/admin.industriall-union.org\/\"},{\"@type\":\"ListItem\",\"position\":2,\"name\":\"Archive Imf\",\"item\":\"https:\/\/admin.industriall-union.org\/es\/archive\/imf\/\"},{\"@type\":\"ListItem\",\"position\":3,\"name\":\"Non aux cancers professionnels en Australie\"}]},{\"@type\":\"WebSite\",\"@id\":\"https:\/\/admin.industriall-union.org\/#website\",\"url\":\"https:\/\/admin.industriall-union.org\/\",\"name\":\"industriall-union\",\"description\":\"\",\"potentialAction\":[{\"@type\":\"SearchAction\",\"target\":{\"@type\":\"EntryPoint\",\"urlTemplate\":\"https:\/\/admin.industriall-union.org\/?s={search_term_string}\"},\"query-input\":{\"@type\":\"PropertyValueSpecification\",\"valueRequired\":true,\"valueName\":\"search_term_string\"}}],\"inLanguage\":\"fr-FR\"}]}<\/script>\n<!-- \/ Yoast SEO Premium plugin. -->","yoast_head_json":{"title":"Non aux cancers professionnels en Australie - industriall-union","robots":{"index":"index","follow":"follow","max-snippet":"max-snippet:-1","max-image-preview":"max-image-preview:large","max-video-preview":"max-video-preview:-1"},"canonical":"https:\/\/admin.industriall-union.org\/fr\/archive\/imf\/non-aux-cancers-professionnels-en-australie\/","og_locale":"fr_FR","og_type":"article","og_title":"Non aux cancers professionnels en Australie","og_description":"AUSTRALIE: Dans le cadre de sa campagne &quot;Non aux cancers professionnels&quot;, le syndicat Australian Manufacturing Workers&#8217; Union (AMWU) (syndicat australien des travailleurs de la fabrication) a r\u00e9alis\u00e9 une version locale de la brochure &#8216;Cancer professionnel, Z\u00e9ro cancer&#8217; publi\u00e9e pour la premi\u00e8re fois en 2007 par la F\u00e9d\u00e9ration internationale des organisations de travailleurs de la m\u00e9tallurgie. [&hellip;]","og_url":"https:\/\/admin.industriall-union.org\/fr\/archive\/imf\/non-aux-cancers-professionnels-en-australie\/","og_site_name":"industriall-union","article_modified_time":"2025-01-31T10:10:07+00:00","twitter_card":"summary_large_image","twitter_misc":{"Est. reading time":"2 minutes"},"schema":{"@context":"https:\/\/schema.org","@graph":[{"@type":"WebPage","@id":"https:\/\/admin.industriall-union.org\/fr\/archive\/imf\/non-aux-cancers-professionnels-en-australie\/","url":"https:\/\/admin.industriall-union.org\/fr\/archive\/imf\/non-aux-cancers-professionnels-en-australie\/","name":"Non aux cancers professionnels en Australie - industriall-union","isPartOf":{"@id":"https:\/\/admin.industriall-union.org\/#website"},"datePublished":"2009-11-25T08:04:00+00:00","dateModified":"2025-01-31T10:10:07+00:00","breadcrumb":{"@id":"https:\/\/admin.industriall-union.org\/fr\/archive\/imf\/non-aux-cancers-professionnels-en-australie\/#breadcrumb"},"inLanguage":"fr-FR","potentialAction":[{"@type":"ReadAction","target":["https:\/\/admin.industriall-union.org\/fr\/archive\/imf\/non-aux-cancers-professionnels-en-australie\/"]}]},{"@type":"BreadcrumbList","@id":"https:\/\/admin.industriall-union.org\/fr\/archive\/imf\/non-aux-cancers-professionnels-en-australie\/#breadcrumb","itemListElement":[{"@type":"ListItem","position":1,"name":"Home","item":"https:\/\/admin.industriall-union.org\/"},{"@type":"ListItem","position":2,"name":"Archive Imf","item":"https:\/\/admin.industriall-union.org\/es\/archive\/imf\/"},{"@type":"ListItem","position":3,"name":"Non aux cancers professionnels en Australie"}]},{"@type":"WebSite","@id":"https:\/\/admin.industriall-union.org\/#website","url":"https:\/\/admin.industriall-union.org\/","name":"industriall-union","description":"","potentialAction":[{"@type":"SearchAction","target":{"@type":"EntryPoint","urlTemplate":"https:\/\/admin.industriall-union.org\/?s={search_term_string}"},"query-input":{"@type":"PropertyValueSpecification","valueRequired":true,"valueName":"search_term_string"}}],"inLanguage":"fr-FR"}]}},"_links":{"self":[{"href":"https:\/\/admin.industriall-union.org\/fr\/wp-json\/wp\/v2\/archive_imf\/202217","targetHints":{"allow":["GET"]}}],"collection":[{"href":"https:\/\/admin.industriall-union.org\/fr\/wp-json\/wp\/v2\/archive_imf"}],"about":[{"href":"https:\/\/admin.industriall-union.org\/fr\/wp-json\/wp\/v2\/types\/archive_imf"}],"wp:attachment":[{"href":"https:\/\/admin.industriall-union.org\/fr\/wp-json\/wp\/v2\/media?parent=202217"}],"curies":[{"name":"wp","href":"https:\/\/api.w.org\/{rel}","templated":true}]}}

AUSTRALIE: Dans le cadre de sa campagne &quot;Non aux cancers professionnels&quot;, le syndicat Australian Manufacturing Workers&#8217; Union (AMWU) (syndicat australien des travailleurs de la fabrication) a réalisé une version locale de la brochure &#8216;Cancer professionnel, Zéro cancer&#8217; publiée pour la première fois en 2007 par la Fédération internationale des organisations de travailleurs de la métallurgie.<br /><br />La nouvelle publication se sert de l&#8217;information contenue dans la brochure mondiale et l&#8217;applique au contexte australien, en tenant compte de la législation australienne sur la sécurité au travail et de la réglementation sur les produits chimiques. <br /><br />Selon les estimations, 60.000 personnes seront mortes en Australie d&#8217;ici 2020 à la suite de maladies liées à l&#8217;amiante. Bien que la nature mortelle de l&#8217;amiante ait déjà été reconnue dans les années 1930, l&#8217;Australie n&#8217;a pas interdit l&#8217;importation et l&#8217;exportation de l&#8217;amiante avant décembre 2003.<br /><br />&quot;Il a fallu des dizaines d&#8217;années de campagnes pour obtenir ce résultat avec l&#8217;amiante. Mais nous continuons d&#8217;introduire de nouvelles substances et de nouvelles technologies dans le travail sans effectuer les investigations indispensables et sans prendre les précautions nécessaires&quot;, a déclaré Dave Oliver, Secrétaire national de l&#8217;AMWU.<br /><br />La sortie de la nouvelle publication coïncide avec la semaine de sensibilisation à l&#8217;amiante à Victoria, Australie, du 23 au 27 novembre. La semaine est un rappel puissant des effets de l&#8217;amiante et offre l&#8217;occasion de se souvenir et de soutenir les familles touchées par les maladies causées par l&#8217;amiante. Les représentant(e)s élu(e)s qui ont la charge des questions de santé et de sécurité au travail profitent également la semaine pour vérifier que leur employeur se conforme aux exigences légales.<br /><br />La publication australienne peut être consultée ici sur le site de la FIOM. <br /><br />Une version de la brochure mondiale Cancer professionnel, Zéro cancer en anglais, français, espagnol et russe se trouve <a href="../index.cfm?id=622&amp;l=2&amp;cid=15709">ici</a>.<br /><br />Voir également: <a href="../index.cfm?c=15620&amp;ol=5">www.imfmetal.org/cancer</a>

<!-- This site is optimized with the Yoast SEO Premium plugin v27.1 (Yoast SEO v27.1) - https://yoast.com/product/yoast-seo-premium-wordpress/ -->
<title>Non aux cancers professionnels en Australie - industriall-union</title>
<meta name="robots" content="index, follow, max-snippet:-1, max-image-preview:large, max-video-preview:-1" />
<link rel="canonical" href="https://admin.industriall-union.org/fr/archive/imf/non-aux-cancers-professionnels-en-australie/" />
<meta property="og:locale" content="fr_FR" />
<meta property="og:type" content="article" />
<meta property="og:title" content="Non aux cancers professionnels en Australie" />
<meta property="og:description" content="AUSTRALIE: Dans le cadre de sa campagne &quot;Non aux cancers professionnels&quot;, le syndicat Australian Manufacturing Workers&#8217; Union (AMWU) (syndicat australien des travailleurs de la fabrication) a réalisé une version locale de la brochure &#8216;Cancer professionnel, Zéro cancer&#8217; publiée pour la première fois en 2007 par la Fédération internationale des organisations de travailleurs de la métallurgie. [&hellip;]" />
<meta property="og:url" content="https://admin.industriall-union.org/fr/archive/imf/non-aux-cancers-professionnels-en-australie/" />
<meta property="og:site_name" content="industriall-union" />
<meta property="article:modified_time" content="2025-01-31T10:10:07+00:00" />
<meta name="twitter:card" content="summary_large_image" />
<meta name="twitter:label1" content="Est. reading time" />
	<meta name="twitter:data1" content="2 minutes" />
<script type="application/ld+json" class="yoast-schema-graph">{"@context":"https://schema.org","@graph":[{"@type":"WebPage","@id":"https://admin.industriall-union.org/fr/archive/imf/non-aux-cancers-professionnels-en-australie/","url":"https://admin.industriall-union.org/fr/archive/imf/non-aux-cancers-professionnels-en-australie/","name":"Non aux cancers professionnels en Australie - industriall-union","isPartOf":{"@id":"https://admin.industriall-union.org/#website"},"datePublished":"2009-11-25T08:04:00+00:00","dateModified":"2025-01-31T10:10:07+00:00","breadcrumb":{"@id":"https://admin.industriall-union.org/fr/archive/imf/non-aux-cancers-professionnels-en-australie/#breadcrumb"},"inLanguage":"fr-FR","potentialAction":[{"@type":"ReadAction","target":["https://admin.industriall-union.org/fr/archive/imf/non-aux-cancers-professionnels-en-australie/"]}]},{"@type":"BreadcrumbList","@id":"https://admin.industriall-union.org/fr/archive/imf/non-aux-cancers-professionnels-en-australie/#breadcrumb","itemListElement":[{"@type":"ListItem","position":1,"name":"Home","item":"https://admin.industriall-union.org/"},{"@type":"ListItem","position":2,"name":"Archive Imf","item":"https://admin.industriall-union.org/es/archive/imf/"},{"@type":"ListItem","position":3,"name":"Non aux cancers professionnels en Australie"}]},{"@type":"WebSite","@id":"https://admin.industriall-union.org/#website","url":"https://admin.industriall-union.org/","name":"industriall-union","description":"","potentialAction":[{"@type":"SearchAction","target":{"@type":"EntryPoint","urlTemplate":"https://admin.industriall-union.org/?s={search_term_string}"},"query-input":{"@type":"PropertyValueSpecification","valueRequired":true,"valueName":"search_term_string"}}],"inLanguage":"fr-FR"}]}</script>
<!-- / Yoast SEO Premium plugin. -->

AUSTRALIE: Dans le cadre de sa campagne &quot;Non aux cancers professionnels&quot;, le syndicat Australian Manufacturing Workers&#8217; Union (AMWU) (syndicat australien des travailleurs de la fabrication) a réalisé une version locale de la brochure &#8216;Cancer professionnel, Zéro cancer&#8217; publiée pour la première fois en 2007 par la Fédération internationale des organisations de travailleurs de la métallurgie. [&hellip;]
