{"id":202215,"date":"2009-11-27T10:38:00","date_gmt":"2009-11-27T10:38:00","guid":{"rendered":"https:\/\/admin.industriall-union.org\/archive\/imf\/opposition-des-syndicats-a-l-039-accord-de-libre-echange-ue-colombie\/"},"modified":"2025-01-31T10:10:07","modified_gmt":"2025-01-31T10:10:07","slug":"opposition-des-syndicats-a-l-039-accord-de-libre-echange-ue-colombie","status":"publish","type":"archive_imf","link":"https:\/\/admin.industriall-union.org\/fr\/archive\/imf\/opposition-des-syndicats-a-l-039-accord-de-libre-echange-ue-colombie\/","title":{"rendered":"Opposition des syndicats \u00e0 l&#039;accord de libre-\u00e9change UE-Colombie"},"content":{"rendered":"EUROPE: La F\u00e9d\u00e9ration europ\u00e9enne des m\u00e9tallurgistes (FEM) a \u00e9crit aux membres du Parlement europ\u00e9en pour leur demander de ne pas signer un accord de libre-\u00e9change EU-Colombie et pour les informer qu&#8217;une s\u00e9ance sp\u00e9ciale sur la question aura lieu le 9 d\u00e9cembre au Parlement europ\u00e9en.<br \/><br \/>La Colombie reste le pays le plus dangereux au monde pour les syndicalistes. En 2007, 39 syndicalistes ont \u00e9t\u00e9 assassin\u00e9s et 49 l&#8217;ann\u00e9e derni\u00e8re. <br \/><br \/>Depuis 1986, environ 2.712 syndicalistes ont \u00e9t\u00e9 tu\u00e9s et les poursuites engag\u00e9es n&#8217;ont concern\u00e9 que 4,4 pour cent des cas. Le Commissaire des Nations-Unies aux droits de l&#8217;homme a fait \u00e9tat d&#8217;un tr\u00e8s grand nombre d&#8217;infractions graves aux droits de la personne et l&#8217;Organisation internationale du Travail a rejet\u00e9, \u00e0 sa toute derni\u00e8re conf\u00e9rence, des propositions visant \u00e0 accorder \u00e0 la Colombie la marque de &quot;t\u00e9moignage de progr\u00e8s&quot;. D\u00e9j\u00e0, pr\u00e8s de 30 syndicalistes ont \u00e9t\u00e9 tu\u00e9s cette ann\u00e9e.<br \/><br \/>Malgr\u00e9 cela, la Commission europ\u00e9enne n\u00e9gocie actuellement un accord de libre-\u00e9change avec la Colombie. <br \/><br \/>La F\u00e9d\u00e9ration internationale des organisations de travailleurs de la m\u00e9tallurgie se joint \u00e0 la Conf\u00e9d\u00e9ration syndicale internationale et aux syndicats colombiens pour exprimer l&#8217;opposition \u00e0 un accord commercial entre l&#8217;UE et la Colombie. <br \/><br \/>En opposition aux n\u00e9gociations en cours entre la Commission europ\u00e9enne et la Colombie sur l&#8217;accord commercial, les syndicats du Royaume-Uni et d&#8217;Irlande ont publi\u00e9 un rapport sur la situation en Colombie. Le rapport, publi\u00e9 conjointement par le &#8216;Trade Union Congress&#8217; (TUC), le &#8216;Congress of Trade Unions&#8217; irlandais, &#8216;Unite&#8217;, &#8216;Workers Uniting&#8217; et &#8216;Justice for Colombia&#8217; se trouve <a href=\"..\/files\/09112711354966\/EU-Colombia-FTA-Report.pdf\">ici<\/a> sur le site de la FIOM.<br \/><br \/>Pour plus de renseignements sur la s\u00e9ance sp\u00e9ciale qui aura lieu au Parlement europ\u00e9en et sur la campagne: <a href=\"http:\/\/www.justiceforcolombia.org\/\">http:\/\/www.justiceforcolombia.org\/<\/a>","protected":false},"featured_media":0,"template":"","class_list":["post-202215","archive_imf","type-archive_imf","status-publish","hentry"],"acf":[],"yoast_head":"<!-- This site is optimized with the Yoast SEO Premium plugin v27.1 (Yoast SEO v27.1) - https:\/\/yoast.com\/product\/yoast-seo-premium-wordpress\/ -->\n<title>Opposition des syndicats \u00e0 l&#039;accord de libre-\u00e9change UE-Colombie - industriall-union<\/title>\n<meta name=\"robots\" content=\"index, follow, max-snippet:-1, max-image-preview:large, max-video-preview:-1\" \/>\n<link rel=\"canonical\" href=\"https:\/\/admin.industriall-union.org\/fr\/archive\/imf\/opposition-des-syndicats-a-l-039-accord-de-libre-echange-ue-colombie\/\" \/>\n<meta property=\"og:locale\" content=\"fr_FR\" \/>\n<meta property=\"og:type\" content=\"article\" \/>\n<meta property=\"og:title\" content=\"Opposition des syndicats \u00e0 l&#039;accord de libre-\u00e9change UE-Colombie\" \/>\n<meta property=\"og:description\" content=\"EUROPE: La F\u00e9d\u00e9ration europ\u00e9enne des m\u00e9tallurgistes (FEM) a \u00e9crit aux membres du Parlement europ\u00e9en pour leur demander de ne pas signer un accord de libre-\u00e9change EU-Colombie et pour les informer qu&#8217;une s\u00e9ance sp\u00e9ciale sur la question aura lieu le 9 d\u00e9cembre au Parlement europ\u00e9en. La Colombie reste le pays le plus dangereux au monde pour [&hellip;]\" \/>\n<meta property=\"og:url\" content=\"https:\/\/admin.industriall-union.org\/fr\/archive\/imf\/opposition-des-syndicats-a-l-039-accord-de-libre-echange-ue-colombie\/\" \/>\n<meta property=\"og:site_name\" content=\"industriall-union\" \/>\n<meta property=\"article:modified_time\" content=\"2025-01-31T10:10:07+00:00\" \/>\n<meta name=\"twitter:card\" content=\"summary_large_image\" \/>\n<meta name=\"twitter:label1\" content=\"Est. reading time\" \/>\n\t<meta name=\"twitter:data1\" content=\"2 minutes\" \/>\n<script type=\"application\/ld+json\" class=\"yoast-schema-graph\">{\"@context\":\"https:\/\/schema.org\",\"@graph\":[{\"@type\":\"WebPage\",\"@id\":\"https:\/\/admin.industriall-union.org\/fr\/archive\/imf\/opposition-des-syndicats-a-l-039-accord-de-libre-echange-ue-colombie\/\",\"url\":\"https:\/\/admin.industriall-union.org\/fr\/archive\/imf\/opposition-des-syndicats-a-l-039-accord-de-libre-echange-ue-colombie\/\",\"name\":\"Opposition des syndicats \u00e0 l&#039;accord de libre-\u00e9change UE-Colombie - industriall-union\",\"isPartOf\":{\"@id\":\"https:\/\/admin.industriall-union.org\/#website\"},\"datePublished\":\"2009-11-27T10:38:00+00:00\",\"dateModified\":\"2025-01-31T10:10:07+00:00\",\"breadcrumb\":{\"@id\":\"https:\/\/admin.industriall-union.org\/fr\/archive\/imf\/opposition-des-syndicats-a-l-039-accord-de-libre-echange-ue-colombie\/#breadcrumb\"},\"inLanguage\":\"fr-FR\",\"potentialAction\":[{\"@type\":\"ReadAction\",\"target\":[\"https:\/\/admin.industriall-union.org\/fr\/archive\/imf\/opposition-des-syndicats-a-l-039-accord-de-libre-echange-ue-colombie\/\"]}]},{\"@type\":\"BreadcrumbList\",\"@id\":\"https:\/\/admin.industriall-union.org\/fr\/archive\/imf\/opposition-des-syndicats-a-l-039-accord-de-libre-echange-ue-colombie\/#breadcrumb\",\"itemListElement\":[{\"@type\":\"ListItem\",\"position\":1,\"name\":\"Home\",\"item\":\"https:\/\/admin.industriall-union.org\/\"},{\"@type\":\"ListItem\",\"position\":2,\"name\":\"Archive Imf\",\"item\":\"https:\/\/admin.industriall-union.org\/es\/archive\/imf\/\"},{\"@type\":\"ListItem\",\"position\":3,\"name\":\"Opposition des syndicats \u00e0 l&#039;accord de libre-\u00e9change UE-Colombie\"}]},{\"@type\":\"WebSite\",\"@id\":\"https:\/\/admin.industriall-union.org\/#website\",\"url\":\"https:\/\/admin.industriall-union.org\/\",\"name\":\"industriall-union\",\"description\":\"\",\"potentialAction\":[{\"@type\":\"SearchAction\",\"target\":{\"@type\":\"EntryPoint\",\"urlTemplate\":\"https:\/\/admin.industriall-union.org\/?s={search_term_string}\"},\"query-input\":{\"@type\":\"PropertyValueSpecification\",\"valueRequired\":true,\"valueName\":\"search_term_string\"}}],\"inLanguage\":\"fr-FR\"}]}<\/script>\n<!-- \/ Yoast SEO Premium plugin. -->","yoast_head_json":{"title":"Opposition des syndicats \u00e0 l&#039;accord de libre-\u00e9change UE-Colombie - industriall-union","robots":{"index":"index","follow":"follow","max-snippet":"max-snippet:-1","max-image-preview":"max-image-preview:large","max-video-preview":"max-video-preview:-1"},"canonical":"https:\/\/admin.industriall-union.org\/fr\/archive\/imf\/opposition-des-syndicats-a-l-039-accord-de-libre-echange-ue-colombie\/","og_locale":"fr_FR","og_type":"article","og_title":"Opposition des syndicats \u00e0 l&#039;accord de libre-\u00e9change UE-Colombie","og_description":"EUROPE: La F\u00e9d\u00e9ration europ\u00e9enne des m\u00e9tallurgistes (FEM) a \u00e9crit aux membres du Parlement europ\u00e9en pour leur demander de ne pas signer un accord de libre-\u00e9change EU-Colombie et pour les informer qu&#8217;une s\u00e9ance sp\u00e9ciale sur la question aura lieu le 9 d\u00e9cembre au Parlement europ\u00e9en. La Colombie reste le pays le plus dangereux au monde pour [&hellip;]","og_url":"https:\/\/admin.industriall-union.org\/fr\/archive\/imf\/opposition-des-syndicats-a-l-039-accord-de-libre-echange-ue-colombie\/","og_site_name":"industriall-union","article_modified_time":"2025-01-31T10:10:07+00:00","twitter_card":"summary_large_image","twitter_misc":{"Est. reading time":"2 minutes"},"schema":{"@context":"https:\/\/schema.org","@graph":[{"@type":"WebPage","@id":"https:\/\/admin.industriall-union.org\/fr\/archive\/imf\/opposition-des-syndicats-a-l-039-accord-de-libre-echange-ue-colombie\/","url":"https:\/\/admin.industriall-union.org\/fr\/archive\/imf\/opposition-des-syndicats-a-l-039-accord-de-libre-echange-ue-colombie\/","name":"Opposition des syndicats \u00e0 l&#039;accord de libre-\u00e9change UE-Colombie - industriall-union","isPartOf":{"@id":"https:\/\/admin.industriall-union.org\/#website"},"datePublished":"2009-11-27T10:38:00+00:00","dateModified":"2025-01-31T10:10:07+00:00","breadcrumb":{"@id":"https:\/\/admin.industriall-union.org\/fr\/archive\/imf\/opposition-des-syndicats-a-l-039-accord-de-libre-echange-ue-colombie\/#breadcrumb"},"inLanguage":"fr-FR","potentialAction":[{"@type":"ReadAction","target":["https:\/\/admin.industriall-union.org\/fr\/archive\/imf\/opposition-des-syndicats-a-l-039-accord-de-libre-echange-ue-colombie\/"]}]},{"@type":"BreadcrumbList","@id":"https:\/\/admin.industriall-union.org\/fr\/archive\/imf\/opposition-des-syndicats-a-l-039-accord-de-libre-echange-ue-colombie\/#breadcrumb","itemListElement":[{"@type":"ListItem","position":1,"name":"Home","item":"https:\/\/admin.industriall-union.org\/"},{"@type":"ListItem","position":2,"name":"Archive Imf","item":"https:\/\/admin.industriall-union.org\/es\/archive\/imf\/"},{"@type":"ListItem","position":3,"name":"Opposition des syndicats \u00e0 l&#039;accord de libre-\u00e9change UE-Colombie"}]},{"@type":"WebSite","@id":"https:\/\/admin.industriall-union.org\/#website","url":"https:\/\/admin.industriall-union.org\/","name":"industriall-union","description":"","potentialAction":[{"@type":"SearchAction","target":{"@type":"EntryPoint","urlTemplate":"https:\/\/admin.industriall-union.org\/?s={search_term_string}"},"query-input":{"@type":"PropertyValueSpecification","valueRequired":true,"valueName":"search_term_string"}}],"inLanguage":"fr-FR"}]}},"_links":{"self":[{"href":"https:\/\/admin.industriall-union.org\/fr\/wp-json\/wp\/v2\/archive_imf\/202215","targetHints":{"allow":["GET"]}}],"collection":[{"href":"https:\/\/admin.industriall-union.org\/fr\/wp-json\/wp\/v2\/archive_imf"}],"about":[{"href":"https:\/\/admin.industriall-union.org\/fr\/wp-json\/wp\/v2\/types\/archive_imf"}],"wp:attachment":[{"href":"https:\/\/admin.industriall-union.org\/fr\/wp-json\/wp\/v2\/media?parent=202215"}],"curies":[{"name":"wp","href":"https:\/\/api.w.org\/{rel}","templated":true}]}}

Opposition des syndicats à l&#039;accord de libre-échange UE-Colombie

EUROPE: La Fédération européenne des métallurgistes (FEM) a écrit aux membres du Parlement européen pour leur demander de ne pas signer un accord de libre-échange EU-Colombie et pour les informer qu&#8217;une séance spéciale sur la question aura lieu le 9 décembre au Parlement européen.<br /><br />La Colombie reste le pays le plus dangereux au monde pour les syndicalistes. En 2007, 39 syndicalistes ont été assassinés et 49 l&#8217;année dernière. <br /><br />Depuis 1986, environ 2.712 syndicalistes ont été tués et les poursuites engagées n&#8217;ont concerné que 4,4 pour cent des cas. Le Commissaire des Nations-Unies aux droits de l&#8217;homme a fait état d&#8217;un très grand nombre d&#8217;infractions graves aux droits de la personne et l&#8217;Organisation internationale du Travail a rejeté, à sa toute dernière conférence, des propositions visant à accorder à la Colombie la marque de &quot;témoignage de progrès&quot;. Déjà, près de 30 syndicalistes ont été tués cette année.<br /><br />Malgré cela, la Commission européenne négocie actuellement un accord de libre-échange avec la Colombie. <br /><br />La Fédération internationale des organisations de travailleurs de la métallurgie se joint à la Confédération syndicale internationale et aux syndicats colombiens pour exprimer l&#8217;opposition à un accord commercial entre l&#8217;UE et la Colombie. <br /><br />En opposition aux négociations en cours entre la Commission européenne et la Colombie sur l&#8217;accord commercial, les syndicats du Royaume-Uni et d&#8217;Irlande ont publié un rapport sur la situation en Colombie. Le rapport, publié conjointement par le &#8216;Trade Union Congress&#8217; (TUC), le &#8216;Congress of Trade Unions&#8217; irlandais, &#8216;Unite&#8217;, &#8216;Workers Uniting&#8217; et &#8216;Justice for Colombia&#8217; se trouve <a href="../files/09112711354966/EU-Colombia-FTA-Report.pdf">ici</a> sur le site de la FIOM.<br /><br />Pour plus de renseignements sur la séance spéciale qui aura lieu au Parlement européen et sur la campagne: <a href="http://www.justiceforcolombia.org/">http://www.justiceforcolombia.org/</a>

<!-- This site is optimized with the Yoast SEO Premium plugin v27.1 (Yoast SEO v27.1) - https://yoast.com/product/yoast-seo-premium-wordpress/ -->
<title>Opposition des syndicats à l&#039;accord de libre-échange UE-Colombie - industriall-union</title>
<meta name="robots" content="index, follow, max-snippet:-1, max-image-preview:large, max-video-preview:-1" />
<link rel="canonical" href="https://admin.industriall-union.org/fr/archive/imf/opposition-des-syndicats-a-l-039-accord-de-libre-echange-ue-colombie/" />
<meta property="og:locale" content="fr_FR" />
<meta property="og:type" content="article" />
<meta property="og:title" content="Opposition des syndicats à l&#039;accord de libre-échange UE-Colombie" />
<meta property="og:description" content="EUROPE: La Fédération européenne des métallurgistes (FEM) a écrit aux membres du Parlement européen pour leur demander de ne pas signer un accord de libre-échange EU-Colombie et pour les informer qu&#8217;une séance spéciale sur la question aura lieu le 9 décembre au Parlement européen. La Colombie reste le pays le plus dangereux au monde pour [&hellip;]" />
<meta property="og:url" content="https://admin.industriall-union.org/fr/archive/imf/opposition-des-syndicats-a-l-039-accord-de-libre-echange-ue-colombie/" />
<meta property="og:site_name" content="industriall-union" />
<meta property="article:modified_time" content="2025-01-31T10:10:07+00:00" />
<meta name="twitter:card" content="summary_large_image" />
<meta name="twitter:label1" content="Est. reading time" />
	<meta name="twitter:data1" content="2 minutes" />
<script type="application/ld+json" class="yoast-schema-graph">{"@context":"https://schema.org","@graph":[{"@type":"WebPage","@id":"https://admin.industriall-union.org/fr/archive/imf/opposition-des-syndicats-a-l-039-accord-de-libre-echange-ue-colombie/","url":"https://admin.industriall-union.org/fr/archive/imf/opposition-des-syndicats-a-l-039-accord-de-libre-echange-ue-colombie/","name":"Opposition des syndicats à l&#039;accord de libre-échange UE-Colombie - industriall-union","isPartOf":{"@id":"https://admin.industriall-union.org/#website"},"datePublished":"2009-11-27T10:38:00+00:00","dateModified":"2025-01-31T10:10:07+00:00","breadcrumb":{"@id":"https://admin.industriall-union.org/fr/archive/imf/opposition-des-syndicats-a-l-039-accord-de-libre-echange-ue-colombie/#breadcrumb"},"inLanguage":"fr-FR","potentialAction":[{"@type":"ReadAction","target":["https://admin.industriall-union.org/fr/archive/imf/opposition-des-syndicats-a-l-039-accord-de-libre-echange-ue-colombie/"]}]},{"@type":"BreadcrumbList","@id":"https://admin.industriall-union.org/fr/archive/imf/opposition-des-syndicats-a-l-039-accord-de-libre-echange-ue-colombie/#breadcrumb","itemListElement":[{"@type":"ListItem","position":1,"name":"Home","item":"https://admin.industriall-union.org/"},{"@type":"ListItem","position":2,"name":"Archive Imf","item":"https://admin.industriall-union.org/es/archive/imf/"},{"@type":"ListItem","position":3,"name":"Opposition des syndicats à l&#039;accord de libre-échange UE-Colombie"}]},{"@type":"WebSite","@id":"https://admin.industriall-union.org/#website","url":"https://admin.industriall-union.org/","name":"industriall-union","description":"","potentialAction":[{"@type":"SearchAction","target":{"@type":"EntryPoint","urlTemplate":"https://admin.industriall-union.org/?s={search_term_string}"},"query-input":{"@type":"PropertyValueSpecification","valueRequired":true,"valueName":"search_term_string"}}],"inLanguage":"fr-FR"}]}</script>
<!-- / Yoast SEO Premium plugin. -->

Opposition des syndicats à l&#039;accord de libre-échange UE-Colombie - industriall-union

EUROPE: La Fédération européenne des métallurgistes (FEM) a écrit aux membres du Parlement européen pour leur demander de ne pas signer un accord de libre-échange EU-Colombie et pour les informer qu&#8217;une séance spéciale sur la question aura lieu le 9 décembre au Parlement européen. La Colombie reste le pays le plus dangereux au monde pour [&hellip;]
