{"id":202184,"date":"2009-12-08T14:13:00","date_gmt":"2009-12-08T14:13:00","guid":{"rendered":"https:\/\/admin.industriall-union.org\/archive\/imf\/progres-decisif-chez-honda-motor-en-argentine\/"},"modified":"2025-01-31T10:09:53","modified_gmt":"2025-01-31T10:09:53","slug":"progres-decisif-chez-honda-motor-en-argentine","status":"publish","type":"archive_imf","link":"https:\/\/admin.industriall-union.org\/fr\/archive\/imf\/progres-decisif-chez-honda-motor-en-argentine\/","title":{"rendered":"Progr\u00e8s d\u00e9cisif chez Honda Motor en Argentine"},"content":{"rendered":"<p>ARGENTINE: Apr\u00e8s plusieurs mois de discussions, le syndicat argentin des agents de ma\u00eetrise ASIMRA affili\u00e9 \u00e0 la FIOM a conclu un accord avec Honda Motor en Argentine qui porte sur les points suivants:<\/p><ul><li>ASIMRA est le syndicat reconnu pour la n\u00e9gociation d&#8217;une convention collective pour les agents de ma\u00eetrise de Honda Motor en Argentine;<\/li><li>les parties s&#8217;engagent \u00e0 n\u00e9gocier une convention collective dans le courant de 2010, apr\u00e8s avoir effectu\u00e9 une analyse des perspectives du march\u00e9 et de la situation de l&#8217;entreprise;<\/li><li>les parties entameront des n\u00e9gociations sur une convention collective pour une usine que Honda envisage de cr\u00e9er \u00e0 Campana; <\/li><li>les parties sont dispos\u00e9es \u00e0 entretenir des relations harmonieuses dans un cadre de paix sociale.<\/li><\/ul><p>Jyrki Raina, Secr\u00e9taire g\u00e9n\u00e9ral de la F\u00e9d\u00e9ration internationale des organisations de travailleurs de la m\u00e9tallurgie (FIOM), a d\u00e9clar\u00e9: &quot;C&#8217;est une tr\u00e8s belle r\u00e9ussite pour ASIMRA, qui a rencontr\u00e9 des difficult\u00e9s pour obtenir la reconnaissance de la n\u00e9gociation collective avec quelques autres entreprises&quot;. <br \/><br \/>L&#8217;ouverture de l&#8217;usine Honda \u00e0 Campana dans la province de Buenos Aires avait \u00e9t\u00e9 pr\u00e9vue au second semestre de 2009, mais la r\u00e9cession \u00e9conomique avait interrompu le projet. Les travaux de construction ont repris. L&#8217;ouverture de l&#8217;usine qui permettra de cr\u00e9er environ 800 emplois est pr\u00e9vue en avril 2010. <br \/><br \/>Des progr\u00e8s ont \u00e9galement \u00e9t\u00e9 signal\u00e9s chez Toyota en Argentine, qui a maintenant reconnu l&#8217;existence de diff\u00e9rents niveaux de fonctions de surveillance. Le ministre argentin du Travail a communiqu\u00e9 \u00e0 l&#8217;ASIMRA qu&#8217;il allait bient\u00f4t reconna\u00eetre officiellement ces faits. ASIMRA a re\u00e7u le soutien du syndicat ouvrier SMATA pour obtenir la reconnaissance de la repr\u00e9sentation de 300 employ\u00e9(e)s administratifs\/ives \u00e0 l&#8217;usine Toyota situ\u00e9e \u00e0 Z\u00e1rate, dans la province de Buenos Aires. <br \/><br \/>ASIMRA fait pression avec le soutien de la FIOM pour obtenir des r\u00e9sultats analogues chez d&#8217;autres constructeurs automobiles menant des activit\u00e9s en Argentine.<\/p><p style=\"margin: 0pt\">&nbsp;<\/p>","protected":false},"featured_media":0,"template":"","class_list":["post-202184","archive_imf","type-archive_imf","status-publish","hentry"],"acf":[],"yoast_head":"<!-- This site is optimized with the Yoast SEO Premium plugin v27.1 (Yoast SEO v27.1) - https:\/\/yoast.com\/product\/yoast-seo-premium-wordpress\/ -->\n<title>Progr\u00e8s d\u00e9cisif chez Honda Motor en Argentine - industriall-union<\/title>\n<meta name=\"robots\" content=\"index, follow, max-snippet:-1, max-image-preview:large, max-video-preview:-1\" \/>\n<link rel=\"canonical\" href=\"https:\/\/admin.industriall-union.org\/fr\/archive\/imf\/progres-decisif-chez-honda-motor-en-argentine\/\" \/>\n<meta property=\"og:locale\" content=\"fr_FR\" \/>\n<meta property=\"og:type\" content=\"article\" \/>\n<meta property=\"og:title\" content=\"Progr\u00e8s d\u00e9cisif chez Honda Motor en Argentine\" \/>\n<meta property=\"og:description\" content=\"ARGENTINE: Apr\u00e8s plusieurs mois de discussions, le syndicat argentin des agents de ma\u00eetrise ASIMRA affili\u00e9 \u00e0 la FIOM a conclu un accord avec Honda Motor en Argentine qui porte sur les points suivants: ASIMRA est le syndicat reconnu pour la n\u00e9gociation d&#8217;une convention collective pour les agents de ma\u00eetrise de Honda Motor en Argentine; les [&hellip;]\" \/>\n<meta property=\"og:url\" content=\"https:\/\/admin.industriall-union.org\/fr\/archive\/imf\/progres-decisif-chez-honda-motor-en-argentine\/\" \/>\n<meta property=\"og:site_name\" content=\"industriall-union\" \/>\n<meta property=\"article:modified_time\" content=\"2025-01-31T10:09:53+00:00\" \/>\n<meta name=\"twitter:card\" content=\"summary_large_image\" \/>\n<meta name=\"twitter:label1\" content=\"Est. reading time\" \/>\n\t<meta name=\"twitter:data1\" content=\"2 minutes\" \/>\n<script type=\"application\/ld+json\" class=\"yoast-schema-graph\">{\"@context\":\"https:\/\/schema.org\",\"@graph\":[{\"@type\":\"WebPage\",\"@id\":\"https:\/\/admin.industriall-union.org\/fr\/archive\/imf\/progres-decisif-chez-honda-motor-en-argentine\/\",\"url\":\"https:\/\/admin.industriall-union.org\/fr\/archive\/imf\/progres-decisif-chez-honda-motor-en-argentine\/\",\"name\":\"Progr\u00e8s d\u00e9cisif chez Honda Motor en Argentine - industriall-union\",\"isPartOf\":{\"@id\":\"https:\/\/admin.industriall-union.org\/#website\"},\"datePublished\":\"2009-12-08T14:13:00+00:00\",\"dateModified\":\"2025-01-31T10:09:53+00:00\",\"breadcrumb\":{\"@id\":\"https:\/\/admin.industriall-union.org\/fr\/archive\/imf\/progres-decisif-chez-honda-motor-en-argentine\/#breadcrumb\"},\"inLanguage\":\"fr-FR\",\"potentialAction\":[{\"@type\":\"ReadAction\",\"target\":[\"https:\/\/admin.industriall-union.org\/fr\/archive\/imf\/progres-decisif-chez-honda-motor-en-argentine\/\"]}]},{\"@type\":\"BreadcrumbList\",\"@id\":\"https:\/\/admin.industriall-union.org\/fr\/archive\/imf\/progres-decisif-chez-honda-motor-en-argentine\/#breadcrumb\",\"itemListElement\":[{\"@type\":\"ListItem\",\"position\":1,\"name\":\"Home\",\"item\":\"https:\/\/admin.industriall-union.org\/\"},{\"@type\":\"ListItem\",\"position\":2,\"name\":\"Archive Imf\",\"item\":\"https:\/\/admin.industriall-union.org\/es\/archive\/imf\/\"},{\"@type\":\"ListItem\",\"position\":3,\"name\":\"Progr\u00e8s d\u00e9cisif chez Honda Motor en Argentine\"}]},{\"@type\":\"WebSite\",\"@id\":\"https:\/\/admin.industriall-union.org\/#website\",\"url\":\"https:\/\/admin.industriall-union.org\/\",\"name\":\"industriall-union\",\"description\":\"\",\"potentialAction\":[{\"@type\":\"SearchAction\",\"target\":{\"@type\":\"EntryPoint\",\"urlTemplate\":\"https:\/\/admin.industriall-union.org\/?s={search_term_string}\"},\"query-input\":{\"@type\":\"PropertyValueSpecification\",\"valueRequired\":true,\"valueName\":\"search_term_string\"}}],\"inLanguage\":\"fr-FR\"}]}<\/script>\n<!-- \/ Yoast SEO Premium plugin. -->","yoast_head_json":{"title":"Progr\u00e8s d\u00e9cisif chez Honda Motor en Argentine - industriall-union","robots":{"index":"index","follow":"follow","max-snippet":"max-snippet:-1","max-image-preview":"max-image-preview:large","max-video-preview":"max-video-preview:-1"},"canonical":"https:\/\/admin.industriall-union.org\/fr\/archive\/imf\/progres-decisif-chez-honda-motor-en-argentine\/","og_locale":"fr_FR","og_type":"article","og_title":"Progr\u00e8s d\u00e9cisif chez Honda Motor en Argentine","og_description":"ARGENTINE: Apr\u00e8s plusieurs mois de discussions, le syndicat argentin des agents de ma\u00eetrise ASIMRA affili\u00e9 \u00e0 la FIOM a conclu un accord avec Honda Motor en Argentine qui porte sur les points suivants: ASIMRA est le syndicat reconnu pour la n\u00e9gociation d&#8217;une convention collective pour les agents de ma\u00eetrise de Honda Motor en Argentine; les [&hellip;]","og_url":"https:\/\/admin.industriall-union.org\/fr\/archive\/imf\/progres-decisif-chez-honda-motor-en-argentine\/","og_site_name":"industriall-union","article_modified_time":"2025-01-31T10:09:53+00:00","twitter_card":"summary_large_image","twitter_misc":{"Est. reading time":"2 minutes"},"schema":{"@context":"https:\/\/schema.org","@graph":[{"@type":"WebPage","@id":"https:\/\/admin.industriall-union.org\/fr\/archive\/imf\/progres-decisif-chez-honda-motor-en-argentine\/","url":"https:\/\/admin.industriall-union.org\/fr\/archive\/imf\/progres-decisif-chez-honda-motor-en-argentine\/","name":"Progr\u00e8s d\u00e9cisif chez Honda Motor en Argentine - industriall-union","isPartOf":{"@id":"https:\/\/admin.industriall-union.org\/#website"},"datePublished":"2009-12-08T14:13:00+00:00","dateModified":"2025-01-31T10:09:53+00:00","breadcrumb":{"@id":"https:\/\/admin.industriall-union.org\/fr\/archive\/imf\/progres-decisif-chez-honda-motor-en-argentine\/#breadcrumb"},"inLanguage":"fr-FR","potentialAction":[{"@type":"ReadAction","target":["https:\/\/admin.industriall-union.org\/fr\/archive\/imf\/progres-decisif-chez-honda-motor-en-argentine\/"]}]},{"@type":"BreadcrumbList","@id":"https:\/\/admin.industriall-union.org\/fr\/archive\/imf\/progres-decisif-chez-honda-motor-en-argentine\/#breadcrumb","itemListElement":[{"@type":"ListItem","position":1,"name":"Home","item":"https:\/\/admin.industriall-union.org\/"},{"@type":"ListItem","position":2,"name":"Archive Imf","item":"https:\/\/admin.industriall-union.org\/es\/archive\/imf\/"},{"@type":"ListItem","position":3,"name":"Progr\u00e8s d\u00e9cisif chez Honda Motor en Argentine"}]},{"@type":"WebSite","@id":"https:\/\/admin.industriall-union.org\/#website","url":"https:\/\/admin.industriall-union.org\/","name":"industriall-union","description":"","potentialAction":[{"@type":"SearchAction","target":{"@type":"EntryPoint","urlTemplate":"https:\/\/admin.industriall-union.org\/?s={search_term_string}"},"query-input":{"@type":"PropertyValueSpecification","valueRequired":true,"valueName":"search_term_string"}}],"inLanguage":"fr-FR"}]}},"_links":{"self":[{"href":"https:\/\/admin.industriall-union.org\/fr\/wp-json\/wp\/v2\/archive_imf\/202184","targetHints":{"allow":["GET"]}}],"collection":[{"href":"https:\/\/admin.industriall-union.org\/fr\/wp-json\/wp\/v2\/archive_imf"}],"about":[{"href":"https:\/\/admin.industriall-union.org\/fr\/wp-json\/wp\/v2\/types\/archive_imf"}],"wp:attachment":[{"href":"https:\/\/admin.industriall-union.org\/fr\/wp-json\/wp\/v2\/media?parent=202184"}],"curies":[{"name":"wp","href":"https:\/\/api.w.org\/{rel}","templated":true}]}}

Progrès décisif chez Honda Motor en Argentine

<p>ARGENTINE: Après plusieurs mois de discussions, le syndicat argentin des agents de maîtrise ASIMRA affilié à la FIOM a conclu un accord avec Honda Motor en Argentine qui porte sur les points suivants:</p><ul><li>ASIMRA est le syndicat reconnu pour la négociation d&#8217;une convention collective pour les agents de maîtrise de Honda Motor en Argentine;</li><li>les parties s&#8217;engagent à négocier une convention collective dans le courant de 2010, après avoir effectué une analyse des perspectives du marché et de la situation de l&#8217;entreprise;</li><li>les parties entameront des négociations sur une convention collective pour une usine que Honda envisage de créer à Campana; </li><li>les parties sont disposées à entretenir des relations harmonieuses dans un cadre de paix sociale.</li></ul><p>Jyrki Raina, Secrétaire général de la Fédération internationale des organisations de travailleurs de la métallurgie (FIOM), a déclaré: &quot;C&#8217;est une très belle réussite pour ASIMRA, qui a rencontré des difficultés pour obtenir la reconnaissance de la négociation collective avec quelques autres entreprises&quot;. <br /><br />L&#8217;ouverture de l&#8217;usine Honda à Campana dans la province de Buenos Aires avait été prévue au second semestre de 2009, mais la récession économique avait interrompu le projet. Les travaux de construction ont repris. L&#8217;ouverture de l&#8217;usine qui permettra de créer environ 800 emplois est prévue en avril 2010. <br /><br />Des progrès ont également été signalés chez Toyota en Argentine, qui a maintenant reconnu l&#8217;existence de différents niveaux de fonctions de surveillance. Le ministre argentin du Travail a communiqué à l&#8217;ASIMRA qu&#8217;il allait bientôt reconnaître officiellement ces faits. ASIMRA a reçu le soutien du syndicat ouvrier SMATA pour obtenir la reconnaissance de la représentation de 300 employé(e)s administratifs/ives à l&#8217;usine Toyota située à Zárate, dans la province de Buenos Aires. <br /><br />ASIMRA fait pression avec le soutien de la FIOM pour obtenir des résultats analogues chez d&#8217;autres constructeurs automobiles menant des activités en Argentine.</p><p style="margin: 0pt">&nbsp;</p>

<!-- This site is optimized with the Yoast SEO Premium plugin v27.1 (Yoast SEO v27.1) - https://yoast.com/product/yoast-seo-premium-wordpress/ -->
<title>Progrès décisif chez Honda Motor en Argentine - industriall-union</title>
<meta name="robots" content="index, follow, max-snippet:-1, max-image-preview:large, max-video-preview:-1" />
<link rel="canonical" href="https://admin.industriall-union.org/fr/archive/imf/progres-decisif-chez-honda-motor-en-argentine/" />
<meta property="og:locale" content="fr_FR" />
<meta property="og:type" content="article" />
<meta property="og:title" content="Progrès décisif chez Honda Motor en Argentine" />
<meta property="og:description" content="ARGENTINE: Après plusieurs mois de discussions, le syndicat argentin des agents de maîtrise ASIMRA affilié à la FIOM a conclu un accord avec Honda Motor en Argentine qui porte sur les points suivants: ASIMRA est le syndicat reconnu pour la négociation d&#8217;une convention collective pour les agents de maîtrise de Honda Motor en Argentine; les [&hellip;]" />
<meta property="og:url" content="https://admin.industriall-union.org/fr/archive/imf/progres-decisif-chez-honda-motor-en-argentine/" />
<meta property="og:site_name" content="industriall-union" />
<meta property="article:modified_time" content="2025-01-31T10:09:53+00:00" />
<meta name="twitter:card" content="summary_large_image" />
<meta name="twitter:label1" content="Est. reading time" />
	<meta name="twitter:data1" content="2 minutes" />
<script type="application/ld+json" class="yoast-schema-graph">{"@context":"https://schema.org","@graph":[{"@type":"WebPage","@id":"https://admin.industriall-union.org/fr/archive/imf/progres-decisif-chez-honda-motor-en-argentine/","url":"https://admin.industriall-union.org/fr/archive/imf/progres-decisif-chez-honda-motor-en-argentine/","name":"Progrès décisif chez Honda Motor en Argentine - industriall-union","isPartOf":{"@id":"https://admin.industriall-union.org/#website"},"datePublished":"2009-12-08T14:13:00+00:00","dateModified":"2025-01-31T10:09:53+00:00","breadcrumb":{"@id":"https://admin.industriall-union.org/fr/archive/imf/progres-decisif-chez-honda-motor-en-argentine/#breadcrumb"},"inLanguage":"fr-FR","potentialAction":[{"@type":"ReadAction","target":["https://admin.industriall-union.org/fr/archive/imf/progres-decisif-chez-honda-motor-en-argentine/"]}]},{"@type":"BreadcrumbList","@id":"https://admin.industriall-union.org/fr/archive/imf/progres-decisif-chez-honda-motor-en-argentine/#breadcrumb","itemListElement":[{"@type":"ListItem","position":1,"name":"Home","item":"https://admin.industriall-union.org/"},{"@type":"ListItem","position":2,"name":"Archive Imf","item":"https://admin.industriall-union.org/es/archive/imf/"},{"@type":"ListItem","position":3,"name":"Progrès décisif chez Honda Motor en Argentine"}]},{"@type":"WebSite","@id":"https://admin.industriall-union.org/#website","url":"https://admin.industriall-union.org/","name":"industriall-union","description":"","potentialAction":[{"@type":"SearchAction","target":{"@type":"EntryPoint","urlTemplate":"https://admin.industriall-union.org/?s={search_term_string}"},"query-input":{"@type":"PropertyValueSpecification","valueRequired":true,"valueName":"search_term_string"}}],"inLanguage":"fr-FR"}]}</script>
<!-- / Yoast SEO Premium plugin. -->

Progrès décisif chez Honda Motor en Argentine - industriall-union

ARGENTINE: Après plusieurs mois de discussions, le syndicat argentin des agents de maîtrise ASIMRA affilié à la FIOM a conclu un accord avec Honda Motor en Argentine qui porte sur les points suivants: ASIMRA est le syndicat reconnu pour la négociation d&#8217;une convention collective pour les agents de maîtrise de Honda Motor en Argentine; les [&hellip;]
