{"id":202121,"date":"2010-01-14T09:37:00","date_gmt":"2010-01-14T09:37:00","guid":{"rendered":"https:\/\/admin.industriall-union.org\/archive\/imf\/sauver-saab-en-suede\/"},"modified":"2025-01-31T10:09:34","modified_gmt":"2025-01-31T10:09:34","slug":"sauver-saab-en-suede","status":"publish","type":"archive_imf","link":"https:\/\/admin.industriall-union.org\/fr\/archive\/imf\/sauver-saab-en-suede\/","title":{"rendered":"Sauver Saab en Su\u00e8de"},"content":{"rendered":"SU\u00c8DE: Environ 4.000 salari\u00e9s ont cess\u00e9 le travail chez Saab le 12 janvier 2010 et manifest\u00e9 \u00e0 l&#8217;usine de Trollh\u00e4ttan pour protester contre la d\u00e9cision de GM de fermer l&#8217;usine, malgr\u00e9 les offres de repreneurs potentiels de Saab Automobile AB et de la marque Saab.<br \/><br \/>&quot;La meilleure solution \u00e9conomique pour \u00e9conomiser de l&#8217;argent et \u00e9viter les co\u00fbts serait pour General Motors de vendre Saab, plut\u00f4t que de liquider l&#8217;entreprise&quot;, affirment dans un tract les quatre syndicats locaux qui entreprennent une action chez Saab.<br \/><br \/>&quot;General Motors en tant que propri\u00e9taire agit de fa\u00e7on irresponsable en envoyant des signaux dans deux directions diff\u00e9rentes &#8212; en entreprenant la liquidation de Saab alors que des repreneurs potentiels pr\u00e9sentent des offres&quot;, d\u00e9clare Stefan L\u00f6ven, pr\u00e9sident de IF Metall, en approuvant les protestations des travailleurs\/euses.<br \/><br \/>&quot;Il ne s&#8217;agit pas seulement d&#8217;une op\u00e9ration commerciale, mais aussi d&#8217;une question qui concerne l&#8217;avenir et la qualit\u00e9 de vie d&#8217;un grand nombre de personnes&quot;, affirme L\u00f6ven.<br \/><br \/>GM essaie de vendre Saab depuis janvier de l&#8217;ann\u00e9e derni\u00e8re. Saab dont la cr\u00e9ation remonte \u00e0 1937 emploie 3.400 personnes en Su\u00e8de. L&#8217;entreprise a \u00e9t\u00e9 rachet\u00e9e par GM en 1989.","protected":false},"featured_media":0,"template":"","class_list":["post-202121","archive_imf","type-archive_imf","status-publish","hentry"],"acf":[],"yoast_head":"<!-- This site is optimized with the Yoast SEO Premium plugin v27.1 (Yoast SEO v27.1) - https:\/\/yoast.com\/product\/yoast-seo-premium-wordpress\/ -->\n<title>Sauver Saab en Su\u00e8de - industriall-union<\/title>\n<meta name=\"robots\" content=\"index, follow, max-snippet:-1, max-image-preview:large, max-video-preview:-1\" \/>\n<link rel=\"canonical\" href=\"https:\/\/admin.industriall-union.org\/fr\/archive\/imf\/sauver-saab-en-suede\/\" \/>\n<meta property=\"og:locale\" content=\"fr_FR\" \/>\n<meta property=\"og:type\" content=\"article\" \/>\n<meta property=\"og:title\" content=\"Sauver Saab en Su\u00e8de\" \/>\n<meta property=\"og:description\" content=\"SU\u00c8DE: Environ 4.000 salari\u00e9s ont cess\u00e9 le travail chez Saab le 12 janvier 2010 et manifest\u00e9 \u00e0 l&#8217;usine de Trollh\u00e4ttan pour protester contre la d\u00e9cision de GM de fermer l&#8217;usine, malgr\u00e9 les offres de repreneurs potentiels de Saab Automobile AB et de la marque Saab. &quot;La meilleure solution \u00e9conomique pour \u00e9conomiser de l&#8217;argent et \u00e9viter [&hellip;]\" \/>\n<meta property=\"og:url\" content=\"https:\/\/admin.industriall-union.org\/fr\/archive\/imf\/sauver-saab-en-suede\/\" \/>\n<meta property=\"og:site_name\" content=\"industriall-union\" \/>\n<meta property=\"article:modified_time\" content=\"2025-01-31T10:09:34+00:00\" \/>\n<meta name=\"twitter:card\" content=\"summary_large_image\" \/>\n<meta name=\"twitter:label1\" content=\"Est. reading time\" \/>\n\t<meta name=\"twitter:data1\" content=\"1 minute\" \/>\n<script type=\"application\/ld+json\" class=\"yoast-schema-graph\">{\"@context\":\"https:\/\/schema.org\",\"@graph\":[{\"@type\":\"WebPage\",\"@id\":\"https:\/\/admin.industriall-union.org\/fr\/archive\/imf\/sauver-saab-en-suede\/\",\"url\":\"https:\/\/admin.industriall-union.org\/fr\/archive\/imf\/sauver-saab-en-suede\/\",\"name\":\"Sauver Saab en Su\u00e8de - industriall-union\",\"isPartOf\":{\"@id\":\"https:\/\/admin.industriall-union.org\/#website\"},\"datePublished\":\"2010-01-14T09:37:00+00:00\",\"dateModified\":\"2025-01-31T10:09:34+00:00\",\"breadcrumb\":{\"@id\":\"https:\/\/admin.industriall-union.org\/fr\/archive\/imf\/sauver-saab-en-suede\/#breadcrumb\"},\"inLanguage\":\"fr-FR\",\"potentialAction\":[{\"@type\":\"ReadAction\",\"target\":[\"https:\/\/admin.industriall-union.org\/fr\/archive\/imf\/sauver-saab-en-suede\/\"]}]},{\"@type\":\"BreadcrumbList\",\"@id\":\"https:\/\/admin.industriall-union.org\/fr\/archive\/imf\/sauver-saab-en-suede\/#breadcrumb\",\"itemListElement\":[{\"@type\":\"ListItem\",\"position\":1,\"name\":\"Home\",\"item\":\"https:\/\/admin.industriall-union.org\/\"},{\"@type\":\"ListItem\",\"position\":2,\"name\":\"Archive Imf\",\"item\":\"https:\/\/admin.industriall-union.org\/es\/archive\/imf\/\"},{\"@type\":\"ListItem\",\"position\":3,\"name\":\"Sauver Saab en Su\u00e8de\"}]},{\"@type\":\"WebSite\",\"@id\":\"https:\/\/admin.industriall-union.org\/#website\",\"url\":\"https:\/\/admin.industriall-union.org\/\",\"name\":\"industriall-union\",\"description\":\"\",\"potentialAction\":[{\"@type\":\"SearchAction\",\"target\":{\"@type\":\"EntryPoint\",\"urlTemplate\":\"https:\/\/admin.industriall-union.org\/?s={search_term_string}\"},\"query-input\":{\"@type\":\"PropertyValueSpecification\",\"valueRequired\":true,\"valueName\":\"search_term_string\"}}],\"inLanguage\":\"fr-FR\"}]}<\/script>\n<!-- \/ Yoast SEO Premium plugin. -->","yoast_head_json":{"title":"Sauver Saab en Su\u00e8de - industriall-union","robots":{"index":"index","follow":"follow","max-snippet":"max-snippet:-1","max-image-preview":"max-image-preview:large","max-video-preview":"max-video-preview:-1"},"canonical":"https:\/\/admin.industriall-union.org\/fr\/archive\/imf\/sauver-saab-en-suede\/","og_locale":"fr_FR","og_type":"article","og_title":"Sauver Saab en Su\u00e8de","og_description":"SU\u00c8DE: Environ 4.000 salari\u00e9s ont cess\u00e9 le travail chez Saab le 12 janvier 2010 et manifest\u00e9 \u00e0 l&#8217;usine de Trollh\u00e4ttan pour protester contre la d\u00e9cision de GM de fermer l&#8217;usine, malgr\u00e9 les offres de repreneurs potentiels de Saab Automobile AB et de la marque Saab. &quot;La meilleure solution \u00e9conomique pour \u00e9conomiser de l&#8217;argent et \u00e9viter [&hellip;]","og_url":"https:\/\/admin.industriall-union.org\/fr\/archive\/imf\/sauver-saab-en-suede\/","og_site_name":"industriall-union","article_modified_time":"2025-01-31T10:09:34+00:00","twitter_card":"summary_large_image","twitter_misc":{"Est. reading time":"1 minute"},"schema":{"@context":"https:\/\/schema.org","@graph":[{"@type":"WebPage","@id":"https:\/\/admin.industriall-union.org\/fr\/archive\/imf\/sauver-saab-en-suede\/","url":"https:\/\/admin.industriall-union.org\/fr\/archive\/imf\/sauver-saab-en-suede\/","name":"Sauver Saab en Su\u00e8de - industriall-union","isPartOf":{"@id":"https:\/\/admin.industriall-union.org\/#website"},"datePublished":"2010-01-14T09:37:00+00:00","dateModified":"2025-01-31T10:09:34+00:00","breadcrumb":{"@id":"https:\/\/admin.industriall-union.org\/fr\/archive\/imf\/sauver-saab-en-suede\/#breadcrumb"},"inLanguage":"fr-FR","potentialAction":[{"@type":"ReadAction","target":["https:\/\/admin.industriall-union.org\/fr\/archive\/imf\/sauver-saab-en-suede\/"]}]},{"@type":"BreadcrumbList","@id":"https:\/\/admin.industriall-union.org\/fr\/archive\/imf\/sauver-saab-en-suede\/#breadcrumb","itemListElement":[{"@type":"ListItem","position":1,"name":"Home","item":"https:\/\/admin.industriall-union.org\/"},{"@type":"ListItem","position":2,"name":"Archive Imf","item":"https:\/\/admin.industriall-union.org\/es\/archive\/imf\/"},{"@type":"ListItem","position":3,"name":"Sauver Saab en Su\u00e8de"}]},{"@type":"WebSite","@id":"https:\/\/admin.industriall-union.org\/#website","url":"https:\/\/admin.industriall-union.org\/","name":"industriall-union","description":"","potentialAction":[{"@type":"SearchAction","target":{"@type":"EntryPoint","urlTemplate":"https:\/\/admin.industriall-union.org\/?s={search_term_string}"},"query-input":{"@type":"PropertyValueSpecification","valueRequired":true,"valueName":"search_term_string"}}],"inLanguage":"fr-FR"}]}},"_links":{"self":[{"href":"https:\/\/admin.industriall-union.org\/fr\/wp-json\/wp\/v2\/archive_imf\/202121","targetHints":{"allow":["GET"]}}],"collection":[{"href":"https:\/\/admin.industriall-union.org\/fr\/wp-json\/wp\/v2\/archive_imf"}],"about":[{"href":"https:\/\/admin.industriall-union.org\/fr\/wp-json\/wp\/v2\/types\/archive_imf"}],"wp:attachment":[{"href":"https:\/\/admin.industriall-union.org\/fr\/wp-json\/wp\/v2\/media?parent=202121"}],"curies":[{"name":"wp","href":"https:\/\/api.w.org\/{rel}","templated":true}]}}

Sauver Saab en Suède

SUÈDE: Environ 4.000 salariés ont cessé le travail chez Saab le 12 janvier 2010 et manifesté à l&#8217;usine de Trollhättan pour protester contre la décision de GM de fermer l&#8217;usine, malgré les offres de repreneurs potentiels de Saab Automobile AB et de la marque Saab.<br /><br />&quot;La meilleure solution économique pour économiser de l&#8217;argent et éviter les coûts serait pour General Motors de vendre Saab, plutôt que de liquider l&#8217;entreprise&quot;, affirment dans un tract les quatre syndicats locaux qui entreprennent une action chez Saab.<br /><br />&quot;General Motors en tant que propriétaire agit de façon irresponsable en envoyant des signaux dans deux directions différentes &#8212; en entreprenant la liquidation de Saab alors que des repreneurs potentiels présentent des offres&quot;, déclare Stefan Löven, président de IF Metall, en approuvant les protestations des travailleurs/euses.<br /><br />&quot;Il ne s&#8217;agit pas seulement d&#8217;une opération commerciale, mais aussi d&#8217;une question qui concerne l&#8217;avenir et la qualité de vie d&#8217;un grand nombre de personnes&quot;, affirme Löven.<br /><br />GM essaie de vendre Saab depuis janvier de l&#8217;année dernière. Saab dont la création remonte à 1937 emploie 3.400 personnes en Suède. L&#8217;entreprise a été rachetée par GM en 1989.

<!-- This site is optimized with the Yoast SEO Premium plugin v27.1 (Yoast SEO v27.1) - https://yoast.com/product/yoast-seo-premium-wordpress/ -->
<title>Sauver Saab en Suède - industriall-union</title>
<meta name="robots" content="index, follow, max-snippet:-1, max-image-preview:large, max-video-preview:-1" />
<link rel="canonical" href="https://admin.industriall-union.org/fr/archive/imf/sauver-saab-en-suede/" />
<meta property="og:locale" content="fr_FR" />
<meta property="og:type" content="article" />
<meta property="og:title" content="Sauver Saab en Suède" />
<meta property="og:description" content="SUÈDE: Environ 4.000 salariés ont cessé le travail chez Saab le 12 janvier 2010 et manifesté à l&#8217;usine de Trollhättan pour protester contre la décision de GM de fermer l&#8217;usine, malgré les offres de repreneurs potentiels de Saab Automobile AB et de la marque Saab. &quot;La meilleure solution économique pour économiser de l&#8217;argent et éviter [&hellip;]" />
<meta property="og:url" content="https://admin.industriall-union.org/fr/archive/imf/sauver-saab-en-suede/" />
<meta property="og:site_name" content="industriall-union" />
<meta property="article:modified_time" content="2025-01-31T10:09:34+00:00" />
<meta name="twitter:card" content="summary_large_image" />
<meta name="twitter:label1" content="Est. reading time" />
	<meta name="twitter:data1" content="1 minute" />
<script type="application/ld+json" class="yoast-schema-graph">{"@context":"https://schema.org","@graph":[{"@type":"WebPage","@id":"https://admin.industriall-union.org/fr/archive/imf/sauver-saab-en-suede/","url":"https://admin.industriall-union.org/fr/archive/imf/sauver-saab-en-suede/","name":"Sauver Saab en Suède - industriall-union","isPartOf":{"@id":"https://admin.industriall-union.org/#website"},"datePublished":"2010-01-14T09:37:00+00:00","dateModified":"2025-01-31T10:09:34+00:00","breadcrumb":{"@id":"https://admin.industriall-union.org/fr/archive/imf/sauver-saab-en-suede/#breadcrumb"},"inLanguage":"fr-FR","potentialAction":[{"@type":"ReadAction","target":["https://admin.industriall-union.org/fr/archive/imf/sauver-saab-en-suede/"]}]},{"@type":"BreadcrumbList","@id":"https://admin.industriall-union.org/fr/archive/imf/sauver-saab-en-suede/#breadcrumb","itemListElement":[{"@type":"ListItem","position":1,"name":"Home","item":"https://admin.industriall-union.org/"},{"@type":"ListItem","position":2,"name":"Archive Imf","item":"https://admin.industriall-union.org/es/archive/imf/"},{"@type":"ListItem","position":3,"name":"Sauver Saab en Suède"}]},{"@type":"WebSite","@id":"https://admin.industriall-union.org/#website","url":"https://admin.industriall-union.org/","name":"industriall-union","description":"","potentialAction":[{"@type":"SearchAction","target":{"@type":"EntryPoint","urlTemplate":"https://admin.industriall-union.org/?s={search_term_string}"},"query-input":{"@type":"PropertyValueSpecification","valueRequired":true,"valueName":"search_term_string"}}],"inLanguage":"fr-FR"}]}</script>
<!-- / Yoast SEO Premium plugin. -->

Sauver Saab en Suède - industriall-union

SUÈDE: Environ 4.000 salariés ont cessé le travail chez Saab le 12 janvier 2010 et manifesté à l&#8217;usine de Trollhättan pour protester contre la décision de GM de fermer l&#8217;usine, malgré les offres de repreneurs potentiels de Saab Automobile AB et de la marque Saab. &quot;La meilleure solution économique pour économiser de l&#8217;argent et éviter [&hellip;]
