{"id":201915,"date":"2010-02-24T15:44:00","date_gmt":"2010-02-24T15:44:00","guid":{"rendered":"https:\/\/admin.industriall-union.org\/archive\/imf\/les-travailleurs-euses-de-tenaris-solidaires-en-colombie\/"},"modified":"2025-01-31T10:03:18","modified_gmt":"2025-01-31T10:03:18","slug":"les-travailleurs-euses-de-tenaris-solidaires-en-colombie","status":"publish","type":"archive_imf","link":"https:\/\/admin.industriall-union.org\/fr\/archive\/imf\/les-travailleurs-euses-de-tenaris-solidaires-en-colombie\/","title":{"rendered":"Les travailleurs\/euses de Tenaris solidaires en Colombie"},"content":{"rendered":"COLOMBIE\/MONDE: Une d\u00e9l\u00e9gation de la F\u00e9d\u00e9ration internationale des organisations de travailleurs de la m\u00e9tallurgie, compos\u00e9e de d\u00e9l\u00e9gu\u00e9(e)s de Tenaris et de repr\u00e9sentant(e)s syndicaux\/ales, se rend en Colombie du 26 f\u00e9vrier au 2 mars, pour offrir un soutien solidaire aux travailleurs\/euses et \u00e0 leur syndicat des installations de Tenaris \u00e0 Carthag\u00e8ne, Colombie.<br \/><br \/>Le Comit\u00e9 d&#8217;entreprise mondial de Tenaris a d\u00e9cid\u00e9 lors de sa r\u00e9union \u00e0 Bergamo, Italie, en septembre 2009, d&#8217;entreprendre cette action apr\u00e8s avoir entendu un rapport de Jairo del Rio, le pr\u00e9sident de SINTRATUCAR, un nouveau syndicat d&#8217;entreprise form\u00e9 en Colombie. <br \/><br \/>Lors de la r\u00e9union en septembre, Rio a signal\u00e9 la situation difficile des travailleurs et des travailleuses qui font face \u00e0 la direction de l&#8217;entreprise \u00e0 l&#8217;usine de Carthag\u00e8ne, et des nombreuses menaces de mort re\u00e7ues par des membres du conseil syndical de SINTRATUCAR.<br \/><br \/>Pour exprimer sa solidarit\u00e9 active avec les travailleurs\/euses de Colombie et avec le syndicat de l&#8217;usine Tenaris \u00e0 Carthag\u00e8ne, la d\u00e9l\u00e9gation participera \u00e0 une marche organis\u00e9e le 26 f\u00e9vrier \u00e0 l&#8217;appel des syndicats dans toutes les grandes villes de Colombie, rencontrera le syndicat SINTRATUCAR et cherchera \u00e0 pr\u00e9senter \u00e0 la direction locale de Tenaris les raisons de sa visite.<br \/><br \/>La d\u00e9l\u00e9gation comprend des repr\u00e9sentant(e)s du syndicat et des travailleurs\/euses des usines Tenaris au Canada, en Argentine, au Br\u00e9sil et en Italie, et un repr\u00e9sentant de la FIOM pour la r\u00e9gion Am\u00e9rique latine et Cara\u00efbes.","protected":false},"featured_media":0,"template":"","class_list":["post-201915","archive_imf","type-archive_imf","status-publish","hentry"],"acf":[],"yoast_head":"<!-- This site is optimized with the Yoast SEO Premium plugin v27.1 (Yoast SEO v27.1) - https:\/\/yoast.com\/product\/yoast-seo-premium-wordpress\/ -->\n<title>Les travailleurs\/euses de Tenaris solidaires en Colombie - industriall-union<\/title>\n<meta name=\"robots\" content=\"index, follow, max-snippet:-1, max-image-preview:large, max-video-preview:-1\" \/>\n<link rel=\"canonical\" href=\"https:\/\/admin.industriall-union.org\/fr\/archive\/imf\/les-travailleurs-euses-de-tenaris-solidaires-en-colombie\/\" \/>\n<meta property=\"og:locale\" content=\"fr_FR\" \/>\n<meta property=\"og:type\" content=\"article\" \/>\n<meta property=\"og:title\" content=\"Les travailleurs\/euses de Tenaris solidaires en Colombie\" \/>\n<meta property=\"og:description\" content=\"COLOMBIE\/MONDE: Une d\u00e9l\u00e9gation de la F\u00e9d\u00e9ration internationale des organisations de travailleurs de la m\u00e9tallurgie, compos\u00e9e de d\u00e9l\u00e9gu\u00e9(e)s de Tenaris et de repr\u00e9sentant(e)s syndicaux\/ales, se rend en Colombie du 26 f\u00e9vrier au 2 mars, pour offrir un soutien solidaire aux travailleurs\/euses et \u00e0 leur syndicat des installations de Tenaris \u00e0 Carthag\u00e8ne, Colombie. Le Comit\u00e9 d&#8217;entreprise mondial [&hellip;]\" \/>\n<meta property=\"og:url\" content=\"https:\/\/admin.industriall-union.org\/fr\/archive\/imf\/les-travailleurs-euses-de-tenaris-solidaires-en-colombie\/\" \/>\n<meta property=\"og:site_name\" content=\"industriall-union\" \/>\n<meta property=\"article:modified_time\" content=\"2025-01-31T10:03:18+00:00\" \/>\n<meta name=\"twitter:card\" content=\"summary_large_image\" \/>\n<meta name=\"twitter:label1\" content=\"Est. reading time\" \/>\n\t<meta name=\"twitter:data1\" content=\"1 minute\" \/>\n<script type=\"application\/ld+json\" class=\"yoast-schema-graph\">{\"@context\":\"https:\/\/schema.org\",\"@graph\":[{\"@type\":\"WebPage\",\"@id\":\"https:\/\/admin.industriall-union.org\/fr\/archive\/imf\/les-travailleurs-euses-de-tenaris-solidaires-en-colombie\/\",\"url\":\"https:\/\/admin.industriall-union.org\/fr\/archive\/imf\/les-travailleurs-euses-de-tenaris-solidaires-en-colombie\/\",\"name\":\"Les travailleurs\/euses de Tenaris solidaires en Colombie - industriall-union\",\"isPartOf\":{\"@id\":\"https:\/\/admin.industriall-union.org\/#website\"},\"datePublished\":\"2010-02-24T15:44:00+00:00\",\"dateModified\":\"2025-01-31T10:03:18+00:00\",\"breadcrumb\":{\"@id\":\"https:\/\/admin.industriall-union.org\/fr\/archive\/imf\/les-travailleurs-euses-de-tenaris-solidaires-en-colombie\/#breadcrumb\"},\"inLanguage\":\"fr-FR\",\"potentialAction\":[{\"@type\":\"ReadAction\",\"target\":[\"https:\/\/admin.industriall-union.org\/fr\/archive\/imf\/les-travailleurs-euses-de-tenaris-solidaires-en-colombie\/\"]}]},{\"@type\":\"BreadcrumbList\",\"@id\":\"https:\/\/admin.industriall-union.org\/fr\/archive\/imf\/les-travailleurs-euses-de-tenaris-solidaires-en-colombie\/#breadcrumb\",\"itemListElement\":[{\"@type\":\"ListItem\",\"position\":1,\"name\":\"Home\",\"item\":\"https:\/\/admin.industriall-union.org\/\"},{\"@type\":\"ListItem\",\"position\":2,\"name\":\"Archive Imf\",\"item\":\"https:\/\/admin.industriall-union.org\/es\/archive\/imf\/\"},{\"@type\":\"ListItem\",\"position\":3,\"name\":\"Les travailleurs\/euses de Tenaris solidaires en Colombie\"}]},{\"@type\":\"WebSite\",\"@id\":\"https:\/\/admin.industriall-union.org\/#website\",\"url\":\"https:\/\/admin.industriall-union.org\/\",\"name\":\"industriall-union\",\"description\":\"\",\"potentialAction\":[{\"@type\":\"SearchAction\",\"target\":{\"@type\":\"EntryPoint\",\"urlTemplate\":\"https:\/\/admin.industriall-union.org\/?s={search_term_string}\"},\"query-input\":{\"@type\":\"PropertyValueSpecification\",\"valueRequired\":true,\"valueName\":\"search_term_string\"}}],\"inLanguage\":\"fr-FR\"}]}<\/script>\n<!-- \/ Yoast SEO Premium plugin. -->","yoast_head_json":{"title":"Les travailleurs\/euses de Tenaris solidaires en Colombie - industriall-union","robots":{"index":"index","follow":"follow","max-snippet":"max-snippet:-1","max-image-preview":"max-image-preview:large","max-video-preview":"max-video-preview:-1"},"canonical":"https:\/\/admin.industriall-union.org\/fr\/archive\/imf\/les-travailleurs-euses-de-tenaris-solidaires-en-colombie\/","og_locale":"fr_FR","og_type":"article","og_title":"Les travailleurs\/euses de Tenaris solidaires en Colombie","og_description":"COLOMBIE\/MONDE: Une d\u00e9l\u00e9gation de la F\u00e9d\u00e9ration internationale des organisations de travailleurs de la m\u00e9tallurgie, compos\u00e9e de d\u00e9l\u00e9gu\u00e9(e)s de Tenaris et de repr\u00e9sentant(e)s syndicaux\/ales, se rend en Colombie du 26 f\u00e9vrier au 2 mars, pour offrir un soutien solidaire aux travailleurs\/euses et \u00e0 leur syndicat des installations de Tenaris \u00e0 Carthag\u00e8ne, Colombie. Le Comit\u00e9 d&#8217;entreprise mondial [&hellip;]","og_url":"https:\/\/admin.industriall-union.org\/fr\/archive\/imf\/les-travailleurs-euses-de-tenaris-solidaires-en-colombie\/","og_site_name":"industriall-union","article_modified_time":"2025-01-31T10:03:18+00:00","twitter_card":"summary_large_image","twitter_misc":{"Est. reading time":"1 minute"},"schema":{"@context":"https:\/\/schema.org","@graph":[{"@type":"WebPage","@id":"https:\/\/admin.industriall-union.org\/fr\/archive\/imf\/les-travailleurs-euses-de-tenaris-solidaires-en-colombie\/","url":"https:\/\/admin.industriall-union.org\/fr\/archive\/imf\/les-travailleurs-euses-de-tenaris-solidaires-en-colombie\/","name":"Les travailleurs\/euses de Tenaris solidaires en Colombie - industriall-union","isPartOf":{"@id":"https:\/\/admin.industriall-union.org\/#website"},"datePublished":"2010-02-24T15:44:00+00:00","dateModified":"2025-01-31T10:03:18+00:00","breadcrumb":{"@id":"https:\/\/admin.industriall-union.org\/fr\/archive\/imf\/les-travailleurs-euses-de-tenaris-solidaires-en-colombie\/#breadcrumb"},"inLanguage":"fr-FR","potentialAction":[{"@type":"ReadAction","target":["https:\/\/admin.industriall-union.org\/fr\/archive\/imf\/les-travailleurs-euses-de-tenaris-solidaires-en-colombie\/"]}]},{"@type":"BreadcrumbList","@id":"https:\/\/admin.industriall-union.org\/fr\/archive\/imf\/les-travailleurs-euses-de-tenaris-solidaires-en-colombie\/#breadcrumb","itemListElement":[{"@type":"ListItem","position":1,"name":"Home","item":"https:\/\/admin.industriall-union.org\/"},{"@type":"ListItem","position":2,"name":"Archive Imf","item":"https:\/\/admin.industriall-union.org\/es\/archive\/imf\/"},{"@type":"ListItem","position":3,"name":"Les travailleurs\/euses de Tenaris solidaires en Colombie"}]},{"@type":"WebSite","@id":"https:\/\/admin.industriall-union.org\/#website","url":"https:\/\/admin.industriall-union.org\/","name":"industriall-union","description":"","potentialAction":[{"@type":"SearchAction","target":{"@type":"EntryPoint","urlTemplate":"https:\/\/admin.industriall-union.org\/?s={search_term_string}"},"query-input":{"@type":"PropertyValueSpecification","valueRequired":true,"valueName":"search_term_string"}}],"inLanguage":"fr-FR"}]}},"_links":{"self":[{"href":"https:\/\/admin.industriall-union.org\/fr\/wp-json\/wp\/v2\/archive_imf\/201915","targetHints":{"allow":["GET"]}}],"collection":[{"href":"https:\/\/admin.industriall-union.org\/fr\/wp-json\/wp\/v2\/archive_imf"}],"about":[{"href":"https:\/\/admin.industriall-union.org\/fr\/wp-json\/wp\/v2\/types\/archive_imf"}],"wp:attachment":[{"href":"https:\/\/admin.industriall-union.org\/fr\/wp-json\/wp\/v2\/media?parent=201915"}],"curies":[{"name":"wp","href":"https:\/\/api.w.org\/{rel}","templated":true}]}}

COLOMBIE/MONDE: Une délégation de la Fédération internationale des organisations de travailleurs de la métallurgie, composée de délégué(e)s de Tenaris et de représentant(e)s syndicaux/ales, se rend en Colombie du 26 février au 2 mars, pour offrir un soutien solidaire aux travailleurs/euses et à leur syndicat des installations de Tenaris à Carthagène, Colombie.<br /><br />Le Comité d&#8217;entreprise mondial de Tenaris a décidé lors de sa réunion à Bergamo, Italie, en septembre 2009, d&#8217;entreprendre cette action après avoir entendu un rapport de Jairo del Rio, le président de SINTRATUCAR, un nouveau syndicat d&#8217;entreprise formé en Colombie. <br /><br />Lors de la réunion en septembre, Rio a signalé la situation difficile des travailleurs et des travailleuses qui font face à la direction de l&#8217;entreprise à l&#8217;usine de Carthagène, et des nombreuses menaces de mort reçues par des membres du conseil syndical de SINTRATUCAR.<br /><br />Pour exprimer sa solidarité active avec les travailleurs/euses de Colombie et avec le syndicat de l&#8217;usine Tenaris à Carthagène, la délégation participera à une marche organisée le 26 février à l&#8217;appel des syndicats dans toutes les grandes villes de Colombie, rencontrera le syndicat SINTRATUCAR et cherchera à présenter à la direction locale de Tenaris les raisons de sa visite.<br /><br />La délégation comprend des représentant(e)s du syndicat et des travailleurs/euses des usines Tenaris au Canada, en Argentine, au Brésil et en Italie, et un représentant de la FIOM pour la région Amérique latine et Caraïbes.

<!-- This site is optimized with the Yoast SEO Premium plugin v27.1 (Yoast SEO v27.1) - https://yoast.com/product/yoast-seo-premium-wordpress/ -->
<title>Les travailleurs/euses de Tenaris solidaires en Colombie - industriall-union</title>
<meta name="robots" content="index, follow, max-snippet:-1, max-image-preview:large, max-video-preview:-1" />
<link rel="canonical" href="https://admin.industriall-union.org/fr/archive/imf/les-travailleurs-euses-de-tenaris-solidaires-en-colombie/" />
<meta property="og:locale" content="fr_FR" />
<meta property="og:type" content="article" />
<meta property="og:title" content="Les travailleurs/euses de Tenaris solidaires en Colombie" />
<meta property="og:description" content="COLOMBIE/MONDE: Une délégation de la Fédération internationale des organisations de travailleurs de la métallurgie, composée de délégué(e)s de Tenaris et de représentant(e)s syndicaux/ales, se rend en Colombie du 26 février au 2 mars, pour offrir un soutien solidaire aux travailleurs/euses et à leur syndicat des installations de Tenaris à Carthagène, Colombie. Le Comité d&#8217;entreprise mondial [&hellip;]" />
<meta property="og:url" content="https://admin.industriall-union.org/fr/archive/imf/les-travailleurs-euses-de-tenaris-solidaires-en-colombie/" />
<meta property="og:site_name" content="industriall-union" />
<meta property="article:modified_time" content="2025-01-31T10:03:18+00:00" />
<meta name="twitter:card" content="summary_large_image" />
<meta name="twitter:label1" content="Est. reading time" />
	<meta name="twitter:data1" content="1 minute" />
<script type="application/ld+json" class="yoast-schema-graph">{"@context":"https://schema.org","@graph":[{"@type":"WebPage","@id":"https://admin.industriall-union.org/fr/archive/imf/les-travailleurs-euses-de-tenaris-solidaires-en-colombie/","url":"https://admin.industriall-union.org/fr/archive/imf/les-travailleurs-euses-de-tenaris-solidaires-en-colombie/","name":"Les travailleurs/euses de Tenaris solidaires en Colombie - industriall-union","isPartOf":{"@id":"https://admin.industriall-union.org/#website"},"datePublished":"2010-02-24T15:44:00+00:00","dateModified":"2025-01-31T10:03:18+00:00","breadcrumb":{"@id":"https://admin.industriall-union.org/fr/archive/imf/les-travailleurs-euses-de-tenaris-solidaires-en-colombie/#breadcrumb"},"inLanguage":"fr-FR","potentialAction":[{"@type":"ReadAction","target":["https://admin.industriall-union.org/fr/archive/imf/les-travailleurs-euses-de-tenaris-solidaires-en-colombie/"]}]},{"@type":"BreadcrumbList","@id":"https://admin.industriall-union.org/fr/archive/imf/les-travailleurs-euses-de-tenaris-solidaires-en-colombie/#breadcrumb","itemListElement":[{"@type":"ListItem","position":1,"name":"Home","item":"https://admin.industriall-union.org/"},{"@type":"ListItem","position":2,"name":"Archive Imf","item":"https://admin.industriall-union.org/es/archive/imf/"},{"@type":"ListItem","position":3,"name":"Les travailleurs/euses de Tenaris solidaires en Colombie"}]},{"@type":"WebSite","@id":"https://admin.industriall-union.org/#website","url":"https://admin.industriall-union.org/","name":"industriall-union","description":"","potentialAction":[{"@type":"SearchAction","target":{"@type":"EntryPoint","urlTemplate":"https://admin.industriall-union.org/?s={search_term_string}"},"query-input":{"@type":"PropertyValueSpecification","valueRequired":true,"valueName":"search_term_string"}}],"inLanguage":"fr-FR"}]}</script>
<!-- / Yoast SEO Premium plugin. -->

COLOMBIE/MONDE: Une délégation de la Fédération internationale des organisations de travailleurs de la métallurgie, composée de délégué(e)s de Tenaris et de représentant(e)s syndicaux/ales, se rend en Colombie du 26 février au 2 mars, pour offrir un soutien solidaire aux travailleurs/euses et à leur syndicat des installations de Tenaris à Carthagène, Colombie. Le Comité d&#8217;entreprise mondial [&hellip;]
