{"id":201833,"date":"2010-03-22T14:29:00","date_gmt":"2010-03-22T14:29:00","guid":{"rendered":"https:\/\/admin.industriall-union.org\/archive\/imf\/les-salaries-de-pemex-contraints-de-demissionner-du-syndicat\/"},"modified":"2025-01-31T09:59:24","modified_gmt":"2025-01-31T09:59:24","slug":"les-salaries-de-pemex-contraints-de-demissionner-du-syndicat","status":"publish","type":"archive_imf","link":"https:\/\/admin.industriall-union.org\/fr\/archive\/imf\/les-salaries-de-pemex-contraints-de-demissionner-du-syndicat\/","title":{"rendered":"Les salari\u00e9s de PEMEX contraints de d\u00e9missionner du syndicat"},"content":{"rendered":"<p>MEXIQUE: 30.000 salari\u00e9s techniques et professionnels de PEMEX, entreprise p\u00e9troli\u00e8re publique mexicaine, qui apr\u00e8s une lutte longue et intense ont gagn\u00e9 le droit d&#8217;appartenir au syndicat nouvellement enregistr\u00e9, Uni\u00f3n Nacional de T\u00e9cnicos y Profesionistas Petroleros (UNTyPP), se trouvent maintenant contraints de d\u00e9missionner du syndicat ou de perdre leur emploi.<br \/><br \/>Apr\u00e8s deux tentatives du gouvernement et de l&#8217;entreprise de refuser aux salari\u00e9s le droit de constituer leur propre syndicat ind\u00e9pendant, l&#8217;UNTyPP a \u00e9t\u00e9 enregistr\u00e9 le 16 d\u00e9cembre 2009 et sa direction officiellement reconnue pour la p\u00e9riode du 18 mars 2008 au 17 mars 2012.<br \/><br \/>Apr\u00e8s avoir gagn\u00e9 cette bataille juridique, les membres du nouveau syndicat ont \u00e9t\u00e9 inform\u00e9s par la direction de l&#8217;entreprise que pour conserver leur emploi, ils \u00e9taient tenus de signer deux documents: l&#8217;un demandant l&#8217;annulation de l&#8217;enregistrement, l&#8217;autre de d\u00e9missionner du syndicat. Les personnes qui ont refus\u00e9, tels les responsables de l&#8217;UNTyPP, ont \u00e9t\u00e9 licenci\u00e9es et d\u00e9mises brutalement de leur poste de travail par des membres d&#8217;une formation paramilitaire, et notamment l&#8217;ensemble du Comit\u00e9 ex\u00e9cutif national du syndicat. <br \/><br \/>Le combat men\u00e9 par les salari\u00e9s pour un syndicat ind\u00e9pendant remonte \u00e0 1994, et les mesures d&#8217;intimidation incessantes, le harc\u00e8lement, les mises \u00e0 pied et les menaces contre les membres de l&#8217;UNTyPP et leurs familles qui ne sont que trop fr\u00e9quents au Mexique, ont \u00e9t\u00e9 d\u00e9nonc\u00e9s avec documents \u00e0 l&#8217;appui dans la <a href=\"..\/index.cfm?id=622&amp;l=2&amp;cid=18937\">plainte<\/a> de la F\u00e9d\u00e9ration internationale des organisations de travailleurs de la m\u00e9tallurgie (affaire no 2694) contre le Mexique, pr\u00e9sent\u00e9e \u00e0 l&#8217;Organisation internationale du Travail en f\u00e9vrier 2009. La plainte montre comment les salari\u00e9s au Mexique sont r\u00e9guli\u00e8rement priv\u00e9s du droit fondamental de la libert\u00e9 syndicale, que garantit la convention 87 de l&#8217;OIT ratifi\u00e9e par le gouvernement mexicain, par l&#8217;utilisation g\u00e9n\u00e9ralis\u00e9e des contrats de protection. <br \/><br \/>Les membres de l&#8217;UNTyPP ont demand\u00e9 \u00e0 la F\u00e9d\u00e9ration internationale des organisations de travailleurs de la m\u00e9tallurgie de rejoindre leur combat pour:<\/p><ul><li>la r\u00e9int\u00e9gration imm\u00e9diate des personnes licenci\u00e9es pour leur adh\u00e9sion au syndicat et leur activit\u00e9 en faveur de la syndicalisation;<\/li><\/ul><ul><li>le respect des droits des travailleurs et des travailleuses, notamment celui de se syndiquer, inclus dans la l\u00e9gislation mexicaine et le droit international; et<\/li><\/ul><ul><li>obliger PEMEX \u00e0 venir n\u00e9gocier et \u00e9tablir une relation de travail avec l&#8217;UNTyPP. <\/li><\/ul><p>Pour participer \u00e0 la d\u00e9fense de la libert\u00e9 syndicale au Mexique: rendez-vous <a href=\"http:\/\/www.labourstart.org\/cgi-bin\/solidarityforever\/show_campaign.cgi?c=654\">ici<\/a> sur le site de la campagne de Labourstart pour \u00e9crire au Pr\u00e9sident Calder\u00f3n et \u00e0 la direction de PEMEX, pour condamner ces infractions aux droits du travail et aux droits de la personne contre le nouveau syndicat UNTyPP.<br \/><br \/>Cliquer <a href=\"..\/index.cfm?id=622&amp;l=2&amp;cid=18937\">ici<\/a> pour obtenir plus de renseignements sur la plainte de la FIOM contre le Mexique concernant les contrats de protection.<\/p>","protected":false},"featured_media":0,"template":"","class_list":["post-201833","archive_imf","type-archive_imf","status-publish","hentry"],"acf":[],"yoast_head":"<!-- This site is optimized with the Yoast SEO Premium plugin v27.1 (Yoast SEO v27.1) - https:\/\/yoast.com\/product\/yoast-seo-premium-wordpress\/ -->\n<title>Les salari\u00e9s de PEMEX contraints de d\u00e9missionner du syndicat - industriall-union<\/title>\n<meta name=\"robots\" content=\"index, follow, max-snippet:-1, max-image-preview:large, max-video-preview:-1\" \/>\n<link rel=\"canonical\" href=\"https:\/\/admin.industriall-union.org\/fr\/archive\/imf\/les-salaries-de-pemex-contraints-de-demissionner-du-syndicat\/\" \/>\n<meta property=\"og:locale\" content=\"fr_FR\" \/>\n<meta property=\"og:type\" content=\"article\" \/>\n<meta property=\"og:title\" content=\"Les salari\u00e9s de PEMEX contraints de d\u00e9missionner du syndicat\" \/>\n<meta property=\"og:description\" content=\"MEXIQUE: 30.000 salari\u00e9s techniques et professionnels de PEMEX, entreprise p\u00e9troli\u00e8re publique mexicaine, qui apr\u00e8s une lutte longue et intense ont gagn\u00e9 le droit d&#8217;appartenir au syndicat nouvellement enregistr\u00e9, Uni\u00f3n Nacional de T\u00e9cnicos y Profesionistas Petroleros (UNTyPP), se trouvent maintenant contraints de d\u00e9missionner du syndicat ou de perdre leur emploi. Apr\u00e8s deux tentatives du gouvernement et [&hellip;]\" \/>\n<meta property=\"og:url\" content=\"https:\/\/admin.industriall-union.org\/fr\/archive\/imf\/les-salaries-de-pemex-contraints-de-demissionner-du-syndicat\/\" \/>\n<meta property=\"og:site_name\" content=\"industriall-union\" \/>\n<meta property=\"article:modified_time\" content=\"2025-01-31T09:59:24+00:00\" \/>\n<meta name=\"twitter:card\" content=\"summary_large_image\" \/>\n<meta name=\"twitter:label1\" content=\"Est. reading time\" \/>\n\t<meta name=\"twitter:data1\" content=\"2 minutes\" \/>\n<script type=\"application\/ld+json\" class=\"yoast-schema-graph\">{\"@context\":\"https:\/\/schema.org\",\"@graph\":[{\"@type\":\"WebPage\",\"@id\":\"https:\/\/admin.industriall-union.org\/fr\/archive\/imf\/les-salaries-de-pemex-contraints-de-demissionner-du-syndicat\/\",\"url\":\"https:\/\/admin.industriall-union.org\/fr\/archive\/imf\/les-salaries-de-pemex-contraints-de-demissionner-du-syndicat\/\",\"name\":\"Les salari\u00e9s de PEMEX contraints de d\u00e9missionner du syndicat - industriall-union\",\"isPartOf\":{\"@id\":\"https:\/\/admin.industriall-union.org\/#website\"},\"datePublished\":\"2010-03-22T14:29:00+00:00\",\"dateModified\":\"2025-01-31T09:59:24+00:00\",\"breadcrumb\":{\"@id\":\"https:\/\/admin.industriall-union.org\/fr\/archive\/imf\/les-salaries-de-pemex-contraints-de-demissionner-du-syndicat\/#breadcrumb\"},\"inLanguage\":\"fr-FR\",\"potentialAction\":[{\"@type\":\"ReadAction\",\"target\":[\"https:\/\/admin.industriall-union.org\/fr\/archive\/imf\/les-salaries-de-pemex-contraints-de-demissionner-du-syndicat\/\"]}]},{\"@type\":\"BreadcrumbList\",\"@id\":\"https:\/\/admin.industriall-union.org\/fr\/archive\/imf\/les-salaries-de-pemex-contraints-de-demissionner-du-syndicat\/#breadcrumb\",\"itemListElement\":[{\"@type\":\"ListItem\",\"position\":1,\"name\":\"Home\",\"item\":\"https:\/\/admin.industriall-union.org\/\"},{\"@type\":\"ListItem\",\"position\":2,\"name\":\"Archive Imf\",\"item\":\"https:\/\/admin.industriall-union.org\/es\/archive\/imf\/\"},{\"@type\":\"ListItem\",\"position\":3,\"name\":\"Les salari\u00e9s de PEMEX contraints de d\u00e9missionner du syndicat\"}]},{\"@type\":\"WebSite\",\"@id\":\"https:\/\/admin.industriall-union.org\/#website\",\"url\":\"https:\/\/admin.industriall-union.org\/\",\"name\":\"industriall-union\",\"description\":\"\",\"potentialAction\":[{\"@type\":\"SearchAction\",\"target\":{\"@type\":\"EntryPoint\",\"urlTemplate\":\"https:\/\/admin.industriall-union.org\/?s={search_term_string}\"},\"query-input\":{\"@type\":\"PropertyValueSpecification\",\"valueRequired\":true,\"valueName\":\"search_term_string\"}}],\"inLanguage\":\"fr-FR\"}]}<\/script>\n<!-- \/ Yoast SEO Premium plugin. -->","yoast_head_json":{"title":"Les salari\u00e9s de PEMEX contraints de d\u00e9missionner du syndicat - industriall-union","robots":{"index":"index","follow":"follow","max-snippet":"max-snippet:-1","max-image-preview":"max-image-preview:large","max-video-preview":"max-video-preview:-1"},"canonical":"https:\/\/admin.industriall-union.org\/fr\/archive\/imf\/les-salaries-de-pemex-contraints-de-demissionner-du-syndicat\/","og_locale":"fr_FR","og_type":"article","og_title":"Les salari\u00e9s de PEMEX contraints de d\u00e9missionner du syndicat","og_description":"MEXIQUE: 30.000 salari\u00e9s techniques et professionnels de PEMEX, entreprise p\u00e9troli\u00e8re publique mexicaine, qui apr\u00e8s une lutte longue et intense ont gagn\u00e9 le droit d&#8217;appartenir au syndicat nouvellement enregistr\u00e9, Uni\u00f3n Nacional de T\u00e9cnicos y Profesionistas Petroleros (UNTyPP), se trouvent maintenant contraints de d\u00e9missionner du syndicat ou de perdre leur emploi. Apr\u00e8s deux tentatives du gouvernement et [&hellip;]","og_url":"https:\/\/admin.industriall-union.org\/fr\/archive\/imf\/les-salaries-de-pemex-contraints-de-demissionner-du-syndicat\/","og_site_name":"industriall-union","article_modified_time":"2025-01-31T09:59:24+00:00","twitter_card":"summary_large_image","twitter_misc":{"Est. reading time":"2 minutes"},"schema":{"@context":"https:\/\/schema.org","@graph":[{"@type":"WebPage","@id":"https:\/\/admin.industriall-union.org\/fr\/archive\/imf\/les-salaries-de-pemex-contraints-de-demissionner-du-syndicat\/","url":"https:\/\/admin.industriall-union.org\/fr\/archive\/imf\/les-salaries-de-pemex-contraints-de-demissionner-du-syndicat\/","name":"Les salari\u00e9s de PEMEX contraints de d\u00e9missionner du syndicat - industriall-union","isPartOf":{"@id":"https:\/\/admin.industriall-union.org\/#website"},"datePublished":"2010-03-22T14:29:00+00:00","dateModified":"2025-01-31T09:59:24+00:00","breadcrumb":{"@id":"https:\/\/admin.industriall-union.org\/fr\/archive\/imf\/les-salaries-de-pemex-contraints-de-demissionner-du-syndicat\/#breadcrumb"},"inLanguage":"fr-FR","potentialAction":[{"@type":"ReadAction","target":["https:\/\/admin.industriall-union.org\/fr\/archive\/imf\/les-salaries-de-pemex-contraints-de-demissionner-du-syndicat\/"]}]},{"@type":"BreadcrumbList","@id":"https:\/\/admin.industriall-union.org\/fr\/archive\/imf\/les-salaries-de-pemex-contraints-de-demissionner-du-syndicat\/#breadcrumb","itemListElement":[{"@type":"ListItem","position":1,"name":"Home","item":"https:\/\/admin.industriall-union.org\/"},{"@type":"ListItem","position":2,"name":"Archive Imf","item":"https:\/\/admin.industriall-union.org\/es\/archive\/imf\/"},{"@type":"ListItem","position":3,"name":"Les salari\u00e9s de PEMEX contraints de d\u00e9missionner du syndicat"}]},{"@type":"WebSite","@id":"https:\/\/admin.industriall-union.org\/#website","url":"https:\/\/admin.industriall-union.org\/","name":"industriall-union","description":"","potentialAction":[{"@type":"SearchAction","target":{"@type":"EntryPoint","urlTemplate":"https:\/\/admin.industriall-union.org\/?s={search_term_string}"},"query-input":{"@type":"PropertyValueSpecification","valueRequired":true,"valueName":"search_term_string"}}],"inLanguage":"fr-FR"}]}},"_links":{"self":[{"href":"https:\/\/admin.industriall-union.org\/fr\/wp-json\/wp\/v2\/archive_imf\/201833","targetHints":{"allow":["GET"]}}],"collection":[{"href":"https:\/\/admin.industriall-union.org\/fr\/wp-json\/wp\/v2\/archive_imf"}],"about":[{"href":"https:\/\/admin.industriall-union.org\/fr\/wp-json\/wp\/v2\/types\/archive_imf"}],"wp:attachment":[{"href":"https:\/\/admin.industriall-union.org\/fr\/wp-json\/wp\/v2\/media?parent=201833"}],"curies":[{"name":"wp","href":"https:\/\/api.w.org\/{rel}","templated":true}]}}

Les salariés de PEMEX contraints de démissionner du syndicat

<p>MEXIQUE: 30.000 salariés techniques et professionnels de PEMEX, entreprise pétrolière publique mexicaine, qui après une lutte longue et intense ont gagné le droit d&#8217;appartenir au syndicat nouvellement enregistré, Unión Nacional de Técnicos y Profesionistas Petroleros (UNTyPP), se trouvent maintenant contraints de démissionner du syndicat ou de perdre leur emploi.<br /><br />Après deux tentatives du gouvernement et de l&#8217;entreprise de refuser aux salariés le droit de constituer leur propre syndicat indépendant, l&#8217;UNTyPP a été enregistré le 16 décembre 2009 et sa direction officiellement reconnue pour la période du 18 mars 2008 au 17 mars 2012.<br /><br />Après avoir gagné cette bataille juridique, les membres du nouveau syndicat ont été informés par la direction de l&#8217;entreprise que pour conserver leur emploi, ils étaient tenus de signer deux documents: l&#8217;un demandant l&#8217;annulation de l&#8217;enregistrement, l&#8217;autre de démissionner du syndicat. Les personnes qui ont refusé, tels les responsables de l&#8217;UNTyPP, ont été licenciées et démises brutalement de leur poste de travail par des membres d&#8217;une formation paramilitaire, et notamment l&#8217;ensemble du Comité exécutif national du syndicat. <br /><br />Le combat mené par les salariés pour un syndicat indépendant remonte à 1994, et les mesures d&#8217;intimidation incessantes, le harcèlement, les mises à pied et les menaces contre les membres de l&#8217;UNTyPP et leurs familles qui ne sont que trop fréquents au Mexique, ont été dénoncés avec documents à l&#8217;appui dans la <a href="../index.cfm?id=622&amp;l=2&amp;cid=18937">plainte</a> de la Fédération internationale des organisations de travailleurs de la métallurgie (affaire no 2694) contre le Mexique, présentée à l&#8217;Organisation internationale du Travail en février 2009. La plainte montre comment les salariés au Mexique sont régulièrement privés du droit fondamental de la liberté syndicale, que garantit la convention 87 de l&#8217;OIT ratifiée par le gouvernement mexicain, par l&#8217;utilisation généralisée des contrats de protection. <br /><br />Les membres de l&#8217;UNTyPP ont demandé à la Fédération internationale des organisations de travailleurs de la métallurgie de rejoindre leur combat pour:</p><ul><li>la réintégration immédiate des personnes licenciées pour leur adhésion au syndicat et leur activité en faveur de la syndicalisation;</li></ul><ul><li>le respect des droits des travailleurs et des travailleuses, notamment celui de se syndiquer, inclus dans la législation mexicaine et le droit international; et</li></ul><ul><li>obliger PEMEX à venir négocier et établir une relation de travail avec l&#8217;UNTyPP. </li></ul><p>Pour participer à la défense de la liberté syndicale au Mexique: rendez-vous <a href="http://www.labourstart.org/cgi-bin/solidarityforever/show_campaign.cgi?c=654">ici</a> sur le site de la campagne de Labourstart pour écrire au Président Calderón et à la direction de PEMEX, pour condamner ces infractions aux droits du travail et aux droits de la personne contre le nouveau syndicat UNTyPP.<br /><br />Cliquer <a href="../index.cfm?id=622&amp;l=2&amp;cid=18937">ici</a> pour obtenir plus de renseignements sur la plainte de la FIOM contre le Mexique concernant les contrats de protection.</p>

<!-- This site is optimized with the Yoast SEO Premium plugin v27.1 (Yoast SEO v27.1) - https://yoast.com/product/yoast-seo-premium-wordpress/ -->
<title>Les salariés de PEMEX contraints de démissionner du syndicat - industriall-union</title>
<meta name="robots" content="index, follow, max-snippet:-1, max-image-preview:large, max-video-preview:-1" />
<link rel="canonical" href="https://admin.industriall-union.org/fr/archive/imf/les-salaries-de-pemex-contraints-de-demissionner-du-syndicat/" />
<meta property="og:locale" content="fr_FR" />
<meta property="og:type" content="article" />
<meta property="og:title" content="Les salariés de PEMEX contraints de démissionner du syndicat" />
<meta property="og:description" content="MEXIQUE: 30.000 salariés techniques et professionnels de PEMEX, entreprise pétrolière publique mexicaine, qui après une lutte longue et intense ont gagné le droit d&#8217;appartenir au syndicat nouvellement enregistré, Unión Nacional de Técnicos y Profesionistas Petroleros (UNTyPP), se trouvent maintenant contraints de démissionner du syndicat ou de perdre leur emploi. Après deux tentatives du gouvernement et [&hellip;]" />
<meta property="og:url" content="https://admin.industriall-union.org/fr/archive/imf/les-salaries-de-pemex-contraints-de-demissionner-du-syndicat/" />
<meta property="og:site_name" content="industriall-union" />
<meta property="article:modified_time" content="2025-01-31T09:59:24+00:00" />
<meta name="twitter:card" content="summary_large_image" />
<meta name="twitter:label1" content="Est. reading time" />
	<meta name="twitter:data1" content="2 minutes" />
<script type="application/ld+json" class="yoast-schema-graph">{"@context":"https://schema.org","@graph":[{"@type":"WebPage","@id":"https://admin.industriall-union.org/fr/archive/imf/les-salaries-de-pemex-contraints-de-demissionner-du-syndicat/","url":"https://admin.industriall-union.org/fr/archive/imf/les-salaries-de-pemex-contraints-de-demissionner-du-syndicat/","name":"Les salariés de PEMEX contraints de démissionner du syndicat - industriall-union","isPartOf":{"@id":"https://admin.industriall-union.org/#website"},"datePublished":"2010-03-22T14:29:00+00:00","dateModified":"2025-01-31T09:59:24+00:00","breadcrumb":{"@id":"https://admin.industriall-union.org/fr/archive/imf/les-salaries-de-pemex-contraints-de-demissionner-du-syndicat/#breadcrumb"},"inLanguage":"fr-FR","potentialAction":[{"@type":"ReadAction","target":["https://admin.industriall-union.org/fr/archive/imf/les-salaries-de-pemex-contraints-de-demissionner-du-syndicat/"]}]},{"@type":"BreadcrumbList","@id":"https://admin.industriall-union.org/fr/archive/imf/les-salaries-de-pemex-contraints-de-demissionner-du-syndicat/#breadcrumb","itemListElement":[{"@type":"ListItem","position":1,"name":"Home","item":"https://admin.industriall-union.org/"},{"@type":"ListItem","position":2,"name":"Archive Imf","item":"https://admin.industriall-union.org/es/archive/imf/"},{"@type":"ListItem","position":3,"name":"Les salariés de PEMEX contraints de démissionner du syndicat"}]},{"@type":"WebSite","@id":"https://admin.industriall-union.org/#website","url":"https://admin.industriall-union.org/","name":"industriall-union","description":"","potentialAction":[{"@type":"SearchAction","target":{"@type":"EntryPoint","urlTemplate":"https://admin.industriall-union.org/?s={search_term_string}"},"query-input":{"@type":"PropertyValueSpecification","valueRequired":true,"valueName":"search_term_string"}}],"inLanguage":"fr-FR"}]}</script>
<!-- / Yoast SEO Premium plugin. -->

Les salariés de PEMEX contraints de démissionner du syndicat - industriall-union

MEXIQUE: 30.000 salariés techniques et professionnels de PEMEX, entreprise pétrolière publique mexicaine, qui après une lutte longue et intense ont gagné le droit d&#8217;appartenir au syndicat nouvellement enregistré, Unión Nacional de Técnicos y Profesionistas Petroleros (UNTyPP), se trouvent maintenant contraints de démissionner du syndicat ou de perdre leur emploi. Après deux tentatives du gouvernement et [&hellip;]
