{"id":201827,"date":"2010-03-24T13:24:00","date_gmt":"2010-03-24T13:24:00","guid":{"rendered":"https:\/\/admin.industriall-union.org\/archive\/imf\/semaine-mondiale-d-039-action-contre-vale-du-5-au-11-avril\/"},"modified":"2025-01-31T09:59:21","modified_gmt":"2025-01-31T09:59:21","slug":"semaine-mondiale-d-039-action-contre-vale-du-5-au-11-avril","status":"publish","type":"archive_imf","link":"https:\/\/admin.industriall-union.org\/fr\/archive\/imf\/semaine-mondiale-d-039-action-contre-vale-du-5-au-11-avril\/","title":{"rendered":"Semaine mondiale d&#039;action contre Vale du 5 au 11 avril"},"content":{"rendered":"CANADA: Des dizaines de dirigeants syndicaux venus du monde entier ont particip\u00e9 \u00e0 une manifestation \u00e0 Sudbury le 23 mars en appui au personnel en gr\u00e8ve dans les installations de Vale Inco \u00e0 Port Colborne, Sudbury, et \u00e0 Voisey&#8217;s Bay au Canada. <br \/><br \/>Des repr\u00e9sentants de la F\u00e9d\u00e9ration internationale des organisations de travailleurs de la m\u00e9tallurgie (FIOM) et de la F\u00e9d\u00e9ration internationale des syndicats de travailleurs de la chimie, de l&#8217;\u00e9nergie, des mines et des industries diverses (ICEM) faisaient partie de la d\u00e9l\u00e9gation pour d\u00e9noncer le refus de Vale de n\u00e9gocier un accord juste, et demander \u00e0 l&#8217;entreprise de mettre fin \u00e0 ses actions agressives et destructrices contre les travailleurs et les travailleuses.<br \/><br \/>\u00c0 la manifestation, United Steelworkers, le syndicat des gr\u00e9vistes de Vale au Canada, a annonc\u00e9 l&#8217;appel qu&#8217;il lan\u00e7ait pour une semaine mondiale d&#8217;action contre Vale du 5 au 11 avril 2010<br \/><br \/>Durant la semaine mondiale d&#8217;action, les syndicats repr\u00e9sentant les travailleurs et les travailleuses de Vale dans les diff\u00e9rents pays entreprendront des actions de solidarit\u00e9 pour montrer \u00e0 Vale que les travailleurs et les travailleuses restent uni(e)s. Les actions prendront des formes diff\u00e9rentes selon la culture et les traditions des communaut\u00e9s et des syndicats, mais elles lanceront le m\u00eame message &#8212; Justice chez Vale.<br \/><br \/>Les syndicats qui travaillent ensemble chez Vale incluent des dizaines d&#8217;organisations syndicales d&#8217;Afrique du Sud, d&#8217;Allemagne, d&#8217;Australie, du Br\u00e9sil, de France, d&#8217;Indon\u00e9sie, du Mozambique, de Norv\u00e8ge, de Nouvelle-Cal\u00e9donie, du P\u00e9rou, du Royaume-Uni, de Su\u00e8de, de Zambie, et d&#8217;autres pays, ainsi que de la F\u00e9d\u00e9ration internationale des organisations de travailleurs de la m\u00e9tallurgie (FIOM) et de la F\u00e9d\u00e9ration internationale des syndicats de travailleurs de la chimie, de l&#8217;\u00e9nergie, des mines et des industries diverses (ICEM), de la F\u00e9d\u00e9ration du travail de l&#8217;Ontario (OFL), du Congr\u00e8s du travail du Canada (CLC), et des centrales des syndicats br\u00e9siliens CUT (Central Unica dos Trabalhadores) et Conlutas (Coordenacao Nacional de Lutas). <br \/><br \/>Pour plus de renseignements, se rendre sur le site de la FIOM <a href=\"..\/index.cfm?c=21127&amp;ol=5\">ici<\/a> ou sur le site de Fair Deal Now: <a href=\"http:\/\/www.fairdealnow.ca\/\">http:\/\/www.fairdealnow.ca\/<\/a>","protected":false},"featured_media":0,"template":"","class_list":["post-201827","archive_imf","type-archive_imf","status-publish","hentry"],"acf":[],"yoast_head":"<!-- This site is optimized with the Yoast SEO Premium plugin v27.1 (Yoast SEO v27.1) - https:\/\/yoast.com\/product\/yoast-seo-premium-wordpress\/ -->\n<title>Semaine mondiale d&#039;action contre Vale du 5 au 11 avril - industriall-union<\/title>\n<meta name=\"robots\" content=\"index, follow, max-snippet:-1, max-image-preview:large, max-video-preview:-1\" \/>\n<link rel=\"canonical\" href=\"https:\/\/admin.industriall-union.org\/fr\/archive\/imf\/semaine-mondiale-d-039-action-contre-vale-du-5-au-11-avril\/\" \/>\n<meta property=\"og:locale\" content=\"fr_FR\" \/>\n<meta property=\"og:type\" content=\"article\" \/>\n<meta property=\"og:title\" content=\"Semaine mondiale d&#039;action contre Vale du 5 au 11 avril\" \/>\n<meta property=\"og:description\" content=\"CANADA: Des dizaines de dirigeants syndicaux venus du monde entier ont particip\u00e9 \u00e0 une manifestation \u00e0 Sudbury le 23 mars en appui au personnel en gr\u00e8ve dans les installations de Vale Inco \u00e0 Port Colborne, Sudbury, et \u00e0 Voisey&#8217;s Bay au Canada. Des repr\u00e9sentants de la F\u00e9d\u00e9ration internationale des organisations de travailleurs de la m\u00e9tallurgie [&hellip;]\" \/>\n<meta property=\"og:url\" content=\"https:\/\/admin.industriall-union.org\/fr\/archive\/imf\/semaine-mondiale-d-039-action-contre-vale-du-5-au-11-avril\/\" \/>\n<meta property=\"og:site_name\" content=\"industriall-union\" \/>\n<meta property=\"article:modified_time\" content=\"2025-01-31T09:59:21+00:00\" \/>\n<meta name=\"twitter:card\" content=\"summary_large_image\" \/>\n<meta name=\"twitter:label1\" content=\"Est. reading time\" \/>\n\t<meta name=\"twitter:data1\" content=\"2 minutes\" \/>\n<script type=\"application\/ld+json\" class=\"yoast-schema-graph\">{\"@context\":\"https:\/\/schema.org\",\"@graph\":[{\"@type\":\"WebPage\",\"@id\":\"https:\/\/admin.industriall-union.org\/fr\/archive\/imf\/semaine-mondiale-d-039-action-contre-vale-du-5-au-11-avril\/\",\"url\":\"https:\/\/admin.industriall-union.org\/fr\/archive\/imf\/semaine-mondiale-d-039-action-contre-vale-du-5-au-11-avril\/\",\"name\":\"Semaine mondiale d&#039;action contre Vale du 5 au 11 avril - industriall-union\",\"isPartOf\":{\"@id\":\"https:\/\/admin.industriall-union.org\/#website\"},\"datePublished\":\"2010-03-24T13:24:00+00:00\",\"dateModified\":\"2025-01-31T09:59:21+00:00\",\"breadcrumb\":{\"@id\":\"https:\/\/admin.industriall-union.org\/fr\/archive\/imf\/semaine-mondiale-d-039-action-contre-vale-du-5-au-11-avril\/#breadcrumb\"},\"inLanguage\":\"fr-FR\",\"potentialAction\":[{\"@type\":\"ReadAction\",\"target\":[\"https:\/\/admin.industriall-union.org\/fr\/archive\/imf\/semaine-mondiale-d-039-action-contre-vale-du-5-au-11-avril\/\"]}]},{\"@type\":\"BreadcrumbList\",\"@id\":\"https:\/\/admin.industriall-union.org\/fr\/archive\/imf\/semaine-mondiale-d-039-action-contre-vale-du-5-au-11-avril\/#breadcrumb\",\"itemListElement\":[{\"@type\":\"ListItem\",\"position\":1,\"name\":\"Home\",\"item\":\"https:\/\/admin.industriall-union.org\/\"},{\"@type\":\"ListItem\",\"position\":2,\"name\":\"Archive Imf\",\"item\":\"https:\/\/admin.industriall-union.org\/es\/archive\/imf\/\"},{\"@type\":\"ListItem\",\"position\":3,\"name\":\"Semaine mondiale d&#039;action contre Vale du 5 au 11 avril\"}]},{\"@type\":\"WebSite\",\"@id\":\"https:\/\/admin.industriall-union.org\/#website\",\"url\":\"https:\/\/admin.industriall-union.org\/\",\"name\":\"industriall-union\",\"description\":\"\",\"potentialAction\":[{\"@type\":\"SearchAction\",\"target\":{\"@type\":\"EntryPoint\",\"urlTemplate\":\"https:\/\/admin.industriall-union.org\/?s={search_term_string}\"},\"query-input\":{\"@type\":\"PropertyValueSpecification\",\"valueRequired\":true,\"valueName\":\"search_term_string\"}}],\"inLanguage\":\"fr-FR\"}]}<\/script>\n<!-- \/ Yoast SEO Premium plugin. -->","yoast_head_json":{"title":"Semaine mondiale d&#039;action contre Vale du 5 au 11 avril - industriall-union","robots":{"index":"index","follow":"follow","max-snippet":"max-snippet:-1","max-image-preview":"max-image-preview:large","max-video-preview":"max-video-preview:-1"},"canonical":"https:\/\/admin.industriall-union.org\/fr\/archive\/imf\/semaine-mondiale-d-039-action-contre-vale-du-5-au-11-avril\/","og_locale":"fr_FR","og_type":"article","og_title":"Semaine mondiale d&#039;action contre Vale du 5 au 11 avril","og_description":"CANADA: Des dizaines de dirigeants syndicaux venus du monde entier ont particip\u00e9 \u00e0 une manifestation \u00e0 Sudbury le 23 mars en appui au personnel en gr\u00e8ve dans les installations de Vale Inco \u00e0 Port Colborne, Sudbury, et \u00e0 Voisey&#8217;s Bay au Canada. Des repr\u00e9sentants de la F\u00e9d\u00e9ration internationale des organisations de travailleurs de la m\u00e9tallurgie [&hellip;]","og_url":"https:\/\/admin.industriall-union.org\/fr\/archive\/imf\/semaine-mondiale-d-039-action-contre-vale-du-5-au-11-avril\/","og_site_name":"industriall-union","article_modified_time":"2025-01-31T09:59:21+00:00","twitter_card":"summary_large_image","twitter_misc":{"Est. reading time":"2 minutes"},"schema":{"@context":"https:\/\/schema.org","@graph":[{"@type":"WebPage","@id":"https:\/\/admin.industriall-union.org\/fr\/archive\/imf\/semaine-mondiale-d-039-action-contre-vale-du-5-au-11-avril\/","url":"https:\/\/admin.industriall-union.org\/fr\/archive\/imf\/semaine-mondiale-d-039-action-contre-vale-du-5-au-11-avril\/","name":"Semaine mondiale d&#039;action contre Vale du 5 au 11 avril - industriall-union","isPartOf":{"@id":"https:\/\/admin.industriall-union.org\/#website"},"datePublished":"2010-03-24T13:24:00+00:00","dateModified":"2025-01-31T09:59:21+00:00","breadcrumb":{"@id":"https:\/\/admin.industriall-union.org\/fr\/archive\/imf\/semaine-mondiale-d-039-action-contre-vale-du-5-au-11-avril\/#breadcrumb"},"inLanguage":"fr-FR","potentialAction":[{"@type":"ReadAction","target":["https:\/\/admin.industriall-union.org\/fr\/archive\/imf\/semaine-mondiale-d-039-action-contre-vale-du-5-au-11-avril\/"]}]},{"@type":"BreadcrumbList","@id":"https:\/\/admin.industriall-union.org\/fr\/archive\/imf\/semaine-mondiale-d-039-action-contre-vale-du-5-au-11-avril\/#breadcrumb","itemListElement":[{"@type":"ListItem","position":1,"name":"Home","item":"https:\/\/admin.industriall-union.org\/"},{"@type":"ListItem","position":2,"name":"Archive Imf","item":"https:\/\/admin.industriall-union.org\/es\/archive\/imf\/"},{"@type":"ListItem","position":3,"name":"Semaine mondiale d&#039;action contre Vale du 5 au 11 avril"}]},{"@type":"WebSite","@id":"https:\/\/admin.industriall-union.org\/#website","url":"https:\/\/admin.industriall-union.org\/","name":"industriall-union","description":"","potentialAction":[{"@type":"SearchAction","target":{"@type":"EntryPoint","urlTemplate":"https:\/\/admin.industriall-union.org\/?s={search_term_string}"},"query-input":{"@type":"PropertyValueSpecification","valueRequired":true,"valueName":"search_term_string"}}],"inLanguage":"fr-FR"}]}},"_links":{"self":[{"href":"https:\/\/admin.industriall-union.org\/fr\/wp-json\/wp\/v2\/archive_imf\/201827","targetHints":{"allow":["GET"]}}],"collection":[{"href":"https:\/\/admin.industriall-union.org\/fr\/wp-json\/wp\/v2\/archive_imf"}],"about":[{"href":"https:\/\/admin.industriall-union.org\/fr\/wp-json\/wp\/v2\/types\/archive_imf"}],"wp:attachment":[{"href":"https:\/\/admin.industriall-union.org\/fr\/wp-json\/wp\/v2\/media?parent=201827"}],"curies":[{"name":"wp","href":"https:\/\/api.w.org\/{rel}","templated":true}]}}

CANADA: Des dizaines de dirigeants syndicaux venus du monde entier ont participé à une manifestation à Sudbury le 23 mars en appui au personnel en grève dans les installations de Vale Inco à Port Colborne, Sudbury, et à Voisey&#8217;s Bay au Canada. <br /><br />Des représentants de la Fédération internationale des organisations de travailleurs de la métallurgie (FIOM) et de la Fédération internationale des syndicats de travailleurs de la chimie, de l&#8217;énergie, des mines et des industries diverses (ICEM) faisaient partie de la délégation pour dénoncer le refus de Vale de négocier un accord juste, et demander à l&#8217;entreprise de mettre fin à ses actions agressives et destructrices contre les travailleurs et les travailleuses.<br /><br />À la manifestation, United Steelworkers, le syndicat des grévistes de Vale au Canada, a annoncé l&#8217;appel qu&#8217;il lançait pour une semaine mondiale d&#8217;action contre Vale du 5 au 11 avril 2010<br /><br />Durant la semaine mondiale d&#8217;action, les syndicats représentant les travailleurs et les travailleuses de Vale dans les différents pays entreprendront des actions de solidarité pour montrer à Vale que les travailleurs et les travailleuses restent uni(e)s. Les actions prendront des formes différentes selon la culture et les traditions des communautés et des syndicats, mais elles lanceront le même message &#8212; Justice chez Vale.<br /><br />Les syndicats qui travaillent ensemble chez Vale incluent des dizaines d&#8217;organisations syndicales d&#8217;Afrique du Sud, d&#8217;Allemagne, d&#8217;Australie, du Brésil, de France, d&#8217;Indonésie, du Mozambique, de Norvège, de Nouvelle-Calédonie, du Pérou, du Royaume-Uni, de Suède, de Zambie, et d&#8217;autres pays, ainsi que de la Fédération internationale des organisations de travailleurs de la métallurgie (FIOM) et de la Fédération internationale des syndicats de travailleurs de la chimie, de l&#8217;énergie, des mines et des industries diverses (ICEM), de la Fédération du travail de l&#8217;Ontario (OFL), du Congrès du travail du Canada (CLC), et des centrales des syndicats brésiliens CUT (Central Unica dos Trabalhadores) et Conlutas (Coordenacao Nacional de Lutas). <br /><br />Pour plus de renseignements, se rendre sur le site de la FIOM <a href="../index.cfm?c=21127&amp;ol=5">ici</a> ou sur le site de Fair Deal Now: <a href="http://www.fairdealnow.ca/">http://www.fairdealnow.ca/</a>

<!-- This site is optimized with the Yoast SEO Premium plugin v27.1 (Yoast SEO v27.1) - https://yoast.com/product/yoast-seo-premium-wordpress/ -->
<title>Semaine mondiale d&#039;action contre Vale du 5 au 11 avril - industriall-union</title>
<meta name="robots" content="index, follow, max-snippet:-1, max-image-preview:large, max-video-preview:-1" />
<link rel="canonical" href="https://admin.industriall-union.org/fr/archive/imf/semaine-mondiale-d-039-action-contre-vale-du-5-au-11-avril/" />
<meta property="og:locale" content="fr_FR" />
<meta property="og:type" content="article" />
<meta property="og:title" content="Semaine mondiale d&#039;action contre Vale du 5 au 11 avril" />
<meta property="og:description" content="CANADA: Des dizaines de dirigeants syndicaux venus du monde entier ont participé à une manifestation à Sudbury le 23 mars en appui au personnel en grève dans les installations de Vale Inco à Port Colborne, Sudbury, et à Voisey&#8217;s Bay au Canada. Des représentants de la Fédération internationale des organisations de travailleurs de la métallurgie [&hellip;]" />
<meta property="og:url" content="https://admin.industriall-union.org/fr/archive/imf/semaine-mondiale-d-039-action-contre-vale-du-5-au-11-avril/" />
<meta property="og:site_name" content="industriall-union" />
<meta property="article:modified_time" content="2025-01-31T09:59:21+00:00" />
<meta name="twitter:card" content="summary_large_image" />
<meta name="twitter:label1" content="Est. reading time" />
	<meta name="twitter:data1" content="2 minutes" />
<script type="application/ld+json" class="yoast-schema-graph">{"@context":"https://schema.org","@graph":[{"@type":"WebPage","@id":"https://admin.industriall-union.org/fr/archive/imf/semaine-mondiale-d-039-action-contre-vale-du-5-au-11-avril/","url":"https://admin.industriall-union.org/fr/archive/imf/semaine-mondiale-d-039-action-contre-vale-du-5-au-11-avril/","name":"Semaine mondiale d&#039;action contre Vale du 5 au 11 avril - industriall-union","isPartOf":{"@id":"https://admin.industriall-union.org/#website"},"datePublished":"2010-03-24T13:24:00+00:00","dateModified":"2025-01-31T09:59:21+00:00","breadcrumb":{"@id":"https://admin.industriall-union.org/fr/archive/imf/semaine-mondiale-d-039-action-contre-vale-du-5-au-11-avril/#breadcrumb"},"inLanguage":"fr-FR","potentialAction":[{"@type":"ReadAction","target":["https://admin.industriall-union.org/fr/archive/imf/semaine-mondiale-d-039-action-contre-vale-du-5-au-11-avril/"]}]},{"@type":"BreadcrumbList","@id":"https://admin.industriall-union.org/fr/archive/imf/semaine-mondiale-d-039-action-contre-vale-du-5-au-11-avril/#breadcrumb","itemListElement":[{"@type":"ListItem","position":1,"name":"Home","item":"https://admin.industriall-union.org/"},{"@type":"ListItem","position":2,"name":"Archive Imf","item":"https://admin.industriall-union.org/es/archive/imf/"},{"@type":"ListItem","position":3,"name":"Semaine mondiale d&#039;action contre Vale du 5 au 11 avril"}]},{"@type":"WebSite","@id":"https://admin.industriall-union.org/#website","url":"https://admin.industriall-union.org/","name":"industriall-union","description":"","potentialAction":[{"@type":"SearchAction","target":{"@type":"EntryPoint","urlTemplate":"https://admin.industriall-union.org/?s={search_term_string}"},"query-input":{"@type":"PropertyValueSpecification","valueRequired":true,"valueName":"search_term_string"}}],"inLanguage":"fr-FR"}]}</script>
<!-- / Yoast SEO Premium plugin. -->

CANADA: Des dizaines de dirigeants syndicaux venus du monde entier ont participé à une manifestation à Sudbury le 23 mars en appui au personnel en grève dans les installations de Vale Inco à Port Colborne, Sudbury, et à Voisey&#8217;s Bay au Canada. Des représentants de la Fédération internationale des organisations de travailleurs de la métallurgie [&hellip;]
