{"id":201663,"date":"2010-05-17T13:20:00","date_gmt":"2010-05-17T13:20:00","guid":{"rendered":"https:\/\/admin.industriall-union.org\/archive\/imf\/conference-mondiale-sur-le-developpement-durable\/"},"modified":"2025-01-31T09:53:52","modified_gmt":"2025-01-31T09:53:52","slug":"conference-mondiale-sur-le-developpement-durable","status":"publish","type":"archive_imf","link":"https:\/\/admin.industriall-union.org\/fr\/archive\/imf\/conference-mondiale-sur-le-developpement-durable\/","title":{"rendered":"Conf\u00e9rence mondiale sur le d\u00e9veloppement durable"},"content":{"rendered":"CANADA: Le mois prochain, la F\u00e9d\u00e9ration internationale des  syndicats de travailleurs de la chimie, de l&#8217;\u00e9nergie, des mines et des  industries diverses (ICEM) et la FIOM animeront un forum pivot sur le  d\u00e9veloppement durable \u00e0 l&#8217;intention des syndicats de l&#8217;industrie et de  la fabrication industrielle. Les 18-19 juin 2010, les deux f\u00e9d\u00e9rations  syndicales internationales, aux c\u00f4t\u00e9s de leurs affili\u00e9s canadiens,  organiseront \u00e0 Toronto, Ontario, une conf\u00e9rence intitul\u00e9e &quot;La triple  crise du d\u00e9veloppement durable&quot; qui pr\u00e9c\u00e9dera les sommets du G8 et du  G20 dans la m\u00eame ville.<br \/><br \/>Il ne fait gu\u00e8re de doute que  l&#8217;effondrement \u00e9conomique, la d\u00e9gradation de l&#8217;environnement et leurs  cons\u00e9quences sociales n\u00e9fastes ont durement touch\u00e9 les travailleurs et  les travailleuses, leurs familles et leurs communaut\u00e9s. L&#8217;absence d&#8217;une  r\u00e9glementation efficace \u00e0 l&#8217;\u00e9chelle mondiale et le retard pris dans la  gestion des march\u00e9s financiers ont contribu\u00e9 \u00e0 l&#8217;ampleur de ces crises.<br \/><br \/>La  conf\u00e9rence mondiale de Toronto sur le d\u00e9veloppement durable publiera  une d\u00e9claration qui sera pr\u00e9sent\u00e9e aux sommets du G8 et du G20. Elle  demandera aux dirigeants \u00e9conomiques et politiques du monde d&#8217;engager  une action d\u00e9cisive pour inverser la spirale descendante ressentie  partout dans le monde par la plupart des gens dans le domaine social, et  de commencer \u00e0 appliquer de vraies solutions favorables aux  travailleurs et aux travailleuses sur le changement climatique et un  avenir \u00e9conomique durable.<br \/><br \/>La conf\u00e9rence comprendra des tables  rondes. Des discours seront prononc\u00e9s par des experts confirm\u00e9s sur la  crise \u00e9conomique, le d\u00e9veloppement durable et la gestion des affaires  mondiales. Les dirigeants syndicaux des affili\u00e9s de l&#8217;ICEM et de la  FIOM, ainsi que d&#8217;autres participant(e)s, auront en outre de nombreuses  possibilit\u00e9s de faire conna\u00eetre leurs exp\u00e9riences sur la fa\u00e7on dont les  travailleurs et les travailleuses ont r\u00e9agi \u00e0 une crise dont il ne porte  pas la responsabilit\u00e9.<br \/><br \/>La conf\u00e9rence se tiendra au Dominion  Ballroom du Sheraton Centre Hotel, Toronto, 123 Queen Street West.  L&#8217;ICEM a r\u00e9serv\u00e9 des chambres. Le formulaire d&#8217;inscription pour la  conf\u00e9rence et la r\u00e9servation de chambres d&#8217;h\u00f4tel qui se trouve <a href=\"http:\/\/www.icem.org\/\/files\/PDF\/EN%20sust.dev%20Attendance%20form.pdf\" target=\"_blank\">ici<\/a>, devra \u00eatre retourn\u00e9 imm\u00e9diatement \u00e0 <a href=\"mailto:Fanja.rasolomanana@icem.org\">Fanja.rasolomanana@icem.org<\/a>  afin d&#8217;assurer rapidement la r\u00e9servation. <br \/><br \/>Les travailleurs et  les travailleuses ont un r\u00f4le central \u00e0 jouer dans un avenir o\u00f9 les gens  pourront sortir de la pauvret\u00e9, tout en prot\u00e9geant l&#8217;environnement.  L&#8217;ICEM et la FIOM estiment qu&#8217;il faut mettre fin au pillage syst\u00e9matique  de l&#8217;\u00e9conomie mondiale par des sp\u00e9culateurs sans scrupules. Le Pacte de  l&#8217;emploi, \u00e9labor\u00e9 par l&#8217;OIT, est une proposition pour sortir de la  crise financi\u00e8re provoqu\u00e9e par la cupidit\u00e9 et l&#8217;absence de supervision  financi\u00e8re.<br \/><br \/>En ce qui concerne l&#8217;environnement, les syndicats  industriels ont d\u00e9livr\u00e9 un message \u00e0 Copenhague sur la n\u00e9cessit\u00e9 de  conclure un accord juste, ambitieux et juridiquement contraignant sur  les \u00e9missions de gaz \u00e0 effet de serre dans le monde. Toutefois, les  pr\u00e9occupations l\u00e9gitimes des travailleurs et des travailleuses pour un  travail d\u00e9cent, la justice sociale et des emplois durables doivent  occuper la premi\u00e8re place. Il ne s&#8217;agit pas de l&#8217;emploi ou de  l&#8217;environnement, il s&#8217;agit des deux, sinon nous n&#8217;obtiendrons rien.<br \/><br \/>Les  crises des \u00e9conomies en faillite, l&#8217;inaction dans le domaine de  l&#8217;environnement et les troubles sociaux sont interconnect\u00e9s. Ce sera  l&#8217;objectif de la conf\u00e9rence ICEM\/FIOM de veiller \u00e0 ce que les voix des  travailleurs et des travailleuses se fassent entendre sur ces questions  au plus haut niveau. Les emplois, les droits des travailleurs et des  travailleuses, les protections sociales, des services publics de qualit\u00e9  et des emplois durables sont au centre des travaux de cette conf\u00e9rence.","protected":false},"featured_media":0,"template":"","class_list":["post-201663","archive_imf","type-archive_imf","status-publish","hentry"],"acf":[],"yoast_head":"<!-- This site is optimized with the Yoast SEO Premium plugin v27.1 (Yoast SEO v27.1) - https:\/\/yoast.com\/product\/yoast-seo-premium-wordpress\/ -->\n<title>Conf\u00e9rence mondiale sur le d\u00e9veloppement durable - industriall-union<\/title>\n<meta name=\"robots\" content=\"index, follow, max-snippet:-1, max-image-preview:large, max-video-preview:-1\" \/>\n<link rel=\"canonical\" href=\"https:\/\/admin.industriall-union.org\/fr\/archive\/imf\/conference-mondiale-sur-le-developpement-durable\/\" \/>\n<meta property=\"og:locale\" content=\"fr_FR\" \/>\n<meta property=\"og:type\" content=\"article\" \/>\n<meta property=\"og:title\" content=\"Conf\u00e9rence mondiale sur le d\u00e9veloppement durable\" \/>\n<meta property=\"og:description\" content=\"CANADA: Le mois prochain, la F\u00e9d\u00e9ration internationale des syndicats de travailleurs de la chimie, de l&#8217;\u00e9nergie, des mines et des industries diverses (ICEM) et la FIOM animeront un forum pivot sur le d\u00e9veloppement durable \u00e0 l&#8217;intention des syndicats de l&#8217;industrie et de la fabrication industrielle. Les 18-19 juin 2010, les deux f\u00e9d\u00e9rations syndicales internationales, aux [&hellip;]\" \/>\n<meta property=\"og:url\" content=\"https:\/\/admin.industriall-union.org\/fr\/archive\/imf\/conference-mondiale-sur-le-developpement-durable\/\" \/>\n<meta property=\"og:site_name\" content=\"industriall-union\" \/>\n<meta property=\"article:modified_time\" content=\"2025-01-31T09:53:52+00:00\" \/>\n<meta name=\"twitter:card\" content=\"summary_large_image\" \/>\n<meta name=\"twitter:label1\" content=\"Est. reading time\" \/>\n\t<meta name=\"twitter:data1\" content=\"3 minutes\" \/>\n<script type=\"application\/ld+json\" class=\"yoast-schema-graph\">{\"@context\":\"https:\/\/schema.org\",\"@graph\":[{\"@type\":\"WebPage\",\"@id\":\"https:\/\/admin.industriall-union.org\/fr\/archive\/imf\/conference-mondiale-sur-le-developpement-durable\/\",\"url\":\"https:\/\/admin.industriall-union.org\/fr\/archive\/imf\/conference-mondiale-sur-le-developpement-durable\/\",\"name\":\"Conf\u00e9rence mondiale sur le d\u00e9veloppement durable - industriall-union\",\"isPartOf\":{\"@id\":\"https:\/\/admin.industriall-union.org\/#website\"},\"datePublished\":\"2010-05-17T13:20:00+00:00\",\"dateModified\":\"2025-01-31T09:53:52+00:00\",\"breadcrumb\":{\"@id\":\"https:\/\/admin.industriall-union.org\/fr\/archive\/imf\/conference-mondiale-sur-le-developpement-durable\/#breadcrumb\"},\"inLanguage\":\"fr-FR\",\"potentialAction\":[{\"@type\":\"ReadAction\",\"target\":[\"https:\/\/admin.industriall-union.org\/fr\/archive\/imf\/conference-mondiale-sur-le-developpement-durable\/\"]}]},{\"@type\":\"BreadcrumbList\",\"@id\":\"https:\/\/admin.industriall-union.org\/fr\/archive\/imf\/conference-mondiale-sur-le-developpement-durable\/#breadcrumb\",\"itemListElement\":[{\"@type\":\"ListItem\",\"position\":1,\"name\":\"Home\",\"item\":\"https:\/\/admin.industriall-union.org\/\"},{\"@type\":\"ListItem\",\"position\":2,\"name\":\"Archive Imf\",\"item\":\"https:\/\/admin.industriall-union.org\/es\/archive\/imf\/\"},{\"@type\":\"ListItem\",\"position\":3,\"name\":\"Conf\u00e9rence mondiale sur le d\u00e9veloppement durable\"}]},{\"@type\":\"WebSite\",\"@id\":\"https:\/\/admin.industriall-union.org\/#website\",\"url\":\"https:\/\/admin.industriall-union.org\/\",\"name\":\"industriall-union\",\"description\":\"\",\"potentialAction\":[{\"@type\":\"SearchAction\",\"target\":{\"@type\":\"EntryPoint\",\"urlTemplate\":\"https:\/\/admin.industriall-union.org\/?s={search_term_string}\"},\"query-input\":{\"@type\":\"PropertyValueSpecification\",\"valueRequired\":true,\"valueName\":\"search_term_string\"}}],\"inLanguage\":\"fr-FR\"}]}<\/script>\n<!-- \/ Yoast SEO Premium plugin. -->","yoast_head_json":{"title":"Conf\u00e9rence mondiale sur le d\u00e9veloppement durable - industriall-union","robots":{"index":"index","follow":"follow","max-snippet":"max-snippet:-1","max-image-preview":"max-image-preview:large","max-video-preview":"max-video-preview:-1"},"canonical":"https:\/\/admin.industriall-union.org\/fr\/archive\/imf\/conference-mondiale-sur-le-developpement-durable\/","og_locale":"fr_FR","og_type":"article","og_title":"Conf\u00e9rence mondiale sur le d\u00e9veloppement durable","og_description":"CANADA: Le mois prochain, la F\u00e9d\u00e9ration internationale des syndicats de travailleurs de la chimie, de l&#8217;\u00e9nergie, des mines et des industries diverses (ICEM) et la FIOM animeront un forum pivot sur le d\u00e9veloppement durable \u00e0 l&#8217;intention des syndicats de l&#8217;industrie et de la fabrication industrielle. Les 18-19 juin 2010, les deux f\u00e9d\u00e9rations syndicales internationales, aux [&hellip;]","og_url":"https:\/\/admin.industriall-union.org\/fr\/archive\/imf\/conference-mondiale-sur-le-developpement-durable\/","og_site_name":"industriall-union","article_modified_time":"2025-01-31T09:53:52+00:00","twitter_card":"summary_large_image","twitter_misc":{"Est. reading time":"3 minutes"},"schema":{"@context":"https:\/\/schema.org","@graph":[{"@type":"WebPage","@id":"https:\/\/admin.industriall-union.org\/fr\/archive\/imf\/conference-mondiale-sur-le-developpement-durable\/","url":"https:\/\/admin.industriall-union.org\/fr\/archive\/imf\/conference-mondiale-sur-le-developpement-durable\/","name":"Conf\u00e9rence mondiale sur le d\u00e9veloppement durable - industriall-union","isPartOf":{"@id":"https:\/\/admin.industriall-union.org\/#website"},"datePublished":"2010-05-17T13:20:00+00:00","dateModified":"2025-01-31T09:53:52+00:00","breadcrumb":{"@id":"https:\/\/admin.industriall-union.org\/fr\/archive\/imf\/conference-mondiale-sur-le-developpement-durable\/#breadcrumb"},"inLanguage":"fr-FR","potentialAction":[{"@type":"ReadAction","target":["https:\/\/admin.industriall-union.org\/fr\/archive\/imf\/conference-mondiale-sur-le-developpement-durable\/"]}]},{"@type":"BreadcrumbList","@id":"https:\/\/admin.industriall-union.org\/fr\/archive\/imf\/conference-mondiale-sur-le-developpement-durable\/#breadcrumb","itemListElement":[{"@type":"ListItem","position":1,"name":"Home","item":"https:\/\/admin.industriall-union.org\/"},{"@type":"ListItem","position":2,"name":"Archive Imf","item":"https:\/\/admin.industriall-union.org\/es\/archive\/imf\/"},{"@type":"ListItem","position":3,"name":"Conf\u00e9rence mondiale sur le d\u00e9veloppement durable"}]},{"@type":"WebSite","@id":"https:\/\/admin.industriall-union.org\/#website","url":"https:\/\/admin.industriall-union.org\/","name":"industriall-union","description":"","potentialAction":[{"@type":"SearchAction","target":{"@type":"EntryPoint","urlTemplate":"https:\/\/admin.industriall-union.org\/?s={search_term_string}"},"query-input":{"@type":"PropertyValueSpecification","valueRequired":true,"valueName":"search_term_string"}}],"inLanguage":"fr-FR"}]}},"_links":{"self":[{"href":"https:\/\/admin.industriall-union.org\/fr\/wp-json\/wp\/v2\/archive_imf\/201663","targetHints":{"allow":["GET"]}}],"collection":[{"href":"https:\/\/admin.industriall-union.org\/fr\/wp-json\/wp\/v2\/archive_imf"}],"about":[{"href":"https:\/\/admin.industriall-union.org\/fr\/wp-json\/wp\/v2\/types\/archive_imf"}],"wp:attachment":[{"href":"https:\/\/admin.industriall-union.org\/fr\/wp-json\/wp\/v2\/media?parent=201663"}],"curies":[{"name":"wp","href":"https:\/\/api.w.org\/{rel}","templated":true}]}}

Conférence mondiale sur le développement durable

CANADA: Le mois prochain, la Fédération internationale des  syndicats de travailleurs de la chimie, de l&#8217;énergie, des mines et des  industries diverses (ICEM) et la FIOM animeront un forum pivot sur le  développement durable à l&#8217;intention des syndicats de l&#8217;industrie et de  la fabrication industrielle. Les 18-19 juin 2010, les deux fédérations  syndicales internationales, aux côtés de leurs affiliés canadiens,  organiseront à Toronto, Ontario, une conférence intitulée &quot;La triple  crise du développement durable&quot; qui précédera les sommets du G8 et du  G20 dans la même ville.<br /><br />Il ne fait guère de doute que  l&#8217;effondrement économique, la dégradation de l&#8217;environnement et leurs  conséquences sociales néfastes ont durement touché les travailleurs et  les travailleuses, leurs familles et leurs communautés. L&#8217;absence d&#8217;une  réglementation efficace à l&#8217;échelle mondiale et le retard pris dans la  gestion des marchés financiers ont contribué à l&#8217;ampleur de ces crises.<br /><br />La  conférence mondiale de Toronto sur le développement durable publiera  une déclaration qui sera présentée aux sommets du G8 et du G20. Elle  demandera aux dirigeants économiques et politiques du monde d&#8217;engager  une action décisive pour inverser la spirale descendante ressentie  partout dans le monde par la plupart des gens dans le domaine social, et  de commencer à appliquer de vraies solutions favorables aux  travailleurs et aux travailleuses sur le changement climatique et un  avenir économique durable.<br /><br />La conférence comprendra des tables  rondes. Des discours seront prononcés par des experts confirmés sur la  crise économique, le développement durable et la gestion des affaires  mondiales. Les dirigeants syndicaux des affiliés de l&#8217;ICEM et de la  FIOM, ainsi que d&#8217;autres participant(e)s, auront en outre de nombreuses  possibilités de faire connaître leurs expériences sur la façon dont les  travailleurs et les travailleuses ont réagi à une crise dont il ne porte  pas la responsabilité.<br /><br />La conférence se tiendra au Dominion  Ballroom du Sheraton Centre Hotel, Toronto, 123 Queen Street West.  L&#8217;ICEM a réservé des chambres. Le formulaire d&#8217;inscription pour la  conférence et la réservation de chambres d&#8217;hôtel qui se trouve <a href="http://www.icem.org//files/PDF/EN%20sust.dev%20Attendance%20form.pdf" target="_blank">ici</a>, devra être retourné immédiatement à <a href="mailto:Fanja.rasolomanana@icem.org">Fanja.rasolomanana@icem.org</a>  afin d&#8217;assurer rapidement la réservation. <br /><br />Les travailleurs et  les travailleuses ont un rôle central à jouer dans un avenir où les gens  pourront sortir de la pauvreté, tout en protégeant l&#8217;environnement.  L&#8217;ICEM et la FIOM estiment qu&#8217;il faut mettre fin au pillage systématique  de l&#8217;économie mondiale par des spéculateurs sans scrupules. Le Pacte de  l&#8217;emploi, élaboré par l&#8217;OIT, est une proposition pour sortir de la  crise financière provoquée par la cupidité et l&#8217;absence de supervision  financière.<br /><br />En ce qui concerne l&#8217;environnement, les syndicats  industriels ont délivré un message à Copenhague sur la nécessité de  conclure un accord juste, ambitieux et juridiquement contraignant sur  les émissions de gaz à effet de serre dans le monde. Toutefois, les  préoccupations légitimes des travailleurs et des travailleuses pour un  travail décent, la justice sociale et des emplois durables doivent  occuper la première place. Il ne s&#8217;agit pas de l&#8217;emploi ou de  l&#8217;environnement, il s&#8217;agit des deux, sinon nous n&#8217;obtiendrons rien.<br /><br />Les  crises des économies en faillite, l&#8217;inaction dans le domaine de  l&#8217;environnement et les troubles sociaux sont interconnectés. Ce sera  l&#8217;objectif de la conférence ICEM/FIOM de veiller à ce que les voix des  travailleurs et des travailleuses se fassent entendre sur ces questions  au plus haut niveau. Les emplois, les droits des travailleurs et des  travailleuses, les protections sociales, des services publics de qualité  et des emplois durables sont au centre des travaux de cette conférence.

<!-- This site is optimized with the Yoast SEO Premium plugin v27.1 (Yoast SEO v27.1) - https://yoast.com/product/yoast-seo-premium-wordpress/ -->
<title>Conférence mondiale sur le développement durable - industriall-union</title>
<meta name="robots" content="index, follow, max-snippet:-1, max-image-preview:large, max-video-preview:-1" />
<link rel="canonical" href="https://admin.industriall-union.org/fr/archive/imf/conference-mondiale-sur-le-developpement-durable/" />
<meta property="og:locale" content="fr_FR" />
<meta property="og:type" content="article" />
<meta property="og:title" content="Conférence mondiale sur le développement durable" />
<meta property="og:description" content="CANADA: Le mois prochain, la Fédération internationale des syndicats de travailleurs de la chimie, de l&#8217;énergie, des mines et des industries diverses (ICEM) et la FIOM animeront un forum pivot sur le développement durable à l&#8217;intention des syndicats de l&#8217;industrie et de la fabrication industrielle. Les 18-19 juin 2010, les deux fédérations syndicales internationales, aux [&hellip;]" />
<meta property="og:url" content="https://admin.industriall-union.org/fr/archive/imf/conference-mondiale-sur-le-developpement-durable/" />
<meta property="og:site_name" content="industriall-union" />
<meta property="article:modified_time" content="2025-01-31T09:53:52+00:00" />
<meta name="twitter:card" content="summary_large_image" />
<meta name="twitter:label1" content="Est. reading time" />
	<meta name="twitter:data1" content="3 minutes" />
<script type="application/ld+json" class="yoast-schema-graph">{"@context":"https://schema.org","@graph":[{"@type":"WebPage","@id":"https://admin.industriall-union.org/fr/archive/imf/conference-mondiale-sur-le-developpement-durable/","url":"https://admin.industriall-union.org/fr/archive/imf/conference-mondiale-sur-le-developpement-durable/","name":"Conférence mondiale sur le développement durable - industriall-union","isPartOf":{"@id":"https://admin.industriall-union.org/#website"},"datePublished":"2010-05-17T13:20:00+00:00","dateModified":"2025-01-31T09:53:52+00:00","breadcrumb":{"@id":"https://admin.industriall-union.org/fr/archive/imf/conference-mondiale-sur-le-developpement-durable/#breadcrumb"},"inLanguage":"fr-FR","potentialAction":[{"@type":"ReadAction","target":["https://admin.industriall-union.org/fr/archive/imf/conference-mondiale-sur-le-developpement-durable/"]}]},{"@type":"BreadcrumbList","@id":"https://admin.industriall-union.org/fr/archive/imf/conference-mondiale-sur-le-developpement-durable/#breadcrumb","itemListElement":[{"@type":"ListItem","position":1,"name":"Home","item":"https://admin.industriall-union.org/"},{"@type":"ListItem","position":2,"name":"Archive Imf","item":"https://admin.industriall-union.org/es/archive/imf/"},{"@type":"ListItem","position":3,"name":"Conférence mondiale sur le développement durable"}]},{"@type":"WebSite","@id":"https://admin.industriall-union.org/#website","url":"https://admin.industriall-union.org/","name":"industriall-union","description":"","potentialAction":[{"@type":"SearchAction","target":{"@type":"EntryPoint","urlTemplate":"https://admin.industriall-union.org/?s={search_term_string}"},"query-input":{"@type":"PropertyValueSpecification","valueRequired":true,"valueName":"search_term_string"}}],"inLanguage":"fr-FR"}]}</script>
<!-- / Yoast SEO Premium plugin. -->

Conférence mondiale sur le développement durable - industriall-union

CANADA: Le mois prochain, la Fédération internationale des syndicats de travailleurs de la chimie, de l&#8217;énergie, des mines et des industries diverses (ICEM) et la FIOM animeront un forum pivot sur le développement durable à l&#8217;intention des syndicats de l&#8217;industrie et de la fabrication industrielle. Les 18-19 juin 2010, les deux fédérations syndicales internationales, aux [&hellip;]
