{"id":201577,"date":"2010-05-27T07:55:00","date_gmt":"2010-05-27T07:55:00","guid":{"rendered":"https:\/\/admin.industriall-union.org\/archive\/imf\/perquisition-illegale-au-bureau-de-repam-a-brest\/"},"modified":"2025-01-31T09:53:19","modified_gmt":"2025-01-31T09:53:19","slug":"perquisition-illegale-au-bureau-de-repam-a-brest","status":"publish","type":"archive_imf","link":"https:\/\/admin.industriall-union.org\/fr\/archive\/imf\/perquisition-illegale-au-bureau-de-repam-a-brest\/","title":{"rendered":"Perquisition ill\u00e9gale au bureau de REPAM \u00e0 Brest"},"content":{"rendered":"BI\u00c9LORUSSIE: Le 18 mai, le lieutenant de police O.O. Stepanchuk a  ouvert le bureau du syndicat bi\u00e9lorusse des travailleurs de l&#8217;industrie  radio-\u00e9lectronique (REPAM) de la r\u00e9gion de Brest, local lou\u00e9 par le  syndicat \u00e0 l&#8217;adresse: ul. 17 sentyabrya, Brest. <br \/><br \/>Durant la  perquisition, en plus de documents, divers articles de mat\u00e9riel de  bureau, des ordinateurs et un ordinateur portable appartenant au  personnel permanent du syndicat et utilis\u00e9s aux fins du syndicat ont \u00e9t\u00e9  saisis. Apr\u00e8s la perquisition, les scell\u00e9s ont \u00e9t\u00e9 appos\u00e9s. <br \/><br \/>Le  personnel du bureau n&#8217;a pas \u00e9t\u00e9 invit\u00e9 \u00e0 assister \u00e0 la perquisition et  n&#8217;a pas \u00e9t\u00e9 en mesure de fournir des explications.  Le coffre-fort de  l&#8217;organisation a \u00e9t\u00e9 ouvert en l&#8217;absence du personnel et des documents  ont \u00e9t\u00e9 saisis. <br \/><br \/>REPAM proteste avec force contre ces actes  illicites de la police de Brest et exige le retour au syndicat du  mat\u00e9riel saisi. <br \/><br \/>REPAM a \u00e9t\u00e9 l&#8217;objet \u00e0 plusieurs reprises de  harc\u00e8lement de la part des autorit\u00e9s bi\u00e9lorusses.  Une plainte a \u00e9t\u00e9  pr\u00e9sent\u00e9e \u00e0 l&#8217;OIT en 2000 pour un cas d&#8217;infraction aux droits syndicaux  en Bi\u00e9lorussie.  Les repr\u00e9sentants de REPAM ont d\u00e9clar\u00e9 conserver le  droit d&#8217;ajouter la perquisition ill\u00e9gale \u00e0 l&#8217;affaire de l&#8217;OIT no 2090  concernant un cas d&#8217;infraction aux droits syndicaux en Bi\u00e9lorussie. <br \/><br \/>Ces  actes scandaleux des autorit\u00e9s bi\u00e9lorusses ne resteront pas sans  r\u00e9ponse.  La FIOM demande \u00e0 ses organisations affili\u00e9es d&#8217;envoyer des  lettres de protestation \u00e0 l&#8217;administration pr\u00e9sidentielle et au bureau  du procureur g\u00e9n\u00e9ral de la r\u00e9publique de Bi\u00e9lorussie:<br \/><br \/><strong>Administration  pr\u00e9sidentielle:<\/strong> +375 17 2260610 (t\u00e9l\u00e9copie)<br \/><br \/><strong>Bureau du procureur g\u00e9n\u00e9ral: <\/strong>+375 17  3285727 (t\u00e9l\u00e9phone\/t\u00e9l\u00e9copie)<br \/><br \/>Envoyer copie des lettres au  bureau r\u00e9gional de la FIOM pour les pays de la C\u00c9I \u00e0 Moscou: +7(495)  974-16-22 (t\u00e9l\u00e9copie).","protected":false},"featured_media":0,"template":"","class_list":["post-201577","archive_imf","type-archive_imf","status-publish","hentry"],"acf":[],"yoast_head":"<!-- This site is optimized with the Yoast SEO Premium plugin v27.1 (Yoast SEO v27.1) - https:\/\/yoast.com\/product\/yoast-seo-premium-wordpress\/ -->\n<title>Perquisition ill\u00e9gale au bureau de REPAM \u00e0 Brest - industriall-union<\/title>\n<meta name=\"robots\" content=\"index, follow, max-snippet:-1, max-image-preview:large, max-video-preview:-1\" \/>\n<link rel=\"canonical\" href=\"https:\/\/admin.industriall-union.org\/fr\/archive\/imf\/perquisition-illegale-au-bureau-de-repam-a-brest\/\" \/>\n<meta property=\"og:locale\" content=\"fr_FR\" \/>\n<meta property=\"og:type\" content=\"article\" \/>\n<meta property=\"og:title\" content=\"Perquisition ill\u00e9gale au bureau de REPAM \u00e0 Brest\" \/>\n<meta property=\"og:description\" content=\"BI\u00c9LORUSSIE: Le 18 mai, le lieutenant de police O.O. Stepanchuk a ouvert le bureau du syndicat bi\u00e9lorusse des travailleurs de l&#8217;industrie radio-\u00e9lectronique (REPAM) de la r\u00e9gion de Brest, local lou\u00e9 par le syndicat \u00e0 l&#8217;adresse: ul. 17 sentyabrya, Brest. Durant la perquisition, en plus de documents, divers articles de mat\u00e9riel de bureau, des ordinateurs et [&hellip;]\" \/>\n<meta property=\"og:url\" content=\"https:\/\/admin.industriall-union.org\/fr\/archive\/imf\/perquisition-illegale-au-bureau-de-repam-a-brest\/\" \/>\n<meta property=\"og:site_name\" content=\"industriall-union\" \/>\n<meta property=\"article:modified_time\" content=\"2025-01-31T09:53:19+00:00\" \/>\n<meta name=\"twitter:card\" content=\"summary_large_image\" \/>\n<meta name=\"twitter:label1\" content=\"Est. reading time\" \/>\n\t<meta name=\"twitter:data1\" content=\"2 minutes\" \/>\n<script type=\"application\/ld+json\" class=\"yoast-schema-graph\">{\"@context\":\"https:\/\/schema.org\",\"@graph\":[{\"@type\":\"WebPage\",\"@id\":\"https:\/\/admin.industriall-union.org\/fr\/archive\/imf\/perquisition-illegale-au-bureau-de-repam-a-brest\/\",\"url\":\"https:\/\/admin.industriall-union.org\/fr\/archive\/imf\/perquisition-illegale-au-bureau-de-repam-a-brest\/\",\"name\":\"Perquisition ill\u00e9gale au bureau de REPAM \u00e0 Brest - industriall-union\",\"isPartOf\":{\"@id\":\"https:\/\/admin.industriall-union.org\/#website\"},\"datePublished\":\"2010-05-27T07:55:00+00:00\",\"dateModified\":\"2025-01-31T09:53:19+00:00\",\"breadcrumb\":{\"@id\":\"https:\/\/admin.industriall-union.org\/fr\/archive\/imf\/perquisition-illegale-au-bureau-de-repam-a-brest\/#breadcrumb\"},\"inLanguage\":\"fr-FR\",\"potentialAction\":[{\"@type\":\"ReadAction\",\"target\":[\"https:\/\/admin.industriall-union.org\/fr\/archive\/imf\/perquisition-illegale-au-bureau-de-repam-a-brest\/\"]}]},{\"@type\":\"BreadcrumbList\",\"@id\":\"https:\/\/admin.industriall-union.org\/fr\/archive\/imf\/perquisition-illegale-au-bureau-de-repam-a-brest\/#breadcrumb\",\"itemListElement\":[{\"@type\":\"ListItem\",\"position\":1,\"name\":\"Home\",\"item\":\"https:\/\/admin.industriall-union.org\/\"},{\"@type\":\"ListItem\",\"position\":2,\"name\":\"Archive Imf\",\"item\":\"https:\/\/admin.industriall-union.org\/es\/archive\/imf\/\"},{\"@type\":\"ListItem\",\"position\":3,\"name\":\"Perquisition ill\u00e9gale au bureau de REPAM \u00e0 Brest\"}]},{\"@type\":\"WebSite\",\"@id\":\"https:\/\/admin.industriall-union.org\/#website\",\"url\":\"https:\/\/admin.industriall-union.org\/\",\"name\":\"industriall-union\",\"description\":\"\",\"potentialAction\":[{\"@type\":\"SearchAction\",\"target\":{\"@type\":\"EntryPoint\",\"urlTemplate\":\"https:\/\/admin.industriall-union.org\/?s={search_term_string}\"},\"query-input\":{\"@type\":\"PropertyValueSpecification\",\"valueRequired\":true,\"valueName\":\"search_term_string\"}}],\"inLanguage\":\"fr-FR\"}]}<\/script>\n<!-- \/ Yoast SEO Premium plugin. -->","yoast_head_json":{"title":"Perquisition ill\u00e9gale au bureau de REPAM \u00e0 Brest - industriall-union","robots":{"index":"index","follow":"follow","max-snippet":"max-snippet:-1","max-image-preview":"max-image-preview:large","max-video-preview":"max-video-preview:-1"},"canonical":"https:\/\/admin.industriall-union.org\/fr\/archive\/imf\/perquisition-illegale-au-bureau-de-repam-a-brest\/","og_locale":"fr_FR","og_type":"article","og_title":"Perquisition ill\u00e9gale au bureau de REPAM \u00e0 Brest","og_description":"BI\u00c9LORUSSIE: Le 18 mai, le lieutenant de police O.O. Stepanchuk a ouvert le bureau du syndicat bi\u00e9lorusse des travailleurs de l&#8217;industrie radio-\u00e9lectronique (REPAM) de la r\u00e9gion de Brest, local lou\u00e9 par le syndicat \u00e0 l&#8217;adresse: ul. 17 sentyabrya, Brest. Durant la perquisition, en plus de documents, divers articles de mat\u00e9riel de bureau, des ordinateurs et [&hellip;]","og_url":"https:\/\/admin.industriall-union.org\/fr\/archive\/imf\/perquisition-illegale-au-bureau-de-repam-a-brest\/","og_site_name":"industriall-union","article_modified_time":"2025-01-31T09:53:19+00:00","twitter_card":"summary_large_image","twitter_misc":{"Est. reading time":"2 minutes"},"schema":{"@context":"https:\/\/schema.org","@graph":[{"@type":"WebPage","@id":"https:\/\/admin.industriall-union.org\/fr\/archive\/imf\/perquisition-illegale-au-bureau-de-repam-a-brest\/","url":"https:\/\/admin.industriall-union.org\/fr\/archive\/imf\/perquisition-illegale-au-bureau-de-repam-a-brest\/","name":"Perquisition ill\u00e9gale au bureau de REPAM \u00e0 Brest - industriall-union","isPartOf":{"@id":"https:\/\/admin.industriall-union.org\/#website"},"datePublished":"2010-05-27T07:55:00+00:00","dateModified":"2025-01-31T09:53:19+00:00","breadcrumb":{"@id":"https:\/\/admin.industriall-union.org\/fr\/archive\/imf\/perquisition-illegale-au-bureau-de-repam-a-brest\/#breadcrumb"},"inLanguage":"fr-FR","potentialAction":[{"@type":"ReadAction","target":["https:\/\/admin.industriall-union.org\/fr\/archive\/imf\/perquisition-illegale-au-bureau-de-repam-a-brest\/"]}]},{"@type":"BreadcrumbList","@id":"https:\/\/admin.industriall-union.org\/fr\/archive\/imf\/perquisition-illegale-au-bureau-de-repam-a-brest\/#breadcrumb","itemListElement":[{"@type":"ListItem","position":1,"name":"Home","item":"https:\/\/admin.industriall-union.org\/"},{"@type":"ListItem","position":2,"name":"Archive Imf","item":"https:\/\/admin.industriall-union.org\/es\/archive\/imf\/"},{"@type":"ListItem","position":3,"name":"Perquisition ill\u00e9gale au bureau de REPAM \u00e0 Brest"}]},{"@type":"WebSite","@id":"https:\/\/admin.industriall-union.org\/#website","url":"https:\/\/admin.industriall-union.org\/","name":"industriall-union","description":"","potentialAction":[{"@type":"SearchAction","target":{"@type":"EntryPoint","urlTemplate":"https:\/\/admin.industriall-union.org\/?s={search_term_string}"},"query-input":{"@type":"PropertyValueSpecification","valueRequired":true,"valueName":"search_term_string"}}],"inLanguage":"fr-FR"}]}},"_links":{"self":[{"href":"https:\/\/admin.industriall-union.org\/fr\/wp-json\/wp\/v2\/archive_imf\/201577","targetHints":{"allow":["GET"]}}],"collection":[{"href":"https:\/\/admin.industriall-union.org\/fr\/wp-json\/wp\/v2\/archive_imf"}],"about":[{"href":"https:\/\/admin.industriall-union.org\/fr\/wp-json\/wp\/v2\/types\/archive_imf"}],"wp:attachment":[{"href":"https:\/\/admin.industriall-union.org\/fr\/wp-json\/wp\/v2\/media?parent=201577"}],"curies":[{"name":"wp","href":"https:\/\/api.w.org\/{rel}","templated":true}]}}

Perquisition illégale au bureau de REPAM à Brest

BIÉLORUSSIE: Le 18 mai, le lieutenant de police O.O. Stepanchuk a  ouvert le bureau du syndicat biélorusse des travailleurs de l&#8217;industrie  radio-électronique (REPAM) de la région de Brest, local loué par le  syndicat à l&#8217;adresse: ul. 17 sentyabrya, Brest. <br /><br />Durant la  perquisition, en plus de documents, divers articles de matériel de  bureau, des ordinateurs et un ordinateur portable appartenant au  personnel permanent du syndicat et utilisés aux fins du syndicat ont été  saisis. Après la perquisition, les scellés ont été apposés. <br /><br />Le  personnel du bureau n&#8217;a pas été invité à assister à la perquisition et  n&#8217;a pas été en mesure de fournir des explications.  Le coffre-fort de  l&#8217;organisation a été ouvert en l&#8217;absence du personnel et des documents  ont été saisis. <br /><br />REPAM proteste avec force contre ces actes  illicites de la police de Brest et exige le retour au syndicat du  matériel saisi. <br /><br />REPAM a été l&#8217;objet à plusieurs reprises de  harcèlement de la part des autorités biélorusses.  Une plainte a été  présentée à l&#8217;OIT en 2000 pour un cas d&#8217;infraction aux droits syndicaux  en Biélorussie.  Les représentants de REPAM ont déclaré conserver le  droit d&#8217;ajouter la perquisition illégale à l&#8217;affaire de l&#8217;OIT no 2090  concernant un cas d&#8217;infraction aux droits syndicaux en Biélorussie. <br /><br />Ces  actes scandaleux des autorités biélorusses ne resteront pas sans  réponse.  La FIOM demande à ses organisations affiliées d&#8217;envoyer des  lettres de protestation à l&#8217;administration présidentielle et au bureau  du procureur général de la république de Biélorussie:<br /><br /><strong>Administration  présidentielle:</strong> +375 17 2260610 (télécopie)<br /><br /><strong>Bureau du procureur général: </strong>+375 17  3285727 (téléphone/télécopie)<br /><br />Envoyer copie des lettres au  bureau régional de la FIOM pour les pays de la CÉI à Moscou: +7(495)  974-16-22 (télécopie).

<!-- This site is optimized with the Yoast SEO Premium plugin v27.1 (Yoast SEO v27.1) - https://yoast.com/product/yoast-seo-premium-wordpress/ -->
<title>Perquisition illégale au bureau de REPAM à Brest - industriall-union</title>
<meta name="robots" content="index, follow, max-snippet:-1, max-image-preview:large, max-video-preview:-1" />
<link rel="canonical" href="https://admin.industriall-union.org/fr/archive/imf/perquisition-illegale-au-bureau-de-repam-a-brest/" />
<meta property="og:locale" content="fr_FR" />
<meta property="og:type" content="article" />
<meta property="og:title" content="Perquisition illégale au bureau de REPAM à Brest" />
<meta property="og:description" content="BIÉLORUSSIE: Le 18 mai, le lieutenant de police O.O. Stepanchuk a ouvert le bureau du syndicat biélorusse des travailleurs de l&#8217;industrie radio-électronique (REPAM) de la région de Brest, local loué par le syndicat à l&#8217;adresse: ul. 17 sentyabrya, Brest. Durant la perquisition, en plus de documents, divers articles de matériel de bureau, des ordinateurs et [&hellip;]" />
<meta property="og:url" content="https://admin.industriall-union.org/fr/archive/imf/perquisition-illegale-au-bureau-de-repam-a-brest/" />
<meta property="og:site_name" content="industriall-union" />
<meta property="article:modified_time" content="2025-01-31T09:53:19+00:00" />
<meta name="twitter:card" content="summary_large_image" />
<meta name="twitter:label1" content="Est. reading time" />
	<meta name="twitter:data1" content="2 minutes" />
<script type="application/ld+json" class="yoast-schema-graph">{"@context":"https://schema.org","@graph":[{"@type":"WebPage","@id":"https://admin.industriall-union.org/fr/archive/imf/perquisition-illegale-au-bureau-de-repam-a-brest/","url":"https://admin.industriall-union.org/fr/archive/imf/perquisition-illegale-au-bureau-de-repam-a-brest/","name":"Perquisition illégale au bureau de REPAM à Brest - industriall-union","isPartOf":{"@id":"https://admin.industriall-union.org/#website"},"datePublished":"2010-05-27T07:55:00+00:00","dateModified":"2025-01-31T09:53:19+00:00","breadcrumb":{"@id":"https://admin.industriall-union.org/fr/archive/imf/perquisition-illegale-au-bureau-de-repam-a-brest/#breadcrumb"},"inLanguage":"fr-FR","potentialAction":[{"@type":"ReadAction","target":["https://admin.industriall-union.org/fr/archive/imf/perquisition-illegale-au-bureau-de-repam-a-brest/"]}]},{"@type":"BreadcrumbList","@id":"https://admin.industriall-union.org/fr/archive/imf/perquisition-illegale-au-bureau-de-repam-a-brest/#breadcrumb","itemListElement":[{"@type":"ListItem","position":1,"name":"Home","item":"https://admin.industriall-union.org/"},{"@type":"ListItem","position":2,"name":"Archive Imf","item":"https://admin.industriall-union.org/es/archive/imf/"},{"@type":"ListItem","position":3,"name":"Perquisition illégale au bureau de REPAM à Brest"}]},{"@type":"WebSite","@id":"https://admin.industriall-union.org/#website","url":"https://admin.industriall-union.org/","name":"industriall-union","description":"","potentialAction":[{"@type":"SearchAction","target":{"@type":"EntryPoint","urlTemplate":"https://admin.industriall-union.org/?s={search_term_string}"},"query-input":{"@type":"PropertyValueSpecification","valueRequired":true,"valueName":"search_term_string"}}],"inLanguage":"fr-FR"}]}</script>
<!-- / Yoast SEO Premium plugin. -->

Perquisition illégale au bureau de REPAM à Brest - industriall-union

BIÉLORUSSIE: Le 18 mai, le lieutenant de police O.O. Stepanchuk a ouvert le bureau du syndicat biélorusse des travailleurs de l&#8217;industrie radio-électronique (REPAM) de la région de Brest, local loué par le syndicat à l&#8217;adresse: ul. 17 sentyabrya, Brest. Durant la perquisition, en plus de documents, divers articles de matériel de bureau, des ordinateurs et [&hellip;]
