{"id":201478,"date":"2010-06-17T14:01:00","date_gmt":"2010-06-17T14:01:00","guid":{"rendered":"https:\/\/admin.industriall-union.org\/archive\/imf\/rencontre-mondiale-des-syndicats-a-toronto-pour-une-conference-sur-le-developpement-durable\/"},"modified":"2025-01-31T09:48:55","modified_gmt":"2025-01-31T09:48:55","slug":"rencontre-mondiale-des-syndicats-a-toronto-pour-une-conference-sur-le-developpement-durable","status":"publish","type":"archive_imf","link":"https:\/\/admin.industriall-union.org\/fr\/archive\/imf\/rencontre-mondiale-des-syndicats-a-toronto-pour-une-conference-sur-le-developpement-durable\/","title":{"rendered":"Rencontre mondiale des syndicats \u00e0 Toronto pour une Conf\u00e9rence sur le D\u00e9veloppement Durable"},"content":{"rendered":"<p>MONDE: La Conf\u00e9rence intitul\u00e9e \u00ab\u00a0La triple crise de la p\u00e9rennit\u00e9\u00a0\u00bb est l&#8217;initiative de la F\u00e9d\u00e9ration internationale des syndicats de travailleurs de la chimie, de l&#8217;\u00e9nergie, des mines et des industries diverses (ICEM) et de la F\u00e9d\u00e9ration internationale des organisations de travailleurs de la m\u00e9tallurgie (FIOM), toutes deux bas\u00e9es \u00e0 Gen\u00e8ve en Suisse, et fera entendre les voix de 270 leaders syndicaux et de la soci\u00e9t\u00e9 civile en provenance de plus de 50 pays.<\/p><p>La conf\u00e9rence se tient de 9h00 \u00e0 17h30 les 18 et 19 juin dans le Dominion Ballroom du Sheraton Centre Toronto Hotel, 123 Queen Street West.<\/p><p>\u00ab\u00a0La crise financi\u00e8re qui a mis l&#8217;\u00e9conomie mondiale \u00e0 genoux doit \u00eatre corrig\u00e9e et pour cela il faut faire r\u00e9sonner les voix de ceux qui sont le plus affect\u00e9s par la cupidit\u00e9 galopante et les d\u00e9sastres bancaires\u00a0\u00bb, a d\u00e9clar\u00e9 le Secr\u00e9taire g\u00e9n\u00e9ral de l&#8217;ICEM Manfred Warda. \u00ab\u00a0Les catastrophes environnementales, les disparit\u00e9s mon\u00e9taires et la d\u00e9stabilisation des soci\u00e9t\u00e9s ont des origines li\u00e9es et l&#8217;heure est maintenant d\u00e9cisive pour que les dirigeants \u00e9conomiques et politiques de notre monde corrigent les d\u00e9s\u00e9quilibres.\u00a0\u00bb<\/p><p>Et Jyrki Raina, Secr\u00e9taire g\u00e9n\u00e9ral de la FIOM d&#8217;ajouter\u00a0: \u00ab\u00a0Les incertitudes auxquelles sont confront\u00e9s les travailleurs et leurs familles sont maintenant sans pr\u00e9c\u00e9dent. Nous voulons la garantie que les sommets du G8 et du G20 prennent pleinement en compte les inqui\u00e9tudes l\u00e9gitimes des travailleurs quant \u00e0 une justice sociale accompagn\u00e9e d&#8217;emplois stables et durables et pr\u00e9voient l&#8217;introduction d&#8217;une taxe mondiale sur les institutions financi\u00e8res.\u00a0\u00bb<\/p><p>Les deux FSI sont convaincues que ces crises menant \u00e0 la chute des \u00e9conomies, l&#8217;inaction au plan environnemental et les troubles sociaux sont interconnect\u00e9es. L&#8217;ICEM et la FIOM sont \u00e9galement convaincues que ces crises sont le produit de l&#8217;absence de r\u00e9glementations financi\u00e8res et environnementales au plan mondial ainsi qu&#8217;\u00e0 une gouvernance financi\u00e8re inepte des march\u00e9s. La conf\u00e9rence assurera que la voix des travailleurs du monde entier soit entendue sur ces questions avant que les sommets du G8 et du G20 n&#8217;entament leurs travaux.<\/p><p>L&#8217;emploi, les droits des travailleurs, la protection sociale, des services publics de qualit\u00e9 et la durabilit\u00e9 tant au niveau de la protection de l&#8217;environnement que du point de vue de l&#8217;emploi d\u00e9cent seront au c\u0153ur m\u00eame de la d\u00e9claration que la Conf\u00e9rence adressera aux G8 et G20.<\/p><p>L&#8217;un des discours th\u00e9matiques sera prononc\u00e9 par Leo Gerard, Pr\u00e9sident des M\u00e9tallos USW, syndicat qui subi la mondialisation de mani\u00e8re impitoyable et est victime en Ontario des pratiques de l&#8217;une des plus grandes et plus riches compagnies mini\u00e8res du monde. <\/p><p>D&#8217;autres panels auront pour th\u00e8me le d\u00e9veloppement durable et le changement climatique ainsi que la gouvernance des entreprises. Le dernier jour, le 19 juin, David Donnelly, un avocat en vue sp\u00e9cialiste des questions environnementales et ayant des connexions avec l&#8217;Alliance Bleu-Vert du Canada, prendra la parole ainsi que John Evans, Secr\u00e9taire G\u00e9n\u00e9ral du TUAC, la Commission syndicale consultative aupr\u00e8s de l&#8217;Organisation pour la Coop\u00e9ration et de le D\u00e9veloppement Economiques (OCDE).<\/p><p>Le programme de la conf\u00e9rence a \u00e9t\u00e9 con\u00e7u pour permettre un maximum de contributions des 250 participants de sorte \u00e0 entendre construire un discours \u00e9toff\u00e9 sur les effets des crises sociale, environnementale et \u00e9conomique.<\/p><p>L&#8217;ICEM compte 467 organisations affili\u00e9es dans 132 countries, et repr\u00e9sente 20 million de travailleurs. La FIOM repr\u00e9sente les int\u00e9r\u00eats collectifs de 25 millions de m\u00e9tallurgistes de plus de 200 syndicats de 100 pays.<br \/><br \/>Pour plus de d\u00e9tails, contactez : Dick Blin, Responsable de l&#8217;Information de l&#8217;ICEM, sur place <a href=\"mailto:dick.blin@icem.org\">dick.blin@icem.org<\/a>, +41 79 734 8994 (portable); ou Alexander Ivanou, FIOM Communications, <a href=\"mailto:aivanou@imfmetal.org\">aivanou@imfmetal.org<\/a>, +41 22 308 5033 (ligne fixe).\u00a0<\/p>","protected":false},"featured_media":0,"template":"","class_list":["post-201478","archive_imf","type-archive_imf","status-publish","hentry"],"acf":[],"yoast_head":"<!-- This site is optimized with the Yoast SEO Premium plugin v27.1 (Yoast SEO v27.1) - https:\/\/yoast.com\/product\/yoast-seo-premium-wordpress\/ -->\n<title>Rencontre mondiale des syndicats \u00e0 Toronto pour une Conf\u00e9rence sur le D\u00e9veloppement Durable - industriall-union<\/title>\n<meta name=\"robots\" content=\"index, follow, max-snippet:-1, max-image-preview:large, max-video-preview:-1\" \/>\n<link rel=\"canonical\" href=\"https:\/\/admin.industriall-union.org\/fr\/archive\/imf\/rencontre-mondiale-des-syndicats-a-toronto-pour-une-conference-sur-le-developpement-durable\/\" \/>\n<meta property=\"og:locale\" content=\"fr_FR\" \/>\n<meta property=\"og:type\" content=\"article\" \/>\n<meta property=\"og:title\" content=\"Rencontre mondiale des syndicats \u00e0 Toronto pour une Conf\u00e9rence sur le D\u00e9veloppement Durable\" \/>\n<meta property=\"og:description\" content=\"MONDE: La Conf\u00e9rence intitul\u00e9e \u00ab\u00a0La triple crise de la p\u00e9rennit\u00e9\u00a0\u00bb est l&#8217;initiative de la F\u00e9d\u00e9ration internationale des syndicats de travailleurs de la chimie, de l&#8217;\u00e9nergie, des mines et des industries diverses (ICEM) et de la F\u00e9d\u00e9ration internationale des organisations de travailleurs de la m\u00e9tallurgie (FIOM), toutes deux bas\u00e9es \u00e0 Gen\u00e8ve en Suisse, et fera entendre [&hellip;]\" \/>\n<meta property=\"og:url\" content=\"https:\/\/admin.industriall-union.org\/fr\/archive\/imf\/rencontre-mondiale-des-syndicats-a-toronto-pour-une-conference-sur-le-developpement-durable\/\" \/>\n<meta property=\"og:site_name\" content=\"industriall-union\" \/>\n<meta property=\"article:modified_time\" content=\"2025-01-31T09:48:55+00:00\" \/>\n<meta name=\"twitter:card\" content=\"summary_large_image\" \/>\n<meta name=\"twitter:label1\" content=\"Est. reading time\" \/>\n\t<meta name=\"twitter:data1\" content=\"3 minutes\" \/>\n<script type=\"application\/ld+json\" class=\"yoast-schema-graph\">{\"@context\":\"https:\/\/schema.org\",\"@graph\":[{\"@type\":\"WebPage\",\"@id\":\"https:\/\/admin.industriall-union.org\/fr\/archive\/imf\/rencontre-mondiale-des-syndicats-a-toronto-pour-une-conference-sur-le-developpement-durable\/\",\"url\":\"https:\/\/admin.industriall-union.org\/fr\/archive\/imf\/rencontre-mondiale-des-syndicats-a-toronto-pour-une-conference-sur-le-developpement-durable\/\",\"name\":\"Rencontre mondiale des syndicats \u00e0 Toronto pour une Conf\u00e9rence sur le D\u00e9veloppement Durable - industriall-union\",\"isPartOf\":{\"@id\":\"https:\/\/admin.industriall-union.org\/#website\"},\"datePublished\":\"2010-06-17T14:01:00+00:00\",\"dateModified\":\"2025-01-31T09:48:55+00:00\",\"breadcrumb\":{\"@id\":\"https:\/\/admin.industriall-union.org\/fr\/archive\/imf\/rencontre-mondiale-des-syndicats-a-toronto-pour-une-conference-sur-le-developpement-durable\/#breadcrumb\"},\"inLanguage\":\"fr-FR\",\"potentialAction\":[{\"@type\":\"ReadAction\",\"target\":[\"https:\/\/admin.industriall-union.org\/fr\/archive\/imf\/rencontre-mondiale-des-syndicats-a-toronto-pour-une-conference-sur-le-developpement-durable\/\"]}]},{\"@type\":\"BreadcrumbList\",\"@id\":\"https:\/\/admin.industriall-union.org\/fr\/archive\/imf\/rencontre-mondiale-des-syndicats-a-toronto-pour-une-conference-sur-le-developpement-durable\/#breadcrumb\",\"itemListElement\":[{\"@type\":\"ListItem\",\"position\":1,\"name\":\"Home\",\"item\":\"https:\/\/admin.industriall-union.org\/\"},{\"@type\":\"ListItem\",\"position\":2,\"name\":\"Archive Imf\",\"item\":\"https:\/\/admin.industriall-union.org\/es\/archive\/imf\/\"},{\"@type\":\"ListItem\",\"position\":3,\"name\":\"Rencontre mondiale des syndicats \u00e0 Toronto pour une Conf\u00e9rence sur le D\u00e9veloppement Durable\"}]},{\"@type\":\"WebSite\",\"@id\":\"https:\/\/admin.industriall-union.org\/#website\",\"url\":\"https:\/\/admin.industriall-union.org\/\",\"name\":\"industriall-union\",\"description\":\"\",\"potentialAction\":[{\"@type\":\"SearchAction\",\"target\":{\"@type\":\"EntryPoint\",\"urlTemplate\":\"https:\/\/admin.industriall-union.org\/?s={search_term_string}\"},\"query-input\":{\"@type\":\"PropertyValueSpecification\",\"valueRequired\":true,\"valueName\":\"search_term_string\"}}],\"inLanguage\":\"fr-FR\"}]}<\/script>\n<!-- \/ Yoast SEO Premium plugin. -->","yoast_head_json":{"title":"Rencontre mondiale des syndicats \u00e0 Toronto pour une Conf\u00e9rence sur le D\u00e9veloppement Durable - industriall-union","robots":{"index":"index","follow":"follow","max-snippet":"max-snippet:-1","max-image-preview":"max-image-preview:large","max-video-preview":"max-video-preview:-1"},"canonical":"https:\/\/admin.industriall-union.org\/fr\/archive\/imf\/rencontre-mondiale-des-syndicats-a-toronto-pour-une-conference-sur-le-developpement-durable\/","og_locale":"fr_FR","og_type":"article","og_title":"Rencontre mondiale des syndicats \u00e0 Toronto pour une Conf\u00e9rence sur le D\u00e9veloppement Durable","og_description":"MONDE: La Conf\u00e9rence intitul\u00e9e \u00ab\u00a0La triple crise de la p\u00e9rennit\u00e9\u00a0\u00bb est l&#8217;initiative de la F\u00e9d\u00e9ration internationale des syndicats de travailleurs de la chimie, de l&#8217;\u00e9nergie, des mines et des industries diverses (ICEM) et de la F\u00e9d\u00e9ration internationale des organisations de travailleurs de la m\u00e9tallurgie (FIOM), toutes deux bas\u00e9es \u00e0 Gen\u00e8ve en Suisse, et fera entendre [&hellip;]","og_url":"https:\/\/admin.industriall-union.org\/fr\/archive\/imf\/rencontre-mondiale-des-syndicats-a-toronto-pour-une-conference-sur-le-developpement-durable\/","og_site_name":"industriall-union","article_modified_time":"2025-01-31T09:48:55+00:00","twitter_card":"summary_large_image","twitter_misc":{"Est. reading time":"3 minutes"},"schema":{"@context":"https:\/\/schema.org","@graph":[{"@type":"WebPage","@id":"https:\/\/admin.industriall-union.org\/fr\/archive\/imf\/rencontre-mondiale-des-syndicats-a-toronto-pour-une-conference-sur-le-developpement-durable\/","url":"https:\/\/admin.industriall-union.org\/fr\/archive\/imf\/rencontre-mondiale-des-syndicats-a-toronto-pour-une-conference-sur-le-developpement-durable\/","name":"Rencontre mondiale des syndicats \u00e0 Toronto pour une Conf\u00e9rence sur le D\u00e9veloppement Durable - industriall-union","isPartOf":{"@id":"https:\/\/admin.industriall-union.org\/#website"},"datePublished":"2010-06-17T14:01:00+00:00","dateModified":"2025-01-31T09:48:55+00:00","breadcrumb":{"@id":"https:\/\/admin.industriall-union.org\/fr\/archive\/imf\/rencontre-mondiale-des-syndicats-a-toronto-pour-une-conference-sur-le-developpement-durable\/#breadcrumb"},"inLanguage":"fr-FR","potentialAction":[{"@type":"ReadAction","target":["https:\/\/admin.industriall-union.org\/fr\/archive\/imf\/rencontre-mondiale-des-syndicats-a-toronto-pour-une-conference-sur-le-developpement-durable\/"]}]},{"@type":"BreadcrumbList","@id":"https:\/\/admin.industriall-union.org\/fr\/archive\/imf\/rencontre-mondiale-des-syndicats-a-toronto-pour-une-conference-sur-le-developpement-durable\/#breadcrumb","itemListElement":[{"@type":"ListItem","position":1,"name":"Home","item":"https:\/\/admin.industriall-union.org\/"},{"@type":"ListItem","position":2,"name":"Archive Imf","item":"https:\/\/admin.industriall-union.org\/es\/archive\/imf\/"},{"@type":"ListItem","position":3,"name":"Rencontre mondiale des syndicats \u00e0 Toronto pour une Conf\u00e9rence sur le D\u00e9veloppement Durable"}]},{"@type":"WebSite","@id":"https:\/\/admin.industriall-union.org\/#website","url":"https:\/\/admin.industriall-union.org\/","name":"industriall-union","description":"","potentialAction":[{"@type":"SearchAction","target":{"@type":"EntryPoint","urlTemplate":"https:\/\/admin.industriall-union.org\/?s={search_term_string}"},"query-input":{"@type":"PropertyValueSpecification","valueRequired":true,"valueName":"search_term_string"}}],"inLanguage":"fr-FR"}]}},"_links":{"self":[{"href":"https:\/\/admin.industriall-union.org\/fr\/wp-json\/wp\/v2\/archive_imf\/201478","targetHints":{"allow":["GET"]}}],"collection":[{"href":"https:\/\/admin.industriall-union.org\/fr\/wp-json\/wp\/v2\/archive_imf"}],"about":[{"href":"https:\/\/admin.industriall-union.org\/fr\/wp-json\/wp\/v2\/types\/archive_imf"}],"wp:attachment":[{"href":"https:\/\/admin.industriall-union.org\/fr\/wp-json\/wp\/v2\/media?parent=201478"}],"curies":[{"name":"wp","href":"https:\/\/api.w.org\/{rel}","templated":true}]}}

Rencontre mondiale des syndicats à Toronto pour une Conférence sur le Développement Durable

<p>MONDE: La Conférence intitulée « La triple crise de la pérennité » est l&#8217;initiative de la Fédération internationale des syndicats de travailleurs de la chimie, de l&#8217;énergie, des mines et des industries diverses (ICEM) et de la Fédération internationale des organisations de travailleurs de la métallurgie (FIOM), toutes deux basées à Genève en Suisse, et fera entendre les voix de 270 leaders syndicaux et de la société civile en provenance de plus de 50 pays.</p><p>La conférence se tient de 9h00 à 17h30 les 18 et 19 juin dans le Dominion Ballroom du Sheraton Centre Toronto Hotel, 123 Queen Street West.</p><p>« La crise financière qui a mis l&#8217;économie mondiale à genoux doit être corrigée et pour cela il faut faire résonner les voix de ceux qui sont le plus affectés par la cupidité galopante et les désastres bancaires », a déclaré le Secrétaire général de l&#8217;ICEM Manfred Warda. « Les catastrophes environnementales, les disparités monétaires et la déstabilisation des sociétés ont des origines liées et l&#8217;heure est maintenant décisive pour que les dirigeants économiques et politiques de notre monde corrigent les déséquilibres. »</p><p>Et Jyrki Raina, Secrétaire général de la FIOM d&#8217;ajouter : « Les incertitudes auxquelles sont confrontés les travailleurs et leurs familles sont maintenant sans précédent. Nous voulons la garantie que les sommets du G8 et du G20 prennent pleinement en compte les inquiétudes légitimes des travailleurs quant à une justice sociale accompagnée d&#8217;emplois stables et durables et prévoient l&#8217;introduction d&#8217;une taxe mondiale sur les institutions financières. »</p><p>Les deux FSI sont convaincues que ces crises menant à la chute des économies, l&#8217;inaction au plan environnemental et les troubles sociaux sont interconnectées. L&#8217;ICEM et la FIOM sont également convaincues que ces crises sont le produit de l&#8217;absence de réglementations financières et environnementales au plan mondial ainsi qu&#8217;à une gouvernance financière inepte des marchés. La conférence assurera que la voix des travailleurs du monde entier soit entendue sur ces questions avant que les sommets du G8 et du G20 n&#8217;entament leurs travaux.</p><p>L&#8217;emploi, les droits des travailleurs, la protection sociale, des services publics de qualité et la durabilité tant au niveau de la protection de l&#8217;environnement que du point de vue de l&#8217;emploi décent seront au cœur même de la déclaration que la Conférence adressera aux G8 et G20.</p><p>L&#8217;un des discours thématiques sera prononcé par Leo Gerard, Président des Métallos USW, syndicat qui subi la mondialisation de manière impitoyable et est victime en Ontario des pratiques de l&#8217;une des plus grandes et plus riches compagnies minières du monde. </p><p>D&#8217;autres panels auront pour thème le développement durable et le changement climatique ainsi que la gouvernance des entreprises. Le dernier jour, le 19 juin, David Donnelly, un avocat en vue spécialiste des questions environnementales et ayant des connexions avec l&#8217;Alliance Bleu-Vert du Canada, prendra la parole ainsi que John Evans, Secrétaire Général du TUAC, la Commission syndicale consultative auprès de l&#8217;Organisation pour la Coopération et de le Développement Economiques (OCDE).</p><p>Le programme de la conférence a été conçu pour permettre un maximum de contributions des 250 participants de sorte à entendre construire un discours étoffé sur les effets des crises sociale, environnementale et économique.</p><p>L&#8217;ICEM compte 467 organisations affiliées dans 132 countries, et représente 20 million de travailleurs. La FIOM représente les intérêts collectifs de 25 millions de métallurgistes de plus de 200 syndicats de 100 pays.<br /><br />Pour plus de détails, contactez : Dick Blin, Responsable de l&#8217;Information de l&#8217;ICEM, sur place <a href="mailto:dick.blin@icem.org">dick.blin@icem.org</a>, +41 79 734 8994 (portable); ou Alexander Ivanou, FIOM Communications, <a href="mailto:aivanou@imfmetal.org">aivanou@imfmetal.org</a>, +41 22 308 5033 (ligne fixe). </p>

<!-- This site is optimized with the Yoast SEO Premium plugin v27.1 (Yoast SEO v27.1) - https://yoast.com/product/yoast-seo-premium-wordpress/ -->
<title>Rencontre mondiale des syndicats à Toronto pour une Conférence sur le Développement Durable - industriall-union</title>
<meta name="robots" content="index, follow, max-snippet:-1, max-image-preview:large, max-video-preview:-1" />
<link rel="canonical" href="https://admin.industriall-union.org/fr/archive/imf/rencontre-mondiale-des-syndicats-a-toronto-pour-une-conference-sur-le-developpement-durable/" />
<meta property="og:locale" content="fr_FR" />
<meta property="og:type" content="article" />
<meta property="og:title" content="Rencontre mondiale des syndicats à Toronto pour une Conférence sur le Développement Durable" />
<meta property="og:description" content="MONDE: La Conférence intitulée « La triple crise de la pérennité » est l&#8217;initiative de la Fédération internationale des syndicats de travailleurs de la chimie, de l&#8217;énergie, des mines et des industries diverses (ICEM) et de la Fédération internationale des organisations de travailleurs de la métallurgie (FIOM), toutes deux basées à Genève en Suisse, et fera entendre [&hellip;]" />
<meta property="og:url" content="https://admin.industriall-union.org/fr/archive/imf/rencontre-mondiale-des-syndicats-a-toronto-pour-une-conference-sur-le-developpement-durable/" />
<meta property="og:site_name" content="industriall-union" />
<meta property="article:modified_time" content="2025-01-31T09:48:55+00:00" />
<meta name="twitter:card" content="summary_large_image" />
<meta name="twitter:label1" content="Est. reading time" />
	<meta name="twitter:data1" content="3 minutes" />
<script type="application/ld+json" class="yoast-schema-graph">{"@context":"https://schema.org","@graph":[{"@type":"WebPage","@id":"https://admin.industriall-union.org/fr/archive/imf/rencontre-mondiale-des-syndicats-a-toronto-pour-une-conference-sur-le-developpement-durable/","url":"https://admin.industriall-union.org/fr/archive/imf/rencontre-mondiale-des-syndicats-a-toronto-pour-une-conference-sur-le-developpement-durable/","name":"Rencontre mondiale des syndicats à Toronto pour une Conférence sur le Développement Durable - industriall-union","isPartOf":{"@id":"https://admin.industriall-union.org/#website"},"datePublished":"2010-06-17T14:01:00+00:00","dateModified":"2025-01-31T09:48:55+00:00","breadcrumb":{"@id":"https://admin.industriall-union.org/fr/archive/imf/rencontre-mondiale-des-syndicats-a-toronto-pour-une-conference-sur-le-developpement-durable/#breadcrumb"},"inLanguage":"fr-FR","potentialAction":[{"@type":"ReadAction","target":["https://admin.industriall-union.org/fr/archive/imf/rencontre-mondiale-des-syndicats-a-toronto-pour-une-conference-sur-le-developpement-durable/"]}]},{"@type":"BreadcrumbList","@id":"https://admin.industriall-union.org/fr/archive/imf/rencontre-mondiale-des-syndicats-a-toronto-pour-une-conference-sur-le-developpement-durable/#breadcrumb","itemListElement":[{"@type":"ListItem","position":1,"name":"Home","item":"https://admin.industriall-union.org/"},{"@type":"ListItem","position":2,"name":"Archive Imf","item":"https://admin.industriall-union.org/es/archive/imf/"},{"@type":"ListItem","position":3,"name":"Rencontre mondiale des syndicats à Toronto pour une Conférence sur le Développement Durable"}]},{"@type":"WebSite","@id":"https://admin.industriall-union.org/#website","url":"https://admin.industriall-union.org/","name":"industriall-union","description":"","potentialAction":[{"@type":"SearchAction","target":{"@type":"EntryPoint","urlTemplate":"https://admin.industriall-union.org/?s={search_term_string}"},"query-input":{"@type":"PropertyValueSpecification","valueRequired":true,"valueName":"search_term_string"}}],"inLanguage":"fr-FR"}]}</script>
<!-- / Yoast SEO Premium plugin. -->

Rencontre mondiale des syndicats à Toronto pour une Conférence sur le Développement Durable - industriall-union

MONDE: La Conférence intitulée « La triple crise de la pérennité » est l&#8217;initiative de la Fédération internationale des syndicats de travailleurs de la chimie, de l&#8217;énergie, des mines et des industries diverses (ICEM) et de la Fédération internationale des organisations de travailleurs de la métallurgie (FIOM), toutes deux basées à Genève en Suisse, et fera entendre [&hellip;]
