{"id":201468,"date":"2010-06-21T07:07:00","date_gmt":"2010-06-21T07:07:00","guid":{"rendered":"https:\/\/admin.industriall-union.org\/archive\/imf\/les-federations-mondiales-des-syndicats-exigent-de-nouvelles-priorites-aux-sommets-g8-et-g20\/"},"modified":"2025-01-31T09:48:51","modified_gmt":"2025-01-31T09:48:51","slug":"les-federations-mondiales-des-syndicats-exigent-de-nouvelles-priorites-aux-sommets-g8-et-g20","status":"publish","type":"archive_imf","link":"https:\/\/admin.industriall-union.org\/fr\/archive\/imf\/les-federations-mondiales-des-syndicats-exigent-de-nouvelles-priorites-aux-sommets-g8-et-g20\/","title":{"rendered":"Les F\u00e9d\u00e9rations mondiales des syndicats exigent de nouvelles priorit\u00e9s aux Sommets G8 et G20"},"content":{"rendered":"<p>MONDE: Cette d\u00e9claration a \u00e9t\u00e9 le projet conjoint de la F\u00e9d\u00e9ration internationale des syndicats de travailleurs de la chimie, de l&#8217;\u00e9nergie, des mines et des industries diverses (ICEM), la F\u00e9d\u00e9ration internationale des organisations de travailleurs de la m\u00e9tallurgie (FIOM) et la F\u00e9d\u00e9ration internationale des travailleurs du textile, de l&#8217;habillement et du cuir (FITTHC). Elle a \u00e9t\u00e9 r\u00e9alis\u00e9e en proche collaboration entre cinq syndicats repr\u00e9sentants les secteurs industriels et autres au Canada : le Syndicat Canadien des communications, de l&#8217;\u00e9nergie et du papier (SCEP), le Syndicat national de l&#8217;automobile, de l&#8217;a\u00e9rospatiale, du transport et des autres travailleurs et travailleuses du Canada (TCA), le Power Workers&#8217; Union (PWU),\u00a0\u00a0 Le Syndicat des m\u00e9tallos (USW), et l&#8217;Association internationale des machinistes et des travailleurs de l&#8217;a\u00e9rospatiale (AIM) <\/p><p>Au c\u0153ur de la d\u00e9claration on trouve la revendication que les dirigeants politiques et financiers mettent en place un syst\u00e8me strict de gouvernance financi\u00e8re mondiale, qu&#8217;ils introduisent une taxe internationale sur les transactions financi\u00e8res et qu&#8217;ils parviennent \u00e0 un accord ambitieux et contraignant sur l&#8217;\u00e9mission des gaz \u00e0 effet de serre lors de la rencontre au COP16 au Mexique plus tard cette ann\u00e9e. <\/p><p>Cette d\u00e9claration compos\u00e9e de dix points appelle \u00e0 la garantie que les droits fondamentaux des syndicats, des travailleurs et travailleuses soit respect\u00e9s et incluses dans les ententes sur le commerce et l&#8217;investissement et que le d\u00e9veloppement durable y soit un crit\u00e8re reconnu ; et qu&#8217;on fasse des \u00e9valuations approfondies avec l&#8217;assurance que\u00a0 le bien-\u00eatre social, \u00e9conomique et environnemental dans les accords commerciaux soient respect\u00e9s. L&#8217;int\u00e9gralit\u00e9 de la d\u00e9claration peut \u00eatre trouv\u00e9e <a href=\"..\/files\/10062109043679\/TorontoDeclarationFR_2_.pdf\">ici<\/a>.\u00a0\u00a0<\/p><p>\u00ab\u00a0Les travailleurs et travailleuses de l&#8217;industrie ont un r\u00f4le central \u00e0 jouer dans la construction d&#8217;un futur qui sorte les gens de la pauvret\u00e9 tout en prot\u00e9geant l&#8217;environnement\u00a0\u00bb, stipule la d\u00e9claration. \u00ab\u00a0Par l&#8217;action politique et industrielle nos trois f\u00e9d\u00e9rations mondiales exigent que les leaders du monde posent des actions d\u00e9cisives pour r\u00e9soudre les crises \u00e9conomique, sociale et environnementale\u00a0\u00bb.<\/p><p>En ce qui concerne le choix du moment de la \u00a0d\u00e9claration, le secr\u00e9taire g\u00e9n\u00e9ral de l&#8217;ICEM, Manfred Warda a dit\u00a0: \u00ab\u00a0L&#8217;\u00e9conomie mondiale est encore aux soins intensifs et des mesures continues d&#8217;aide sont n\u00e9cessaires. La re-r\u00e8glementation des march\u00e9s financiers, une action vers le plein emploi, et une panoplie essentielle de mesures stabilisatrices pour stopper cette glissade rapide vers la pauvret\u00e9 soit n\u00e9cessaires\u00a0\u00bb. <\/p><p>Le secr\u00e9taire g\u00e9n\u00e9ral de la FIOM, Jyrki Raina a ajout\u00e9 : \u00ab\u00a0L&#8217;industrie est la force des \u00e9conomies nationales, en tant que fournisseur d&#8217;emplois de qualit\u00e9 avec des salaires et des heures de travail d\u00e9cents, et le droit de s&#8217;affilier \u00e0 un syndicat. Nous avons besoin de limiter le travail pr\u00e9caire par la l\u00e9gislation et les conventions collectives, et de d\u00e9velopper des politiques industrielles pour le d\u00e9veloppement durable, tant dans les pays industrialis\u00e9s et les pays en d\u00e9veloppement\u00a0\u00bb.<\/p><p>L&#8217;ICEM, bas\u00e9e \u00e0 Gen\u00e8ve, compte 467 syndicats affili\u00e9s dans 132 pays, elle repr\u00e9sente 20 millions de travailleurs et travailleuses. La FIOM, aussi bas\u00e9e \u00e0 Gen\u00e8ve, repr\u00e9sente les int\u00e9r\u00eats communs de 25 millions de travailleurs et travailleuses du m\u00e9tal provenant de plus de 200 syndicats dans 100 pays. La FITTHC, avec son si\u00e8ge \u00e0 Bruxelles, couvre 217 syndicats dans 110 pays. <\/p><p>Pour de plus amples informations, pri\u00e8re de contacter\u00a0: Dick Blin, directeur de l&#8217;information \u00e0 l&#8217;ICEM\u00a0: <a href=\"mailto:dick.blin@icem.org\">dick.blin@icem.org<\/a>, +1 416 361 1000 poste 3344, +41 79 734 8994 (cellulaire) ; ou Alexander Ivanou, communications \u00e0 la FIOM\u00a0: <a href=\"mailto:aivanou@imfmetal.org\">aivanou@imfmetal.org<\/a>, +41 22 308 5033.<\/p>","protected":false},"featured_media":0,"template":"","class_list":["post-201468","archive_imf","type-archive_imf","status-publish","hentry"],"acf":[],"yoast_head":"<!-- This site is optimized with the Yoast SEO Premium plugin v27.1 (Yoast SEO v27.1) - https:\/\/yoast.com\/product\/yoast-seo-premium-wordpress\/ -->\n<title>Les F\u00e9d\u00e9rations mondiales des syndicats exigent de nouvelles priorit\u00e9s aux Sommets G8 et G20 - industriall-union<\/title>\n<meta name=\"robots\" content=\"index, follow, max-snippet:-1, max-image-preview:large, max-video-preview:-1\" \/>\n<link rel=\"canonical\" href=\"https:\/\/admin.industriall-union.org\/fr\/archive\/imf\/les-federations-mondiales-des-syndicats-exigent-de-nouvelles-priorites-aux-sommets-g8-et-g20\/\" \/>\n<meta property=\"og:locale\" content=\"fr_FR\" \/>\n<meta property=\"og:type\" content=\"article\" \/>\n<meta property=\"og:title\" content=\"Les F\u00e9d\u00e9rations mondiales des syndicats exigent de nouvelles priorit\u00e9s aux Sommets G8 et G20\" \/>\n<meta property=\"og:description\" content=\"MONDE: Cette d\u00e9claration a \u00e9t\u00e9 le projet conjoint de la F\u00e9d\u00e9ration internationale des syndicats de travailleurs de la chimie, de l&#8217;\u00e9nergie, des mines et des industries diverses (ICEM), la F\u00e9d\u00e9ration internationale des organisations de travailleurs de la m\u00e9tallurgie (FIOM) et la F\u00e9d\u00e9ration internationale des travailleurs du textile, de l&#8217;habillement et du cuir (FITTHC). Elle a [&hellip;]\" \/>\n<meta property=\"og:url\" content=\"https:\/\/admin.industriall-union.org\/fr\/archive\/imf\/les-federations-mondiales-des-syndicats-exigent-de-nouvelles-priorites-aux-sommets-g8-et-g20\/\" \/>\n<meta property=\"og:site_name\" content=\"industriall-union\" \/>\n<meta property=\"article:modified_time\" content=\"2025-01-31T09:48:51+00:00\" \/>\n<meta name=\"twitter:card\" content=\"summary_large_image\" \/>\n<meta name=\"twitter:label1\" content=\"Est. reading time\" \/>\n\t<meta name=\"twitter:data1\" content=\"3 minutes\" \/>\n<script type=\"application\/ld+json\" class=\"yoast-schema-graph\">{\"@context\":\"https:\/\/schema.org\",\"@graph\":[{\"@type\":\"WebPage\",\"@id\":\"https:\/\/admin.industriall-union.org\/fr\/archive\/imf\/les-federations-mondiales-des-syndicats-exigent-de-nouvelles-priorites-aux-sommets-g8-et-g20\/\",\"url\":\"https:\/\/admin.industriall-union.org\/fr\/archive\/imf\/les-federations-mondiales-des-syndicats-exigent-de-nouvelles-priorites-aux-sommets-g8-et-g20\/\",\"name\":\"Les F\u00e9d\u00e9rations mondiales des syndicats exigent de nouvelles priorit\u00e9s aux Sommets G8 et G20 - industriall-union\",\"isPartOf\":{\"@id\":\"https:\/\/admin.industriall-union.org\/#website\"},\"datePublished\":\"2010-06-21T07:07:00+00:00\",\"dateModified\":\"2025-01-31T09:48:51+00:00\",\"breadcrumb\":{\"@id\":\"https:\/\/admin.industriall-union.org\/fr\/archive\/imf\/les-federations-mondiales-des-syndicats-exigent-de-nouvelles-priorites-aux-sommets-g8-et-g20\/#breadcrumb\"},\"inLanguage\":\"fr-FR\",\"potentialAction\":[{\"@type\":\"ReadAction\",\"target\":[\"https:\/\/admin.industriall-union.org\/fr\/archive\/imf\/les-federations-mondiales-des-syndicats-exigent-de-nouvelles-priorites-aux-sommets-g8-et-g20\/\"]}]},{\"@type\":\"BreadcrumbList\",\"@id\":\"https:\/\/admin.industriall-union.org\/fr\/archive\/imf\/les-federations-mondiales-des-syndicats-exigent-de-nouvelles-priorites-aux-sommets-g8-et-g20\/#breadcrumb\",\"itemListElement\":[{\"@type\":\"ListItem\",\"position\":1,\"name\":\"Home\",\"item\":\"https:\/\/admin.industriall-union.org\/\"},{\"@type\":\"ListItem\",\"position\":2,\"name\":\"Archive Imf\",\"item\":\"https:\/\/admin.industriall-union.org\/es\/archive\/imf\/\"},{\"@type\":\"ListItem\",\"position\":3,\"name\":\"Les F\u00e9d\u00e9rations mondiales des syndicats exigent de nouvelles priorit\u00e9s aux Sommets G8 et G20\"}]},{\"@type\":\"WebSite\",\"@id\":\"https:\/\/admin.industriall-union.org\/#website\",\"url\":\"https:\/\/admin.industriall-union.org\/\",\"name\":\"industriall-union\",\"description\":\"\",\"potentialAction\":[{\"@type\":\"SearchAction\",\"target\":{\"@type\":\"EntryPoint\",\"urlTemplate\":\"https:\/\/admin.industriall-union.org\/?s={search_term_string}\"},\"query-input\":{\"@type\":\"PropertyValueSpecification\",\"valueRequired\":true,\"valueName\":\"search_term_string\"}}],\"inLanguage\":\"fr-FR\"}]}<\/script>\n<!-- \/ Yoast SEO Premium plugin. -->","yoast_head_json":{"title":"Les F\u00e9d\u00e9rations mondiales des syndicats exigent de nouvelles priorit\u00e9s aux Sommets G8 et G20 - industriall-union","robots":{"index":"index","follow":"follow","max-snippet":"max-snippet:-1","max-image-preview":"max-image-preview:large","max-video-preview":"max-video-preview:-1"},"canonical":"https:\/\/admin.industriall-union.org\/fr\/archive\/imf\/les-federations-mondiales-des-syndicats-exigent-de-nouvelles-priorites-aux-sommets-g8-et-g20\/","og_locale":"fr_FR","og_type":"article","og_title":"Les F\u00e9d\u00e9rations mondiales des syndicats exigent de nouvelles priorit\u00e9s aux Sommets G8 et G20","og_description":"MONDE: Cette d\u00e9claration a \u00e9t\u00e9 le projet conjoint de la F\u00e9d\u00e9ration internationale des syndicats de travailleurs de la chimie, de l&#8217;\u00e9nergie, des mines et des industries diverses (ICEM), la F\u00e9d\u00e9ration internationale des organisations de travailleurs de la m\u00e9tallurgie (FIOM) et la F\u00e9d\u00e9ration internationale des travailleurs du textile, de l&#8217;habillement et du cuir (FITTHC). Elle a [&hellip;]","og_url":"https:\/\/admin.industriall-union.org\/fr\/archive\/imf\/les-federations-mondiales-des-syndicats-exigent-de-nouvelles-priorites-aux-sommets-g8-et-g20\/","og_site_name":"industriall-union","article_modified_time":"2025-01-31T09:48:51+00:00","twitter_card":"summary_large_image","twitter_misc":{"Est. reading time":"3 minutes"},"schema":{"@context":"https:\/\/schema.org","@graph":[{"@type":"WebPage","@id":"https:\/\/admin.industriall-union.org\/fr\/archive\/imf\/les-federations-mondiales-des-syndicats-exigent-de-nouvelles-priorites-aux-sommets-g8-et-g20\/","url":"https:\/\/admin.industriall-union.org\/fr\/archive\/imf\/les-federations-mondiales-des-syndicats-exigent-de-nouvelles-priorites-aux-sommets-g8-et-g20\/","name":"Les F\u00e9d\u00e9rations mondiales des syndicats exigent de nouvelles priorit\u00e9s aux Sommets G8 et G20 - industriall-union","isPartOf":{"@id":"https:\/\/admin.industriall-union.org\/#website"},"datePublished":"2010-06-21T07:07:00+00:00","dateModified":"2025-01-31T09:48:51+00:00","breadcrumb":{"@id":"https:\/\/admin.industriall-union.org\/fr\/archive\/imf\/les-federations-mondiales-des-syndicats-exigent-de-nouvelles-priorites-aux-sommets-g8-et-g20\/#breadcrumb"},"inLanguage":"fr-FR","potentialAction":[{"@type":"ReadAction","target":["https:\/\/admin.industriall-union.org\/fr\/archive\/imf\/les-federations-mondiales-des-syndicats-exigent-de-nouvelles-priorites-aux-sommets-g8-et-g20\/"]}]},{"@type":"BreadcrumbList","@id":"https:\/\/admin.industriall-union.org\/fr\/archive\/imf\/les-federations-mondiales-des-syndicats-exigent-de-nouvelles-priorites-aux-sommets-g8-et-g20\/#breadcrumb","itemListElement":[{"@type":"ListItem","position":1,"name":"Home","item":"https:\/\/admin.industriall-union.org\/"},{"@type":"ListItem","position":2,"name":"Archive Imf","item":"https:\/\/admin.industriall-union.org\/es\/archive\/imf\/"},{"@type":"ListItem","position":3,"name":"Les F\u00e9d\u00e9rations mondiales des syndicats exigent de nouvelles priorit\u00e9s aux Sommets G8 et G20"}]},{"@type":"WebSite","@id":"https:\/\/admin.industriall-union.org\/#website","url":"https:\/\/admin.industriall-union.org\/","name":"industriall-union","description":"","potentialAction":[{"@type":"SearchAction","target":{"@type":"EntryPoint","urlTemplate":"https:\/\/admin.industriall-union.org\/?s={search_term_string}"},"query-input":{"@type":"PropertyValueSpecification","valueRequired":true,"valueName":"search_term_string"}}],"inLanguage":"fr-FR"}]}},"_links":{"self":[{"href":"https:\/\/admin.industriall-union.org\/fr\/wp-json\/wp\/v2\/archive_imf\/201468","targetHints":{"allow":["GET"]}}],"collection":[{"href":"https:\/\/admin.industriall-union.org\/fr\/wp-json\/wp\/v2\/archive_imf"}],"about":[{"href":"https:\/\/admin.industriall-union.org\/fr\/wp-json\/wp\/v2\/types\/archive_imf"}],"wp:attachment":[{"href":"https:\/\/admin.industriall-union.org\/fr\/wp-json\/wp\/v2\/media?parent=201468"}],"curies":[{"name":"wp","href":"https:\/\/api.w.org\/{rel}","templated":true}]}}

Les Fédérations mondiales des syndicats exigent de nouvelles priorités aux Sommets G8 et G20

<p>MONDE: Cette déclaration a été le projet conjoint de la Fédération internationale des syndicats de travailleurs de la chimie, de l&#8217;énergie, des mines et des industries diverses (ICEM), la Fédération internationale des organisations de travailleurs de la métallurgie (FIOM) et la Fédération internationale des travailleurs du textile, de l&#8217;habillement et du cuir (FITTHC). Elle a été réalisée en proche collaboration entre cinq syndicats représentants les secteurs industriels et autres au Canada : le Syndicat Canadien des communications, de l&#8217;énergie et du papier (SCEP), le Syndicat national de l&#8217;automobile, de l&#8217;aérospatiale, du transport et des autres travailleurs et travailleuses du Canada (TCA), le Power Workers&#8217; Union (PWU),   Le Syndicat des métallos (USW), et l&#8217;Association internationale des machinistes et des travailleurs de l&#8217;aérospatiale (AIM) </p><p>Au cœur de la déclaration on trouve la revendication que les dirigeants politiques et financiers mettent en place un système strict de gouvernance financière mondiale, qu&#8217;ils introduisent une taxe internationale sur les transactions financières et qu&#8217;ils parviennent à un accord ambitieux et contraignant sur l&#8217;émission des gaz à effet de serre lors de la rencontre au COP16 au Mexique plus tard cette année. </p><p>Cette déclaration composée de dix points appelle à la garantie que les droits fondamentaux des syndicats, des travailleurs et travailleuses soit respectés et incluses dans les ententes sur le commerce et l&#8217;investissement et que le développement durable y soit un critère reconnu ; et qu&#8217;on fasse des évaluations approfondies avec l&#8217;assurance que  le bien-être social, économique et environnemental dans les accords commerciaux soient respectés. L&#8217;intégralité de la déclaration peut être trouvée <a href="../files/10062109043679/TorontoDeclarationFR_2_.pdf">ici</a>.  </p><p>« Les travailleurs et travailleuses de l&#8217;industrie ont un rôle central à jouer dans la construction d&#8217;un futur qui sorte les gens de la pauvreté tout en protégeant l&#8217;environnement », stipule la déclaration. « Par l&#8217;action politique et industrielle nos trois fédérations mondiales exigent que les leaders du monde posent des actions décisives pour résoudre les crises économique, sociale et environnementale ».</p><p>En ce qui concerne le choix du moment de la  déclaration, le secrétaire général de l&#8217;ICEM, Manfred Warda a dit : « L&#8217;économie mondiale est encore aux soins intensifs et des mesures continues d&#8217;aide sont nécessaires. La re-règlementation des marchés financiers, une action vers le plein emploi, et une panoplie essentielle de mesures stabilisatrices pour stopper cette glissade rapide vers la pauvreté soit nécessaires ». </p><p>Le secrétaire général de la FIOM, Jyrki Raina a ajouté : « L&#8217;industrie est la force des économies nationales, en tant que fournisseur d&#8217;emplois de qualité avec des salaires et des heures de travail décents, et le droit de s&#8217;affilier à un syndicat. Nous avons besoin de limiter le travail précaire par la législation et les conventions collectives, et de développer des politiques industrielles pour le développement durable, tant dans les pays industrialisés et les pays en développement ».</p><p>L&#8217;ICEM, basée à Genève, compte 467 syndicats affiliés dans 132 pays, elle représente 20 millions de travailleurs et travailleuses. La FIOM, aussi basée à Genève, représente les intérêts communs de 25 millions de travailleurs et travailleuses du métal provenant de plus de 200 syndicats dans 100 pays. La FITTHC, avec son siège à Bruxelles, couvre 217 syndicats dans 110 pays. </p><p>Pour de plus amples informations, prière de contacter : Dick Blin, directeur de l&#8217;information à l&#8217;ICEM : <a href="mailto:dick.blin@icem.org">dick.blin@icem.org</a>, +1 416 361 1000 poste 3344, +41 79 734 8994 (cellulaire) ; ou Alexander Ivanou, communications à la FIOM : <a href="mailto:aivanou@imfmetal.org">aivanou@imfmetal.org</a>, +41 22 308 5033.</p>

<!-- This site is optimized with the Yoast SEO Premium plugin v27.1 (Yoast SEO v27.1) - https://yoast.com/product/yoast-seo-premium-wordpress/ -->
<title>Les Fédérations mondiales des syndicats exigent de nouvelles priorités aux Sommets G8 et G20 - industriall-union</title>
<meta name="robots" content="index, follow, max-snippet:-1, max-image-preview:large, max-video-preview:-1" />
<link rel="canonical" href="https://admin.industriall-union.org/fr/archive/imf/les-federations-mondiales-des-syndicats-exigent-de-nouvelles-priorites-aux-sommets-g8-et-g20/" />
<meta property="og:locale" content="fr_FR" />
<meta property="og:type" content="article" />
<meta property="og:title" content="Les Fédérations mondiales des syndicats exigent de nouvelles priorités aux Sommets G8 et G20" />
<meta property="og:description" content="MONDE: Cette déclaration a été le projet conjoint de la Fédération internationale des syndicats de travailleurs de la chimie, de l&#8217;énergie, des mines et des industries diverses (ICEM), la Fédération internationale des organisations de travailleurs de la métallurgie (FIOM) et la Fédération internationale des travailleurs du textile, de l&#8217;habillement et du cuir (FITTHC). Elle a [&hellip;]" />
<meta property="og:url" content="https://admin.industriall-union.org/fr/archive/imf/les-federations-mondiales-des-syndicats-exigent-de-nouvelles-priorites-aux-sommets-g8-et-g20/" />
<meta property="og:site_name" content="industriall-union" />
<meta property="article:modified_time" content="2025-01-31T09:48:51+00:00" />
<meta name="twitter:card" content="summary_large_image" />
<meta name="twitter:label1" content="Est. reading time" />
	<meta name="twitter:data1" content="3 minutes" />
<script type="application/ld+json" class="yoast-schema-graph">{"@context":"https://schema.org","@graph":[{"@type":"WebPage","@id":"https://admin.industriall-union.org/fr/archive/imf/les-federations-mondiales-des-syndicats-exigent-de-nouvelles-priorites-aux-sommets-g8-et-g20/","url":"https://admin.industriall-union.org/fr/archive/imf/les-federations-mondiales-des-syndicats-exigent-de-nouvelles-priorites-aux-sommets-g8-et-g20/","name":"Les Fédérations mondiales des syndicats exigent de nouvelles priorités aux Sommets G8 et G20 - industriall-union","isPartOf":{"@id":"https://admin.industriall-union.org/#website"},"datePublished":"2010-06-21T07:07:00+00:00","dateModified":"2025-01-31T09:48:51+00:00","breadcrumb":{"@id":"https://admin.industriall-union.org/fr/archive/imf/les-federations-mondiales-des-syndicats-exigent-de-nouvelles-priorites-aux-sommets-g8-et-g20/#breadcrumb"},"inLanguage":"fr-FR","potentialAction":[{"@type":"ReadAction","target":["https://admin.industriall-union.org/fr/archive/imf/les-federations-mondiales-des-syndicats-exigent-de-nouvelles-priorites-aux-sommets-g8-et-g20/"]}]},{"@type":"BreadcrumbList","@id":"https://admin.industriall-union.org/fr/archive/imf/les-federations-mondiales-des-syndicats-exigent-de-nouvelles-priorites-aux-sommets-g8-et-g20/#breadcrumb","itemListElement":[{"@type":"ListItem","position":1,"name":"Home","item":"https://admin.industriall-union.org/"},{"@type":"ListItem","position":2,"name":"Archive Imf","item":"https://admin.industriall-union.org/es/archive/imf/"},{"@type":"ListItem","position":3,"name":"Les Fédérations mondiales des syndicats exigent de nouvelles priorités aux Sommets G8 et G20"}]},{"@type":"WebSite","@id":"https://admin.industriall-union.org/#website","url":"https://admin.industriall-union.org/","name":"industriall-union","description":"","potentialAction":[{"@type":"SearchAction","target":{"@type":"EntryPoint","urlTemplate":"https://admin.industriall-union.org/?s={search_term_string}"},"query-input":{"@type":"PropertyValueSpecification","valueRequired":true,"valueName":"search_term_string"}}],"inLanguage":"fr-FR"}]}</script>
<!-- / Yoast SEO Premium plugin. -->

Les Fédérations mondiales des syndicats exigent de nouvelles priorités aux Sommets G8 et G20 - industriall-union

MONDE: Cette déclaration a été le projet conjoint de la Fédération internationale des syndicats de travailleurs de la chimie, de l&#8217;énergie, des mines et des industries diverses (ICEM), la Fédération internationale des organisations de travailleurs de la métallurgie (FIOM) et la Fédération internationale des travailleurs du textile, de l&#8217;habillement et du cuir (FITTHC). Elle a [&hellip;]
