{"id":201447,"date":"2010-07-01T11:53:00","date_gmt":"2010-07-01T11:53:00","guid":{"rendered":"https:\/\/admin.industriall-union.org\/archive\/imf\/les-syndicats-neo-zelandais-soutiennent-le-syndicat-mexicain-des-mineurs\/"},"modified":"2025-01-31T09:48:43","modified_gmt":"2025-01-31T09:48:43","slug":"les-syndicats-neo-zelandais-soutiennent-le-syndicat-mexicain-des-mineurs","status":"publish","type":"archive_imf","link":"https:\/\/admin.industriall-union.org\/fr\/archive\/imf\/les-syndicats-neo-zelandais-soutiennent-le-syndicat-mexicain-des-mineurs\/","title":{"rendered":"Les syndicats n\u00e9o-z\u00e9landais soutiennent le syndicat mexicain des mineurs"},"content":{"rendered":"<!--[if gte mso 9]&gt;     Normal   0   21         false   false   false                             MicrosoftInternetExplorer4   &lt;![endif]--><!--[if gte mso 9]&gt;     &lt;![endif]-->  <!--[if gte mso 10]&gt;   \/* Style Definitions *\/  table.MsoNormalTable \t{mso-style-name:\"Table Normal\"; \tmso-tstyle-rowband-size:0; \tmso-tstyle-colband-size:0; \tmso-style-noshow:yes; \tmso-style-parent:\"\"; \tmso-padding-alt:0cm 5.4pt 0cm 5.4pt; \tmso-para-margin:0cm; \tmso-para-margin-bottom:.0001pt; \tmso-pagination:widow-orphan; \tfont-size:10.0pt; \tfont-family:\"Times New Roman\"; \tmso-ansi-language:#0400; \tmso-fareast-language:#0400; \tmso-bidi-language:#0400;}  &lt;![endif]-->  <p>NOUVELLE-Z\u00c9LANDE\/MEXIQUE: Des repr\u00e9sentants du syndicat de l&#8217;industrie m\u00e9canique, de l&#8217;imprimerie et de la fabrication industrielle (EPMU), affil\u00e9 \u00e0 la F\u00e9d\u00e9ration internationale des organisations de travailleurs de la m\u00e9tallurgie, du syndicat maritime de Nouvelle-Z\u00e9lande (MUNZ) et du Conseil des syndicats de Nouvelle-Z\u00e9lande (CTU) ont remis une lettre \u00e0 l&#8217;ambassadeur par int\u00e9rim du Mexique le 30 juin pour exprimer leur grande inqui\u00e9tude de voir le gouvernement mexicain employer la force contre les travailleurs en gr\u00e8ve du syndicat national des mineurs et des m\u00e9tallurgistes du Mexique (Los Mineros).<\/p>  <p>La lettre condamne l&#8217;attaque des policiers anti-\u00e9meutes lourdement arm\u00e9s contre des membres de Los Mineros en gr\u00e8ve \u00e0 la mine de cuivre de Cananea au Mexique en juin dernier.<\/p>  <p>Le 6 juin, des centaines de policiers anti-\u00e9meutes mexicains ont encercl\u00e9 la mine et utilis\u00e9 des gaz lacrymog\u00e8nes pour d\u00e9loger les travailleurs qui occupaient les entr\u00e9es et pour prendre d&#8217;assaut le bureau du syndicat. Plus de 1.000 membres de Los Mineros \u00e9taient en gr\u00e8ve \u00e0 la suite d&#8217;un diff\u00e9rend de longue dur\u00e9e avec l&#8217;entreprise Grupo Mexico sur des manquements \u00e0 la sant\u00e9 et la s\u00e9curit\u00e9 et autres infractions aux contrats.<\/p>  <p>Los Mineros a signal\u00e9 que trois travailleurs ont \u00e9t\u00e9 bless\u00e9s par balle ou par d&#8217;autres projectiles, et que d&#8217;autres ont \u00e9t\u00e9 rou\u00e9s de coups ou souffrent des effets des gaz lacrymog\u00e8nes.<\/p>  <p>La lettre invite instamment le gouvernement mexicain \u00e0 permettre au dirigeant \u00e9lu du syndicat, Napole\u00f3n G\u00f3mez, de retourner au Mexique de son exil au Canada et de reprendre son poste.<\/p>  <p>L&#8217;ambassadeur mexicain par int\u00e9rim, Luis Enrique Franco, a donn\u00e9 l&#8217;assurance qu&#8217;il transmettrait \u00e0 son gouvernement les inqui\u00e9tudes du mouvement syndical de Nouvelle-Z\u00e9lande sur le traitement inflig\u00e9 par le gouvernement mexicain aux travailleurs concern\u00e9s.<\/p>  <p>&quot;Nous exhortons le gouvernement mexicain \u00e0 permettre le retour sans danger de Napole\u00f3n G\u00f3mez, le dirigeant \u00e9lu du syndicat national des mineurs et des m\u00e9tallurgistes du Mexique, afin qu&#8217;il puisse reprendre ses fonctions sans crainte de repr\u00e9sailles&quot;, a d\u00e9clar\u00e9 Paul Tolich, principal responsable national industriel du EPMU.<\/p>  <p>&quot;Le gouvernement mexicain doit honorer ses engagements en tant que membre de l&#8217;Organisation internationale du Travail (OIT), institution sp\u00e9cialis\u00e9e des Nations Unies, qui garantie la libert\u00e9 syndicale de tous les travailleurs et toutes les travailleuses au Mexique&quot;, a ajout\u00e9 Joe Fleetwood, secr\u00e9taire g\u00e9n\u00e9ral de MUNZ.<\/p>    ","protected":false},"featured_media":0,"template":"","class_list":["post-201447","archive_imf","type-archive_imf","status-publish","hentry"],"acf":[],"yoast_head":"<!-- This site is optimized with the Yoast SEO Premium plugin v27.1 (Yoast SEO v27.1) - https:\/\/yoast.com\/product\/yoast-seo-premium-wordpress\/ -->\n<title>Les syndicats n\u00e9o-z\u00e9landais soutiennent le syndicat mexicain des mineurs - industriall-union<\/title>\n<meta name=\"robots\" content=\"index, follow, max-snippet:-1, max-image-preview:large, max-video-preview:-1\" \/>\n<link rel=\"canonical\" href=\"https:\/\/admin.industriall-union.org\/fr\/archive\/imf\/les-syndicats-neo-zelandais-soutiennent-le-syndicat-mexicain-des-mineurs\/\" \/>\n<meta property=\"og:locale\" content=\"fr_FR\" \/>\n<meta property=\"og:type\" content=\"article\" \/>\n<meta property=\"og:title\" content=\"Les syndicats n\u00e9o-z\u00e9landais soutiennent le syndicat mexicain des mineurs\" \/>\n<meta property=\"og:description\" content=\"NOUVELLE-Z\u00c9LANDE\/MEXIQUE: Des repr\u00e9sentants du syndicat de l&#8217;industrie m\u00e9canique, de l&#8217;imprimerie et de la fabrication industrielle (EPMU), affil\u00e9 \u00e0 la F\u00e9d\u00e9ration internationale des organisations de travailleurs de la m\u00e9tallurgie, du syndicat maritime de Nouvelle-Z\u00e9lande (MUNZ) et du Conseil des syndicats de Nouvelle-Z\u00e9lande (CTU) ont remis une lettre \u00e0 l&#8217;ambassadeur par int\u00e9rim du Mexique le 30 juin [&hellip;]\" \/>\n<meta property=\"og:url\" content=\"https:\/\/admin.industriall-union.org\/fr\/archive\/imf\/les-syndicats-neo-zelandais-soutiennent-le-syndicat-mexicain-des-mineurs\/\" \/>\n<meta property=\"og:site_name\" content=\"industriall-union\" \/>\n<meta property=\"article:modified_time\" content=\"2025-01-31T09:48:43+00:00\" \/>\n<meta name=\"twitter:card\" content=\"summary_large_image\" \/>\n<meta name=\"twitter:label1\" content=\"Est. reading time\" \/>\n\t<meta name=\"twitter:data1\" content=\"2 minutes\" \/>\n<script type=\"application\/ld+json\" class=\"yoast-schema-graph\">{\"@context\":\"https:\/\/schema.org\",\"@graph\":[{\"@type\":\"WebPage\",\"@id\":\"https:\/\/admin.industriall-union.org\/fr\/archive\/imf\/les-syndicats-neo-zelandais-soutiennent-le-syndicat-mexicain-des-mineurs\/\",\"url\":\"https:\/\/admin.industriall-union.org\/fr\/archive\/imf\/les-syndicats-neo-zelandais-soutiennent-le-syndicat-mexicain-des-mineurs\/\",\"name\":\"Les syndicats n\u00e9o-z\u00e9landais soutiennent le syndicat mexicain des mineurs - industriall-union\",\"isPartOf\":{\"@id\":\"https:\/\/admin.industriall-union.org\/#website\"},\"datePublished\":\"2010-07-01T11:53:00+00:00\",\"dateModified\":\"2025-01-31T09:48:43+00:00\",\"breadcrumb\":{\"@id\":\"https:\/\/admin.industriall-union.org\/fr\/archive\/imf\/les-syndicats-neo-zelandais-soutiennent-le-syndicat-mexicain-des-mineurs\/#breadcrumb\"},\"inLanguage\":\"fr-FR\",\"potentialAction\":[{\"@type\":\"ReadAction\",\"target\":[\"https:\/\/admin.industriall-union.org\/fr\/archive\/imf\/les-syndicats-neo-zelandais-soutiennent-le-syndicat-mexicain-des-mineurs\/\"]}]},{\"@type\":\"BreadcrumbList\",\"@id\":\"https:\/\/admin.industriall-union.org\/fr\/archive\/imf\/les-syndicats-neo-zelandais-soutiennent-le-syndicat-mexicain-des-mineurs\/#breadcrumb\",\"itemListElement\":[{\"@type\":\"ListItem\",\"position\":1,\"name\":\"Home\",\"item\":\"https:\/\/admin.industriall-union.org\/\"},{\"@type\":\"ListItem\",\"position\":2,\"name\":\"Archive Imf\",\"item\":\"https:\/\/admin.industriall-union.org\/es\/archive\/imf\/\"},{\"@type\":\"ListItem\",\"position\":3,\"name\":\"Les syndicats n\u00e9o-z\u00e9landais soutiennent le syndicat mexicain des mineurs\"}]},{\"@type\":\"WebSite\",\"@id\":\"https:\/\/admin.industriall-union.org\/#website\",\"url\":\"https:\/\/admin.industriall-union.org\/\",\"name\":\"industriall-union\",\"description\":\"\",\"potentialAction\":[{\"@type\":\"SearchAction\",\"target\":{\"@type\":\"EntryPoint\",\"urlTemplate\":\"https:\/\/admin.industriall-union.org\/?s={search_term_string}\"},\"query-input\":{\"@type\":\"PropertyValueSpecification\",\"valueRequired\":true,\"valueName\":\"search_term_string\"}}],\"inLanguage\":\"fr-FR\"}]}<\/script>\n<!-- \/ Yoast SEO Premium plugin. -->","yoast_head_json":{"title":"Les syndicats n\u00e9o-z\u00e9landais soutiennent le syndicat mexicain des mineurs - industriall-union","robots":{"index":"index","follow":"follow","max-snippet":"max-snippet:-1","max-image-preview":"max-image-preview:large","max-video-preview":"max-video-preview:-1"},"canonical":"https:\/\/admin.industriall-union.org\/fr\/archive\/imf\/les-syndicats-neo-zelandais-soutiennent-le-syndicat-mexicain-des-mineurs\/","og_locale":"fr_FR","og_type":"article","og_title":"Les syndicats n\u00e9o-z\u00e9landais soutiennent le syndicat mexicain des mineurs","og_description":"NOUVELLE-Z\u00c9LANDE\/MEXIQUE: Des repr\u00e9sentants du syndicat de l&#8217;industrie m\u00e9canique, de l&#8217;imprimerie et de la fabrication industrielle (EPMU), affil\u00e9 \u00e0 la F\u00e9d\u00e9ration internationale des organisations de travailleurs de la m\u00e9tallurgie, du syndicat maritime de Nouvelle-Z\u00e9lande (MUNZ) et du Conseil des syndicats de Nouvelle-Z\u00e9lande (CTU) ont remis une lettre \u00e0 l&#8217;ambassadeur par int\u00e9rim du Mexique le 30 juin [&hellip;]","og_url":"https:\/\/admin.industriall-union.org\/fr\/archive\/imf\/les-syndicats-neo-zelandais-soutiennent-le-syndicat-mexicain-des-mineurs\/","og_site_name":"industriall-union","article_modified_time":"2025-01-31T09:48:43+00:00","twitter_card":"summary_large_image","twitter_misc":{"Est. reading time":"2 minutes"},"schema":{"@context":"https:\/\/schema.org","@graph":[{"@type":"WebPage","@id":"https:\/\/admin.industriall-union.org\/fr\/archive\/imf\/les-syndicats-neo-zelandais-soutiennent-le-syndicat-mexicain-des-mineurs\/","url":"https:\/\/admin.industriall-union.org\/fr\/archive\/imf\/les-syndicats-neo-zelandais-soutiennent-le-syndicat-mexicain-des-mineurs\/","name":"Les syndicats n\u00e9o-z\u00e9landais soutiennent le syndicat mexicain des mineurs - industriall-union","isPartOf":{"@id":"https:\/\/admin.industriall-union.org\/#website"},"datePublished":"2010-07-01T11:53:00+00:00","dateModified":"2025-01-31T09:48:43+00:00","breadcrumb":{"@id":"https:\/\/admin.industriall-union.org\/fr\/archive\/imf\/les-syndicats-neo-zelandais-soutiennent-le-syndicat-mexicain-des-mineurs\/#breadcrumb"},"inLanguage":"fr-FR","potentialAction":[{"@type":"ReadAction","target":["https:\/\/admin.industriall-union.org\/fr\/archive\/imf\/les-syndicats-neo-zelandais-soutiennent-le-syndicat-mexicain-des-mineurs\/"]}]},{"@type":"BreadcrumbList","@id":"https:\/\/admin.industriall-union.org\/fr\/archive\/imf\/les-syndicats-neo-zelandais-soutiennent-le-syndicat-mexicain-des-mineurs\/#breadcrumb","itemListElement":[{"@type":"ListItem","position":1,"name":"Home","item":"https:\/\/admin.industriall-union.org\/"},{"@type":"ListItem","position":2,"name":"Archive Imf","item":"https:\/\/admin.industriall-union.org\/es\/archive\/imf\/"},{"@type":"ListItem","position":3,"name":"Les syndicats n\u00e9o-z\u00e9landais soutiennent le syndicat mexicain des mineurs"}]},{"@type":"WebSite","@id":"https:\/\/admin.industriall-union.org\/#website","url":"https:\/\/admin.industriall-union.org\/","name":"industriall-union","description":"","potentialAction":[{"@type":"SearchAction","target":{"@type":"EntryPoint","urlTemplate":"https:\/\/admin.industriall-union.org\/?s={search_term_string}"},"query-input":{"@type":"PropertyValueSpecification","valueRequired":true,"valueName":"search_term_string"}}],"inLanguage":"fr-FR"}]}},"_links":{"self":[{"href":"https:\/\/admin.industriall-union.org\/fr\/wp-json\/wp\/v2\/archive_imf\/201447","targetHints":{"allow":["GET"]}}],"collection":[{"href":"https:\/\/admin.industriall-union.org\/fr\/wp-json\/wp\/v2\/archive_imf"}],"about":[{"href":"https:\/\/admin.industriall-union.org\/fr\/wp-json\/wp\/v2\/types\/archive_imf"}],"wp:attachment":[{"href":"https:\/\/admin.industriall-union.org\/fr\/wp-json\/wp\/v2\/media?parent=201447"}],"curies":[{"name":"wp","href":"https:\/\/api.w.org\/{rel}","templated":true}]}}

Les syndicats néo-zélandais soutiennent le syndicat mexicain des mineurs

<!--[if gte mso 9]&gt;     Normal   0   21         false   false   false                             MicrosoftInternetExplorer4   &lt;![endif]--><!--[if gte mso 9]&gt;     &lt;![endif]-->  <!--[if gte mso 10]&gt;   /* Style Definitions */  table.MsoNormalTable 	{mso-style-name:"Table Normal"; 	mso-tstyle-rowband-size:0; 	mso-tstyle-colband-size:0; 	mso-style-noshow:yes; 	mso-style-parent:""; 	mso-padding-alt:0cm 5.4pt 0cm 5.4pt; 	mso-para-margin:0cm; 	mso-para-margin-bottom:.0001pt; 	mso-pagination:widow-orphan; 	font-size:10.0pt; 	font-family:"Times New Roman"; 	mso-ansi-language:#0400; 	mso-fareast-language:#0400; 	mso-bidi-language:#0400;}  &lt;![endif]-->  <p>NOUVELLE-ZÉLANDE/MEXIQUE: Des représentants du syndicat de l&#8217;industrie mécanique, de l&#8217;imprimerie et de la fabrication industrielle (EPMU), affilé à la Fédération internationale des organisations de travailleurs de la métallurgie, du syndicat maritime de Nouvelle-Zélande (MUNZ) et du Conseil des syndicats de Nouvelle-Zélande (CTU) ont remis une lettre à l&#8217;ambassadeur par intérim du Mexique le 30 juin pour exprimer leur grande inquiétude de voir le gouvernement mexicain employer la force contre les travailleurs en grève du syndicat national des mineurs et des métallurgistes du Mexique (Los Mineros).</p>  <p>La lettre condamne l&#8217;attaque des policiers anti-émeutes lourdement armés contre des membres de Los Mineros en grève à la mine de cuivre de Cananea au Mexique en juin dernier.</p>  <p>Le 6 juin, des centaines de policiers anti-émeutes mexicains ont encerclé la mine et utilisé des gaz lacrymogènes pour déloger les travailleurs qui occupaient les entrées et pour prendre d&#8217;assaut le bureau du syndicat. Plus de 1.000 membres de Los Mineros étaient en grève à la suite d&#8217;un différend de longue durée avec l&#8217;entreprise Grupo Mexico sur des manquements à la santé et la sécurité et autres infractions aux contrats.</p>  <p>Los Mineros a signalé que trois travailleurs ont été blessés par balle ou par d&#8217;autres projectiles, et que d&#8217;autres ont été roués de coups ou souffrent des effets des gaz lacrymogènes.</p>  <p>La lettre invite instamment le gouvernement mexicain à permettre au dirigeant élu du syndicat, Napoleón Gómez, de retourner au Mexique de son exil au Canada et de reprendre son poste.</p>  <p>L&#8217;ambassadeur mexicain par intérim, Luis Enrique Franco, a donné l&#8217;assurance qu&#8217;il transmettrait à son gouvernement les inquiétudes du mouvement syndical de Nouvelle-Zélande sur le traitement infligé par le gouvernement mexicain aux travailleurs concernés.</p>  <p>&quot;Nous exhortons le gouvernement mexicain à permettre le retour sans danger de Napoleón Gómez, le dirigeant élu du syndicat national des mineurs et des métallurgistes du Mexique, afin qu&#8217;il puisse reprendre ses fonctions sans crainte de représailles&quot;, a déclaré Paul Tolich, principal responsable national industriel du EPMU.</p>  <p>&quot;Le gouvernement mexicain doit honorer ses engagements en tant que membre de l&#8217;Organisation internationale du Travail (OIT), institution spécialisée des Nations Unies, qui garantie la liberté syndicale de tous les travailleurs et toutes les travailleuses au Mexique&quot;, a ajouté Joe Fleetwood, secrétaire général de MUNZ.</p>

<!-- This site is optimized with the Yoast SEO Premium plugin v27.1 (Yoast SEO v27.1) - https://yoast.com/product/yoast-seo-premium-wordpress/ -->
<title>Les syndicats néo-zélandais soutiennent le syndicat mexicain des mineurs - industriall-union</title>
<meta name="robots" content="index, follow, max-snippet:-1, max-image-preview:large, max-video-preview:-1" />
<link rel="canonical" href="https://admin.industriall-union.org/fr/archive/imf/les-syndicats-neo-zelandais-soutiennent-le-syndicat-mexicain-des-mineurs/" />
<meta property="og:locale" content="fr_FR" />
<meta property="og:type" content="article" />
<meta property="og:title" content="Les syndicats néo-zélandais soutiennent le syndicat mexicain des mineurs" />
<meta property="og:description" content="NOUVELLE-ZÉLANDE/MEXIQUE: Des représentants du syndicat de l&#8217;industrie mécanique, de l&#8217;imprimerie et de la fabrication industrielle (EPMU), affilé à la Fédération internationale des organisations de travailleurs de la métallurgie, du syndicat maritime de Nouvelle-Zélande (MUNZ) et du Conseil des syndicats de Nouvelle-Zélande (CTU) ont remis une lettre à l&#8217;ambassadeur par intérim du Mexique le 30 juin [&hellip;]" />
<meta property="og:url" content="https://admin.industriall-union.org/fr/archive/imf/les-syndicats-neo-zelandais-soutiennent-le-syndicat-mexicain-des-mineurs/" />
<meta property="og:site_name" content="industriall-union" />
<meta property="article:modified_time" content="2025-01-31T09:48:43+00:00" />
<meta name="twitter:card" content="summary_large_image" />
<meta name="twitter:label1" content="Est. reading time" />
	<meta name="twitter:data1" content="2 minutes" />
<script type="application/ld+json" class="yoast-schema-graph">{"@context":"https://schema.org","@graph":[{"@type":"WebPage","@id":"https://admin.industriall-union.org/fr/archive/imf/les-syndicats-neo-zelandais-soutiennent-le-syndicat-mexicain-des-mineurs/","url":"https://admin.industriall-union.org/fr/archive/imf/les-syndicats-neo-zelandais-soutiennent-le-syndicat-mexicain-des-mineurs/","name":"Les syndicats néo-zélandais soutiennent le syndicat mexicain des mineurs - industriall-union","isPartOf":{"@id":"https://admin.industriall-union.org/#website"},"datePublished":"2010-07-01T11:53:00+00:00","dateModified":"2025-01-31T09:48:43+00:00","breadcrumb":{"@id":"https://admin.industriall-union.org/fr/archive/imf/les-syndicats-neo-zelandais-soutiennent-le-syndicat-mexicain-des-mineurs/#breadcrumb"},"inLanguage":"fr-FR","potentialAction":[{"@type":"ReadAction","target":["https://admin.industriall-union.org/fr/archive/imf/les-syndicats-neo-zelandais-soutiennent-le-syndicat-mexicain-des-mineurs/"]}]},{"@type":"BreadcrumbList","@id":"https://admin.industriall-union.org/fr/archive/imf/les-syndicats-neo-zelandais-soutiennent-le-syndicat-mexicain-des-mineurs/#breadcrumb","itemListElement":[{"@type":"ListItem","position":1,"name":"Home","item":"https://admin.industriall-union.org/"},{"@type":"ListItem","position":2,"name":"Archive Imf","item":"https://admin.industriall-union.org/es/archive/imf/"},{"@type":"ListItem","position":3,"name":"Les syndicats néo-zélandais soutiennent le syndicat mexicain des mineurs"}]},{"@type":"WebSite","@id":"https://admin.industriall-union.org/#website","url":"https://admin.industriall-union.org/","name":"industriall-union","description":"","potentialAction":[{"@type":"SearchAction","target":{"@type":"EntryPoint","urlTemplate":"https://admin.industriall-union.org/?s={search_term_string}"},"query-input":{"@type":"PropertyValueSpecification","valueRequired":true,"valueName":"search_term_string"}}],"inLanguage":"fr-FR"}]}</script>
<!-- / Yoast SEO Premium plugin. -->

Les syndicats néo-zélandais soutiennent le syndicat mexicain des mineurs - industriall-union

NOUVELLE-ZÉLANDE/MEXIQUE: Des représentants du syndicat de l&#8217;industrie mécanique, de l&#8217;imprimerie et de la fabrication industrielle (EPMU), affilé à la Fédération internationale des organisations de travailleurs de la métallurgie, du syndicat maritime de Nouvelle-Zélande (MUNZ) et du Conseil des syndicats de Nouvelle-Zélande (CTU) ont remis une lettre à l&#8217;ambassadeur par intérim du Mexique le 30 juin [&hellip;]
