{"id":201401,"date":"2010-06-21T05:53:00","date_gmt":"2010-06-21T05:53:00","guid":{"rendered":"https:\/\/admin.industriall-union.org\/archive\/imf\/le-syndicat-poursuit-sa-lutte-chez-hyundai-en-inde\/"},"modified":"2025-01-31T09:48:31","modified_gmt":"2025-01-31T09:48:31","slug":"le-syndicat-poursuit-sa-lutte-chez-hyundai-en-inde","status":"publish","type":"archive_imf","link":"https:\/\/admin.industriall-union.org\/fr\/archive\/imf\/le-syndicat-poursuit-sa-lutte-chez-hyundai-en-inde\/","title":{"rendered":"Le syndicat poursuit sa lutte chez Hyundai en Inde"},"content":{"rendered":"<!--[if gte mso 9]&gt;     Normal   0   21         false   false   false                             MicrosoftInternetExplorer4   &lt;![endif]--><!--[if gte mso 9]&gt;     &lt;![endif]-->  <!--[if gte mso 10]&gt;   \/* Style Definitions *\/  table.MsoNormalTable \t{mso-style-name:\"Table Normal\"; \tmso-tstyle-rowband-size:0; \tmso-tstyle-colband-size:0; \tmso-style-noshow:yes; \tmso-style-parent:\"\"; \tmso-padding-alt:0cm 5.4pt 0cm 5.4pt; \tmso-para-margin:0cm; \tmso-para-margin-bottom:.0001pt; \tmso-pagination:widow-orphan; \tfont-size:10.0pt; \tfont-family:\"Times New Roman\"; \tmso-ansi-language:#0400; \tmso-fareast-language:#0400; \tmso-bidi-language:#0400;}  &lt;![endif]-->  <p>INDE: apr\u00e8s quatre jours de gr\u00e8ve du 6 au 9 juin 2010 \u00e0 l&#8217;usine Hyundai Motors situ\u00e9e \u00e0 Chennai en Inde, une commission tripartite compos\u00e9e de deux repr\u00e9sentants du syndicat, de la direction de l&#8217;entreprise et du minist\u00e8re du Travail a \u00e9t\u00e9 \u00e9tablie pour examiner la situation et prendre une d\u00e9cision sur la r\u00e9int\u00e9gration de 32 salari\u00e9s qui avaient \u00e9t\u00e9 licenci\u00e9s apr\u00e8s la formation en 2007 dans l&#8217;usine du syndicat des salari\u00e9s de Hyundai Motors en Inde (HMIEU). <\/p>  <p>Il est pr\u00e9vu que cette commission tripartite prendra une d\u00e9cision au cours des prochaines semaines sur le statut des 32 salari\u00e9s qui avaient \u00e9t\u00e9 licenci\u00e9s par la direction de Hyundai apr\u00e8s la cr\u00e9ation du syndicat en 2007.<\/p>  <p>Dans les 10 mois qui ont suivi la cr\u00e9ation du HMIEU au d\u00e9but de 2007, Hyundai Motors a licenci\u00e9 au total 87 membres du syndicat, \u00e0 commencer par son pr\u00e9sident et son secr\u00e9taire g\u00e9n\u00e9ral. Du 22 avril au 7 mai 2009, le syndicat a <a href=\"..\/index.cfm?c=19299&amp;l=2\">d\u00e9clench\u00e9 une gr\u00e8ve<\/a> pour exiger la reconnaissance du syndicat et la r\u00e9int\u00e9gration des personnes licenci\u00e9es. Le gouvernement a dit \u00e0 l&#8217;entreprise qu&#8217;elle devait reconna\u00eetre le HMIEU. <\/p>  <p>Les salari\u00e9s se sont mis en gr\u00e8ve pour la deuxi\u00e8me fois le 23 juillet 2009 apr\u00e8s que l&#8217;entreprise eut conclu un accord salarial avec un comit\u00e9 interne des salari\u00e9s et non avec le HMIEU, le syndicat officiellement enregistr\u00e9. Une fois de plus, le gouvernement est intervenu pour demander \u00e0 l&#8217;entreprise de n\u00e9gocier avec le syndicat et de r\u00e9int\u00e9grer 20 salari\u00e9s qui avaient \u00e9t\u00e9 licenci\u00e9s.<\/p>  <p>Par la suite, le gouvernement a examin\u00e9 de nouveau l&#8217;affaire des 67 autres personnes qui avaient \u00e9t\u00e9 licenci\u00e9es et recommand\u00e9 \u00e0 l&#8217;entreprise de r\u00e9int\u00e9grer 35 d&#8217;entre elles pour raisons humanitaires. En r\u00e9ponse, l&#8217;entreprise a propos\u00e9 un r\u00e8glement de 1,5 million de roupies pour les 35 salari\u00e9s, dont trois ont accept\u00e9 l&#8217;offre.<\/p>  <p>Quand l&#8217;entreprise a encore refus\u00e9 de r\u00e9int\u00e9grer les 32 salari\u00e9s restants comme le recommandait le minist\u00e8re du Travail, les travailleurs ont fait gr\u00e8ve pour la troisi\u00e8me fois du 6 au 9 juin 2010. Au cours de la gr\u00e8ve, 217 d&#8217;entre eux ont \u00e9t\u00e9 arr\u00eat\u00e9s et d\u00e9tenus. Le syndicat a obtenu la lib\u00e9ration de tous les travailleurs arr\u00eat\u00e9s et leur retour au travail, bien que ces personnes fassent toujours l&#8217;objet d&#8217;une proc\u00e9dure au p\u00e9nal. <\/p>  <p>Le HMIEU cherche toujours \u00e0 obtenir un recours juridique pour les 32 travailleurs restants parmi les 67 licenci\u00e9s dont la r\u00e9int\u00e9gration n&#8217;a pas \u00e9t\u00e9 recommand\u00e9e par le minist\u00e8re du Travail.<\/p>  <p>L&#8217;usine Hyundai \u00e0 Chennai, Inde, emploie 1.650 personnes sur une base permanente et 7.000 autres sur une base pr\u00e9caire (en apprentissage, sous contrat de dur\u00e9e limit\u00e9e, en sous-traitance ou travail occasionnel). Le HMIEU est affili\u00e9 \u00e0 la Centrale indienne des syndicats (CITU) et n&#8217;est pas affili\u00e9 \u00e0 la FIOM. N\u00e9anmoins, la FIOM et ses affili\u00e9s ont apport\u00e9 un soutien solidaire au combat men\u00e9 par les salari\u00e9s de Hyundai en Inde et continuent de surveiller la situation.<\/p>    ","protected":false},"featured_media":0,"template":"","class_list":["post-201401","archive_imf","type-archive_imf","status-publish","hentry"],"acf":[],"yoast_head":"<!-- This site is optimized with the Yoast SEO Premium plugin v27.1 (Yoast SEO v27.1) - https:\/\/yoast.com\/product\/yoast-seo-premium-wordpress\/ -->\n<title>Le syndicat poursuit sa lutte chez Hyundai en Inde - industriall-union<\/title>\n<meta name=\"robots\" content=\"index, follow, max-snippet:-1, max-image-preview:large, max-video-preview:-1\" \/>\n<link rel=\"canonical\" href=\"https:\/\/admin.industriall-union.org\/fr\/archive\/imf\/le-syndicat-poursuit-sa-lutte-chez-hyundai-en-inde\/\" \/>\n<meta property=\"og:locale\" content=\"fr_FR\" \/>\n<meta property=\"og:type\" content=\"article\" \/>\n<meta property=\"og:title\" content=\"Le syndicat poursuit sa lutte chez Hyundai en Inde\" \/>\n<meta property=\"og:description\" content=\"INDE: apr\u00e8s quatre jours de gr\u00e8ve du 6 au 9 juin 2010 \u00e0 l&#8217;usine Hyundai Motors situ\u00e9e \u00e0 Chennai en Inde, une commission tripartite compos\u00e9e de deux repr\u00e9sentants du syndicat, de la direction de l&#8217;entreprise et du minist\u00e8re du Travail a \u00e9t\u00e9 \u00e9tablie pour examiner la situation et prendre une d\u00e9cision sur la r\u00e9int\u00e9gration de [&hellip;]\" \/>\n<meta property=\"og:url\" content=\"https:\/\/admin.industriall-union.org\/fr\/archive\/imf\/le-syndicat-poursuit-sa-lutte-chez-hyundai-en-inde\/\" \/>\n<meta property=\"og:site_name\" content=\"industriall-union\" \/>\n<meta property=\"article:modified_time\" content=\"2025-01-31T09:48:31+00:00\" \/>\n<meta name=\"twitter:card\" content=\"summary_large_image\" \/>\n<meta name=\"twitter:label1\" content=\"Est. reading time\" \/>\n\t<meta name=\"twitter:data1\" content=\"3 minutes\" \/>\n<script type=\"application\/ld+json\" class=\"yoast-schema-graph\">{\"@context\":\"https:\/\/schema.org\",\"@graph\":[{\"@type\":\"WebPage\",\"@id\":\"https:\/\/admin.industriall-union.org\/fr\/archive\/imf\/le-syndicat-poursuit-sa-lutte-chez-hyundai-en-inde\/\",\"url\":\"https:\/\/admin.industriall-union.org\/fr\/archive\/imf\/le-syndicat-poursuit-sa-lutte-chez-hyundai-en-inde\/\",\"name\":\"Le syndicat poursuit sa lutte chez Hyundai en Inde - industriall-union\",\"isPartOf\":{\"@id\":\"https:\/\/admin.industriall-union.org\/ru\/#website\"},\"datePublished\":\"2010-06-21T05:53:00+00:00\",\"dateModified\":\"2025-01-31T09:48:31+00:00\",\"breadcrumb\":{\"@id\":\"https:\/\/admin.industriall-union.org\/fr\/archive\/imf\/le-syndicat-poursuit-sa-lutte-chez-hyundai-en-inde\/#breadcrumb\"},\"inLanguage\":\"fr-FR\",\"potentialAction\":[{\"@type\":\"ReadAction\",\"target\":[\"https:\/\/admin.industriall-union.org\/fr\/archive\/imf\/le-syndicat-poursuit-sa-lutte-chez-hyundai-en-inde\/\"]}]},{\"@type\":\"BreadcrumbList\",\"@id\":\"https:\/\/admin.industriall-union.org\/fr\/archive\/imf\/le-syndicat-poursuit-sa-lutte-chez-hyundai-en-inde\/#breadcrumb\",\"itemListElement\":[{\"@type\":\"ListItem\",\"position\":1,\"name\":\"Home\",\"item\":\"https:\/\/admin.industriall-union.org\/ru\/\"},{\"@type\":\"ListItem\",\"position\":2,\"name\":\"Archive Imf\",\"item\":\"https:\/\/admin.industriall-union.org\/es\/archive\/imf\/\"},{\"@type\":\"ListItem\",\"position\":3,\"name\":\"Le syndicat poursuit sa lutte chez Hyundai en Inde\"}]},{\"@type\":\"WebSite\",\"@id\":\"https:\/\/admin.industriall-union.org\/ru\/#website\",\"url\":\"https:\/\/admin.industriall-union.org\/ru\/\",\"name\":\"industriall-union\",\"description\":\"\",\"potentialAction\":[{\"@type\":\"SearchAction\",\"target\":{\"@type\":\"EntryPoint\",\"urlTemplate\":\"https:\/\/admin.industriall-union.org\/ru\/?s={search_term_string}\"},\"query-input\":{\"@type\":\"PropertyValueSpecification\",\"valueRequired\":true,\"valueName\":\"search_term_string\"}}],\"inLanguage\":\"fr-FR\"}]}<\/script>\n<!-- \/ Yoast SEO Premium plugin. -->","yoast_head_json":{"title":"Le syndicat poursuit sa lutte chez Hyundai en Inde - industriall-union","robots":{"index":"index","follow":"follow","max-snippet":"max-snippet:-1","max-image-preview":"max-image-preview:large","max-video-preview":"max-video-preview:-1"},"canonical":"https:\/\/admin.industriall-union.org\/fr\/archive\/imf\/le-syndicat-poursuit-sa-lutte-chez-hyundai-en-inde\/","og_locale":"fr_FR","og_type":"article","og_title":"Le syndicat poursuit sa lutte chez Hyundai en Inde","og_description":"INDE: apr\u00e8s quatre jours de gr\u00e8ve du 6 au 9 juin 2010 \u00e0 l&#8217;usine Hyundai Motors situ\u00e9e \u00e0 Chennai en Inde, une commission tripartite compos\u00e9e de deux repr\u00e9sentants du syndicat, de la direction de l&#8217;entreprise et du minist\u00e8re du Travail a \u00e9t\u00e9 \u00e9tablie pour examiner la situation et prendre une d\u00e9cision sur la r\u00e9int\u00e9gration de [&hellip;]","og_url":"https:\/\/admin.industriall-union.org\/fr\/archive\/imf\/le-syndicat-poursuit-sa-lutte-chez-hyundai-en-inde\/","og_site_name":"industriall-union","article_modified_time":"2025-01-31T09:48:31+00:00","twitter_card":"summary_large_image","twitter_misc":{"Est. reading time":"3 minutes"},"schema":{"@context":"https:\/\/schema.org","@graph":[{"@type":"WebPage","@id":"https:\/\/admin.industriall-union.org\/fr\/archive\/imf\/le-syndicat-poursuit-sa-lutte-chez-hyundai-en-inde\/","url":"https:\/\/admin.industriall-union.org\/fr\/archive\/imf\/le-syndicat-poursuit-sa-lutte-chez-hyundai-en-inde\/","name":"Le syndicat poursuit sa lutte chez Hyundai en Inde - industriall-union","isPartOf":{"@id":"https:\/\/admin.industriall-union.org\/ru\/#website"},"datePublished":"2010-06-21T05:53:00+00:00","dateModified":"2025-01-31T09:48:31+00:00","breadcrumb":{"@id":"https:\/\/admin.industriall-union.org\/fr\/archive\/imf\/le-syndicat-poursuit-sa-lutte-chez-hyundai-en-inde\/#breadcrumb"},"inLanguage":"fr-FR","potentialAction":[{"@type":"ReadAction","target":["https:\/\/admin.industriall-union.org\/fr\/archive\/imf\/le-syndicat-poursuit-sa-lutte-chez-hyundai-en-inde\/"]}]},{"@type":"BreadcrumbList","@id":"https:\/\/admin.industriall-union.org\/fr\/archive\/imf\/le-syndicat-poursuit-sa-lutte-chez-hyundai-en-inde\/#breadcrumb","itemListElement":[{"@type":"ListItem","position":1,"name":"Home","item":"https:\/\/admin.industriall-union.org\/ru\/"},{"@type":"ListItem","position":2,"name":"Archive Imf","item":"https:\/\/admin.industriall-union.org\/es\/archive\/imf\/"},{"@type":"ListItem","position":3,"name":"Le syndicat poursuit sa lutte chez Hyundai en Inde"}]},{"@type":"WebSite","@id":"https:\/\/admin.industriall-union.org\/ru\/#website","url":"https:\/\/admin.industriall-union.org\/ru\/","name":"industriall-union","description":"","potentialAction":[{"@type":"SearchAction","target":{"@type":"EntryPoint","urlTemplate":"https:\/\/admin.industriall-union.org\/ru\/?s={search_term_string}"},"query-input":{"@type":"PropertyValueSpecification","valueRequired":true,"valueName":"search_term_string"}}],"inLanguage":"fr-FR"}]}},"_links":{"self":[{"href":"https:\/\/admin.industriall-union.org\/fr\/wp-json\/wp\/v2\/archive_imf\/201401","targetHints":{"allow":["GET"]}}],"collection":[{"href":"https:\/\/admin.industriall-union.org\/fr\/wp-json\/wp\/v2\/archive_imf"}],"about":[{"href":"https:\/\/admin.industriall-union.org\/fr\/wp-json\/wp\/v2\/types\/archive_imf"}],"wp:attachment":[{"href":"https:\/\/admin.industriall-union.org\/fr\/wp-json\/wp\/v2\/media?parent=201401"}],"curies":[{"name":"wp","href":"https:\/\/api.w.org\/{rel}","templated":true}]}}

<!--[if gte mso 9]&gt;     Normal   0   21         false   false   false                             MicrosoftInternetExplorer4   &lt;![endif]--><!--[if gte mso 9]&gt;     &lt;![endif]-->  <!--[if gte mso 10]&gt;   /* Style Definitions */  table.MsoNormalTable 	{mso-style-name:"Table Normal"; 	mso-tstyle-rowband-size:0; 	mso-tstyle-colband-size:0; 	mso-style-noshow:yes; 	mso-style-parent:""; 	mso-padding-alt:0cm 5.4pt 0cm 5.4pt; 	mso-para-margin:0cm; 	mso-para-margin-bottom:.0001pt; 	mso-pagination:widow-orphan; 	font-size:10.0pt; 	font-family:"Times New Roman"; 	mso-ansi-language:#0400; 	mso-fareast-language:#0400; 	mso-bidi-language:#0400;}  &lt;![endif]-->  <p>INDE: après quatre jours de grève du 6 au 9 juin 2010 à l&#8217;usine Hyundai Motors située à Chennai en Inde, une commission tripartite composée de deux représentants du syndicat, de la direction de l&#8217;entreprise et du ministère du Travail a été établie pour examiner la situation et prendre une décision sur la réintégration de 32 salariés qui avaient été licenciés après la formation en 2007 dans l&#8217;usine du syndicat des salariés de Hyundai Motors en Inde (HMIEU). </p>  <p>Il est prévu que cette commission tripartite prendra une décision au cours des prochaines semaines sur le statut des 32 salariés qui avaient été licenciés par la direction de Hyundai après la création du syndicat en 2007.</p>  <p>Dans les 10 mois qui ont suivi la création du HMIEU au début de 2007, Hyundai Motors a licencié au total 87 membres du syndicat, à commencer par son président et son secrétaire général. Du 22 avril au 7 mai 2009, le syndicat a <a href="../index.cfm?c=19299&amp;l=2">déclenché une grève</a> pour exiger la reconnaissance du syndicat et la réintégration des personnes licenciées. Le gouvernement a dit à l&#8217;entreprise qu&#8217;elle devait reconnaître le HMIEU. </p>  <p>Les salariés se sont mis en grève pour la deuxième fois le 23 juillet 2009 après que l&#8217;entreprise eut conclu un accord salarial avec un comité interne des salariés et non avec le HMIEU, le syndicat officiellement enregistré. Une fois de plus, le gouvernement est intervenu pour demander à l&#8217;entreprise de négocier avec le syndicat et de réintégrer 20 salariés qui avaient été licenciés.</p>  <p>Par la suite, le gouvernement a examiné de nouveau l&#8217;affaire des 67 autres personnes qui avaient été licenciées et recommandé à l&#8217;entreprise de réintégrer 35 d&#8217;entre elles pour raisons humanitaires. En réponse, l&#8217;entreprise a proposé un règlement de 1,5 million de roupies pour les 35 salariés, dont trois ont accepté l&#8217;offre.</p>  <p>Quand l&#8217;entreprise a encore refusé de réintégrer les 32 salariés restants comme le recommandait le ministère du Travail, les travailleurs ont fait grève pour la troisième fois du 6 au 9 juin 2010. Au cours de la grève, 217 d&#8217;entre eux ont été arrêtés et détenus. Le syndicat a obtenu la libération de tous les travailleurs arrêtés et leur retour au travail, bien que ces personnes fassent toujours l&#8217;objet d&#8217;une procédure au pénal. </p>  <p>Le HMIEU cherche toujours à obtenir un recours juridique pour les 32 travailleurs restants parmi les 67 licenciés dont la réintégration n&#8217;a pas été recommandée par le ministère du Travail.</p>  <p>L&#8217;usine Hyundai à Chennai, Inde, emploie 1.650 personnes sur une base permanente et 7.000 autres sur une base précaire (en apprentissage, sous contrat de durée limitée, en sous-traitance ou travail occasionnel). Le HMIEU est affilié à la Centrale indienne des syndicats (CITU) et n&#8217;est pas affilié à la FIOM. Néanmoins, la FIOM et ses affiliés ont apporté un soutien solidaire au combat mené par les salariés de Hyundai en Inde et continuent de surveiller la situation.</p>

<!-- This site is optimized with the Yoast SEO Premium plugin v27.1 (Yoast SEO v27.1) - https://yoast.com/product/yoast-seo-premium-wordpress/ -->
<title>Le syndicat poursuit sa lutte chez Hyundai en Inde - industriall-union</title>
<meta name="robots" content="index, follow, max-snippet:-1, max-image-preview:large, max-video-preview:-1" />
<link rel="canonical" href="https://admin.industriall-union.org/fr/archive/imf/le-syndicat-poursuit-sa-lutte-chez-hyundai-en-inde/" />
<meta property="og:locale" content="fr_FR" />
<meta property="og:type" content="article" />
<meta property="og:title" content="Le syndicat poursuit sa lutte chez Hyundai en Inde" />
<meta property="og:description" content="INDE: après quatre jours de grève du 6 au 9 juin 2010 à l&#8217;usine Hyundai Motors située à Chennai en Inde, une commission tripartite composée de deux représentants du syndicat, de la direction de l&#8217;entreprise et du ministère du Travail a été établie pour examiner la situation et prendre une décision sur la réintégration de [&hellip;]" />
<meta property="og:url" content="https://admin.industriall-union.org/fr/archive/imf/le-syndicat-poursuit-sa-lutte-chez-hyundai-en-inde/" />
<meta property="og:site_name" content="industriall-union" />
<meta property="article:modified_time" content="2025-01-31T09:48:31+00:00" />
<meta name="twitter:card" content="summary_large_image" />
<meta name="twitter:label1" content="Est. reading time" />
	<meta name="twitter:data1" content="3 minutes" />
<script type="application/ld+json" class="yoast-schema-graph">{"@context":"https://schema.org","@graph":[{"@type":"WebPage","@id":"https://admin.industriall-union.org/fr/archive/imf/le-syndicat-poursuit-sa-lutte-chez-hyundai-en-inde/","url":"https://admin.industriall-union.org/fr/archive/imf/le-syndicat-poursuit-sa-lutte-chez-hyundai-en-inde/","name":"Le syndicat poursuit sa lutte chez Hyundai en Inde - industriall-union","isPartOf":{"@id":"https://admin.industriall-union.org/ru/#website"},"datePublished":"2010-06-21T05:53:00+00:00","dateModified":"2025-01-31T09:48:31+00:00","breadcrumb":{"@id":"https://admin.industriall-union.org/fr/archive/imf/le-syndicat-poursuit-sa-lutte-chez-hyundai-en-inde/#breadcrumb"},"inLanguage":"fr-FR","potentialAction":[{"@type":"ReadAction","target":["https://admin.industriall-union.org/fr/archive/imf/le-syndicat-poursuit-sa-lutte-chez-hyundai-en-inde/"]}]},{"@type":"BreadcrumbList","@id":"https://admin.industriall-union.org/fr/archive/imf/le-syndicat-poursuit-sa-lutte-chez-hyundai-en-inde/#breadcrumb","itemListElement":[{"@type":"ListItem","position":1,"name":"Home","item":"https://admin.industriall-union.org/ru/"},{"@type":"ListItem","position":2,"name":"Archive Imf","item":"https://admin.industriall-union.org/es/archive/imf/"},{"@type":"ListItem","position":3,"name":"Le syndicat poursuit sa lutte chez Hyundai en Inde"}]},{"@type":"WebSite","@id":"https://admin.industriall-union.org/ru/#website","url":"https://admin.industriall-union.org/ru/","name":"industriall-union","description":"","potentialAction":[{"@type":"SearchAction","target":{"@type":"EntryPoint","urlTemplate":"https://admin.industriall-union.org/ru/?s={search_term_string}"},"query-input":{"@type":"PropertyValueSpecification","valueRequired":true,"valueName":"search_term_string"}}],"inLanguage":"fr-FR"}]}</script>
<!-- / Yoast SEO Premium plugin. -->

INDE: après quatre jours de grève du 6 au 9 juin 2010 à l&#8217;usine Hyundai Motors située à Chennai en Inde, une commission tripartite composée de deux représentants du syndicat, de la direction de l&#8217;entreprise et du ministère du Travail a été établie pour examiner la situation et prendre une décision sur la réintégration de [&hellip;]
