{"id":201178,"date":"2010-09-14T08:34:00","date_gmt":"2010-09-14T08:34:00","guid":{"rendered":"https:\/\/admin.industriall-union.org\/archive\/imf\/les-metallurgistes-manifestent-au-bresil-contre-les-constructeurs-automobiles\/"},"modified":"2025-01-31T09:39:19","modified_gmt":"2025-01-31T09:39:19","slug":"les-metallurgistes-manifestent-au-bresil-contre-les-constructeurs-automobiles","status":"publish","type":"archive_imf","link":"https:\/\/admin.industriall-union.org\/fr\/archive\/imf\/les-metallurgistes-manifestent-au-bresil-contre-les-constructeurs-automobiles\/","title":{"rendered":"Les m\u00e9tallurgistes manifestent au Br\u00e9sil contre les constructeurs automobiles"},"content":{"rendered":"  <p>BR\u00c9SIL: Treize mille personnes employ\u00e9es chez des constructeurs automobiles \u00e0 Sao Bernardo do Campo ont particip\u00e9 le 13 septembre \u00e0 des rassemblements, des manifestations et des gr\u00e8ves \u00e0 l&#8217;appel du syndicat des m\u00e9tallurgistes de la r\u00e9gion ABC, affili\u00e9 au CNM\/CUT, dans le cadre des actions pr\u00e9vues pour appuyer leur revendication portant sur une hausse de neuf pour cent des salaires. <\/p>  <p>Les travailleurs et travailleuses de l&#8217;automobile cherchent \u00e0 obtenir un accord identique \u00e0 celui <a href=\"..\/index.cfm?c=23926&amp;l=2\">r\u00e9alis\u00e9 le 4 septembre par 210.000 salari\u00e9s dans d&#8217;autres secteurs de la m\u00e9tallurgie<\/a> qui comportait une augmentation de neuf pour cent des salaires. Avec une inflation qui atteint 4,29 pour cent, les neuf pour cent repr\u00e9sentent une augmentation r\u00e9elle de 4,52 pour cent, la plus forte de ces dix derni\u00e8res ann\u00e9es.<\/p>  <p>Les actions revendicatives des travailleurs et des travailleuses ont provoqu\u00e9 un arr\u00eat de la production de 5 heures et quart \u00e0 10 heures du matin environ selon les usines. Plus de 6.000 travailleurs et travailleuses de Volkswagen ont retard\u00e9 la reprise du travail pour assister \u00e0 une r\u00e9union dans la matin\u00e9e. <\/p>  <p>Chez Ford, la premi\u00e8re \u00e9quipe post\u00e9e (4.500 personnes) n&#8217;est pas rentr\u00e9e \u00e0 l&#8217;usine \u00e0 6 heures comme pr\u00e9vu; elle a attendu l&#8217;arriv\u00e9e du personnel non manuel \u00e0 8 heures avant de reprendre le travail \u00e0 9 heures.<\/p>  <p>D\u00e9j\u00e0 \u00e0 l&#8217;usine Mercedes-Benz, 2.500 salari\u00e9s avaient particip\u00e9 \u00e0 une assembl\u00e9e et manifest\u00e9 \u00e0 partir de 5 heures, pour ne reprendre le travail qu&#8217;\u00e0 10 heures du matin. <\/p>  <p>Dans ce secteur de la r\u00e9gion industrielle ABC, les m\u00e9tallurgistes sont en gr\u00e8ve depuis samedi par d\u00e9cision unanime de l&#8217;assembl\u00e9e des travailleurs et des travailleuses organis\u00e9e par le syndicat, qui a rejet\u00e9 l&#8217;offre de l&#8217;entreprise portant sur une augmentation de sept pour cent des salaires. <\/p>  <p>Lundi \u00e0 13 heures, le syndicat a pr\u00e9sent\u00e9 un pr\u00e9avis de gr\u00e8ve au Sinfavea (l&#8217;organisation patronale des constructeurs automobiles). Le pr\u00e9avis pr\u00e9voit qu&#8217;apr\u00e8s 48 heures, les 40.000 travailleurs et travailleuses pourraient d\u00e9cider d&#8217;une gr\u00e8ve g\u00e9n\u00e9rale illimit\u00e9e \u00e0 Sao Bernardo, Taubat\u00e9, Sao Carlos et Tatu\u00ed.<\/p>    ","protected":false},"featured_media":0,"template":"","class_list":["post-201178","archive_imf","type-archive_imf","status-publish","hentry"],"acf":[],"yoast_head":"<!-- This site is optimized with the Yoast SEO Premium plugin v27.1 (Yoast SEO v27.1) - https:\/\/yoast.com\/product\/yoast-seo-premium-wordpress\/ -->\n<title>Les m\u00e9tallurgistes manifestent au Br\u00e9sil contre les constructeurs automobiles - industriall-union<\/title>\n<meta name=\"robots\" content=\"index, follow, max-snippet:-1, max-image-preview:large, max-video-preview:-1\" \/>\n<link rel=\"canonical\" href=\"https:\/\/admin.industriall-union.org\/fr\/archive\/imf\/les-metallurgistes-manifestent-au-bresil-contre-les-constructeurs-automobiles\/\" \/>\n<meta property=\"og:locale\" content=\"fr_FR\" \/>\n<meta property=\"og:type\" content=\"article\" \/>\n<meta property=\"og:title\" content=\"Les m\u00e9tallurgistes manifestent au Br\u00e9sil contre les constructeurs automobiles\" \/>\n<meta property=\"og:description\" content=\"BR\u00c9SIL: Treize mille personnes employ\u00e9es chez des constructeurs automobiles \u00e0 Sao Bernardo do Campo ont particip\u00e9 le 13 septembre \u00e0 des rassemblements, des manifestations et des gr\u00e8ves \u00e0 l&#8217;appel du syndicat des m\u00e9tallurgistes de la r\u00e9gion ABC, affili\u00e9 au CNM\/CUT, dans le cadre des actions pr\u00e9vues pour appuyer leur revendication portant sur une hausse de [&hellip;]\" \/>\n<meta property=\"og:url\" content=\"https:\/\/admin.industriall-union.org\/fr\/archive\/imf\/les-metallurgistes-manifestent-au-bresil-contre-les-constructeurs-automobiles\/\" \/>\n<meta property=\"og:site_name\" content=\"industriall-union\" \/>\n<meta property=\"article:modified_time\" content=\"2025-01-31T09:39:19+00:00\" \/>\n<meta name=\"twitter:card\" content=\"summary_large_image\" \/>\n<meta name=\"twitter:label1\" content=\"Est. reading time\" \/>\n\t<meta name=\"twitter:data1\" content=\"2 minutes\" \/>\n<script type=\"application\/ld+json\" class=\"yoast-schema-graph\">{\"@context\":\"https:\/\/schema.org\",\"@graph\":[{\"@type\":\"WebPage\",\"@id\":\"https:\/\/admin.industriall-union.org\/fr\/archive\/imf\/les-metallurgistes-manifestent-au-bresil-contre-les-constructeurs-automobiles\/\",\"url\":\"https:\/\/admin.industriall-union.org\/fr\/archive\/imf\/les-metallurgistes-manifestent-au-bresil-contre-les-constructeurs-automobiles\/\",\"name\":\"Les m\u00e9tallurgistes manifestent au Br\u00e9sil contre les constructeurs automobiles - industriall-union\",\"isPartOf\":{\"@id\":\"https:\/\/admin.industriall-union.org\/#website\"},\"datePublished\":\"2010-09-14T08:34:00+00:00\",\"dateModified\":\"2025-01-31T09:39:19+00:00\",\"breadcrumb\":{\"@id\":\"https:\/\/admin.industriall-union.org\/fr\/archive\/imf\/les-metallurgistes-manifestent-au-bresil-contre-les-constructeurs-automobiles\/#breadcrumb\"},\"inLanguage\":\"fr-FR\",\"potentialAction\":[{\"@type\":\"ReadAction\",\"target\":[\"https:\/\/admin.industriall-union.org\/fr\/archive\/imf\/les-metallurgistes-manifestent-au-bresil-contre-les-constructeurs-automobiles\/\"]}]},{\"@type\":\"BreadcrumbList\",\"@id\":\"https:\/\/admin.industriall-union.org\/fr\/archive\/imf\/les-metallurgistes-manifestent-au-bresil-contre-les-constructeurs-automobiles\/#breadcrumb\",\"itemListElement\":[{\"@type\":\"ListItem\",\"position\":1,\"name\":\"Home\",\"item\":\"https:\/\/admin.industriall-union.org\/\"},{\"@type\":\"ListItem\",\"position\":2,\"name\":\"Archive Imf\",\"item\":\"https:\/\/admin.industriall-union.org\/es\/archive\/imf\/\"},{\"@type\":\"ListItem\",\"position\":3,\"name\":\"Les m\u00e9tallurgistes manifestent au Br\u00e9sil contre les constructeurs automobiles\"}]},{\"@type\":\"WebSite\",\"@id\":\"https:\/\/admin.industriall-union.org\/#website\",\"url\":\"https:\/\/admin.industriall-union.org\/\",\"name\":\"industriall-union\",\"description\":\"\",\"potentialAction\":[{\"@type\":\"SearchAction\",\"target\":{\"@type\":\"EntryPoint\",\"urlTemplate\":\"https:\/\/admin.industriall-union.org\/?s={search_term_string}\"},\"query-input\":{\"@type\":\"PropertyValueSpecification\",\"valueRequired\":true,\"valueName\":\"search_term_string\"}}],\"inLanguage\":\"fr-FR\"}]}<\/script>\n<!-- \/ Yoast SEO Premium plugin. -->","yoast_head_json":{"title":"Les m\u00e9tallurgistes manifestent au Br\u00e9sil contre les constructeurs automobiles - industriall-union","robots":{"index":"index","follow":"follow","max-snippet":"max-snippet:-1","max-image-preview":"max-image-preview:large","max-video-preview":"max-video-preview:-1"},"canonical":"https:\/\/admin.industriall-union.org\/fr\/archive\/imf\/les-metallurgistes-manifestent-au-bresil-contre-les-constructeurs-automobiles\/","og_locale":"fr_FR","og_type":"article","og_title":"Les m\u00e9tallurgistes manifestent au Br\u00e9sil contre les constructeurs automobiles","og_description":"BR\u00c9SIL: Treize mille personnes employ\u00e9es chez des constructeurs automobiles \u00e0 Sao Bernardo do Campo ont particip\u00e9 le 13 septembre \u00e0 des rassemblements, des manifestations et des gr\u00e8ves \u00e0 l&#8217;appel du syndicat des m\u00e9tallurgistes de la r\u00e9gion ABC, affili\u00e9 au CNM\/CUT, dans le cadre des actions pr\u00e9vues pour appuyer leur revendication portant sur une hausse de [&hellip;]","og_url":"https:\/\/admin.industriall-union.org\/fr\/archive\/imf\/les-metallurgistes-manifestent-au-bresil-contre-les-constructeurs-automobiles\/","og_site_name":"industriall-union","article_modified_time":"2025-01-31T09:39:19+00:00","twitter_card":"summary_large_image","twitter_misc":{"Est. reading time":"2 minutes"},"schema":{"@context":"https:\/\/schema.org","@graph":[{"@type":"WebPage","@id":"https:\/\/admin.industriall-union.org\/fr\/archive\/imf\/les-metallurgistes-manifestent-au-bresil-contre-les-constructeurs-automobiles\/","url":"https:\/\/admin.industriall-union.org\/fr\/archive\/imf\/les-metallurgistes-manifestent-au-bresil-contre-les-constructeurs-automobiles\/","name":"Les m\u00e9tallurgistes manifestent au Br\u00e9sil contre les constructeurs automobiles - industriall-union","isPartOf":{"@id":"https:\/\/admin.industriall-union.org\/#website"},"datePublished":"2010-09-14T08:34:00+00:00","dateModified":"2025-01-31T09:39:19+00:00","breadcrumb":{"@id":"https:\/\/admin.industriall-union.org\/fr\/archive\/imf\/les-metallurgistes-manifestent-au-bresil-contre-les-constructeurs-automobiles\/#breadcrumb"},"inLanguage":"fr-FR","potentialAction":[{"@type":"ReadAction","target":["https:\/\/admin.industriall-union.org\/fr\/archive\/imf\/les-metallurgistes-manifestent-au-bresil-contre-les-constructeurs-automobiles\/"]}]},{"@type":"BreadcrumbList","@id":"https:\/\/admin.industriall-union.org\/fr\/archive\/imf\/les-metallurgistes-manifestent-au-bresil-contre-les-constructeurs-automobiles\/#breadcrumb","itemListElement":[{"@type":"ListItem","position":1,"name":"Home","item":"https:\/\/admin.industriall-union.org\/"},{"@type":"ListItem","position":2,"name":"Archive Imf","item":"https:\/\/admin.industriall-union.org\/es\/archive\/imf\/"},{"@type":"ListItem","position":3,"name":"Les m\u00e9tallurgistes manifestent au Br\u00e9sil contre les constructeurs automobiles"}]},{"@type":"WebSite","@id":"https:\/\/admin.industriall-union.org\/#website","url":"https:\/\/admin.industriall-union.org\/","name":"industriall-union","description":"","potentialAction":[{"@type":"SearchAction","target":{"@type":"EntryPoint","urlTemplate":"https:\/\/admin.industriall-union.org\/?s={search_term_string}"},"query-input":{"@type":"PropertyValueSpecification","valueRequired":true,"valueName":"search_term_string"}}],"inLanguage":"fr-FR"}]}},"_links":{"self":[{"href":"https:\/\/admin.industriall-union.org\/fr\/wp-json\/wp\/v2\/archive_imf\/201178","targetHints":{"allow":["GET"]}}],"collection":[{"href":"https:\/\/admin.industriall-union.org\/fr\/wp-json\/wp\/v2\/archive_imf"}],"about":[{"href":"https:\/\/admin.industriall-union.org\/fr\/wp-json\/wp\/v2\/types\/archive_imf"}],"wp:attachment":[{"href":"https:\/\/admin.industriall-union.org\/fr\/wp-json\/wp\/v2\/media?parent=201178"}],"curies":[{"name":"wp","href":"https:\/\/api.w.org\/{rel}","templated":true}]}}

Les métallurgistes manifestent au Brésil contre les constructeurs automobiles

<p>BRÉSIL: Treize mille personnes employées chez des constructeurs automobiles à Sao Bernardo do Campo ont participé le 13 septembre à des rassemblements, des manifestations et des grèves à l&#8217;appel du syndicat des métallurgistes de la région ABC, affilié au CNM/CUT, dans le cadre des actions prévues pour appuyer leur revendication portant sur une hausse de neuf pour cent des salaires. </p>  <p>Les travailleurs et travailleuses de l&#8217;automobile cherchent à obtenir un accord identique à celui <a href="../index.cfm?c=23926&amp;l=2">réalisé le 4 septembre par 210.000 salariés dans d&#8217;autres secteurs de la métallurgie</a> qui comportait une augmentation de neuf pour cent des salaires. Avec une inflation qui atteint 4,29 pour cent, les neuf pour cent représentent une augmentation réelle de 4,52 pour cent, la plus forte de ces dix dernières années.</p>  <p>Les actions revendicatives des travailleurs et des travailleuses ont provoqué un arrêt de la production de 5 heures et quart à 10 heures du matin environ selon les usines. Plus de 6.000 travailleurs et travailleuses de Volkswagen ont retardé la reprise du travail pour assister à une réunion dans la matinée. </p>  <p>Chez Ford, la première équipe postée (4.500 personnes) n&#8217;est pas rentrée à l&#8217;usine à 6 heures comme prévu; elle a attendu l&#8217;arrivée du personnel non manuel à 8 heures avant de reprendre le travail à 9 heures.</p>  <p>Déjà à l&#8217;usine Mercedes-Benz, 2.500 salariés avaient participé à une assemblée et manifesté à partir de 5 heures, pour ne reprendre le travail qu&#8217;à 10 heures du matin. </p>  <p>Dans ce secteur de la région industrielle ABC, les métallurgistes sont en grève depuis samedi par décision unanime de l&#8217;assemblée des travailleurs et des travailleuses organisée par le syndicat, qui a rejeté l&#8217;offre de l&#8217;entreprise portant sur une augmentation de sept pour cent des salaires. </p>  <p>Lundi à 13 heures, le syndicat a présenté un préavis de grève au Sinfavea (l&#8217;organisation patronale des constructeurs automobiles). Le préavis prévoit qu&#8217;après 48 heures, les 40.000 travailleurs et travailleuses pourraient décider d&#8217;une grève générale illimitée à Sao Bernardo, Taubaté, Sao Carlos et Tatuí.</p>

<!-- This site is optimized with the Yoast SEO Premium plugin v27.1 (Yoast SEO v27.1) - https://yoast.com/product/yoast-seo-premium-wordpress/ -->
<title>Les métallurgistes manifestent au Brésil contre les constructeurs automobiles - industriall-union</title>
<meta name="robots" content="index, follow, max-snippet:-1, max-image-preview:large, max-video-preview:-1" />
<link rel="canonical" href="https://admin.industriall-union.org/fr/archive/imf/les-metallurgistes-manifestent-au-bresil-contre-les-constructeurs-automobiles/" />
<meta property="og:locale" content="fr_FR" />
<meta property="og:type" content="article" />
<meta property="og:title" content="Les métallurgistes manifestent au Brésil contre les constructeurs automobiles" />
<meta property="og:description" content="BRÉSIL: Treize mille personnes employées chez des constructeurs automobiles à Sao Bernardo do Campo ont participé le 13 septembre à des rassemblements, des manifestations et des grèves à l&#8217;appel du syndicat des métallurgistes de la région ABC, affilié au CNM/CUT, dans le cadre des actions prévues pour appuyer leur revendication portant sur une hausse de [&hellip;]" />
<meta property="og:url" content="https://admin.industriall-union.org/fr/archive/imf/les-metallurgistes-manifestent-au-bresil-contre-les-constructeurs-automobiles/" />
<meta property="og:site_name" content="industriall-union" />
<meta property="article:modified_time" content="2025-01-31T09:39:19+00:00" />
<meta name="twitter:card" content="summary_large_image" />
<meta name="twitter:label1" content="Est. reading time" />
	<meta name="twitter:data1" content="2 minutes" />
<script type="application/ld+json" class="yoast-schema-graph">{"@context":"https://schema.org","@graph":[{"@type":"WebPage","@id":"https://admin.industriall-union.org/fr/archive/imf/les-metallurgistes-manifestent-au-bresil-contre-les-constructeurs-automobiles/","url":"https://admin.industriall-union.org/fr/archive/imf/les-metallurgistes-manifestent-au-bresil-contre-les-constructeurs-automobiles/","name":"Les métallurgistes manifestent au Brésil contre les constructeurs automobiles - industriall-union","isPartOf":{"@id":"https://admin.industriall-union.org/#website"},"datePublished":"2010-09-14T08:34:00+00:00","dateModified":"2025-01-31T09:39:19+00:00","breadcrumb":{"@id":"https://admin.industriall-union.org/fr/archive/imf/les-metallurgistes-manifestent-au-bresil-contre-les-constructeurs-automobiles/#breadcrumb"},"inLanguage":"fr-FR","potentialAction":[{"@type":"ReadAction","target":["https://admin.industriall-union.org/fr/archive/imf/les-metallurgistes-manifestent-au-bresil-contre-les-constructeurs-automobiles/"]}]},{"@type":"BreadcrumbList","@id":"https://admin.industriall-union.org/fr/archive/imf/les-metallurgistes-manifestent-au-bresil-contre-les-constructeurs-automobiles/#breadcrumb","itemListElement":[{"@type":"ListItem","position":1,"name":"Home","item":"https://admin.industriall-union.org/"},{"@type":"ListItem","position":2,"name":"Archive Imf","item":"https://admin.industriall-union.org/es/archive/imf/"},{"@type":"ListItem","position":3,"name":"Les métallurgistes manifestent au Brésil contre les constructeurs automobiles"}]},{"@type":"WebSite","@id":"https://admin.industriall-union.org/#website","url":"https://admin.industriall-union.org/","name":"industriall-union","description":"","potentialAction":[{"@type":"SearchAction","target":{"@type":"EntryPoint","urlTemplate":"https://admin.industriall-union.org/?s={search_term_string}"},"query-input":{"@type":"PropertyValueSpecification","valueRequired":true,"valueName":"search_term_string"}}],"inLanguage":"fr-FR"}]}</script>
<!-- / Yoast SEO Premium plugin. -->

Les métallurgistes manifestent au Brésil contre les constructeurs automobiles - industriall-union

BRÉSIL: Treize mille personnes employées chez des constructeurs automobiles à Sao Bernardo do Campo ont participé le 13 septembre à des rassemblements, des manifestations et des grèves à l&#8217;appel du syndicat des métallurgistes de la région ABC, affilié au CNM/CUT, dans le cadre des actions prévues pour appuyer leur revendication portant sur une hausse de [&hellip;]
