{"id":201159,"date":"2010-09-15T13:28:00","date_gmt":"2010-09-15T13:28:00","guid":{"rendered":"https:\/\/admin.industriall-union.org\/archive\/imf\/l-039-oit-sonne-le-039-glas-de-l-039-amiante-039\/"},"modified":"2025-01-31T09:39:11","modified_gmt":"2025-01-31T09:39:11","slug":"l-039-oit-sonne-le-039-glas-de-l-039-amiante-039","status":"publish","type":"archive_imf","link":"https:\/\/admin.industriall-union.org\/fr\/archive\/imf\/l-039-oit-sonne-le-039-glas-de-l-039-amiante-039\/","title":{"rendered":"L&#039;OIT sonne le &#039;glas de l&#039;amiante&#039;"},"content":{"rendered":"<!--[if gte mso 9]&gt;     Normal   0   21         false   false   false                             MicrosoftInternetExplorer4   &lt;![endif]--><!--[if gte mso 9]&gt;     &lt;![endif]--><!--[if gte mso 10]&gt;   \/* Style Definitions *\/  table.MsoNormalTable \t{mso-style-name:\"Table Normal\"; \tmso-tstyle-rowband-size:0; \tmso-tstyle-colband-size:0; \tmso-style-noshow:yes; \tmso-style-parent:\"\"; \tmso-padding-alt:0cm 5.4pt 0cm 5.4pt; \tmso-para-margin:0cm; \tmso-para-margin-bottom:.0001pt; \tmso-pagination:widow-orphan; \tfont-size:10.0pt; \tfont-family:\"Times New Roman\"; \tmso-ansi-language:#0400; \tmso-fareast-language:#0400; \tmso-bidi-language:#0400;}  &lt;![endif]-->  <p>MONDE: L&#8217;Organisation internationale du Travail (OIT) a averti officiellement le 6 septembre dans une <a href=\"http:\/\/www.ilo.org\/safework\/lang--en\/docName--WCMS_144446\/index.htm\" target=\"_blank\">d\u00e9claration de principe<\/a> que les lobbyistes de l&#8217;industrie qui poussent \u00e0 l&#8217;emploi de l&#8217;amiante partout dans le monde ne doivent pas pr\u00e9tendre avoir l&#8217;appui de l&#8217;OIT. <\/p>  <p>Sharan Burrow, secr\u00e9taire g\u00e9n\u00e9rale de la CSI a dit que la d\u00e9claration de l&#8217;OIT apporte un soutien opportun \u00e0 la campagne mondiale des syndicats pour l&#8217;interdiction de l&#8217;amiante dans le monde et \u00e0 une transition juste vers des emplois plus s\u00fbrs et meilleurs pour les travailleurs et les travailleuses de l&#8217;amiante oblig\u00e9s de changer d&#8217;emploi. <\/p>  <p>&quot;L&#8217;OIT a confirm\u00e9 vouloir \u00e9liminer l&#8217;utilisation de l&#8217;amiante dans le monde entier, point final,&quot; a-t-elle dit. <\/p>  <p>&quot;Faisant suite aux appels en faveur d&#8217;une interdiction mondiale de l&#8217;amiante lanc\u00e9s par des organismes de premier plan du monde scientifique et m\u00e9dical et de la sant\u00e9 au travail, cela semble sonner le glas de cette fibre mortelle et porter un coup fatal aux dealers de l&#8217;amiante&quot;. <\/p>  <p>La d\u00e9claration de l&#8217;OIT intervient \u00e0 un moment o\u00f9 l&#8217;industrie de l&#8217;amiante cherche par tous les moyens \u00e0 d\u00e9velopper la production et la vente de chrysotile (amiante blanc). Toutes les formes d&#8217;amiante, \u00e0 l&#8217;exception du chrysotile, sont d\u00e9j\u00e0 interdites dans le monde. <\/p>  <p>Le lobby industriel de l&#8217;Institut du chrysotile, qui a pris la t\u00eate d&#8217;une <a href=\"http:\/\/www.chrysotile.com\/en\/sfuse\/manual.aspx\" target=\"_blank\">promotion mondiale de l&#8217;amiante<\/a> pour faciliter les exportations, cite r\u00e9guli\u00e8rement des documents de l&#8217;OIT en pr\u00e9tendant qu&#8217;ils sont favorables \u00e0 la poursuite de l&#8217;utilisation de l&#8217;amiante.<span>\u00a0 <\/span><\/p>  <p>Pr\u00e9occup\u00e9 par l&#8217;emploi abusif et r\u00e9p\u00e9t\u00e9 du nom de l&#8217;OIT, l&#8217;organisme bas\u00e9 \u00e0 Gen\u00e8ve a publi\u00e9 une d\u00e9claration de principe qui d\u00e9montre l&#8217;engagement de cette institution sp\u00e9cialis\u00e9e des Nations unies pour &quot;assurer dans l&#8217;avenir l&#8217;\u00e9limination et emp\u00eacher l&#8217;utilisation de toutes les formes d&#8217;amiante et des mat\u00e9riaux contenant de l&#8217;amiante&quot;. <\/p>  <p>La question a provoqu\u00e9 de nouvelles controverses au cours des derniers mois, du fait que l&#8217;Institut du chrysotile a d\u00e9j\u00e0 tent\u00e9 d&#8217;obtenir des fonds gouvernementaux et priv\u00e9s pour augmenter consid\u00e9rablement la production d&#8217;amiante au Qu\u00e9bec, Canada.<\/p>  <p>Sharan Burrow a dit que la d\u00e9claration de principe de l&#8217;OIT pourrait avoir &quot;pour r\u00e9sultat de sauver des vies et de renforcer la position des syndicats pour une interdiction totale de l&#8217;amiante&quot;. <\/p>  <!--[if gte mso 9]&gt;     Normal   0   21         false   false   false                             MicrosoftInternetExplorer4   &lt;![endif]--><!--[if gte mso 9]&gt;     &lt;![endif]--><!--[if gte mso 10]&gt;   \/* Style Definitions *\/  table.MsoNormalTable \t{mso-style-name:\"Table Normal\"; \tmso-tstyle-rowband-size:0; \tmso-tstyle-colband-size:0; \tmso-style-noshow:yes; \tmso-style-parent:\"\"; \tmso-padding-alt:0cm 5.4pt 0cm 5.4pt; \tmso-para-margin:0cm; \tmso-para-margin-bottom:.0001pt; \tmso-pagination:widow-orphan; \tfont-size:10.0pt; \tfont-family:\"Times New Roman\"; \tmso-ansi-language:#0400; \tmso-fareast-language:#0400; \tmso-bidi-language:#0400;}  &lt;![endif]-->  <p>En juin 2010, au <a href=\"http:\/\/www.ituc-csi.org\/IMG\/pdf\/2CO_12_extending_social_protection_and_ensuring_good_OH_03.pdf\" target=\"_blank\">congr\u00e8s mondial de la CSI \u00e0 Vancouver, les d\u00e9l\u00e9gu\u00e9(e)s ont d\u00e9cid\u00e9 de faire pression pour &quot;une interdiction totale et mondiale<\/a> de l&#8217;utilisation et de la commercialisation de l&#8217;amiante, et dans ce but, le congr\u00e8s r\u00e9uni au Canada a lanc\u00e9 un appel sp\u00e9cial en direction du gouvernement canadien pour qu&#8217;il se joigne \u00e0 une interdiction totale de l&#8217;amiante dans le monde&quot;. <\/p>  ","protected":false},"featured_media":0,"template":"","class_list":["post-201159","archive_imf","type-archive_imf","status-publish","hentry"],"acf":[],"yoast_head":"<!-- This site is optimized with the Yoast SEO Premium plugin v27.1 (Yoast SEO v27.1) - https:\/\/yoast.com\/product\/yoast-seo-premium-wordpress\/ -->\n<title>L&#039;OIT sonne le &#039;glas de l&#039;amiante&#039; - industriall-union<\/title>\n<meta name=\"robots\" content=\"index, follow, max-snippet:-1, max-image-preview:large, max-video-preview:-1\" \/>\n<link rel=\"canonical\" href=\"https:\/\/admin.industriall-union.org\/fr\/archive\/imf\/l-039-oit-sonne-le-039-glas-de-l-039-amiante-039\/\" \/>\n<meta property=\"og:locale\" content=\"fr_FR\" \/>\n<meta property=\"og:type\" content=\"article\" \/>\n<meta property=\"og:title\" content=\"L&#039;OIT sonne le &#039;glas de l&#039;amiante&#039;\" \/>\n<meta property=\"og:description\" content=\"MONDE: L&#8217;Organisation internationale du Travail (OIT) a averti officiellement le 6 septembre dans une d\u00e9claration de principe que les lobbyistes de l&#8217;industrie qui poussent \u00e0 l&#8217;emploi de l&#8217;amiante partout dans le monde ne doivent pas pr\u00e9tendre avoir l&#8217;appui de l&#8217;OIT. Sharan Burrow, secr\u00e9taire g\u00e9n\u00e9rale de la CSI a dit que la d\u00e9claration de l&#8217;OIT apporte [&hellip;]\" \/>\n<meta property=\"og:url\" content=\"https:\/\/admin.industriall-union.org\/fr\/archive\/imf\/l-039-oit-sonne-le-039-glas-de-l-039-amiante-039\/\" \/>\n<meta property=\"og:site_name\" content=\"industriall-union\" \/>\n<meta property=\"article:modified_time\" content=\"2025-01-31T09:39:11+00:00\" \/>\n<meta name=\"twitter:card\" content=\"summary_large_image\" \/>\n<meta name=\"twitter:label1\" content=\"Est. reading time\" \/>\n\t<meta name=\"twitter:data1\" content=\"2 minutes\" \/>\n<script type=\"application\/ld+json\" class=\"yoast-schema-graph\">{\"@context\":\"https:\/\/schema.org\",\"@graph\":[{\"@type\":\"WebPage\",\"@id\":\"https:\/\/admin.industriall-union.org\/fr\/archive\/imf\/l-039-oit-sonne-le-039-glas-de-l-039-amiante-039\/\",\"url\":\"https:\/\/admin.industriall-union.org\/fr\/archive\/imf\/l-039-oit-sonne-le-039-glas-de-l-039-amiante-039\/\",\"name\":\"L&#039;OIT sonne le &#039;glas de l&#039;amiante&#039; - industriall-union\",\"isPartOf\":{\"@id\":\"https:\/\/admin.industriall-union.org\/#website\"},\"datePublished\":\"2010-09-15T13:28:00+00:00\",\"dateModified\":\"2025-01-31T09:39:11+00:00\",\"breadcrumb\":{\"@id\":\"https:\/\/admin.industriall-union.org\/fr\/archive\/imf\/l-039-oit-sonne-le-039-glas-de-l-039-amiante-039\/#breadcrumb\"},\"inLanguage\":\"fr-FR\",\"potentialAction\":[{\"@type\":\"ReadAction\",\"target\":[\"https:\/\/admin.industriall-union.org\/fr\/archive\/imf\/l-039-oit-sonne-le-039-glas-de-l-039-amiante-039\/\"]}]},{\"@type\":\"BreadcrumbList\",\"@id\":\"https:\/\/admin.industriall-union.org\/fr\/archive\/imf\/l-039-oit-sonne-le-039-glas-de-l-039-amiante-039\/#breadcrumb\",\"itemListElement\":[{\"@type\":\"ListItem\",\"position\":1,\"name\":\"Home\",\"item\":\"https:\/\/admin.industriall-union.org\/\"},{\"@type\":\"ListItem\",\"position\":2,\"name\":\"Archive Imf\",\"item\":\"https:\/\/admin.industriall-union.org\/es\/archive\/imf\/\"},{\"@type\":\"ListItem\",\"position\":3,\"name\":\"L&#039;OIT sonne le &#039;glas de l&#039;amiante&#039;\"}]},{\"@type\":\"WebSite\",\"@id\":\"https:\/\/admin.industriall-union.org\/#website\",\"url\":\"https:\/\/admin.industriall-union.org\/\",\"name\":\"industriall-union\",\"description\":\"\",\"potentialAction\":[{\"@type\":\"SearchAction\",\"target\":{\"@type\":\"EntryPoint\",\"urlTemplate\":\"https:\/\/admin.industriall-union.org\/?s={search_term_string}\"},\"query-input\":{\"@type\":\"PropertyValueSpecification\",\"valueRequired\":true,\"valueName\":\"search_term_string\"}}],\"inLanguage\":\"fr-FR\"}]}<\/script>\n<!-- \/ Yoast SEO Premium plugin. -->","yoast_head_json":{"title":"L&#039;OIT sonne le &#039;glas de l&#039;amiante&#039; - industriall-union","robots":{"index":"index","follow":"follow","max-snippet":"max-snippet:-1","max-image-preview":"max-image-preview:large","max-video-preview":"max-video-preview:-1"},"canonical":"https:\/\/admin.industriall-union.org\/fr\/archive\/imf\/l-039-oit-sonne-le-039-glas-de-l-039-amiante-039\/","og_locale":"fr_FR","og_type":"article","og_title":"L&#039;OIT sonne le &#039;glas de l&#039;amiante&#039;","og_description":"MONDE: L&#8217;Organisation internationale du Travail (OIT) a averti officiellement le 6 septembre dans une d\u00e9claration de principe que les lobbyistes de l&#8217;industrie qui poussent \u00e0 l&#8217;emploi de l&#8217;amiante partout dans le monde ne doivent pas pr\u00e9tendre avoir l&#8217;appui de l&#8217;OIT. Sharan Burrow, secr\u00e9taire g\u00e9n\u00e9rale de la CSI a dit que la d\u00e9claration de l&#8217;OIT apporte [&hellip;]","og_url":"https:\/\/admin.industriall-union.org\/fr\/archive\/imf\/l-039-oit-sonne-le-039-glas-de-l-039-amiante-039\/","og_site_name":"industriall-union","article_modified_time":"2025-01-31T09:39:11+00:00","twitter_card":"summary_large_image","twitter_misc":{"Est. reading time":"2 minutes"},"schema":{"@context":"https:\/\/schema.org","@graph":[{"@type":"WebPage","@id":"https:\/\/admin.industriall-union.org\/fr\/archive\/imf\/l-039-oit-sonne-le-039-glas-de-l-039-amiante-039\/","url":"https:\/\/admin.industriall-union.org\/fr\/archive\/imf\/l-039-oit-sonne-le-039-glas-de-l-039-amiante-039\/","name":"L&#039;OIT sonne le &#039;glas de l&#039;amiante&#039; - industriall-union","isPartOf":{"@id":"https:\/\/admin.industriall-union.org\/#website"},"datePublished":"2010-09-15T13:28:00+00:00","dateModified":"2025-01-31T09:39:11+00:00","breadcrumb":{"@id":"https:\/\/admin.industriall-union.org\/fr\/archive\/imf\/l-039-oit-sonne-le-039-glas-de-l-039-amiante-039\/#breadcrumb"},"inLanguage":"fr-FR","potentialAction":[{"@type":"ReadAction","target":["https:\/\/admin.industriall-union.org\/fr\/archive\/imf\/l-039-oit-sonne-le-039-glas-de-l-039-amiante-039\/"]}]},{"@type":"BreadcrumbList","@id":"https:\/\/admin.industriall-union.org\/fr\/archive\/imf\/l-039-oit-sonne-le-039-glas-de-l-039-amiante-039\/#breadcrumb","itemListElement":[{"@type":"ListItem","position":1,"name":"Home","item":"https:\/\/admin.industriall-union.org\/"},{"@type":"ListItem","position":2,"name":"Archive Imf","item":"https:\/\/admin.industriall-union.org\/es\/archive\/imf\/"},{"@type":"ListItem","position":3,"name":"L&#039;OIT sonne le &#039;glas de l&#039;amiante&#039;"}]},{"@type":"WebSite","@id":"https:\/\/admin.industriall-union.org\/#website","url":"https:\/\/admin.industriall-union.org\/","name":"industriall-union","description":"","potentialAction":[{"@type":"SearchAction","target":{"@type":"EntryPoint","urlTemplate":"https:\/\/admin.industriall-union.org\/?s={search_term_string}"},"query-input":{"@type":"PropertyValueSpecification","valueRequired":true,"valueName":"search_term_string"}}],"inLanguage":"fr-FR"}]}},"_links":{"self":[{"href":"https:\/\/admin.industriall-union.org\/fr\/wp-json\/wp\/v2\/archive_imf\/201159","targetHints":{"allow":["GET"]}}],"collection":[{"href":"https:\/\/admin.industriall-union.org\/fr\/wp-json\/wp\/v2\/archive_imf"}],"about":[{"href":"https:\/\/admin.industriall-union.org\/fr\/wp-json\/wp\/v2\/types\/archive_imf"}],"wp:attachment":[{"href":"https:\/\/admin.industriall-union.org\/fr\/wp-json\/wp\/v2\/media?parent=201159"}],"curies":[{"name":"wp","href":"https:\/\/api.w.org\/{rel}","templated":true}]}}

<!--[if gte mso 9]&gt;     Normal   0   21         false   false   false                             MicrosoftInternetExplorer4   &lt;![endif]--><!--[if gte mso 9]&gt;     &lt;![endif]--><!--[if gte mso 10]&gt;   /* Style Definitions */  table.MsoNormalTable 	{mso-style-name:"Table Normal"; 	mso-tstyle-rowband-size:0; 	mso-tstyle-colband-size:0; 	mso-style-noshow:yes; 	mso-style-parent:""; 	mso-padding-alt:0cm 5.4pt 0cm 5.4pt; 	mso-para-margin:0cm; 	mso-para-margin-bottom:.0001pt; 	mso-pagination:widow-orphan; 	font-size:10.0pt; 	font-family:"Times New Roman"; 	mso-ansi-language:#0400; 	mso-fareast-language:#0400; 	mso-bidi-language:#0400;}  &lt;![endif]-->  <p>MONDE: L&#8217;Organisation internationale du Travail (OIT) a averti officiellement le 6 septembre dans une <a href="http://www.ilo.org/safework/lang--en/docName--WCMS_144446/index.htm" target="_blank">déclaration de principe</a> que les lobbyistes de l&#8217;industrie qui poussent à l&#8217;emploi de l&#8217;amiante partout dans le monde ne doivent pas prétendre avoir l&#8217;appui de l&#8217;OIT. </p>  <p>Sharan Burrow, secrétaire générale de la CSI a dit que la déclaration de l&#8217;OIT apporte un soutien opportun à la campagne mondiale des syndicats pour l&#8217;interdiction de l&#8217;amiante dans le monde et à une transition juste vers des emplois plus sûrs et meilleurs pour les travailleurs et les travailleuses de l&#8217;amiante obligés de changer d&#8217;emploi. </p>  <p>&quot;L&#8217;OIT a confirmé vouloir éliminer l&#8217;utilisation de l&#8217;amiante dans le monde entier, point final,&quot; a-t-elle dit. </p>  <p>&quot;Faisant suite aux appels en faveur d&#8217;une interdiction mondiale de l&#8217;amiante lancés par des organismes de premier plan du monde scientifique et médical et de la santé au travail, cela semble sonner le glas de cette fibre mortelle et porter un coup fatal aux dealers de l&#8217;amiante&quot;. </p>  <p>La déclaration de l&#8217;OIT intervient à un moment où l&#8217;industrie de l&#8217;amiante cherche par tous les moyens à développer la production et la vente de chrysotile (amiante blanc). Toutes les formes d&#8217;amiante, à l&#8217;exception du chrysotile, sont déjà interdites dans le monde. </p>  <p>Le lobby industriel de l&#8217;Institut du chrysotile, qui a pris la tête d&#8217;une <a href="http://www.chrysotile.com/en/sfuse/manual.aspx" target="_blank">promotion mondiale de l&#8217;amiante</a> pour faciliter les exportations, cite régulièrement des documents de l&#8217;OIT en prétendant qu&#8217;ils sont favorables à la poursuite de l&#8217;utilisation de l&#8217;amiante.<span>  </span></p>  <p>Préoccupé par l&#8217;emploi abusif et répété du nom de l&#8217;OIT, l&#8217;organisme basé à Genève a publié une déclaration de principe qui démontre l&#8217;engagement de cette institution spécialisée des Nations unies pour &quot;assurer dans l&#8217;avenir l&#8217;élimination et empêcher l&#8217;utilisation de toutes les formes d&#8217;amiante et des matériaux contenant de l&#8217;amiante&quot;. </p>  <p>La question a provoqué de nouvelles controverses au cours des derniers mois, du fait que l&#8217;Institut du chrysotile a déjà tenté d&#8217;obtenir des fonds gouvernementaux et privés pour augmenter considérablement la production d&#8217;amiante au Québec, Canada.</p>  <p>Sharan Burrow a dit que la déclaration de principe de l&#8217;OIT pourrait avoir &quot;pour résultat de sauver des vies et de renforcer la position des syndicats pour une interdiction totale de l&#8217;amiante&quot;. </p>  <!--[if gte mso 9]&gt;     Normal   0   21         false   false   false                             MicrosoftInternetExplorer4   &lt;![endif]--><!--[if gte mso 9]&gt;     &lt;![endif]--><!--[if gte mso 10]&gt;   /* Style Definitions */  table.MsoNormalTable 	{mso-style-name:"Table Normal"; 	mso-tstyle-rowband-size:0; 	mso-tstyle-colband-size:0; 	mso-style-noshow:yes; 	mso-style-parent:""; 	mso-padding-alt:0cm 5.4pt 0cm 5.4pt; 	mso-para-margin:0cm; 	mso-para-margin-bottom:.0001pt; 	mso-pagination:widow-orphan; 	font-size:10.0pt; 	font-family:"Times New Roman"; 	mso-ansi-language:#0400; 	mso-fareast-language:#0400; 	mso-bidi-language:#0400;}  &lt;![endif]-->  <p>En juin 2010, au <a href="http://www.ituc-csi.org/IMG/pdf/2CO_12_extending_social_protection_and_ensuring_good_OH_03.pdf" target="_blank">congrès mondial de la CSI à Vancouver, les délégué(e)s ont décidé de faire pression pour &quot;une interdiction totale et mondiale</a> de l&#8217;utilisation et de la commercialisation de l&#8217;amiante, et dans ce but, le congrès réuni au Canada a lancé un appel spécial en direction du gouvernement canadien pour qu&#8217;il se joigne à une interdiction totale de l&#8217;amiante dans le monde&quot;. </p>

<!-- This site is optimized with the Yoast SEO Premium plugin v27.1 (Yoast SEO v27.1) - https://yoast.com/product/yoast-seo-premium-wordpress/ -->
<title>L&#039;OIT sonne le &#039;glas de l&#039;amiante&#039; - industriall-union</title>
<meta name="robots" content="index, follow, max-snippet:-1, max-image-preview:large, max-video-preview:-1" />
<link rel="canonical" href="https://admin.industriall-union.org/fr/archive/imf/l-039-oit-sonne-le-039-glas-de-l-039-amiante-039/" />
<meta property="og:locale" content="fr_FR" />
<meta property="og:type" content="article" />
<meta property="og:title" content="L&#039;OIT sonne le &#039;glas de l&#039;amiante&#039;" />
<meta property="og:description" content="MONDE: L&#8217;Organisation internationale du Travail (OIT) a averti officiellement le 6 septembre dans une déclaration de principe que les lobbyistes de l&#8217;industrie qui poussent à l&#8217;emploi de l&#8217;amiante partout dans le monde ne doivent pas prétendre avoir l&#8217;appui de l&#8217;OIT. Sharan Burrow, secrétaire générale de la CSI a dit que la déclaration de l&#8217;OIT apporte [&hellip;]" />
<meta property="og:url" content="https://admin.industriall-union.org/fr/archive/imf/l-039-oit-sonne-le-039-glas-de-l-039-amiante-039/" />
<meta property="og:site_name" content="industriall-union" />
<meta property="article:modified_time" content="2025-01-31T09:39:11+00:00" />
<meta name="twitter:card" content="summary_large_image" />
<meta name="twitter:label1" content="Est. reading time" />
	<meta name="twitter:data1" content="2 minutes" />
<script type="application/ld+json" class="yoast-schema-graph">{"@context":"https://schema.org","@graph":[{"@type":"WebPage","@id":"https://admin.industriall-union.org/fr/archive/imf/l-039-oit-sonne-le-039-glas-de-l-039-amiante-039/","url":"https://admin.industriall-union.org/fr/archive/imf/l-039-oit-sonne-le-039-glas-de-l-039-amiante-039/","name":"L&#039;OIT sonne le &#039;glas de l&#039;amiante&#039; - industriall-union","isPartOf":{"@id":"https://admin.industriall-union.org/#website"},"datePublished":"2010-09-15T13:28:00+00:00","dateModified":"2025-01-31T09:39:11+00:00","breadcrumb":{"@id":"https://admin.industriall-union.org/fr/archive/imf/l-039-oit-sonne-le-039-glas-de-l-039-amiante-039/#breadcrumb"},"inLanguage":"fr-FR","potentialAction":[{"@type":"ReadAction","target":["https://admin.industriall-union.org/fr/archive/imf/l-039-oit-sonne-le-039-glas-de-l-039-amiante-039/"]}]},{"@type":"BreadcrumbList","@id":"https://admin.industriall-union.org/fr/archive/imf/l-039-oit-sonne-le-039-glas-de-l-039-amiante-039/#breadcrumb","itemListElement":[{"@type":"ListItem","position":1,"name":"Home","item":"https://admin.industriall-union.org/"},{"@type":"ListItem","position":2,"name":"Archive Imf","item":"https://admin.industriall-union.org/es/archive/imf/"},{"@type":"ListItem","position":3,"name":"L&#039;OIT sonne le &#039;glas de l&#039;amiante&#039;"}]},{"@type":"WebSite","@id":"https://admin.industriall-union.org/#website","url":"https://admin.industriall-union.org/","name":"industriall-union","description":"","potentialAction":[{"@type":"SearchAction","target":{"@type":"EntryPoint","urlTemplate":"https://admin.industriall-union.org/?s={search_term_string}"},"query-input":{"@type":"PropertyValueSpecification","valueRequired":true,"valueName":"search_term_string"}}],"inLanguage":"fr-FR"}]}</script>
<!-- / Yoast SEO Premium plugin. -->

MONDE: L&#8217;Organisation internationale du Travail (OIT) a averti officiellement le 6 septembre dans une déclaration de principe que les lobbyistes de l&#8217;industrie qui poussent à l&#8217;emploi de l&#8217;amiante partout dans le monde ne doivent pas prétendre avoir l&#8217;appui de l&#8217;OIT. Sharan Burrow, secrétaire générale de la CSI a dit que la déclaration de l&#8217;OIT apporte [&hellip;]
