{"id":201125,"date":"2010-09-29T09:44:00","date_gmt":"2010-09-29T09:44:00","guid":{"rendered":"https:\/\/admin.industriall-union.org\/archive\/imf\/rendre-les-syndicats-plus-visibles-dans-les-pays-de-la-cei\/"},"modified":"2025-01-31T09:38:59","modified_gmt":"2025-01-31T09:38:59","slug":"rendre-les-syndicats-plus-visibles-dans-les-pays-de-la-cei","status":"publish","type":"archive_imf","link":"https:\/\/admin.industriall-union.org\/fr\/archive\/imf\/rendre-les-syndicats-plus-visibles-dans-les-pays-de-la-cei\/","title":{"rendered":"Rendre les syndicats plus visibles dans les pays de la C\u00c9I"},"content":{"rendered":"<!--[if gte mso 9]&gt;     Normal   0   21         false   false   false                             MicrosoftInternetExplorer4   &lt;![endif]--><!--[if gte mso 9]&gt;     &lt;![endif]--><!--[if gte mso 10]&gt;   \/* Style Definitions *\/  table.MsoNormalTable \t{mso-style-name:\"Table Normal\"; \tmso-tstyle-rowband-size:0; \tmso-tstyle-colband-size:0; \tmso-style-noshow:yes; \tmso-style-parent:\"\"; \tmso-padding-alt:0cm 5.4pt 0cm 5.4pt; \tmso-para-margin:0cm; \tmso-para-margin-bottom:.0001pt; \tmso-pagination:widow-orphan; \tfont-size:10.0pt; \tfont-family:\"Times New Roman\"; \tmso-ansi-language:#0400; \tmso-fareast-language:#0400; \tmso-bidi-language:#0400;}  &lt;![endif]-->  <p>UKRAINE: Pour chercher de renforcer l&#8217;influence et de la visibilit\u00e9 des syndicats, les communicateurs des organisations syndicales dans les pays de la C\u00c9I r\u00e9unis le 28 septembre ont accept\u00e9 de redoubler d&#8217;efforts pour rendre compte des activit\u00e9s syndicales dans la r\u00e9gion.<\/p>  <p>Les syndicats sont d\u00e9termin\u00e9s \u00e0 travailler \u00e9troitement avec le bureau r\u00e9gional de la FIOM \u00e0 Moscou et de se r\u00e9unir r\u00e9guli\u00e8rement pour rendre compte des actions entreprises par les syndicats et des questions syndicales dans la r\u00e9gion.<\/p>  <p>Le forum des communicateurs FIOM-C\u00c9I a r\u00e9uni des professionnels de la communication et des dirigeants syndicaux pour examiner les moyens d&#8217;am\u00e9liorer la communication, notamment dans le contexte du renforcement de la solidarit\u00e9 internationale.<\/p>  <p>La r\u00e9union a port\u00e9 \u00e9galement sur un examen du r\u00f4le de la communication dans les diff\u00e9rentes organisations affili\u00e9es, un aper\u00e7u du travail r\u00e9alis\u00e9 par la FIOM dans le domaine de la communication, un atelier d&#8217;\u00e9criture d&#8217;articles destin\u00e9s \u00e0 \u00eatre publi\u00e9s sur Internet et une information sur les outils Internet \u00e0 la disposition des syndicats pour renforcer leur capacit\u00e9 de communication.<\/p>  <p>Des repr\u00e9sentant(e)s de SPM et de REPAM de Bi\u00e9lorussie, de FNSM de Moldavie, de Profavia, MMWU, EWU et ITUA de Russie, et de TUAB, AAMWU, Mashmetal, MMIWU, TUDIW et REMWU d&#8217;Ukraine ont particip\u00e9 \u00e0 la r\u00e9union avec des repr\u00e9sentant(e)s du si\u00e8ge de la FIOM et du bureau r\u00e9gional de la C\u00c9I.<\/p>  <p>Les expos\u00e9s pr\u00e9sent\u00e9s \u00e0 la r\u00e9union seront publi\u00e9s <a href=\"..\/index.cfm?c=24143&amp;l=2\">ici<\/a> sur le site de la FIOM.<\/p>  <p>Il s&#8217;agit de la seconde r\u00e9union du Forum r\u00e9gional des communicateurs, organis\u00e9e cette ann\u00e9e par la FIOM, qui fait suite \u00e0 une pr\u00e9c\u00e9dente <a href=\"..\/index.cfm?id=622&amp;l=2&amp;cid=23381\">r\u00e9union en Asie du Sud<\/a>, organis\u00e9e dans le cadre d&#8217;une strat\u00e9gie visant \u00e0 renforcer les communications de la FIOM et des syndicats par un travail r\u00e9alis\u00e9 en \u00e9troite collaboration avec les affili\u00e9s et par la cr\u00e9ation d&#8217;un r\u00e9seau des communicateurs. <\/p>  ","protected":false},"featured_media":0,"template":"","class_list":["post-201125","archive_imf","type-archive_imf","status-publish","hentry"],"acf":[],"yoast_head":"<!-- This site is optimized with the Yoast SEO Premium plugin v27.1 (Yoast SEO v27.1) - https:\/\/yoast.com\/product\/yoast-seo-premium-wordpress\/ -->\n<title>Rendre les syndicats plus visibles dans les pays de la C\u00c9I - industriall-union<\/title>\n<meta name=\"robots\" content=\"index, follow, max-snippet:-1, max-image-preview:large, max-video-preview:-1\" \/>\n<link rel=\"canonical\" href=\"https:\/\/admin.industriall-union.org\/fr\/archive\/imf\/rendre-les-syndicats-plus-visibles-dans-les-pays-de-la-cei\/\" \/>\n<meta property=\"og:locale\" content=\"fr_FR\" \/>\n<meta property=\"og:type\" content=\"article\" \/>\n<meta property=\"og:title\" content=\"Rendre les syndicats plus visibles dans les pays de la C\u00c9I\" \/>\n<meta property=\"og:description\" content=\"UKRAINE: Pour chercher de renforcer l&#8217;influence et de la visibilit\u00e9 des syndicats, les communicateurs des organisations syndicales dans les pays de la C\u00c9I r\u00e9unis le 28 septembre ont accept\u00e9 de redoubler d&#8217;efforts pour rendre compte des activit\u00e9s syndicales dans la r\u00e9gion. Les syndicats sont d\u00e9termin\u00e9s \u00e0 travailler \u00e9troitement avec le bureau r\u00e9gional de la FIOM [&hellip;]\" \/>\n<meta property=\"og:url\" content=\"https:\/\/admin.industriall-union.org\/fr\/archive\/imf\/rendre-les-syndicats-plus-visibles-dans-les-pays-de-la-cei\/\" \/>\n<meta property=\"og:site_name\" content=\"industriall-union\" \/>\n<meta property=\"article:modified_time\" content=\"2025-01-31T09:38:59+00:00\" \/>\n<meta name=\"twitter:card\" content=\"summary_large_image\" \/>\n<meta name=\"twitter:label1\" content=\"Est. reading time\" \/>\n\t<meta name=\"twitter:data1\" content=\"2 minutes\" \/>\n<script type=\"application\/ld+json\" class=\"yoast-schema-graph\">{\"@context\":\"https:\/\/schema.org\",\"@graph\":[{\"@type\":\"WebPage\",\"@id\":\"https:\/\/admin.industriall-union.org\/fr\/archive\/imf\/rendre-les-syndicats-plus-visibles-dans-les-pays-de-la-cei\/\",\"url\":\"https:\/\/admin.industriall-union.org\/fr\/archive\/imf\/rendre-les-syndicats-plus-visibles-dans-les-pays-de-la-cei\/\",\"name\":\"Rendre les syndicats plus visibles dans les pays de la C\u00c9I - industriall-union\",\"isPartOf\":{\"@id\":\"https:\/\/admin.industriall-union.org\/#website\"},\"datePublished\":\"2010-09-29T09:44:00+00:00\",\"dateModified\":\"2025-01-31T09:38:59+00:00\",\"breadcrumb\":{\"@id\":\"https:\/\/admin.industriall-union.org\/fr\/archive\/imf\/rendre-les-syndicats-plus-visibles-dans-les-pays-de-la-cei\/#breadcrumb\"},\"inLanguage\":\"fr-FR\",\"potentialAction\":[{\"@type\":\"ReadAction\",\"target\":[\"https:\/\/admin.industriall-union.org\/fr\/archive\/imf\/rendre-les-syndicats-plus-visibles-dans-les-pays-de-la-cei\/\"]}]},{\"@type\":\"BreadcrumbList\",\"@id\":\"https:\/\/admin.industriall-union.org\/fr\/archive\/imf\/rendre-les-syndicats-plus-visibles-dans-les-pays-de-la-cei\/#breadcrumb\",\"itemListElement\":[{\"@type\":\"ListItem\",\"position\":1,\"name\":\"Home\",\"item\":\"https:\/\/admin.industriall-union.org\/\"},{\"@type\":\"ListItem\",\"position\":2,\"name\":\"Archive Imf\",\"item\":\"https:\/\/admin.industriall-union.org\/es\/archive\/imf\/\"},{\"@type\":\"ListItem\",\"position\":3,\"name\":\"Rendre les syndicats plus visibles dans les pays de la C\u00c9I\"}]},{\"@type\":\"WebSite\",\"@id\":\"https:\/\/admin.industriall-union.org\/#website\",\"url\":\"https:\/\/admin.industriall-union.org\/\",\"name\":\"industriall-union\",\"description\":\"\",\"potentialAction\":[{\"@type\":\"SearchAction\",\"target\":{\"@type\":\"EntryPoint\",\"urlTemplate\":\"https:\/\/admin.industriall-union.org\/?s={search_term_string}\"},\"query-input\":{\"@type\":\"PropertyValueSpecification\",\"valueRequired\":true,\"valueName\":\"search_term_string\"}}],\"inLanguage\":\"fr-FR\"}]}<\/script>\n<!-- \/ Yoast SEO Premium plugin. -->","yoast_head_json":{"title":"Rendre les syndicats plus visibles dans les pays de la C\u00c9I - industriall-union","robots":{"index":"index","follow":"follow","max-snippet":"max-snippet:-1","max-image-preview":"max-image-preview:large","max-video-preview":"max-video-preview:-1"},"canonical":"https:\/\/admin.industriall-union.org\/fr\/archive\/imf\/rendre-les-syndicats-plus-visibles-dans-les-pays-de-la-cei\/","og_locale":"fr_FR","og_type":"article","og_title":"Rendre les syndicats plus visibles dans les pays de la C\u00c9I","og_description":"UKRAINE: Pour chercher de renforcer l&#8217;influence et de la visibilit\u00e9 des syndicats, les communicateurs des organisations syndicales dans les pays de la C\u00c9I r\u00e9unis le 28 septembre ont accept\u00e9 de redoubler d&#8217;efforts pour rendre compte des activit\u00e9s syndicales dans la r\u00e9gion. Les syndicats sont d\u00e9termin\u00e9s \u00e0 travailler \u00e9troitement avec le bureau r\u00e9gional de la FIOM [&hellip;]","og_url":"https:\/\/admin.industriall-union.org\/fr\/archive\/imf\/rendre-les-syndicats-plus-visibles-dans-les-pays-de-la-cei\/","og_site_name":"industriall-union","article_modified_time":"2025-01-31T09:38:59+00:00","twitter_card":"summary_large_image","twitter_misc":{"Est. reading time":"2 minutes"},"schema":{"@context":"https:\/\/schema.org","@graph":[{"@type":"WebPage","@id":"https:\/\/admin.industriall-union.org\/fr\/archive\/imf\/rendre-les-syndicats-plus-visibles-dans-les-pays-de-la-cei\/","url":"https:\/\/admin.industriall-union.org\/fr\/archive\/imf\/rendre-les-syndicats-plus-visibles-dans-les-pays-de-la-cei\/","name":"Rendre les syndicats plus visibles dans les pays de la C\u00c9I - industriall-union","isPartOf":{"@id":"https:\/\/admin.industriall-union.org\/#website"},"datePublished":"2010-09-29T09:44:00+00:00","dateModified":"2025-01-31T09:38:59+00:00","breadcrumb":{"@id":"https:\/\/admin.industriall-union.org\/fr\/archive\/imf\/rendre-les-syndicats-plus-visibles-dans-les-pays-de-la-cei\/#breadcrumb"},"inLanguage":"fr-FR","potentialAction":[{"@type":"ReadAction","target":["https:\/\/admin.industriall-union.org\/fr\/archive\/imf\/rendre-les-syndicats-plus-visibles-dans-les-pays-de-la-cei\/"]}]},{"@type":"BreadcrumbList","@id":"https:\/\/admin.industriall-union.org\/fr\/archive\/imf\/rendre-les-syndicats-plus-visibles-dans-les-pays-de-la-cei\/#breadcrumb","itemListElement":[{"@type":"ListItem","position":1,"name":"Home","item":"https:\/\/admin.industriall-union.org\/"},{"@type":"ListItem","position":2,"name":"Archive Imf","item":"https:\/\/admin.industriall-union.org\/es\/archive\/imf\/"},{"@type":"ListItem","position":3,"name":"Rendre les syndicats plus visibles dans les pays de la C\u00c9I"}]},{"@type":"WebSite","@id":"https:\/\/admin.industriall-union.org\/#website","url":"https:\/\/admin.industriall-union.org\/","name":"industriall-union","description":"","potentialAction":[{"@type":"SearchAction","target":{"@type":"EntryPoint","urlTemplate":"https:\/\/admin.industriall-union.org\/?s={search_term_string}"},"query-input":{"@type":"PropertyValueSpecification","valueRequired":true,"valueName":"search_term_string"}}],"inLanguage":"fr-FR"}]}},"_links":{"self":[{"href":"https:\/\/admin.industriall-union.org\/fr\/wp-json\/wp\/v2\/archive_imf\/201125","targetHints":{"allow":["GET"]}}],"collection":[{"href":"https:\/\/admin.industriall-union.org\/fr\/wp-json\/wp\/v2\/archive_imf"}],"about":[{"href":"https:\/\/admin.industriall-union.org\/fr\/wp-json\/wp\/v2\/types\/archive_imf"}],"wp:attachment":[{"href":"https:\/\/admin.industriall-union.org\/fr\/wp-json\/wp\/v2\/media?parent=201125"}],"curies":[{"name":"wp","href":"https:\/\/api.w.org\/{rel}","templated":true}]}}

Rendre les syndicats plus visibles dans les pays de la CÉI

<!--[if gte mso 9]&gt;     Normal   0   21         false   false   false                             MicrosoftInternetExplorer4   &lt;![endif]--><!--[if gte mso 9]&gt;     &lt;![endif]--><!--[if gte mso 10]&gt;   /* Style Definitions */  table.MsoNormalTable 	{mso-style-name:"Table Normal"; 	mso-tstyle-rowband-size:0; 	mso-tstyle-colband-size:0; 	mso-style-noshow:yes; 	mso-style-parent:""; 	mso-padding-alt:0cm 5.4pt 0cm 5.4pt; 	mso-para-margin:0cm; 	mso-para-margin-bottom:.0001pt; 	mso-pagination:widow-orphan; 	font-size:10.0pt; 	font-family:"Times New Roman"; 	mso-ansi-language:#0400; 	mso-fareast-language:#0400; 	mso-bidi-language:#0400;}  &lt;![endif]-->  <p>UKRAINE: Pour chercher de renforcer l&#8217;influence et de la visibilité des syndicats, les communicateurs des organisations syndicales dans les pays de la CÉI réunis le 28 septembre ont accepté de redoubler d&#8217;efforts pour rendre compte des activités syndicales dans la région.</p>  <p>Les syndicats sont déterminés à travailler étroitement avec le bureau régional de la FIOM à Moscou et de se réunir régulièrement pour rendre compte des actions entreprises par les syndicats et des questions syndicales dans la région.</p>  <p>Le forum des communicateurs FIOM-CÉI a réuni des professionnels de la communication et des dirigeants syndicaux pour examiner les moyens d&#8217;améliorer la communication, notamment dans le contexte du renforcement de la solidarité internationale.</p>  <p>La réunion a porté également sur un examen du rôle de la communication dans les différentes organisations affiliées, un aperçu du travail réalisé par la FIOM dans le domaine de la communication, un atelier d&#8217;écriture d&#8217;articles destinés à être publiés sur Internet et une information sur les outils Internet à la disposition des syndicats pour renforcer leur capacité de communication.</p>  <p>Des représentant(e)s de SPM et de REPAM de Biélorussie, de FNSM de Moldavie, de Profavia, MMWU, EWU et ITUA de Russie, et de TUAB, AAMWU, Mashmetal, MMIWU, TUDIW et REMWU d&#8217;Ukraine ont participé à la réunion avec des représentant(e)s du siège de la FIOM et du bureau régional de la CÉI.</p>  <p>Les exposés présentés à la réunion seront publiés <a href="../index.cfm?c=24143&amp;l=2">ici</a> sur le site de la FIOM.</p>  <p>Il s&#8217;agit de la seconde réunion du Forum régional des communicateurs, organisée cette année par la FIOM, qui fait suite à une précédente <a href="../index.cfm?id=622&amp;l=2&amp;cid=23381">réunion en Asie du Sud</a>, organisée dans le cadre d&#8217;une stratégie visant à renforcer les communications de la FIOM et des syndicats par un travail réalisé en étroite collaboration avec les affiliés et par la création d&#8217;un réseau des communicateurs. </p>

<!-- This site is optimized with the Yoast SEO Premium plugin v27.1 (Yoast SEO v27.1) - https://yoast.com/product/yoast-seo-premium-wordpress/ -->
<title>Rendre les syndicats plus visibles dans les pays de la CÉI - industriall-union</title>
<meta name="robots" content="index, follow, max-snippet:-1, max-image-preview:large, max-video-preview:-1" />
<link rel="canonical" href="https://admin.industriall-union.org/fr/archive/imf/rendre-les-syndicats-plus-visibles-dans-les-pays-de-la-cei/" />
<meta property="og:locale" content="fr_FR" />
<meta property="og:type" content="article" />
<meta property="og:title" content="Rendre les syndicats plus visibles dans les pays de la CÉI" />
<meta property="og:description" content="UKRAINE: Pour chercher de renforcer l&#8217;influence et de la visibilité des syndicats, les communicateurs des organisations syndicales dans les pays de la CÉI réunis le 28 septembre ont accepté de redoubler d&#8217;efforts pour rendre compte des activités syndicales dans la région. Les syndicats sont déterminés à travailler étroitement avec le bureau régional de la FIOM [&hellip;]" />
<meta property="og:url" content="https://admin.industriall-union.org/fr/archive/imf/rendre-les-syndicats-plus-visibles-dans-les-pays-de-la-cei/" />
<meta property="og:site_name" content="industriall-union" />
<meta property="article:modified_time" content="2025-01-31T09:38:59+00:00" />
<meta name="twitter:card" content="summary_large_image" />
<meta name="twitter:label1" content="Est. reading time" />
	<meta name="twitter:data1" content="2 minutes" />
<script type="application/ld+json" class="yoast-schema-graph">{"@context":"https://schema.org","@graph":[{"@type":"WebPage","@id":"https://admin.industriall-union.org/fr/archive/imf/rendre-les-syndicats-plus-visibles-dans-les-pays-de-la-cei/","url":"https://admin.industriall-union.org/fr/archive/imf/rendre-les-syndicats-plus-visibles-dans-les-pays-de-la-cei/","name":"Rendre les syndicats plus visibles dans les pays de la CÉI - industriall-union","isPartOf":{"@id":"https://admin.industriall-union.org/#website"},"datePublished":"2010-09-29T09:44:00+00:00","dateModified":"2025-01-31T09:38:59+00:00","breadcrumb":{"@id":"https://admin.industriall-union.org/fr/archive/imf/rendre-les-syndicats-plus-visibles-dans-les-pays-de-la-cei/#breadcrumb"},"inLanguage":"fr-FR","potentialAction":[{"@type":"ReadAction","target":["https://admin.industriall-union.org/fr/archive/imf/rendre-les-syndicats-plus-visibles-dans-les-pays-de-la-cei/"]}]},{"@type":"BreadcrumbList","@id":"https://admin.industriall-union.org/fr/archive/imf/rendre-les-syndicats-plus-visibles-dans-les-pays-de-la-cei/#breadcrumb","itemListElement":[{"@type":"ListItem","position":1,"name":"Home","item":"https://admin.industriall-union.org/"},{"@type":"ListItem","position":2,"name":"Archive Imf","item":"https://admin.industriall-union.org/es/archive/imf/"},{"@type":"ListItem","position":3,"name":"Rendre les syndicats plus visibles dans les pays de la CÉI"}]},{"@type":"WebSite","@id":"https://admin.industriall-union.org/#website","url":"https://admin.industriall-union.org/","name":"industriall-union","description":"","potentialAction":[{"@type":"SearchAction","target":{"@type":"EntryPoint","urlTemplate":"https://admin.industriall-union.org/?s={search_term_string}"},"query-input":{"@type":"PropertyValueSpecification","valueRequired":true,"valueName":"search_term_string"}}],"inLanguage":"fr-FR"}]}</script>
<!-- / Yoast SEO Premium plugin. -->

Rendre les syndicats plus visibles dans les pays de la CÉI - industriall-union

UKRAINE: Pour chercher de renforcer l&#8217;influence et de la visibilité des syndicats, les communicateurs des organisations syndicales dans les pays de la CÉI réunis le 28 septembre ont accepté de redoubler d&#8217;efforts pour rendre compte des activités syndicales dans la région. Les syndicats sont déterminés à travailler étroitement avec le bureau régional de la FIOM [&hellip;]
