{"id":201113,"date":"2010-09-30T14:03:00","date_gmt":"2010-09-30T14:03:00","guid":{"rendered":"https:\/\/admin.industriall-union.org\/archive\/imf\/la-date-limite-approche-pour-le-diplome-de-politique-du-travail-et-de-mondialisation\/"},"modified":"2025-01-31T09:38:56","modified_gmt":"2025-01-31T09:38:56","slug":"la-date-limite-approche-pour-le-diplome-de-politique-du-travail-et-de-mondialisation","status":"publish","type":"archive_imf","link":"https:\/\/admin.industriall-union.org\/fr\/archive\/imf\/la-date-limite-approche-pour-le-diplome-de-politique-du-travail-et-de-mondialisation\/","title":{"rendered":"La date limite approche pour le dipl\u00f4me de politique du travail et de mondialisation"},"content":{"rendered":"<!--[if gte mso 9]&gt;     Normal   0   21         false   false   false                             MicrosoftInternetExplorer4   &lt;![endif]--><!--[if gte mso 9]&gt;     &lt;![endif]--><!--[if gte mso 10]&gt;   \/* Style Definitions *\/  table.MsoNormalTable \t{mso-style-name:\"Table Normal\"; \tmso-tstyle-rowband-size:0; \tmso-tstyle-colband-size:0; \tmso-style-noshow:yes; \tmso-style-parent:\"\"; \tmso-padding-alt:0cm 5.4pt 0cm 5.4pt; \tmso-para-margin:0cm; \tmso-para-margin-bottom:.0001pt; \tmso-pagination:widow-orphan; \tfont-size:10.0pt; \tfont-family:\"Times New Roman\"; \tmso-ansi-language:#0400; \tmso-fareast-language:#0400; \tmso-bidi-language:#0400;}  &lt;![endif]-->  <p>ALLEMAGNE: Le dipl\u00f4me en &quot;politique du travail et mondialisation&quot; est destin\u00e9 \u00e0 aider des militant(e)s du monde ouvrier et des syndicalistes \u00e0 acqu\u00e9rir des connaissances suppl\u00e9mentaires et \u00e0 poss\u00e9der des moyens leur permettant de prendre une part active au d\u00e9bat public et au processus d&#8217;\u00e9laboration et de mise en \u0153uvre d&#8217;une politique. <\/p>  <p>Pour obtenir plus de renseignements sur le programme, les frais d&#8217;\u00e9tudes, les bourses et le dossier d&#8217;inscription, vous devez aller sur le site <a href=\"http:\/\/www.global-labour-university.org\/216.html\">ici<\/a> ou envoyer un courriel \u00e0:\u00a0<a href=\"mailto:engage@uni-kassel.de\">engage@uni-kassel.de<\/a>. Les cours commencent chaque ann\u00e9e le 1<sup>er<\/sup> avril \u00e0 la Berlin School of Economics and Law et se poursuivent \u00e0 l&#8217;Universit\u00e9 de Kassel de la mi-mai \u00e0 la mi-juillet.<\/p>  <p>Le dipl\u00f4me en &quot;politique du travail et mondialisation&quot; comprend un programme d&#8217;enseignement sup\u00e9rieur d&#8217;une dur\u00e9e de trois mois et demi et un stage de deux mois. Le programme r\u00e9pond \u00e0 la demande de nombreux syndicats d&#8217;offrir un programme d&#8217;enseignement sup\u00e9rieur aux syndicalistes qui ne peuvent pas s&#8217;engager une ann\u00e9e compl\u00e8te pour suivre un programme de ma\u00eetrise.<\/p>  <p>Le programme d&#8217;\u00e9tudes comprend cinq modules qui portent, dans le cadre de la gestion des affaires mondiales, sur la politique salariale, les finances, le commerce, le d\u00e9veloppement de l&#8217;\u00e9conomie et la participation.\u00a0 Les cours sont donn\u00e9s par des enseignants exp\u00e9riment\u00e9s de l&#8217;Universit\u00e9 de Kassel et de la Berlin School of Economics and Law en Allemagne, deux \u00e9tablissements qui font partie de l&#8217;Universit\u00e9 ouvri\u00e8re mondiale, et par des conf\u00e9renciers internationaux.<\/p>  <p>Le stage de huit semaines aura lieu entre la mi-juillet et la fin septembre en fonction des besoins de l&#8217;institution d&#8217;accueil et du stagiaire.<\/p>  ","protected":false},"featured_media":0,"template":"","class_list":["post-201113","archive_imf","type-archive_imf","status-publish","hentry"],"acf":[],"yoast_head":"<!-- This site is optimized with the Yoast SEO Premium plugin v27.1 (Yoast SEO v27.1) - https:\/\/yoast.com\/product\/yoast-seo-premium-wordpress\/ -->\n<title>La date limite approche pour le dipl\u00f4me de politique du travail et de mondialisation - industriall-union<\/title>\n<meta name=\"robots\" content=\"index, follow, max-snippet:-1, max-image-preview:large, max-video-preview:-1\" \/>\n<link rel=\"canonical\" href=\"https:\/\/admin.industriall-union.org\/fr\/archive\/imf\/la-date-limite-approche-pour-le-diplome-de-politique-du-travail-et-de-mondialisation\/\" \/>\n<meta property=\"og:locale\" content=\"fr_FR\" \/>\n<meta property=\"og:type\" content=\"article\" \/>\n<meta property=\"og:title\" content=\"La date limite approche pour le dipl\u00f4me de politique du travail et de mondialisation\" \/>\n<meta property=\"og:description\" content=\"ALLEMAGNE: Le dipl\u00f4me en &quot;politique du travail et mondialisation&quot; est destin\u00e9 \u00e0 aider des militant(e)s du monde ouvrier et des syndicalistes \u00e0 acqu\u00e9rir des connaissances suppl\u00e9mentaires et \u00e0 poss\u00e9der des moyens leur permettant de prendre une part active au d\u00e9bat public et au processus d&#8217;\u00e9laboration et de mise en \u0153uvre d&#8217;une politique. Pour obtenir plus [&hellip;]\" \/>\n<meta property=\"og:url\" content=\"https:\/\/admin.industriall-union.org\/fr\/archive\/imf\/la-date-limite-approche-pour-le-diplome-de-politique-du-travail-et-de-mondialisation\/\" \/>\n<meta property=\"og:site_name\" content=\"industriall-union\" \/>\n<meta property=\"article:modified_time\" content=\"2025-01-31T09:38:56+00:00\" \/>\n<meta name=\"twitter:card\" content=\"summary_large_image\" \/>\n<meta name=\"twitter:label1\" content=\"Est. reading time\" \/>\n\t<meta name=\"twitter:data1\" content=\"1 minute\" \/>\n<script type=\"application\/ld+json\" class=\"yoast-schema-graph\">{\"@context\":\"https:\/\/schema.org\",\"@graph\":[{\"@type\":\"WebPage\",\"@id\":\"https:\/\/admin.industriall-union.org\/fr\/archive\/imf\/la-date-limite-approche-pour-le-diplome-de-politique-du-travail-et-de-mondialisation\/\",\"url\":\"https:\/\/admin.industriall-union.org\/fr\/archive\/imf\/la-date-limite-approche-pour-le-diplome-de-politique-du-travail-et-de-mondialisation\/\",\"name\":\"La date limite approche pour le dipl\u00f4me de politique du travail et de mondialisation - industriall-union\",\"isPartOf\":{\"@id\":\"https:\/\/admin.industriall-union.org\/#website\"},\"datePublished\":\"2010-09-30T14:03:00+00:00\",\"dateModified\":\"2025-01-31T09:38:56+00:00\",\"breadcrumb\":{\"@id\":\"https:\/\/admin.industriall-union.org\/fr\/archive\/imf\/la-date-limite-approche-pour-le-diplome-de-politique-du-travail-et-de-mondialisation\/#breadcrumb\"},\"inLanguage\":\"fr-FR\",\"potentialAction\":[{\"@type\":\"ReadAction\",\"target\":[\"https:\/\/admin.industriall-union.org\/fr\/archive\/imf\/la-date-limite-approche-pour-le-diplome-de-politique-du-travail-et-de-mondialisation\/\"]}]},{\"@type\":\"BreadcrumbList\",\"@id\":\"https:\/\/admin.industriall-union.org\/fr\/archive\/imf\/la-date-limite-approche-pour-le-diplome-de-politique-du-travail-et-de-mondialisation\/#breadcrumb\",\"itemListElement\":[{\"@type\":\"ListItem\",\"position\":1,\"name\":\"Home\",\"item\":\"https:\/\/admin.industriall-union.org\/\"},{\"@type\":\"ListItem\",\"position\":2,\"name\":\"Archive Imf\",\"item\":\"https:\/\/admin.industriall-union.org\/es\/archive\/imf\/\"},{\"@type\":\"ListItem\",\"position\":3,\"name\":\"La date limite approche pour le dipl\u00f4me de politique du travail et de mondialisation\"}]},{\"@type\":\"WebSite\",\"@id\":\"https:\/\/admin.industriall-union.org\/#website\",\"url\":\"https:\/\/admin.industriall-union.org\/\",\"name\":\"industriall-union\",\"description\":\"\",\"potentialAction\":[{\"@type\":\"SearchAction\",\"target\":{\"@type\":\"EntryPoint\",\"urlTemplate\":\"https:\/\/admin.industriall-union.org\/?s={search_term_string}\"},\"query-input\":{\"@type\":\"PropertyValueSpecification\",\"valueRequired\":true,\"valueName\":\"search_term_string\"}}],\"inLanguage\":\"fr-FR\"}]}<\/script>\n<!-- \/ Yoast SEO Premium plugin. -->","yoast_head_json":{"title":"La date limite approche pour le dipl\u00f4me de politique du travail et de mondialisation - industriall-union","robots":{"index":"index","follow":"follow","max-snippet":"max-snippet:-1","max-image-preview":"max-image-preview:large","max-video-preview":"max-video-preview:-1"},"canonical":"https:\/\/admin.industriall-union.org\/fr\/archive\/imf\/la-date-limite-approche-pour-le-diplome-de-politique-du-travail-et-de-mondialisation\/","og_locale":"fr_FR","og_type":"article","og_title":"La date limite approche pour le dipl\u00f4me de politique du travail et de mondialisation","og_description":"ALLEMAGNE: Le dipl\u00f4me en &quot;politique du travail et mondialisation&quot; est destin\u00e9 \u00e0 aider des militant(e)s du monde ouvrier et des syndicalistes \u00e0 acqu\u00e9rir des connaissances suppl\u00e9mentaires et \u00e0 poss\u00e9der des moyens leur permettant de prendre une part active au d\u00e9bat public et au processus d&#8217;\u00e9laboration et de mise en \u0153uvre d&#8217;une politique. Pour obtenir plus [&hellip;]","og_url":"https:\/\/admin.industriall-union.org\/fr\/archive\/imf\/la-date-limite-approche-pour-le-diplome-de-politique-du-travail-et-de-mondialisation\/","og_site_name":"industriall-union","article_modified_time":"2025-01-31T09:38:56+00:00","twitter_card":"summary_large_image","twitter_misc":{"Est. reading time":"1 minute"},"schema":{"@context":"https:\/\/schema.org","@graph":[{"@type":"WebPage","@id":"https:\/\/admin.industriall-union.org\/fr\/archive\/imf\/la-date-limite-approche-pour-le-diplome-de-politique-du-travail-et-de-mondialisation\/","url":"https:\/\/admin.industriall-union.org\/fr\/archive\/imf\/la-date-limite-approche-pour-le-diplome-de-politique-du-travail-et-de-mondialisation\/","name":"La date limite approche pour le dipl\u00f4me de politique du travail et de mondialisation - industriall-union","isPartOf":{"@id":"https:\/\/admin.industriall-union.org\/#website"},"datePublished":"2010-09-30T14:03:00+00:00","dateModified":"2025-01-31T09:38:56+00:00","breadcrumb":{"@id":"https:\/\/admin.industriall-union.org\/fr\/archive\/imf\/la-date-limite-approche-pour-le-diplome-de-politique-du-travail-et-de-mondialisation\/#breadcrumb"},"inLanguage":"fr-FR","potentialAction":[{"@type":"ReadAction","target":["https:\/\/admin.industriall-union.org\/fr\/archive\/imf\/la-date-limite-approche-pour-le-diplome-de-politique-du-travail-et-de-mondialisation\/"]}]},{"@type":"BreadcrumbList","@id":"https:\/\/admin.industriall-union.org\/fr\/archive\/imf\/la-date-limite-approche-pour-le-diplome-de-politique-du-travail-et-de-mondialisation\/#breadcrumb","itemListElement":[{"@type":"ListItem","position":1,"name":"Home","item":"https:\/\/admin.industriall-union.org\/"},{"@type":"ListItem","position":2,"name":"Archive Imf","item":"https:\/\/admin.industriall-union.org\/es\/archive\/imf\/"},{"@type":"ListItem","position":3,"name":"La date limite approche pour le dipl\u00f4me de politique du travail et de mondialisation"}]},{"@type":"WebSite","@id":"https:\/\/admin.industriall-union.org\/#website","url":"https:\/\/admin.industriall-union.org\/","name":"industriall-union","description":"","potentialAction":[{"@type":"SearchAction","target":{"@type":"EntryPoint","urlTemplate":"https:\/\/admin.industriall-union.org\/?s={search_term_string}"},"query-input":{"@type":"PropertyValueSpecification","valueRequired":true,"valueName":"search_term_string"}}],"inLanguage":"fr-FR"}]}},"_links":{"self":[{"href":"https:\/\/admin.industriall-union.org\/fr\/wp-json\/wp\/v2\/archive_imf\/201113","targetHints":{"allow":["GET"]}}],"collection":[{"href":"https:\/\/admin.industriall-union.org\/fr\/wp-json\/wp\/v2\/archive_imf"}],"about":[{"href":"https:\/\/admin.industriall-union.org\/fr\/wp-json\/wp\/v2\/types\/archive_imf"}],"wp:attachment":[{"href":"https:\/\/admin.industriall-union.org\/fr\/wp-json\/wp\/v2\/media?parent=201113"}],"curies":[{"name":"wp","href":"https:\/\/api.w.org\/{rel}","templated":true}]}}

La date limite approche pour le diplôme de politique du travail et de mondialisation

<!--[if gte mso 9]&gt;     Normal   0   21         false   false   false                             MicrosoftInternetExplorer4   &lt;![endif]--><!--[if gte mso 9]&gt;     &lt;![endif]--><!--[if gte mso 10]&gt;   /* Style Definitions */  table.MsoNormalTable 	{mso-style-name:"Table Normal"; 	mso-tstyle-rowband-size:0; 	mso-tstyle-colband-size:0; 	mso-style-noshow:yes; 	mso-style-parent:""; 	mso-padding-alt:0cm 5.4pt 0cm 5.4pt; 	mso-para-margin:0cm; 	mso-para-margin-bottom:.0001pt; 	mso-pagination:widow-orphan; 	font-size:10.0pt; 	font-family:"Times New Roman"; 	mso-ansi-language:#0400; 	mso-fareast-language:#0400; 	mso-bidi-language:#0400;}  &lt;![endif]-->  <p>ALLEMAGNE: Le diplôme en &quot;politique du travail et mondialisation&quot; est destiné à aider des militant(e)s du monde ouvrier et des syndicalistes à acquérir des connaissances supplémentaires et à posséder des moyens leur permettant de prendre une part active au débat public et au processus d&#8217;élaboration et de mise en œuvre d&#8217;une politique. </p>  <p>Pour obtenir plus de renseignements sur le programme, les frais d&#8217;études, les bourses et le dossier d&#8217;inscription, vous devez aller sur le site <a href="http://www.global-labour-university.org/216.html">ici</a> ou envoyer un courriel à: <a href="mailto:engage@uni-kassel.de">engage@uni-kassel.de</a>. Les cours commencent chaque année le 1<sup>er</sup> avril à la Berlin School of Economics and Law et se poursuivent à l&#8217;Université de Kassel de la mi-mai à la mi-juillet.</p>  <p>Le diplôme en &quot;politique du travail et mondialisation&quot; comprend un programme d&#8217;enseignement supérieur d&#8217;une durée de trois mois et demi et un stage de deux mois. Le programme répond à la demande de nombreux syndicats d&#8217;offrir un programme d&#8217;enseignement supérieur aux syndicalistes qui ne peuvent pas s&#8217;engager une année complète pour suivre un programme de maîtrise.</p>  <p>Le programme d&#8217;études comprend cinq modules qui portent, dans le cadre de la gestion des affaires mondiales, sur la politique salariale, les finances, le commerce, le développement de l&#8217;économie et la participation.  Les cours sont donnés par des enseignants expérimentés de l&#8217;Université de Kassel et de la Berlin School of Economics and Law en Allemagne, deux établissements qui font partie de l&#8217;Université ouvrière mondiale, et par des conférenciers internationaux.</p>  <p>Le stage de huit semaines aura lieu entre la mi-juillet et la fin septembre en fonction des besoins de l&#8217;institution d&#8217;accueil et du stagiaire.</p>

<!-- This site is optimized with the Yoast SEO Premium plugin v27.1 (Yoast SEO v27.1) - https://yoast.com/product/yoast-seo-premium-wordpress/ -->
<title>La date limite approche pour le diplôme de politique du travail et de mondialisation - industriall-union</title>
<meta name="robots" content="index, follow, max-snippet:-1, max-image-preview:large, max-video-preview:-1" />
<link rel="canonical" href="https://admin.industriall-union.org/fr/archive/imf/la-date-limite-approche-pour-le-diplome-de-politique-du-travail-et-de-mondialisation/" />
<meta property="og:locale" content="fr_FR" />
<meta property="og:type" content="article" />
<meta property="og:title" content="La date limite approche pour le diplôme de politique du travail et de mondialisation" />
<meta property="og:description" content="ALLEMAGNE: Le diplôme en &quot;politique du travail et mondialisation&quot; est destiné à aider des militant(e)s du monde ouvrier et des syndicalistes à acquérir des connaissances supplémentaires et à posséder des moyens leur permettant de prendre une part active au débat public et au processus d&#8217;élaboration et de mise en œuvre d&#8217;une politique. Pour obtenir plus [&hellip;]" />
<meta property="og:url" content="https://admin.industriall-union.org/fr/archive/imf/la-date-limite-approche-pour-le-diplome-de-politique-du-travail-et-de-mondialisation/" />
<meta property="og:site_name" content="industriall-union" />
<meta property="article:modified_time" content="2025-01-31T09:38:56+00:00" />
<meta name="twitter:card" content="summary_large_image" />
<meta name="twitter:label1" content="Est. reading time" />
	<meta name="twitter:data1" content="1 minute" />
<script type="application/ld+json" class="yoast-schema-graph">{"@context":"https://schema.org","@graph":[{"@type":"WebPage","@id":"https://admin.industriall-union.org/fr/archive/imf/la-date-limite-approche-pour-le-diplome-de-politique-du-travail-et-de-mondialisation/","url":"https://admin.industriall-union.org/fr/archive/imf/la-date-limite-approche-pour-le-diplome-de-politique-du-travail-et-de-mondialisation/","name":"La date limite approche pour le diplôme de politique du travail et de mondialisation - industriall-union","isPartOf":{"@id":"https://admin.industriall-union.org/#website"},"datePublished":"2010-09-30T14:03:00+00:00","dateModified":"2025-01-31T09:38:56+00:00","breadcrumb":{"@id":"https://admin.industriall-union.org/fr/archive/imf/la-date-limite-approche-pour-le-diplome-de-politique-du-travail-et-de-mondialisation/#breadcrumb"},"inLanguage":"fr-FR","potentialAction":[{"@type":"ReadAction","target":["https://admin.industriall-union.org/fr/archive/imf/la-date-limite-approche-pour-le-diplome-de-politique-du-travail-et-de-mondialisation/"]}]},{"@type":"BreadcrumbList","@id":"https://admin.industriall-union.org/fr/archive/imf/la-date-limite-approche-pour-le-diplome-de-politique-du-travail-et-de-mondialisation/#breadcrumb","itemListElement":[{"@type":"ListItem","position":1,"name":"Home","item":"https://admin.industriall-union.org/"},{"@type":"ListItem","position":2,"name":"Archive Imf","item":"https://admin.industriall-union.org/es/archive/imf/"},{"@type":"ListItem","position":3,"name":"La date limite approche pour le diplôme de politique du travail et de mondialisation"}]},{"@type":"WebSite","@id":"https://admin.industriall-union.org/#website","url":"https://admin.industriall-union.org/","name":"industriall-union","description":"","potentialAction":[{"@type":"SearchAction","target":{"@type":"EntryPoint","urlTemplate":"https://admin.industriall-union.org/?s={search_term_string}"},"query-input":{"@type":"PropertyValueSpecification","valueRequired":true,"valueName":"search_term_string"}}],"inLanguage":"fr-FR"}]}</script>
<!-- / Yoast SEO Premium plugin. -->

La date limite approche pour le diplôme de politique du travail et de mondialisation - industriall-union

ALLEMAGNE: Le diplôme en &quot;politique du travail et mondialisation&quot; est destiné à aider des militant(e)s du monde ouvrier et des syndicalistes à acquérir des connaissances supplémentaires et à posséder des moyens leur permettant de prendre une part active au débat public et au processus d&#8217;élaboration et de mise en œuvre d&#8217;une politique. Pour obtenir plus [&hellip;]
