{"id":201062,"date":"2009-05-09T13:59:00","date_gmt":"2009-05-09T13:59:00","guid":{"rendered":"https:\/\/admin.industriall-union.org\/archive\/imf\/la-repression-contre-les-syndicats-en-coree-est-l-039-une-des-pires-au-monde\/"},"modified":"2025-01-31T09:38:37","modified_gmt":"2025-01-31T09:38:37","slug":"la-repression-contre-les-syndicats-en-coree-est-l-039-une-des-pires-au-monde","status":"publish","type":"archive_imf","link":"https:\/\/admin.industriall-union.org\/fr\/archive\/imf\/la-repression-contre-les-syndicats-en-coree-est-l-039-une-des-pires-au-monde\/","title":{"rendered":"La r\u00e9pression contre les syndicats en Cor\u00e9e est l&#039;une des pires au monde"},"content":{"rendered":"<p>Les attaques contre les syndicats ont augment\u00e9 ces derni\u00e8res ann\u00e9es en Cor\u00e9e, qu&#8217;il s&#8217;agisse du nombre de dirigeants syndicaux arr\u00eat\u00e9s ou de la gravit\u00e9 des peines d&#8217;emprisonnement. Les cas de violence physique de la police contre des gr\u00e9vistes ou des manifestants sont \u00e9galement en hausse. <\/p><p>En Cor\u00e9e, le gouvernement et les employeurs tirent profit de la l\u00e9gislation pour syst\u00e9matiquement: <\/p><ul><li>Emprisonner des syndicalistes accus\u00e9s d&#8217;avoir fait usage de leurs droits <\/li><li>Emp\u00eacher le personnel employ\u00e9 en sous-traitance d&#8217;adh\u00e9rer \u00e0 un syndicat ou de n\u00e9gocier collectivement <\/li><li>Emp\u00eacher de nombreux salari\u00e9s du secteur public d&#8217;adh\u00e9rer \u00e0 un syndicat ou de n\u00e9gocier collectivement <\/li><\/ul><p>Aux c\u00f4t\u00e9s d&#8217;autres f\u00e9d\u00e9rations syndicales internationales et de la Conf\u00e9d\u00e9ration syndicale internationale\u00ad\u00ad, la F\u00e9d\u00e9ration internationale des organisations de travailleurs de la m\u00e9tallurgie demande au gouvernement cor\u00e9en d&#8217;honorer ses engagements et de respecter les normes du travail reconnues dans le monde pour permettre \u00e0 tous les travailleurs et toutes les travailleuses de b\u00e9n\u00e9ficier des droits de se syndiquer et de n\u00e9gocier collectivement.<\/p>","protected":false},"featured_media":0,"template":"","class_list":["post-201062","archive_imf","type-archive_imf","status-publish","hentry"],"acf":[],"yoast_head":"<!-- This site is optimized with the Yoast SEO Premium plugin v27.1 (Yoast SEO v27.1) - https:\/\/yoast.com\/product\/yoast-seo-premium-wordpress\/ -->\n<title>La r\u00e9pression contre les syndicats en Cor\u00e9e est l&#039;une des pires au monde - industriall-union<\/title>\n<meta name=\"robots\" content=\"index, follow, max-snippet:-1, max-image-preview:large, max-video-preview:-1\" \/>\n<link rel=\"canonical\" href=\"https:\/\/admin.industriall-union.org\/fr\/archive\/imf\/la-repression-contre-les-syndicats-en-coree-est-l-039-une-des-pires-au-monde\/\" \/>\n<meta property=\"og:locale\" content=\"fr_FR\" \/>\n<meta property=\"og:type\" content=\"article\" \/>\n<meta property=\"og:title\" content=\"La r\u00e9pression contre les syndicats en Cor\u00e9e est l&#039;une des pires au monde\" \/>\n<meta property=\"og:description\" content=\"Les attaques contre les syndicats ont augment\u00e9 ces derni\u00e8res ann\u00e9es en Cor\u00e9e, qu&#8217;il s&#8217;agisse du nombre de dirigeants syndicaux arr\u00eat\u00e9s ou de la gravit\u00e9 des peines d&#8217;emprisonnement. Les cas de violence physique de la police contre des gr\u00e9vistes ou des manifestants sont \u00e9galement en hausse. En Cor\u00e9e, le gouvernement et les employeurs tirent profit de [&hellip;]\" \/>\n<meta property=\"og:url\" content=\"https:\/\/admin.industriall-union.org\/fr\/archive\/imf\/la-repression-contre-les-syndicats-en-coree-est-l-039-une-des-pires-au-monde\/\" \/>\n<meta property=\"og:site_name\" content=\"industriall-union\" \/>\n<meta property=\"article:modified_time\" content=\"2025-01-31T09:38:37+00:00\" \/>\n<meta name=\"twitter:card\" content=\"summary_large_image\" \/>\n<meta name=\"twitter:label1\" content=\"Est. reading time\" \/>\n\t<meta name=\"twitter:data1\" content=\"1 minute\" \/>\n<script type=\"application\/ld+json\" class=\"yoast-schema-graph\">{\"@context\":\"https:\/\/schema.org\",\"@graph\":[{\"@type\":\"WebPage\",\"@id\":\"https:\/\/admin.industriall-union.org\/fr\/archive\/imf\/la-repression-contre-les-syndicats-en-coree-est-l-039-une-des-pires-au-monde\/\",\"url\":\"https:\/\/admin.industriall-union.org\/fr\/archive\/imf\/la-repression-contre-les-syndicats-en-coree-est-l-039-une-des-pires-au-monde\/\",\"name\":\"La r\u00e9pression contre les syndicats en Cor\u00e9e est l&#039;une des pires au monde - industriall-union\",\"isPartOf\":{\"@id\":\"https:\/\/admin.industriall-union.org\/#website\"},\"datePublished\":\"2009-05-09T13:59:00+00:00\",\"dateModified\":\"2025-01-31T09:38:37+00:00\",\"breadcrumb\":{\"@id\":\"https:\/\/admin.industriall-union.org\/fr\/archive\/imf\/la-repression-contre-les-syndicats-en-coree-est-l-039-une-des-pires-au-monde\/#breadcrumb\"},\"inLanguage\":\"fr-FR\",\"potentialAction\":[{\"@type\":\"ReadAction\",\"target\":[\"https:\/\/admin.industriall-union.org\/fr\/archive\/imf\/la-repression-contre-les-syndicats-en-coree-est-l-039-une-des-pires-au-monde\/\"]}]},{\"@type\":\"BreadcrumbList\",\"@id\":\"https:\/\/admin.industriall-union.org\/fr\/archive\/imf\/la-repression-contre-les-syndicats-en-coree-est-l-039-une-des-pires-au-monde\/#breadcrumb\",\"itemListElement\":[{\"@type\":\"ListItem\",\"position\":1,\"name\":\"Home\",\"item\":\"https:\/\/admin.industriall-union.org\/\"},{\"@type\":\"ListItem\",\"position\":2,\"name\":\"Archive Imf\",\"item\":\"https:\/\/admin.industriall-union.org\/es\/archive\/imf\/\"},{\"@type\":\"ListItem\",\"position\":3,\"name\":\"La r\u00e9pression contre les syndicats en Cor\u00e9e est l&#039;une des pires au monde\"}]},{\"@type\":\"WebSite\",\"@id\":\"https:\/\/admin.industriall-union.org\/#website\",\"url\":\"https:\/\/admin.industriall-union.org\/\",\"name\":\"industriall-union\",\"description\":\"\",\"potentialAction\":[{\"@type\":\"SearchAction\",\"target\":{\"@type\":\"EntryPoint\",\"urlTemplate\":\"https:\/\/admin.industriall-union.org\/?s={search_term_string}\"},\"query-input\":{\"@type\":\"PropertyValueSpecification\",\"valueRequired\":true,\"valueName\":\"search_term_string\"}}],\"inLanguage\":\"fr-FR\"}]}<\/script>\n<!-- \/ Yoast SEO Premium plugin. -->","yoast_head_json":{"title":"La r\u00e9pression contre les syndicats en Cor\u00e9e est l&#039;une des pires au monde - industriall-union","robots":{"index":"index","follow":"follow","max-snippet":"max-snippet:-1","max-image-preview":"max-image-preview:large","max-video-preview":"max-video-preview:-1"},"canonical":"https:\/\/admin.industriall-union.org\/fr\/archive\/imf\/la-repression-contre-les-syndicats-en-coree-est-l-039-une-des-pires-au-monde\/","og_locale":"fr_FR","og_type":"article","og_title":"La r\u00e9pression contre les syndicats en Cor\u00e9e est l&#039;une des pires au monde","og_description":"Les attaques contre les syndicats ont augment\u00e9 ces derni\u00e8res ann\u00e9es en Cor\u00e9e, qu&#8217;il s&#8217;agisse du nombre de dirigeants syndicaux arr\u00eat\u00e9s ou de la gravit\u00e9 des peines d&#8217;emprisonnement. Les cas de violence physique de la police contre des gr\u00e9vistes ou des manifestants sont \u00e9galement en hausse. En Cor\u00e9e, le gouvernement et les employeurs tirent profit de [&hellip;]","og_url":"https:\/\/admin.industriall-union.org\/fr\/archive\/imf\/la-repression-contre-les-syndicats-en-coree-est-l-039-une-des-pires-au-monde\/","og_site_name":"industriall-union","article_modified_time":"2025-01-31T09:38:37+00:00","twitter_card":"summary_large_image","twitter_misc":{"Est. reading time":"1 minute"},"schema":{"@context":"https:\/\/schema.org","@graph":[{"@type":"WebPage","@id":"https:\/\/admin.industriall-union.org\/fr\/archive\/imf\/la-repression-contre-les-syndicats-en-coree-est-l-039-une-des-pires-au-monde\/","url":"https:\/\/admin.industriall-union.org\/fr\/archive\/imf\/la-repression-contre-les-syndicats-en-coree-est-l-039-une-des-pires-au-monde\/","name":"La r\u00e9pression contre les syndicats en Cor\u00e9e est l&#039;une des pires au monde - industriall-union","isPartOf":{"@id":"https:\/\/admin.industriall-union.org\/#website"},"datePublished":"2009-05-09T13:59:00+00:00","dateModified":"2025-01-31T09:38:37+00:00","breadcrumb":{"@id":"https:\/\/admin.industriall-union.org\/fr\/archive\/imf\/la-repression-contre-les-syndicats-en-coree-est-l-039-une-des-pires-au-monde\/#breadcrumb"},"inLanguage":"fr-FR","potentialAction":[{"@type":"ReadAction","target":["https:\/\/admin.industriall-union.org\/fr\/archive\/imf\/la-repression-contre-les-syndicats-en-coree-est-l-039-une-des-pires-au-monde\/"]}]},{"@type":"BreadcrumbList","@id":"https:\/\/admin.industriall-union.org\/fr\/archive\/imf\/la-repression-contre-les-syndicats-en-coree-est-l-039-une-des-pires-au-monde\/#breadcrumb","itemListElement":[{"@type":"ListItem","position":1,"name":"Home","item":"https:\/\/admin.industriall-union.org\/"},{"@type":"ListItem","position":2,"name":"Archive Imf","item":"https:\/\/admin.industriall-union.org\/es\/archive\/imf\/"},{"@type":"ListItem","position":3,"name":"La r\u00e9pression contre les syndicats en Cor\u00e9e est l&#039;une des pires au monde"}]},{"@type":"WebSite","@id":"https:\/\/admin.industriall-union.org\/#website","url":"https:\/\/admin.industriall-union.org\/","name":"industriall-union","description":"","potentialAction":[{"@type":"SearchAction","target":{"@type":"EntryPoint","urlTemplate":"https:\/\/admin.industriall-union.org\/?s={search_term_string}"},"query-input":{"@type":"PropertyValueSpecification","valueRequired":true,"valueName":"search_term_string"}}],"inLanguage":"fr-FR"}]}},"_links":{"self":[{"href":"https:\/\/admin.industriall-union.org\/fr\/wp-json\/wp\/v2\/archive_imf\/201062","targetHints":{"allow":["GET"]}}],"collection":[{"href":"https:\/\/admin.industriall-union.org\/fr\/wp-json\/wp\/v2\/archive_imf"}],"about":[{"href":"https:\/\/admin.industriall-union.org\/fr\/wp-json\/wp\/v2\/types\/archive_imf"}],"wp:attachment":[{"href":"https:\/\/admin.industriall-union.org\/fr\/wp-json\/wp\/v2\/media?parent=201062"}],"curies":[{"name":"wp","href":"https:\/\/api.w.org\/{rel}","templated":true}]}}

La répression contre les syndicats en Corée est l&#039;une des pires au monde

<p>Les attaques contre les syndicats ont augmenté ces dernières années en Corée, qu&#8217;il s&#8217;agisse du nombre de dirigeants syndicaux arrêtés ou de la gravité des peines d&#8217;emprisonnement. Les cas de violence physique de la police contre des grévistes ou des manifestants sont également en hausse. </p><p>En Corée, le gouvernement et les employeurs tirent profit de la législation pour systématiquement: </p><ul><li>Emprisonner des syndicalistes accusés d&#8217;avoir fait usage de leurs droits </li><li>Empêcher le personnel employé en sous-traitance d&#8217;adhérer à un syndicat ou de négocier collectivement </li><li>Empêcher de nombreux salariés du secteur public d&#8217;adhérer à un syndicat ou de négocier collectivement </li></ul><p>Aux côtés d&#8217;autres fédérations syndicales internationales et de la Confédération syndicale internationale­­, la Fédération internationale des organisations de travailleurs de la métallurgie demande au gouvernement coréen d&#8217;honorer ses engagements et de respecter les normes du travail reconnues dans le monde pour permettre à tous les travailleurs et toutes les travailleuses de bénéficier des droits de se syndiquer et de négocier collectivement.</p>

<!-- This site is optimized with the Yoast SEO Premium plugin v27.1 (Yoast SEO v27.1) - https://yoast.com/product/yoast-seo-premium-wordpress/ -->
<title>La répression contre les syndicats en Corée est l&#039;une des pires au monde - industriall-union</title>
<meta name="robots" content="index, follow, max-snippet:-1, max-image-preview:large, max-video-preview:-1" />
<link rel="canonical" href="https://admin.industriall-union.org/fr/archive/imf/la-repression-contre-les-syndicats-en-coree-est-l-039-une-des-pires-au-monde/" />
<meta property="og:locale" content="fr_FR" />
<meta property="og:type" content="article" />
<meta property="og:title" content="La répression contre les syndicats en Corée est l&#039;une des pires au monde" />
<meta property="og:description" content="Les attaques contre les syndicats ont augmenté ces dernières années en Corée, qu&#8217;il s&#8217;agisse du nombre de dirigeants syndicaux arrêtés ou de la gravité des peines d&#8217;emprisonnement. Les cas de violence physique de la police contre des grévistes ou des manifestants sont également en hausse. En Corée, le gouvernement et les employeurs tirent profit de [&hellip;]" />
<meta property="og:url" content="https://admin.industriall-union.org/fr/archive/imf/la-repression-contre-les-syndicats-en-coree-est-l-039-une-des-pires-au-monde/" />
<meta property="og:site_name" content="industriall-union" />
<meta property="article:modified_time" content="2025-01-31T09:38:37+00:00" />
<meta name="twitter:card" content="summary_large_image" />
<meta name="twitter:label1" content="Est. reading time" />
	<meta name="twitter:data1" content="1 minute" />
<script type="application/ld+json" class="yoast-schema-graph">{"@context":"https://schema.org","@graph":[{"@type":"WebPage","@id":"https://admin.industriall-union.org/fr/archive/imf/la-repression-contre-les-syndicats-en-coree-est-l-039-une-des-pires-au-monde/","url":"https://admin.industriall-union.org/fr/archive/imf/la-repression-contre-les-syndicats-en-coree-est-l-039-une-des-pires-au-monde/","name":"La répression contre les syndicats en Corée est l&#039;une des pires au monde - industriall-union","isPartOf":{"@id":"https://admin.industriall-union.org/#website"},"datePublished":"2009-05-09T13:59:00+00:00","dateModified":"2025-01-31T09:38:37+00:00","breadcrumb":{"@id":"https://admin.industriall-union.org/fr/archive/imf/la-repression-contre-les-syndicats-en-coree-est-l-039-une-des-pires-au-monde/#breadcrumb"},"inLanguage":"fr-FR","potentialAction":[{"@type":"ReadAction","target":["https://admin.industriall-union.org/fr/archive/imf/la-repression-contre-les-syndicats-en-coree-est-l-039-une-des-pires-au-monde/"]}]},{"@type":"BreadcrumbList","@id":"https://admin.industriall-union.org/fr/archive/imf/la-repression-contre-les-syndicats-en-coree-est-l-039-une-des-pires-au-monde/#breadcrumb","itemListElement":[{"@type":"ListItem","position":1,"name":"Home","item":"https://admin.industriall-union.org/"},{"@type":"ListItem","position":2,"name":"Archive Imf","item":"https://admin.industriall-union.org/es/archive/imf/"},{"@type":"ListItem","position":3,"name":"La répression contre les syndicats en Corée est l&#039;une des pires au monde"}]},{"@type":"WebSite","@id":"https://admin.industriall-union.org/#website","url":"https://admin.industriall-union.org/","name":"industriall-union","description":"","potentialAction":[{"@type":"SearchAction","target":{"@type":"EntryPoint","urlTemplate":"https://admin.industriall-union.org/?s={search_term_string}"},"query-input":{"@type":"PropertyValueSpecification","valueRequired":true,"valueName":"search_term_string"}}],"inLanguage":"fr-FR"}]}</script>
<!-- / Yoast SEO Premium plugin. -->

La répression contre les syndicats en Corée est l&#039;une des pires au monde - industriall-union

Les attaques contre les syndicats ont augmenté ces dernières années en Corée, qu&#8217;il s&#8217;agisse du nombre de dirigeants syndicaux arrêtés ou de la gravité des peines d&#8217;emprisonnement. Les cas de violence physique de la police contre des grévistes ou des manifestants sont également en hausse. En Corée, le gouvernement et les employeurs tirent profit de [&hellip;]
