{"id":200965,"date":"2010-11-08T08:39:00","date_gmt":"2010-11-08T08:39:00","guid":{"rendered":"https:\/\/admin.industriall-union.org\/archive\/imf\/mobilisation-des-syndicats-en-europe-du-sud-est-contre-la-degradation-des-droits-des-travailleurs\/"},"modified":"2025-01-31T09:33:38","modified_gmt":"2025-01-31T09:33:38","slug":"mobilisation-des-syndicats-en-europe-du-sud-est-contre-la-degradation-des-droits-des-travailleurs","status":"publish","type":"archive_imf","link":"https:\/\/admin.industriall-union.org\/fr\/archive\/imf\/mobilisation-des-syndicats-en-europe-du-sud-est-contre-la-degradation-des-droits-des-travailleurs\/","title":{"rendered":"Mobilisation des syndicats en Europe du Sud-Est contre la d\u00e9gradation des droits des travailleurs"},"content":{"rendered":"<!--[if gte mso 9]&gt;     Normal   0   21         false   false   false                             MicrosoftInternetExplorer4   &lt;![endif]--><!--[if gte mso 9]&gt;     &lt;![endif]-->  <!--[if gte mso 10]&gt;   \/* Style Definitions *\/  table.MsoNormalTable \t{mso-style-name:\"Table Normal\"; \tmso-tstyle-rowband-size:0; \tmso-tstyle-colband-size:0; \tmso-style-noshow:yes; \tmso-style-parent:\"\"; \tmso-padding-alt:0cm 5.4pt 0cm 5.4pt; \tmso-para-margin:0cm; \tmso-para-margin-bottom:.0001pt; \tmso-pagination:widow-orphan; \tfont-size:10.0pt; \tfont-family:\"Times New Roman\"; \tmso-ansi-language:#0400; \tmso-fareast-language:#0400; \tmso-bidi-language:#0400;}  &lt;![endif]-->  <p>BULGARIE: Les dirigeants syndicaux des affili\u00e9s de la FIOM en Europe du Sud-Est ont particip\u00e9 du 2 au 4 novembre 2010 \u00e0 Sofia, Bulgarie, \u00e0 la r\u00e9union sous-r\u00e9gionale organis\u00e9e conjointement pour la premi\u00e8re fois avec la F\u00e9d\u00e9ration europ\u00e9enne des m\u00e9tallurgistes.\u00a0 La r\u00e9union b\u00e9n\u00e9ficiait du soutien de la Fondation Friedrich Ebert.\u00a0\u00a0 <\/p>  <p>Les questions \u00e0 l&#8217;ordre du jour portaient, entre autres, sur la cr\u00e9ation de syndicats, les r\u00e9seaux syndicaux dans les soci\u00e9t\u00e9s transnationales (STN) et sur l&#8217;emploi pr\u00e9caire.\u00a0 La FIOM a particip\u00e9 cette ann\u00e9e en juillet \u00e0 un projet plurisyndical sur le d\u00e9veloppement de la syndicalisation en Europe du Sud-Est visant \u00e0 renforcer les structures syndicales et \u00e0 promouvoir la coop\u00e9ration sectorielle r\u00e9gionale et la formation. Les participant(e)s ont approuv\u00e9 ce projet et se sont engag\u00e9s \u00e0 participer activement \u00e0 sa mise en \u0153uvre. Ils\/elles ont \u00e9galement exprim\u00e9 leur soutien \u00e0 la politique de la FIOM concernant les r\u00e9seaux syndicaux. L&#8217;accent a \u00e9t\u00e9 mis sur la n\u00e9cessit\u00e9 d&#8217;\u00e9tendre le projet aux cha\u00eenes d&#8217;approvisionnement car de nombreux fournisseurs et sous-traitants des STN m\u00e8nent des activit\u00e9s dans la r\u00e9gion.\u00a0 <\/p>  <p>Le secr\u00e9taire g\u00e9n\u00e9ral de la FIOM, Jyrki Raina, a pr\u00e9sent\u00e9 le projet de cr\u00e9ation d&#8217;une nouvelle f\u00e9d\u00e9ration industrielle mondiale.\u00a0 Les dirigeants syndicaux ont exprim\u00e9 leur accord sur l&#8217;\u00e9tablissement d&#8217;un processus d&#8217;unification au niveau international comme au niveau europ\u00e9en dont l&#8217;importance est tr\u00e8s grande pour le renforcement de la puissance syndicale dans une \u00e9conomie mondiale, et ont fait remarquer que ce processus jouera \u00e9galement un r\u00f4le pour la promotion de l&#8217;unit\u00e9 syndicale au niveau national.\u00a0\u00a0 <\/p>  <p>L&#8217;Europe du Sud-Est continue de souffrir des cons\u00e9quences dramatiques de la crise et de l&#8217;absence d&#8217;une politique industrielle efficace capable de soutenir la fabrication industrielle nationale et le d\u00e9veloppement durable. Les restructurations et les privatisations ont provoqu\u00e9 une croissance rapide de l&#8217;emploi pr\u00e9caire, souvent dans l&#8217;\u00e9conomie informelle, et une d\u00e9gradation des droits des travailleurs et travailleuses.\u00a0 Mais les syndicats qui se mobilisent contre les politiques de d\u00e9r\u00e9glementation et les r\u00e9formes du droit du travail, ont montr\u00e9 qu&#8217;il \u00e9tait possible de sauvegarder des emplois par une action collective. Un exemple typique en a \u00e9t\u00e9 donn\u00e9 \u00e0 la r\u00e9union par le syndicat de l&#8217;industrie, de l&#8217;\u00e9nergie, et des mines (SIER) de Mac\u00e9doine qui a r\u00e9ussi \u00e0 sauver plus de 200 emplois chez Feni Industries, le plus grand producteur de ferro-nickel dans le pays, assurant ainsi un avenir pour les travailleurs et travailleuses.<\/p>  <p>Comme dans beaucoup d&#8217;autres pays, la r\u00e9forme des syst\u00e8mes de retraite est au centre des pr\u00e9occupations politiques dans la r\u00e9gion. En Bulgarie, le Parlement vient d&#8217;adopter une modification du plan de r\u00e9forme, apr\u00e8s avoir conclu un accord avec les syndicats. Une premi\u00e8re version du plan avait \u00e9t\u00e9 retir\u00e9e par le Premier ministre \u00e0 la suite d&#8217;une forte opposition des syndicats au projet de loi de r\u00e9forme qui avait \u00e9t\u00e9 pr\u00e9par\u00e9 sans r\u00e9elle participation des syndicats. <\/p><p>Les participant(e)s ont \u00e9galement discut\u00e9 des pr\u00e9paratifs du Congr\u00e8s de  la FEM qui se r\u00e9unira en juin 2011 en Allemagne. La FIOM et la FEM  continueront de coop\u00e9rer \u00e9troitement et de joindre leurs forces pour  soutenir les droits fondamentaux des travailleurs et travailleuses et le  renforcement des syndicats dans la r\u00e9gion.  <\/p>","protected":false},"featured_media":0,"template":"","class_list":["post-200965","archive_imf","type-archive_imf","status-publish","hentry"],"acf":[],"yoast_head":"<!-- This site is optimized with the Yoast SEO Premium plugin v27.1 (Yoast SEO v27.1) - https:\/\/yoast.com\/product\/yoast-seo-premium-wordpress\/ -->\n<title>Mobilisation des syndicats en Europe du Sud-Est contre la d\u00e9gradation des droits des travailleurs - industriall-union<\/title>\n<meta name=\"robots\" content=\"index, follow, max-snippet:-1, max-image-preview:large, max-video-preview:-1\" \/>\n<link rel=\"canonical\" href=\"https:\/\/admin.industriall-union.org\/fr\/archive\/imf\/mobilisation-des-syndicats-en-europe-du-sud-est-contre-la-degradation-des-droits-des-travailleurs\/\" \/>\n<meta property=\"og:locale\" content=\"fr_FR\" \/>\n<meta property=\"og:type\" content=\"article\" \/>\n<meta property=\"og:title\" content=\"Mobilisation des syndicats en Europe du Sud-Est contre la d\u00e9gradation des droits des travailleurs\" \/>\n<meta property=\"og:description\" content=\"BULGARIE: Les dirigeants syndicaux des affili\u00e9s de la FIOM en Europe du Sud-Est ont particip\u00e9 du 2 au 4 novembre 2010 \u00e0 Sofia, Bulgarie, \u00e0 la r\u00e9union sous-r\u00e9gionale organis\u00e9e conjointement pour la premi\u00e8re fois avec la F\u00e9d\u00e9ration europ\u00e9enne des m\u00e9tallurgistes.\u00a0 La r\u00e9union b\u00e9n\u00e9ficiait du soutien de la Fondation Friedrich Ebert.\u00a0\u00a0 Les questions \u00e0 l&#8217;ordre du [&hellip;]\" \/>\n<meta property=\"og:url\" content=\"https:\/\/admin.industriall-union.org\/fr\/archive\/imf\/mobilisation-des-syndicats-en-europe-du-sud-est-contre-la-degradation-des-droits-des-travailleurs\/\" \/>\n<meta property=\"og:site_name\" content=\"industriall-union\" \/>\n<meta property=\"article:modified_time\" content=\"2025-01-31T09:33:38+00:00\" \/>\n<meta name=\"twitter:card\" content=\"summary_large_image\" \/>\n<meta name=\"twitter:label1\" content=\"Est. reading time\" \/>\n\t<meta name=\"twitter:data1\" content=\"3 minutes\" \/>\n<script type=\"application\/ld+json\" class=\"yoast-schema-graph\">{\"@context\":\"https:\/\/schema.org\",\"@graph\":[{\"@type\":\"WebPage\",\"@id\":\"https:\/\/admin.industriall-union.org\/fr\/archive\/imf\/mobilisation-des-syndicats-en-europe-du-sud-est-contre-la-degradation-des-droits-des-travailleurs\/\",\"url\":\"https:\/\/admin.industriall-union.org\/fr\/archive\/imf\/mobilisation-des-syndicats-en-europe-du-sud-est-contre-la-degradation-des-droits-des-travailleurs\/\",\"name\":\"Mobilisation des syndicats en Europe du Sud-Est contre la d\u00e9gradation des droits des travailleurs - industriall-union\",\"isPartOf\":{\"@id\":\"https:\/\/admin.industriall-union.org\/ru\/#website\"},\"datePublished\":\"2010-11-08T08:39:00+00:00\",\"dateModified\":\"2025-01-31T09:33:38+00:00\",\"breadcrumb\":{\"@id\":\"https:\/\/admin.industriall-union.org\/fr\/archive\/imf\/mobilisation-des-syndicats-en-europe-du-sud-est-contre-la-degradation-des-droits-des-travailleurs\/#breadcrumb\"},\"inLanguage\":\"fr-FR\",\"potentialAction\":[{\"@type\":\"ReadAction\",\"target\":[\"https:\/\/admin.industriall-union.org\/fr\/archive\/imf\/mobilisation-des-syndicats-en-europe-du-sud-est-contre-la-degradation-des-droits-des-travailleurs\/\"]}]},{\"@type\":\"BreadcrumbList\",\"@id\":\"https:\/\/admin.industriall-union.org\/fr\/archive\/imf\/mobilisation-des-syndicats-en-europe-du-sud-est-contre-la-degradation-des-droits-des-travailleurs\/#breadcrumb\",\"itemListElement\":[{\"@type\":\"ListItem\",\"position\":1,\"name\":\"Home\",\"item\":\"https:\/\/admin.industriall-union.org\/ru\/\"},{\"@type\":\"ListItem\",\"position\":2,\"name\":\"Archive Imf\",\"item\":\"https:\/\/admin.industriall-union.org\/fr\/archive\/imf\/\"},{\"@type\":\"ListItem\",\"position\":3,\"name\":\"Mobilisation des syndicats en Europe du Sud-Est contre la d\u00e9gradation des droits des travailleurs\"}]},{\"@type\":\"WebSite\",\"@id\":\"https:\/\/admin.industriall-union.org\/ru\/#website\",\"url\":\"https:\/\/admin.industriall-union.org\/ru\/\",\"name\":\"industriall-union\",\"description\":\"\",\"potentialAction\":[{\"@type\":\"SearchAction\",\"target\":{\"@type\":\"EntryPoint\",\"urlTemplate\":\"https:\/\/admin.industriall-union.org\/ru\/?s={search_term_string}\"},\"query-input\":{\"@type\":\"PropertyValueSpecification\",\"valueRequired\":true,\"valueName\":\"search_term_string\"}}],\"inLanguage\":\"fr-FR\"}]}<\/script>\n<!-- \/ Yoast SEO Premium plugin. -->","yoast_head_json":{"title":"Mobilisation des syndicats en Europe du Sud-Est contre la d\u00e9gradation des droits des travailleurs - industriall-union","robots":{"index":"index","follow":"follow","max-snippet":"max-snippet:-1","max-image-preview":"max-image-preview:large","max-video-preview":"max-video-preview:-1"},"canonical":"https:\/\/admin.industriall-union.org\/fr\/archive\/imf\/mobilisation-des-syndicats-en-europe-du-sud-est-contre-la-degradation-des-droits-des-travailleurs\/","og_locale":"fr_FR","og_type":"article","og_title":"Mobilisation des syndicats en Europe du Sud-Est contre la d\u00e9gradation des droits des travailleurs","og_description":"BULGARIE: Les dirigeants syndicaux des affili\u00e9s de la FIOM en Europe du Sud-Est ont particip\u00e9 du 2 au 4 novembre 2010 \u00e0 Sofia, Bulgarie, \u00e0 la r\u00e9union sous-r\u00e9gionale organis\u00e9e conjointement pour la premi\u00e8re fois avec la F\u00e9d\u00e9ration europ\u00e9enne des m\u00e9tallurgistes.\u00a0 La r\u00e9union b\u00e9n\u00e9ficiait du soutien de la Fondation Friedrich Ebert.\u00a0\u00a0 Les questions \u00e0 l&#8217;ordre du [&hellip;]","og_url":"https:\/\/admin.industriall-union.org\/fr\/archive\/imf\/mobilisation-des-syndicats-en-europe-du-sud-est-contre-la-degradation-des-droits-des-travailleurs\/","og_site_name":"industriall-union","article_modified_time":"2025-01-31T09:33:38+00:00","twitter_card":"summary_large_image","twitter_misc":{"Est. reading time":"3 minutes"},"schema":{"@context":"https:\/\/schema.org","@graph":[{"@type":"WebPage","@id":"https:\/\/admin.industriall-union.org\/fr\/archive\/imf\/mobilisation-des-syndicats-en-europe-du-sud-est-contre-la-degradation-des-droits-des-travailleurs\/","url":"https:\/\/admin.industriall-union.org\/fr\/archive\/imf\/mobilisation-des-syndicats-en-europe-du-sud-est-contre-la-degradation-des-droits-des-travailleurs\/","name":"Mobilisation des syndicats en Europe du Sud-Est contre la d\u00e9gradation des droits des travailleurs - industriall-union","isPartOf":{"@id":"https:\/\/admin.industriall-union.org\/ru\/#website"},"datePublished":"2010-11-08T08:39:00+00:00","dateModified":"2025-01-31T09:33:38+00:00","breadcrumb":{"@id":"https:\/\/admin.industriall-union.org\/fr\/archive\/imf\/mobilisation-des-syndicats-en-europe-du-sud-est-contre-la-degradation-des-droits-des-travailleurs\/#breadcrumb"},"inLanguage":"fr-FR","potentialAction":[{"@type":"ReadAction","target":["https:\/\/admin.industriall-union.org\/fr\/archive\/imf\/mobilisation-des-syndicats-en-europe-du-sud-est-contre-la-degradation-des-droits-des-travailleurs\/"]}]},{"@type":"BreadcrumbList","@id":"https:\/\/admin.industriall-union.org\/fr\/archive\/imf\/mobilisation-des-syndicats-en-europe-du-sud-est-contre-la-degradation-des-droits-des-travailleurs\/#breadcrumb","itemListElement":[{"@type":"ListItem","position":1,"name":"Home","item":"https:\/\/admin.industriall-union.org\/ru\/"},{"@type":"ListItem","position":2,"name":"Archive Imf","item":"https:\/\/admin.industriall-union.org\/fr\/archive\/imf\/"},{"@type":"ListItem","position":3,"name":"Mobilisation des syndicats en Europe du Sud-Est contre la d\u00e9gradation des droits des travailleurs"}]},{"@type":"WebSite","@id":"https:\/\/admin.industriall-union.org\/ru\/#website","url":"https:\/\/admin.industriall-union.org\/ru\/","name":"industriall-union","description":"","potentialAction":[{"@type":"SearchAction","target":{"@type":"EntryPoint","urlTemplate":"https:\/\/admin.industriall-union.org\/ru\/?s={search_term_string}"},"query-input":{"@type":"PropertyValueSpecification","valueRequired":true,"valueName":"search_term_string"}}],"inLanguage":"fr-FR"}]}},"_links":{"self":[{"href":"https:\/\/admin.industriall-union.org\/fr\/wp-json\/wp\/v2\/archive_imf\/200965","targetHints":{"allow":["GET"]}}],"collection":[{"href":"https:\/\/admin.industriall-union.org\/fr\/wp-json\/wp\/v2\/archive_imf"}],"about":[{"href":"https:\/\/admin.industriall-union.org\/fr\/wp-json\/wp\/v2\/types\/archive_imf"}],"wp:attachment":[{"href":"https:\/\/admin.industriall-union.org\/fr\/wp-json\/wp\/v2\/media?parent=200965"}],"curies":[{"name":"wp","href":"https:\/\/api.w.org\/{rel}","templated":true}]}}

Mobilisation des syndicats en Europe du Sud-Est contre la dégradation des droits des travailleurs

<!--[if gte mso 9]&gt;     Normal   0   21         false   false   false                             MicrosoftInternetExplorer4   &lt;![endif]--><!--[if gte mso 9]&gt;     &lt;![endif]-->  <!--[if gte mso 10]&gt;   /* Style Definitions */  table.MsoNormalTable 	{mso-style-name:"Table Normal"; 	mso-tstyle-rowband-size:0; 	mso-tstyle-colband-size:0; 	mso-style-noshow:yes; 	mso-style-parent:""; 	mso-padding-alt:0cm 5.4pt 0cm 5.4pt; 	mso-para-margin:0cm; 	mso-para-margin-bottom:.0001pt; 	mso-pagination:widow-orphan; 	font-size:10.0pt; 	font-family:"Times New Roman"; 	mso-ansi-language:#0400; 	mso-fareast-language:#0400; 	mso-bidi-language:#0400;}  &lt;![endif]-->  <p>BULGARIE: Les dirigeants syndicaux des affiliés de la FIOM en Europe du Sud-Est ont participé du 2 au 4 novembre 2010 à Sofia, Bulgarie, à la réunion sous-régionale organisée conjointement pour la première fois avec la Fédération européenne des métallurgistes.  La réunion bénéficiait du soutien de la Fondation Friedrich Ebert.   </p>  <p>Les questions à l&#8217;ordre du jour portaient, entre autres, sur la création de syndicats, les réseaux syndicaux dans les sociétés transnationales (STN) et sur l&#8217;emploi précaire.  La FIOM a participé cette année en juillet à un projet plurisyndical sur le développement de la syndicalisation en Europe du Sud-Est visant à renforcer les structures syndicales et à promouvoir la coopération sectorielle régionale et la formation. Les participant(e)s ont approuvé ce projet et se sont engagés à participer activement à sa mise en œuvre. Ils/elles ont également exprimé leur soutien à la politique de la FIOM concernant les réseaux syndicaux. L&#8217;accent a été mis sur la nécessité d&#8217;étendre le projet aux chaînes d&#8217;approvisionnement car de nombreux fournisseurs et sous-traitants des STN mènent des activités dans la région.  </p>  <p>Le secrétaire général de la FIOM, Jyrki Raina, a présenté le projet de création d&#8217;une nouvelle fédération industrielle mondiale.  Les dirigeants syndicaux ont exprimé leur accord sur l&#8217;établissement d&#8217;un processus d&#8217;unification au niveau international comme au niveau européen dont l&#8217;importance est très grande pour le renforcement de la puissance syndicale dans une économie mondiale, et ont fait remarquer que ce processus jouera également un rôle pour la promotion de l&#8217;unité syndicale au niveau national.   </p>  <p>L&#8217;Europe du Sud-Est continue de souffrir des conséquences dramatiques de la crise et de l&#8217;absence d&#8217;une politique industrielle efficace capable de soutenir la fabrication industrielle nationale et le développement durable. Les restructurations et les privatisations ont provoqué une croissance rapide de l&#8217;emploi précaire, souvent dans l&#8217;économie informelle, et une dégradation des droits des travailleurs et travailleuses.  Mais les syndicats qui se mobilisent contre les politiques de déréglementation et les réformes du droit du travail, ont montré qu&#8217;il était possible de sauvegarder des emplois par une action collective. Un exemple typique en a été donné à la réunion par le syndicat de l&#8217;industrie, de l&#8217;énergie, et des mines (SIER) de Macédoine qui a réussi à sauver plus de 200 emplois chez Feni Industries, le plus grand producteur de ferro-nickel dans le pays, assurant ainsi un avenir pour les travailleurs et travailleuses.</p>  <p>Comme dans beaucoup d&#8217;autres pays, la réforme des systèmes de retraite est au centre des préoccupations politiques dans la région. En Bulgarie, le Parlement vient d&#8217;adopter une modification du plan de réforme, après avoir conclu un accord avec les syndicats. Une première version du plan avait été retirée par le Premier ministre à la suite d&#8217;une forte opposition des syndicats au projet de loi de réforme qui avait été préparé sans réelle participation des syndicats. </p><p>Les participant(e)s ont également discuté des préparatifs du Congrès de  la FEM qui se réunira en juin 2011 en Allemagne. La FIOM et la FEM  continueront de coopérer étroitement et de joindre leurs forces pour  soutenir les droits fondamentaux des travailleurs et travailleuses et le  renforcement des syndicats dans la région.  </p>

<!-- This site is optimized with the Yoast SEO Premium plugin v27.1 (Yoast SEO v27.1) - https://yoast.com/product/yoast-seo-premium-wordpress/ -->
<title>Mobilisation des syndicats en Europe du Sud-Est contre la dégradation des droits des travailleurs - industriall-union</title>
<meta name="robots" content="index, follow, max-snippet:-1, max-image-preview:large, max-video-preview:-1" />
<link rel="canonical" href="https://admin.industriall-union.org/fr/archive/imf/mobilisation-des-syndicats-en-europe-du-sud-est-contre-la-degradation-des-droits-des-travailleurs/" />
<meta property="og:locale" content="fr_FR" />
<meta property="og:type" content="article" />
<meta property="og:title" content="Mobilisation des syndicats en Europe du Sud-Est contre la dégradation des droits des travailleurs" />
<meta property="og:description" content="BULGARIE: Les dirigeants syndicaux des affiliés de la FIOM en Europe du Sud-Est ont participé du 2 au 4 novembre 2010 à Sofia, Bulgarie, à la réunion sous-régionale organisée conjointement pour la première fois avec la Fédération européenne des métallurgistes.  La réunion bénéficiait du soutien de la Fondation Friedrich Ebert.   Les questions à l&#8217;ordre du [&hellip;]" />
<meta property="og:url" content="https://admin.industriall-union.org/fr/archive/imf/mobilisation-des-syndicats-en-europe-du-sud-est-contre-la-degradation-des-droits-des-travailleurs/" />
<meta property="og:site_name" content="industriall-union" />
<meta property="article:modified_time" content="2025-01-31T09:33:38+00:00" />
<meta name="twitter:card" content="summary_large_image" />
<meta name="twitter:label1" content="Est. reading time" />
	<meta name="twitter:data1" content="3 minutes" />
<script type="application/ld+json" class="yoast-schema-graph">{"@context":"https://schema.org","@graph":[{"@type":"WebPage","@id":"https://admin.industriall-union.org/fr/archive/imf/mobilisation-des-syndicats-en-europe-du-sud-est-contre-la-degradation-des-droits-des-travailleurs/","url":"https://admin.industriall-union.org/fr/archive/imf/mobilisation-des-syndicats-en-europe-du-sud-est-contre-la-degradation-des-droits-des-travailleurs/","name":"Mobilisation des syndicats en Europe du Sud-Est contre la dégradation des droits des travailleurs - industriall-union","isPartOf":{"@id":"https://admin.industriall-union.org/ru/#website"},"datePublished":"2010-11-08T08:39:00+00:00","dateModified":"2025-01-31T09:33:38+00:00","breadcrumb":{"@id":"https://admin.industriall-union.org/fr/archive/imf/mobilisation-des-syndicats-en-europe-du-sud-est-contre-la-degradation-des-droits-des-travailleurs/#breadcrumb"},"inLanguage":"fr-FR","potentialAction":[{"@type":"ReadAction","target":["https://admin.industriall-union.org/fr/archive/imf/mobilisation-des-syndicats-en-europe-du-sud-est-contre-la-degradation-des-droits-des-travailleurs/"]}]},{"@type":"BreadcrumbList","@id":"https://admin.industriall-union.org/fr/archive/imf/mobilisation-des-syndicats-en-europe-du-sud-est-contre-la-degradation-des-droits-des-travailleurs/#breadcrumb","itemListElement":[{"@type":"ListItem","position":1,"name":"Home","item":"https://admin.industriall-union.org/ru/"},{"@type":"ListItem","position":2,"name":"Archive Imf","item":"https://admin.industriall-union.org/fr/archive/imf/"},{"@type":"ListItem","position":3,"name":"Mobilisation des syndicats en Europe du Sud-Est contre la dégradation des droits des travailleurs"}]},{"@type":"WebSite","@id":"https://admin.industriall-union.org/ru/#website","url":"https://admin.industriall-union.org/ru/","name":"industriall-union","description":"","potentialAction":[{"@type":"SearchAction","target":{"@type":"EntryPoint","urlTemplate":"https://admin.industriall-union.org/ru/?s={search_term_string}"},"query-input":{"@type":"PropertyValueSpecification","valueRequired":true,"valueName":"search_term_string"}}],"inLanguage":"fr-FR"}]}</script>
<!-- / Yoast SEO Premium plugin. -->

Mobilisation des syndicats en Europe du Sud-Est contre la dégradation des droits des travailleurs - industriall-union

BULGARIE: Les dirigeants syndicaux des affiliés de la FIOM en Europe du Sud-Est ont participé du 2 au 4 novembre 2010 à Sofia, Bulgarie, à la réunion sous-régionale organisée conjointement pour la première fois avec la Fédération européenne des métallurgistes.  La réunion bénéficiait du soutien de la Fondation Friedrich Ebert.   Les questions à l&#8217;ordre du [&hellip;]
