{"id":200961,"date":"2010-11-08T15:56:00","date_gmt":"2010-11-08T15:56:00","guid":{"rendered":"https:\/\/admin.industriall-union.org\/archive\/imf\/les-mineurs-chiliens-en-greve-a-la-mine-de-collahuasi\/"},"modified":"2025-01-31T09:33:37","modified_gmt":"2025-01-31T09:33:37","slug":"les-mineurs-chiliens-en-greve-a-la-mine-de-collahuasi","status":"publish","type":"archive_imf","link":"https:\/\/admin.industriall-union.org\/fr\/archive\/imf\/les-mineurs-chiliens-en-greve-a-la-mine-de-collahuasi\/","title":{"rendered":"Les mineurs chiliens en gr\u00e8ve \u00e0 la mine de Collahuasi"},"content":{"rendered":"<!--[if gte mso 9]&gt;     Normal   0   21         false   false   false                             MicrosoftInternetExplorer4   &lt;![endif]--><!--[if gte mso 9]&gt;     &lt;![endif]-->  <!--[if gte mso 10]&gt;   \/* Style Definitions *\/  table.MsoNormalTable \t{mso-style-name:\"Table Normal\"; \tmso-tstyle-rowband-size:0; \tmso-tstyle-colband-size:0; \tmso-style-noshow:yes; \tmso-style-parent:\"\"; \tmso-padding-alt:0cm 5.4pt 0cm 5.4pt; \tmso-para-margin:0cm; \tmso-para-margin-bottom:.0001pt; \tmso-pagination:widow-orphan; \tfont-size:10.0pt; \tfont-family:\"Times New Roman\"; \tmso-ansi-language:#0400; \tmso-fareast-language:#0400; \tmso-bidi-language:#0400;}  &lt;![endif]-->  <p>CHILI: &quot;L&#8217;entreprise continue d&#8217;avoir une position intransigeante&quot;, affirme le syndicat des travailleurs de Collahuasia dans une d\u00e9claration publi\u00e9e le 7 novembre en fin de journ\u00e9e. &quot;La gr\u00e8ve du syndicat de Collahuasi se poursuit&quot;.<\/p>  <p>Les membres du syndicat ont occup\u00e9 une \u00e9cole abandonn\u00e9e dans la ville d&#8217;Iquique pour s&#8217;en servir de bureau tant que le conflit sur les salaires ne sera pas r\u00e9gl\u00e9. &quot;La pr\u00e9sence des travailleurs sur le lieu historique de l&#8217;\u00e9cole Santa Maria, cent trois ans apr\u00e8s le premier combat men\u00e9 par un groupe de mineurs contre l&#8217;intransigeance d&#8217;entreprises \u00e9trang\u00e8res sur cette mine, est un symbole d&#8217;unit\u00e9&quot; a d\u00e9clar\u00e9 le syndicat.<\/p>  <p>Des experts de l&#8217;industrie ont affirm\u00e9 que la production pourrait \u00eatre touch\u00e9e si la gr\u00e8ve durait une semaine ou plus.<\/p>  <p>Le syndicat signale que la gr\u00e8ve a commenc\u00e9 avec le d\u00e9part \u00e0 vide des autocars qui conduisent les travailleurs de leur camp pr\u00e8s de la mine jusqu&#8217;au lieu d&#8217;extraction du minerai pour le poste du matin. <\/p>  <p>Le syndicat pr\u00e9voit un d\u00e9fil\u00e9 dans les rues de Iquique, ville mini\u00e8re en plein essor au nord du Chili o\u00f9 le syndicat a son si\u00e8ge et o\u00f9 sont situ\u00e9s les bureaux des services charg\u00e9s de l&#8217;exploitation de la mine.<\/p>  <p>Le syndicat a demand\u00e9 au ministre des Mines, Laurence Golborne, de se prononcer sur la situation.<\/p>  <p>L&#8217;op\u00e9rateur charg\u00e9 de l&#8217;exploitation de la mine estime que sa derni\u00e8re proposition \u00e9tait \u00e9quitable pour les travailleurs, mais le syndicat dit que la mine doit d&#8217;abord commencer \u00e0 partager une part plus grande des b\u00e9n\u00e9fices avec ses salari\u00e9s.<\/p>  <p>Collahuasi, une mine \u00e0 ciel ouvert situ\u00e9e \u00e0 environ 4.000 m\u00e8tres d&#8217;altitude dans la partie chilienne des Andes, est le premier producteur mondial de cuivre dans la r\u00e9gion. La mine produit 535.000 tonnes par an ou 3,3 pour cent de l&#8217;extraction de cuivre dans le monde. Elle est la propri\u00e9t\u00e9 des soci\u00e9t\u00e9s Xstrata et Anglo American. Le syndicat repr\u00e9sente environ 1.500 travailleurs dans cette mine.<\/p>    ","protected":false},"featured_media":0,"template":"","class_list":["post-200961","archive_imf","type-archive_imf","status-publish","hentry"],"acf":[],"yoast_head":"<!-- This site is optimized with the Yoast SEO Premium plugin v27.1 (Yoast SEO v27.1) - https:\/\/yoast.com\/product\/yoast-seo-premium-wordpress\/ -->\n<title>Les mineurs chiliens en gr\u00e8ve \u00e0 la mine de Collahuasi - industriall-union<\/title>\n<meta name=\"robots\" content=\"index, follow, max-snippet:-1, max-image-preview:large, max-video-preview:-1\" \/>\n<link rel=\"canonical\" href=\"https:\/\/admin.industriall-union.org\/fr\/archive\/imf\/les-mineurs-chiliens-en-greve-a-la-mine-de-collahuasi\/\" \/>\n<meta property=\"og:locale\" content=\"fr_FR\" \/>\n<meta property=\"og:type\" content=\"article\" \/>\n<meta property=\"og:title\" content=\"Les mineurs chiliens en gr\u00e8ve \u00e0 la mine de Collahuasi\" \/>\n<meta property=\"og:description\" content=\"CHILI: &quot;L&#8217;entreprise continue d&#8217;avoir une position intransigeante&quot;, affirme le syndicat des travailleurs de Collahuasia dans une d\u00e9claration publi\u00e9e le 7 novembre en fin de journ\u00e9e. &quot;La gr\u00e8ve du syndicat de Collahuasi se poursuit&quot;. Les membres du syndicat ont occup\u00e9 une \u00e9cole abandonn\u00e9e dans la ville d&#8217;Iquique pour s&#8217;en servir de bureau tant que le conflit [&hellip;]\" \/>\n<meta property=\"og:url\" content=\"https:\/\/admin.industriall-union.org\/fr\/archive\/imf\/les-mineurs-chiliens-en-greve-a-la-mine-de-collahuasi\/\" \/>\n<meta property=\"og:site_name\" content=\"industriall-union\" \/>\n<meta property=\"article:modified_time\" content=\"2025-01-31T09:33:37+00:00\" \/>\n<meta name=\"twitter:card\" content=\"summary_large_image\" \/>\n<meta name=\"twitter:label1\" content=\"Est. reading time\" \/>\n\t<meta name=\"twitter:data1\" content=\"2 minutes\" \/>\n<script type=\"application\/ld+json\" class=\"yoast-schema-graph\">{\"@context\":\"https:\/\/schema.org\",\"@graph\":[{\"@type\":\"WebPage\",\"@id\":\"https:\/\/admin.industriall-union.org\/fr\/archive\/imf\/les-mineurs-chiliens-en-greve-a-la-mine-de-collahuasi\/\",\"url\":\"https:\/\/admin.industriall-union.org\/fr\/archive\/imf\/les-mineurs-chiliens-en-greve-a-la-mine-de-collahuasi\/\",\"name\":\"Les mineurs chiliens en gr\u00e8ve \u00e0 la mine de Collahuasi - industriall-union\",\"isPartOf\":{\"@id\":\"https:\/\/admin.industriall-union.org\/ru\/#website\"},\"datePublished\":\"2010-11-08T15:56:00+00:00\",\"dateModified\":\"2025-01-31T09:33:37+00:00\",\"breadcrumb\":{\"@id\":\"https:\/\/admin.industriall-union.org\/fr\/archive\/imf\/les-mineurs-chiliens-en-greve-a-la-mine-de-collahuasi\/#breadcrumb\"},\"inLanguage\":\"fr-FR\",\"potentialAction\":[{\"@type\":\"ReadAction\",\"target\":[\"https:\/\/admin.industriall-union.org\/fr\/archive\/imf\/les-mineurs-chiliens-en-greve-a-la-mine-de-collahuasi\/\"]}]},{\"@type\":\"BreadcrumbList\",\"@id\":\"https:\/\/admin.industriall-union.org\/fr\/archive\/imf\/les-mineurs-chiliens-en-greve-a-la-mine-de-collahuasi\/#breadcrumb\",\"itemListElement\":[{\"@type\":\"ListItem\",\"position\":1,\"name\":\"Home\",\"item\":\"https:\/\/admin.industriall-union.org\/ru\/\"},{\"@type\":\"ListItem\",\"position\":2,\"name\":\"Archive Imf\",\"item\":\"https:\/\/admin.industriall-union.org\/fr\/archive\/imf\/\"},{\"@type\":\"ListItem\",\"position\":3,\"name\":\"Les mineurs chiliens en gr\u00e8ve \u00e0 la mine de Collahuasi\"}]},{\"@type\":\"WebSite\",\"@id\":\"https:\/\/admin.industriall-union.org\/ru\/#website\",\"url\":\"https:\/\/admin.industriall-union.org\/ru\/\",\"name\":\"industriall-union\",\"description\":\"\",\"potentialAction\":[{\"@type\":\"SearchAction\",\"target\":{\"@type\":\"EntryPoint\",\"urlTemplate\":\"https:\/\/admin.industriall-union.org\/ru\/?s={search_term_string}\"},\"query-input\":{\"@type\":\"PropertyValueSpecification\",\"valueRequired\":true,\"valueName\":\"search_term_string\"}}],\"inLanguage\":\"fr-FR\"}]}<\/script>\n<!-- \/ Yoast SEO Premium plugin. -->","yoast_head_json":{"title":"Les mineurs chiliens en gr\u00e8ve \u00e0 la mine de Collahuasi - industriall-union","robots":{"index":"index","follow":"follow","max-snippet":"max-snippet:-1","max-image-preview":"max-image-preview:large","max-video-preview":"max-video-preview:-1"},"canonical":"https:\/\/admin.industriall-union.org\/fr\/archive\/imf\/les-mineurs-chiliens-en-greve-a-la-mine-de-collahuasi\/","og_locale":"fr_FR","og_type":"article","og_title":"Les mineurs chiliens en gr\u00e8ve \u00e0 la mine de Collahuasi","og_description":"CHILI: &quot;L&#8217;entreprise continue d&#8217;avoir une position intransigeante&quot;, affirme le syndicat des travailleurs de Collahuasia dans une d\u00e9claration publi\u00e9e le 7 novembre en fin de journ\u00e9e. &quot;La gr\u00e8ve du syndicat de Collahuasi se poursuit&quot;. Les membres du syndicat ont occup\u00e9 une \u00e9cole abandonn\u00e9e dans la ville d&#8217;Iquique pour s&#8217;en servir de bureau tant que le conflit [&hellip;]","og_url":"https:\/\/admin.industriall-union.org\/fr\/archive\/imf\/les-mineurs-chiliens-en-greve-a-la-mine-de-collahuasi\/","og_site_name":"industriall-union","article_modified_time":"2025-01-31T09:33:37+00:00","twitter_card":"summary_large_image","twitter_misc":{"Est. reading time":"2 minutes"},"schema":{"@context":"https:\/\/schema.org","@graph":[{"@type":"WebPage","@id":"https:\/\/admin.industriall-union.org\/fr\/archive\/imf\/les-mineurs-chiliens-en-greve-a-la-mine-de-collahuasi\/","url":"https:\/\/admin.industriall-union.org\/fr\/archive\/imf\/les-mineurs-chiliens-en-greve-a-la-mine-de-collahuasi\/","name":"Les mineurs chiliens en gr\u00e8ve \u00e0 la mine de Collahuasi - industriall-union","isPartOf":{"@id":"https:\/\/admin.industriall-union.org\/ru\/#website"},"datePublished":"2010-11-08T15:56:00+00:00","dateModified":"2025-01-31T09:33:37+00:00","breadcrumb":{"@id":"https:\/\/admin.industriall-union.org\/fr\/archive\/imf\/les-mineurs-chiliens-en-greve-a-la-mine-de-collahuasi\/#breadcrumb"},"inLanguage":"fr-FR","potentialAction":[{"@type":"ReadAction","target":["https:\/\/admin.industriall-union.org\/fr\/archive\/imf\/les-mineurs-chiliens-en-greve-a-la-mine-de-collahuasi\/"]}]},{"@type":"BreadcrumbList","@id":"https:\/\/admin.industriall-union.org\/fr\/archive\/imf\/les-mineurs-chiliens-en-greve-a-la-mine-de-collahuasi\/#breadcrumb","itemListElement":[{"@type":"ListItem","position":1,"name":"Home","item":"https:\/\/admin.industriall-union.org\/ru\/"},{"@type":"ListItem","position":2,"name":"Archive Imf","item":"https:\/\/admin.industriall-union.org\/fr\/archive\/imf\/"},{"@type":"ListItem","position":3,"name":"Les mineurs chiliens en gr\u00e8ve \u00e0 la mine de Collahuasi"}]},{"@type":"WebSite","@id":"https:\/\/admin.industriall-union.org\/ru\/#website","url":"https:\/\/admin.industriall-union.org\/ru\/","name":"industriall-union","description":"","potentialAction":[{"@type":"SearchAction","target":{"@type":"EntryPoint","urlTemplate":"https:\/\/admin.industriall-union.org\/ru\/?s={search_term_string}"},"query-input":{"@type":"PropertyValueSpecification","valueRequired":true,"valueName":"search_term_string"}}],"inLanguage":"fr-FR"}]}},"_links":{"self":[{"href":"https:\/\/admin.industriall-union.org\/fr\/wp-json\/wp\/v2\/archive_imf\/200961","targetHints":{"allow":["GET"]}}],"collection":[{"href":"https:\/\/admin.industriall-union.org\/fr\/wp-json\/wp\/v2\/archive_imf"}],"about":[{"href":"https:\/\/admin.industriall-union.org\/fr\/wp-json\/wp\/v2\/types\/archive_imf"}],"wp:attachment":[{"href":"https:\/\/admin.industriall-union.org\/fr\/wp-json\/wp\/v2\/media?parent=200961"}],"curies":[{"name":"wp","href":"https:\/\/api.w.org\/{rel}","templated":true}]}}

Les mineurs chiliens en grève à la mine de Collahuasi

<!--[if gte mso 9]&gt;     Normal   0   21         false   false   false                             MicrosoftInternetExplorer4   &lt;![endif]--><!--[if gte mso 9]&gt;     &lt;![endif]-->  <!--[if gte mso 10]&gt;   /* Style Definitions */  table.MsoNormalTable 	{mso-style-name:"Table Normal"; 	mso-tstyle-rowband-size:0; 	mso-tstyle-colband-size:0; 	mso-style-noshow:yes; 	mso-style-parent:""; 	mso-padding-alt:0cm 5.4pt 0cm 5.4pt; 	mso-para-margin:0cm; 	mso-para-margin-bottom:.0001pt; 	mso-pagination:widow-orphan; 	font-size:10.0pt; 	font-family:"Times New Roman"; 	mso-ansi-language:#0400; 	mso-fareast-language:#0400; 	mso-bidi-language:#0400;}  &lt;![endif]-->  <p>CHILI: &quot;L&#8217;entreprise continue d&#8217;avoir une position intransigeante&quot;, affirme le syndicat des travailleurs de Collahuasia dans une déclaration publiée le 7 novembre en fin de journée. &quot;La grève du syndicat de Collahuasi se poursuit&quot;.</p>  <p>Les membres du syndicat ont occupé une école abandonnée dans la ville d&#8217;Iquique pour s&#8217;en servir de bureau tant que le conflit sur les salaires ne sera pas réglé. &quot;La présence des travailleurs sur le lieu historique de l&#8217;école Santa Maria, cent trois ans après le premier combat mené par un groupe de mineurs contre l&#8217;intransigeance d&#8217;entreprises étrangères sur cette mine, est un symbole d&#8217;unité&quot; a déclaré le syndicat.</p>  <p>Des experts de l&#8217;industrie ont affirmé que la production pourrait être touchée si la grève durait une semaine ou plus.</p>  <p>Le syndicat signale que la grève a commencé avec le départ à vide des autocars qui conduisent les travailleurs de leur camp près de la mine jusqu&#8217;au lieu d&#8217;extraction du minerai pour le poste du matin. </p>  <p>Le syndicat prévoit un défilé dans les rues de Iquique, ville minière en plein essor au nord du Chili où le syndicat a son siège et où sont situés les bureaux des services chargés de l&#8217;exploitation de la mine.</p>  <p>Le syndicat a demandé au ministre des Mines, Laurence Golborne, de se prononcer sur la situation.</p>  <p>L&#8217;opérateur chargé de l&#8217;exploitation de la mine estime que sa dernière proposition était équitable pour les travailleurs, mais le syndicat dit que la mine doit d&#8217;abord commencer à partager une part plus grande des bénéfices avec ses salariés.</p>  <p>Collahuasi, une mine à ciel ouvert située à environ 4.000 mètres d&#8217;altitude dans la partie chilienne des Andes, est le premier producteur mondial de cuivre dans la région. La mine produit 535.000 tonnes par an ou 3,3 pour cent de l&#8217;extraction de cuivre dans le monde. Elle est la propriété des sociétés Xstrata et Anglo American. Le syndicat représente environ 1.500 travailleurs dans cette mine.</p>

<!-- This site is optimized with the Yoast SEO Premium plugin v27.1 (Yoast SEO v27.1) - https://yoast.com/product/yoast-seo-premium-wordpress/ -->
<title>Les mineurs chiliens en grève à la mine de Collahuasi - industriall-union</title>
<meta name="robots" content="index, follow, max-snippet:-1, max-image-preview:large, max-video-preview:-1" />
<link rel="canonical" href="https://admin.industriall-union.org/fr/archive/imf/les-mineurs-chiliens-en-greve-a-la-mine-de-collahuasi/" />
<meta property="og:locale" content="fr_FR" />
<meta property="og:type" content="article" />
<meta property="og:title" content="Les mineurs chiliens en grève à la mine de Collahuasi" />
<meta property="og:description" content="CHILI: &quot;L&#8217;entreprise continue d&#8217;avoir une position intransigeante&quot;, affirme le syndicat des travailleurs de Collahuasia dans une déclaration publiée le 7 novembre en fin de journée. &quot;La grève du syndicat de Collahuasi se poursuit&quot;. Les membres du syndicat ont occupé une école abandonnée dans la ville d&#8217;Iquique pour s&#8217;en servir de bureau tant que le conflit [&hellip;]" />
<meta property="og:url" content="https://admin.industriall-union.org/fr/archive/imf/les-mineurs-chiliens-en-greve-a-la-mine-de-collahuasi/" />
<meta property="og:site_name" content="industriall-union" />
<meta property="article:modified_time" content="2025-01-31T09:33:37+00:00" />
<meta name="twitter:card" content="summary_large_image" />
<meta name="twitter:label1" content="Est. reading time" />
	<meta name="twitter:data1" content="2 minutes" />
<script type="application/ld+json" class="yoast-schema-graph">{"@context":"https://schema.org","@graph":[{"@type":"WebPage","@id":"https://admin.industriall-union.org/fr/archive/imf/les-mineurs-chiliens-en-greve-a-la-mine-de-collahuasi/","url":"https://admin.industriall-union.org/fr/archive/imf/les-mineurs-chiliens-en-greve-a-la-mine-de-collahuasi/","name":"Les mineurs chiliens en grève à la mine de Collahuasi - industriall-union","isPartOf":{"@id":"https://admin.industriall-union.org/ru/#website"},"datePublished":"2010-11-08T15:56:00+00:00","dateModified":"2025-01-31T09:33:37+00:00","breadcrumb":{"@id":"https://admin.industriall-union.org/fr/archive/imf/les-mineurs-chiliens-en-greve-a-la-mine-de-collahuasi/#breadcrumb"},"inLanguage":"fr-FR","potentialAction":[{"@type":"ReadAction","target":["https://admin.industriall-union.org/fr/archive/imf/les-mineurs-chiliens-en-greve-a-la-mine-de-collahuasi/"]}]},{"@type":"BreadcrumbList","@id":"https://admin.industriall-union.org/fr/archive/imf/les-mineurs-chiliens-en-greve-a-la-mine-de-collahuasi/#breadcrumb","itemListElement":[{"@type":"ListItem","position":1,"name":"Home","item":"https://admin.industriall-union.org/ru/"},{"@type":"ListItem","position":2,"name":"Archive Imf","item":"https://admin.industriall-union.org/fr/archive/imf/"},{"@type":"ListItem","position":3,"name":"Les mineurs chiliens en grève à la mine de Collahuasi"}]},{"@type":"WebSite","@id":"https://admin.industriall-union.org/ru/#website","url":"https://admin.industriall-union.org/ru/","name":"industriall-union","description":"","potentialAction":[{"@type":"SearchAction","target":{"@type":"EntryPoint","urlTemplate":"https://admin.industriall-union.org/ru/?s={search_term_string}"},"query-input":{"@type":"PropertyValueSpecification","valueRequired":true,"valueName":"search_term_string"}}],"inLanguage":"fr-FR"}]}</script>
<!-- / Yoast SEO Premium plugin. -->

Les mineurs chiliens en grève à la mine de Collahuasi - industriall-union

CHILI: &quot;L&#8217;entreprise continue d&#8217;avoir une position intransigeante&quot;, affirme le syndicat des travailleurs de Collahuasia dans une déclaration publiée le 7 novembre en fin de journée. &quot;La grève du syndicat de Collahuasi se poursuit&quot;. Les membres du syndicat ont occupé une école abandonnée dans la ville d&#8217;Iquique pour s&#8217;en servir de bureau tant que le conflit [&hellip;]
