{"id":200897,"date":"2010-11-26T14:28:00","date_gmt":"2010-11-26T14:28:00","guid":{"rendered":"https:\/\/admin.industriall-union.org\/archive\/imf\/la-fiom-affligee-de-la-mort-des-29-mineurs-en-nouvelle-zelande\/"},"modified":"2025-01-31T09:28:47","modified_gmt":"2025-01-31T09:28:47","slug":"la-fiom-affligee-de-la-mort-des-29-mineurs-en-nouvelle-zelande","status":"publish","type":"archive_imf","link":"https:\/\/admin.industriall-union.org\/fr\/archive\/imf\/la-fiom-affligee-de-la-mort-des-29-mineurs-en-nouvelle-zelande\/","title":{"rendered":"La FIOM afflig\u00e9e de la mort des 29 mineurs en Nouvelle-Z\u00e9lande"},"content":{"rendered":"<!--[if gte mso 9]&gt;     Normal   0   21         false   false   false                             MicrosoftInternetExplorer4   &lt;![endif]--><!--[if gte mso 9]&gt;     &lt;![endif]--><!--[if gte mso 10]&gt;   \/* Style Definitions *\/  table.MsoNormalTable \t{mso-style-name:\"Table Normal\"; \tmso-tstyle-rowband-size:0; \tmso-tstyle-colband-size:0; \tmso-style-noshow:yes; \tmso-style-parent:\"\"; \tmso-padding-alt:0cm 5.4pt 0cm 5.4pt; \tmso-para-margin:0cm; \tmso-para-margin-bottom:.0001pt; \tmso-pagination:widow-orphan; \tfont-size:10.0pt; \tfont-family:\"Times New Roman\"; \tmso-ansi-language:#0400; \tmso-fareast-language:#0400; \tmso-bidi-language:#0400;}  &lt;![endif]-->  <p>NOUVELLE-Z\u00c9LANDE: La F\u00e9d\u00e9ration internationale des organisations de travailleurs de la m\u00e9tallurgie s&#8217;est jointe \u00e0 son affili\u00e9, le syndicat de l&#8217;ing\u00e9nierie, de l&#8217;impression et de la fabrication industrielle (EPMU) pour se d\u00e9clarer afflig\u00e9e de la mort des 29 mineurs, confirm\u00e9e le 24 novembre, lors de la catastrophe survenue dans la mine de charbon de Pike River en Nouvelle-Z\u00e9lande.<\/p>  <p>Le secr\u00e9taire g\u00e9n\u00e9ral de la FIOM Jyrki Raina a \u00e9crit une <a href=\"..\/files\/10112915272566\/IMF-mourns_deaths_pike-river.pdf\">lettre<\/a> au secr\u00e9taire national du syndicat EPMU Andrew Little, dans laquelle il dit avec tristesse: &quot;Nos pens\u00e9es vont aux familles des mineurs et \u00e0 tous les camarades du syndicat de l&#8217;ing\u00e9nierie, de l&#8217;impression et de la fabrication industrielle (EPMU)&quot;. <\/p>  <p>La FIOM exprime son soutien le plus total \u00e0 la demande du syndicat EPMU au gouvernement pour qu&#8217;une enqu\u00eate ind\u00e9pendante soit men\u00e9e sur les circonstances de l&#8217;explosion avec notamment une audience publique devant un juge et des experts techniques de haut niveau.<\/p>  <p>La FIOM s&#8217;engage \u00e0 continuer de travailler en contact \u00e9troit avec l&#8217;ICEM dans la campagne engag\u00e9e pour obtenir la ratification de la convention 176 de l&#8217;OIT sur la s\u00e9curit\u00e9 et la sant\u00e9 dans les mines. La catastrophe survenue dans la mine de charbon de Pike River est \u00e0 nouveau un triste rappel de l&#8217;importance pour les gouvernements, notamment pour le gouvernement de Nouvelle-Z\u00e9lande, d&#8217;\u00eatre partie prenante pour la signature de la convention 176 de l&#8217;OIT, et en cons\u00e9quence, pour faire respecter des normes strictes de sant\u00e9 et de s\u00e9curit\u00e9 dans les mines.<\/p>  <p>Pour consulter un rapport plus d\u00e9taill\u00e9 sur la catastrophe, se rendre sur le site de l&#8217;ICEM <a href=\"http:\/\/www.icem.org\/en\/5-Mining-DGOJP\/4116-\" target=\"_blank\">ici<\/a>.<\/p>    ","protected":false},"featured_media":0,"template":"","class_list":["post-200897","archive_imf","type-archive_imf","status-publish","hentry"],"acf":[],"yoast_head":"<!-- This site is optimized with the Yoast SEO Premium plugin v27.1 (Yoast SEO v27.1) - https:\/\/yoast.com\/product\/yoast-seo-premium-wordpress\/ -->\n<title>La FIOM afflig\u00e9e de la mort des 29 mineurs en Nouvelle-Z\u00e9lande - industriall-union<\/title>\n<meta name=\"robots\" content=\"index, follow, max-snippet:-1, max-image-preview:large, max-video-preview:-1\" \/>\n<link rel=\"canonical\" href=\"https:\/\/admin.industriall-union.org\/fr\/archive\/imf\/la-fiom-affligee-de-la-mort-des-29-mineurs-en-nouvelle-zelande\/\" \/>\n<meta property=\"og:locale\" content=\"fr_FR\" \/>\n<meta property=\"og:type\" content=\"article\" \/>\n<meta property=\"og:title\" content=\"La FIOM afflig\u00e9e de la mort des 29 mineurs en Nouvelle-Z\u00e9lande\" \/>\n<meta property=\"og:description\" content=\"NOUVELLE-Z\u00c9LANDE: La F\u00e9d\u00e9ration internationale des organisations de travailleurs de la m\u00e9tallurgie s&#8217;est jointe \u00e0 son affili\u00e9, le syndicat de l&#8217;ing\u00e9nierie, de l&#8217;impression et de la fabrication industrielle (EPMU) pour se d\u00e9clarer afflig\u00e9e de la mort des 29 mineurs, confirm\u00e9e le 24 novembre, lors de la catastrophe survenue dans la mine de charbon de Pike River [&hellip;]\" \/>\n<meta property=\"og:url\" content=\"https:\/\/admin.industriall-union.org\/fr\/archive\/imf\/la-fiom-affligee-de-la-mort-des-29-mineurs-en-nouvelle-zelande\/\" \/>\n<meta property=\"og:site_name\" content=\"industriall-union\" \/>\n<meta property=\"article:modified_time\" content=\"2025-01-31T09:28:47+00:00\" \/>\n<meta name=\"twitter:card\" content=\"summary_large_image\" \/>\n<meta name=\"twitter:label1\" content=\"Est. reading time\" \/>\n\t<meta name=\"twitter:data1\" content=\"1 minute\" \/>\n<script type=\"application\/ld+json\" class=\"yoast-schema-graph\">{\"@context\":\"https:\/\/schema.org\",\"@graph\":[{\"@type\":\"WebPage\",\"@id\":\"https:\/\/admin.industriall-union.org\/fr\/archive\/imf\/la-fiom-affligee-de-la-mort-des-29-mineurs-en-nouvelle-zelande\/\",\"url\":\"https:\/\/admin.industriall-union.org\/fr\/archive\/imf\/la-fiom-affligee-de-la-mort-des-29-mineurs-en-nouvelle-zelande\/\",\"name\":\"La FIOM afflig\u00e9e de la mort des 29 mineurs en Nouvelle-Z\u00e9lande - industriall-union\",\"isPartOf\":{\"@id\":\"https:\/\/admin.industriall-union.org\/es\/#website\"},\"datePublished\":\"2010-11-26T14:28:00+00:00\",\"dateModified\":\"2025-01-31T09:28:47+00:00\",\"breadcrumb\":{\"@id\":\"https:\/\/admin.industriall-union.org\/fr\/archive\/imf\/la-fiom-affligee-de-la-mort-des-29-mineurs-en-nouvelle-zelande\/#breadcrumb\"},\"inLanguage\":\"fr-FR\",\"potentialAction\":[{\"@type\":\"ReadAction\",\"target\":[\"https:\/\/admin.industriall-union.org\/fr\/archive\/imf\/la-fiom-affligee-de-la-mort-des-29-mineurs-en-nouvelle-zelande\/\"]}]},{\"@type\":\"BreadcrumbList\",\"@id\":\"https:\/\/admin.industriall-union.org\/fr\/archive\/imf\/la-fiom-affligee-de-la-mort-des-29-mineurs-en-nouvelle-zelande\/#breadcrumb\",\"itemListElement\":[{\"@type\":\"ListItem\",\"position\":1,\"name\":\"Home\",\"item\":\"https:\/\/admin.industriall-union.org\/es\/\"},{\"@type\":\"ListItem\",\"position\":2,\"name\":\"Archive Imf\",\"item\":\"https:\/\/admin.industriall-union.org\/archive\/imf\/\"},{\"@type\":\"ListItem\",\"position\":3,\"name\":\"La FIOM afflig\u00e9e de la mort des 29 mineurs en Nouvelle-Z\u00e9lande\"}]},{\"@type\":\"WebSite\",\"@id\":\"https:\/\/admin.industriall-union.org\/es\/#website\",\"url\":\"https:\/\/admin.industriall-union.org\/es\/\",\"name\":\"industriall-union\",\"description\":\"\",\"potentialAction\":[{\"@type\":\"SearchAction\",\"target\":{\"@type\":\"EntryPoint\",\"urlTemplate\":\"https:\/\/admin.industriall-union.org\/es\/?s={search_term_string}\"},\"query-input\":{\"@type\":\"PropertyValueSpecification\",\"valueRequired\":true,\"valueName\":\"search_term_string\"}}],\"inLanguage\":\"fr-FR\"}]}<\/script>\n<!-- \/ Yoast SEO Premium plugin. -->","yoast_head_json":{"title":"La FIOM afflig\u00e9e de la mort des 29 mineurs en Nouvelle-Z\u00e9lande - industriall-union","robots":{"index":"index","follow":"follow","max-snippet":"max-snippet:-1","max-image-preview":"max-image-preview:large","max-video-preview":"max-video-preview:-1"},"canonical":"https:\/\/admin.industriall-union.org\/fr\/archive\/imf\/la-fiom-affligee-de-la-mort-des-29-mineurs-en-nouvelle-zelande\/","og_locale":"fr_FR","og_type":"article","og_title":"La FIOM afflig\u00e9e de la mort des 29 mineurs en Nouvelle-Z\u00e9lande","og_description":"NOUVELLE-Z\u00c9LANDE: La F\u00e9d\u00e9ration internationale des organisations de travailleurs de la m\u00e9tallurgie s&#8217;est jointe \u00e0 son affili\u00e9, le syndicat de l&#8217;ing\u00e9nierie, de l&#8217;impression et de la fabrication industrielle (EPMU) pour se d\u00e9clarer afflig\u00e9e de la mort des 29 mineurs, confirm\u00e9e le 24 novembre, lors de la catastrophe survenue dans la mine de charbon de Pike River [&hellip;]","og_url":"https:\/\/admin.industriall-union.org\/fr\/archive\/imf\/la-fiom-affligee-de-la-mort-des-29-mineurs-en-nouvelle-zelande\/","og_site_name":"industriall-union","article_modified_time":"2025-01-31T09:28:47+00:00","twitter_card":"summary_large_image","twitter_misc":{"Est. reading time":"1 minute"},"schema":{"@context":"https:\/\/schema.org","@graph":[{"@type":"WebPage","@id":"https:\/\/admin.industriall-union.org\/fr\/archive\/imf\/la-fiom-affligee-de-la-mort-des-29-mineurs-en-nouvelle-zelande\/","url":"https:\/\/admin.industriall-union.org\/fr\/archive\/imf\/la-fiom-affligee-de-la-mort-des-29-mineurs-en-nouvelle-zelande\/","name":"La FIOM afflig\u00e9e de la mort des 29 mineurs en Nouvelle-Z\u00e9lande - industriall-union","isPartOf":{"@id":"https:\/\/admin.industriall-union.org\/es\/#website"},"datePublished":"2010-11-26T14:28:00+00:00","dateModified":"2025-01-31T09:28:47+00:00","breadcrumb":{"@id":"https:\/\/admin.industriall-union.org\/fr\/archive\/imf\/la-fiom-affligee-de-la-mort-des-29-mineurs-en-nouvelle-zelande\/#breadcrumb"},"inLanguage":"fr-FR","potentialAction":[{"@type":"ReadAction","target":["https:\/\/admin.industriall-union.org\/fr\/archive\/imf\/la-fiom-affligee-de-la-mort-des-29-mineurs-en-nouvelle-zelande\/"]}]},{"@type":"BreadcrumbList","@id":"https:\/\/admin.industriall-union.org\/fr\/archive\/imf\/la-fiom-affligee-de-la-mort-des-29-mineurs-en-nouvelle-zelande\/#breadcrumb","itemListElement":[{"@type":"ListItem","position":1,"name":"Home","item":"https:\/\/admin.industriall-union.org\/es\/"},{"@type":"ListItem","position":2,"name":"Archive Imf","item":"https:\/\/admin.industriall-union.org\/archive\/imf\/"},{"@type":"ListItem","position":3,"name":"La FIOM afflig\u00e9e de la mort des 29 mineurs en Nouvelle-Z\u00e9lande"}]},{"@type":"WebSite","@id":"https:\/\/admin.industriall-union.org\/es\/#website","url":"https:\/\/admin.industriall-union.org\/es\/","name":"industriall-union","description":"","potentialAction":[{"@type":"SearchAction","target":{"@type":"EntryPoint","urlTemplate":"https:\/\/admin.industriall-union.org\/es\/?s={search_term_string}"},"query-input":{"@type":"PropertyValueSpecification","valueRequired":true,"valueName":"search_term_string"}}],"inLanguage":"fr-FR"}]}},"_links":{"self":[{"href":"https:\/\/admin.industriall-union.org\/fr\/wp-json\/wp\/v2\/archive_imf\/200897","targetHints":{"allow":["GET"]}}],"collection":[{"href":"https:\/\/admin.industriall-union.org\/fr\/wp-json\/wp\/v2\/archive_imf"}],"about":[{"href":"https:\/\/admin.industriall-union.org\/fr\/wp-json\/wp\/v2\/types\/archive_imf"}],"wp:attachment":[{"href":"https:\/\/admin.industriall-union.org\/fr\/wp-json\/wp\/v2\/media?parent=200897"}],"curies":[{"name":"wp","href":"https:\/\/api.w.org\/{rel}","templated":true}]}}

La FIOM affligée de la mort des 29 mineurs en Nouvelle-Zélande

<!--[if gte mso 9]&gt;     Normal   0   21         false   false   false                             MicrosoftInternetExplorer4   &lt;![endif]--><!--[if gte mso 9]&gt;     &lt;![endif]--><!--[if gte mso 10]&gt;   /* Style Definitions */  table.MsoNormalTable 	{mso-style-name:"Table Normal"; 	mso-tstyle-rowband-size:0; 	mso-tstyle-colband-size:0; 	mso-style-noshow:yes; 	mso-style-parent:""; 	mso-padding-alt:0cm 5.4pt 0cm 5.4pt; 	mso-para-margin:0cm; 	mso-para-margin-bottom:.0001pt; 	mso-pagination:widow-orphan; 	font-size:10.0pt; 	font-family:"Times New Roman"; 	mso-ansi-language:#0400; 	mso-fareast-language:#0400; 	mso-bidi-language:#0400;}  &lt;![endif]-->  <p>NOUVELLE-ZÉLANDE: La Fédération internationale des organisations de travailleurs de la métallurgie s&#8217;est jointe à son affilié, le syndicat de l&#8217;ingénierie, de l&#8217;impression et de la fabrication industrielle (EPMU) pour se déclarer affligée de la mort des 29 mineurs, confirmée le 24 novembre, lors de la catastrophe survenue dans la mine de charbon de Pike River en Nouvelle-Zélande.</p>  <p>Le secrétaire général de la FIOM Jyrki Raina a écrit une <a href="../files/10112915272566/IMF-mourns_deaths_pike-river.pdf">lettre</a> au secrétaire national du syndicat EPMU Andrew Little, dans laquelle il dit avec tristesse: &quot;Nos pensées vont aux familles des mineurs et à tous les camarades du syndicat de l&#8217;ingénierie, de l&#8217;impression et de la fabrication industrielle (EPMU)&quot;. </p>  <p>La FIOM exprime son soutien le plus total à la demande du syndicat EPMU au gouvernement pour qu&#8217;une enquête indépendante soit menée sur les circonstances de l&#8217;explosion avec notamment une audience publique devant un juge et des experts techniques de haut niveau.</p>  <p>La FIOM s&#8217;engage à continuer de travailler en contact étroit avec l&#8217;ICEM dans la campagne engagée pour obtenir la ratification de la convention 176 de l&#8217;OIT sur la sécurité et la santé dans les mines. La catastrophe survenue dans la mine de charbon de Pike River est à nouveau un triste rappel de l&#8217;importance pour les gouvernements, notamment pour le gouvernement de Nouvelle-Zélande, d&#8217;être partie prenante pour la signature de la convention 176 de l&#8217;OIT, et en conséquence, pour faire respecter des normes strictes de santé et de sécurité dans les mines.</p>  <p>Pour consulter un rapport plus détaillé sur la catastrophe, se rendre sur le site de l&#8217;ICEM <a href="http://www.icem.org/en/5-Mining-DGOJP/4116-" target="_blank">ici</a>.</p>

<!-- This site is optimized with the Yoast SEO Premium plugin v27.1 (Yoast SEO v27.1) - https://yoast.com/product/yoast-seo-premium-wordpress/ -->
<title>La FIOM affligée de la mort des 29 mineurs en Nouvelle-Zélande - industriall-union</title>
<meta name="robots" content="index, follow, max-snippet:-1, max-image-preview:large, max-video-preview:-1" />
<link rel="canonical" href="https://admin.industriall-union.org/fr/archive/imf/la-fiom-affligee-de-la-mort-des-29-mineurs-en-nouvelle-zelande/" />
<meta property="og:locale" content="fr_FR" />
<meta property="og:type" content="article" />
<meta property="og:title" content="La FIOM affligée de la mort des 29 mineurs en Nouvelle-Zélande" />
<meta property="og:description" content="NOUVELLE-ZÉLANDE: La Fédération internationale des organisations de travailleurs de la métallurgie s&#8217;est jointe à son affilié, le syndicat de l&#8217;ingénierie, de l&#8217;impression et de la fabrication industrielle (EPMU) pour se déclarer affligée de la mort des 29 mineurs, confirmée le 24 novembre, lors de la catastrophe survenue dans la mine de charbon de Pike River [&hellip;]" />
<meta property="og:url" content="https://admin.industriall-union.org/fr/archive/imf/la-fiom-affligee-de-la-mort-des-29-mineurs-en-nouvelle-zelande/" />
<meta property="og:site_name" content="industriall-union" />
<meta property="article:modified_time" content="2025-01-31T09:28:47+00:00" />
<meta name="twitter:card" content="summary_large_image" />
<meta name="twitter:label1" content="Est. reading time" />
	<meta name="twitter:data1" content="1 minute" />
<script type="application/ld+json" class="yoast-schema-graph">{"@context":"https://schema.org","@graph":[{"@type":"WebPage","@id":"https://admin.industriall-union.org/fr/archive/imf/la-fiom-affligee-de-la-mort-des-29-mineurs-en-nouvelle-zelande/","url":"https://admin.industriall-union.org/fr/archive/imf/la-fiom-affligee-de-la-mort-des-29-mineurs-en-nouvelle-zelande/","name":"La FIOM affligée de la mort des 29 mineurs en Nouvelle-Zélande - industriall-union","isPartOf":{"@id":"https://admin.industriall-union.org/es/#website"},"datePublished":"2010-11-26T14:28:00+00:00","dateModified":"2025-01-31T09:28:47+00:00","breadcrumb":{"@id":"https://admin.industriall-union.org/fr/archive/imf/la-fiom-affligee-de-la-mort-des-29-mineurs-en-nouvelle-zelande/#breadcrumb"},"inLanguage":"fr-FR","potentialAction":[{"@type":"ReadAction","target":["https://admin.industriall-union.org/fr/archive/imf/la-fiom-affligee-de-la-mort-des-29-mineurs-en-nouvelle-zelande/"]}]},{"@type":"BreadcrumbList","@id":"https://admin.industriall-union.org/fr/archive/imf/la-fiom-affligee-de-la-mort-des-29-mineurs-en-nouvelle-zelande/#breadcrumb","itemListElement":[{"@type":"ListItem","position":1,"name":"Home","item":"https://admin.industriall-union.org/es/"},{"@type":"ListItem","position":2,"name":"Archive Imf","item":"https://admin.industriall-union.org/archive/imf/"},{"@type":"ListItem","position":3,"name":"La FIOM affligée de la mort des 29 mineurs en Nouvelle-Zélande"}]},{"@type":"WebSite","@id":"https://admin.industriall-union.org/es/#website","url":"https://admin.industriall-union.org/es/","name":"industriall-union","description":"","potentialAction":[{"@type":"SearchAction","target":{"@type":"EntryPoint","urlTemplate":"https://admin.industriall-union.org/es/?s={search_term_string}"},"query-input":{"@type":"PropertyValueSpecification","valueRequired":true,"valueName":"search_term_string"}}],"inLanguage":"fr-FR"}]}</script>
<!-- / Yoast SEO Premium plugin. -->

La FIOM affligée de la mort des 29 mineurs en Nouvelle-Zélande - industriall-union

NOUVELLE-ZÉLANDE: La Fédération internationale des organisations de travailleurs de la métallurgie s&#8217;est jointe à son affilié, le syndicat de l&#8217;ingénierie, de l&#8217;impression et de la fabrication industrielle (EPMU) pour se déclarer affligée de la mort des 29 mineurs, confirmée le 24 novembre, lors de la catastrophe survenue dans la mine de charbon de Pike River [&hellip;]
