{"id":200879,"date":"2010-12-02T13:08:10","date_gmt":"2010-12-02T13:08:10","guid":{"rendered":"https:\/\/admin.industriall-union.org\/archive\/imf\/union-des-syndicats-de-siemens-en-inde\/"},"modified":"2025-01-31T09:28:40","modified_gmt":"2025-01-31T09:28:40","slug":"union-des-syndicats-de-siemens-en-inde","status":"publish","type":"archive_imf","link":"https:\/\/admin.industriall-union.org\/fr\/archive\/imf\/union-des-syndicats-de-siemens-en-inde\/","title":{"rendered":"Union des syndicats de Siemens en Inde"},"content":{"rendered":"<!--[if gte mso 9]&gt;     Normal   0   21         false   false   false                             MicrosoftInternetExplorer4   &lt;![endif]--><!--[if gte mso 9]&gt;     &lt;![endif]--><!--[if gte mso 10]&gt;   \/* Style Definitions *\/  table.MsoNormalTable \t{mso-style-name:\"Table Normal\"; \tmso-tstyle-rowband-size:0; \tmso-tstyle-colband-size:0; \tmso-style-noshow:yes; \tmso-style-parent:\"\"; \tmso-padding-alt:0cm 5.4pt 0cm 5.4pt; \tmso-para-margin:0cm; \tmso-para-margin-bottom:.0001pt; \tmso-pagination:widow-orphan; \tfont-size:10.0pt; \tfont-family:\"Times New Roman\"; \tmso-ansi-language:#0400; \tmso-fareast-language:#0400; \tmso-bidi-language:#0400;}  &lt;![endif]-->  <p>MUMBAI: Les repr\u00e9sentant(e)s des syndicats de Siemens sur l&#8217;ensemble du territoire indien ont c\u00e9l\u00e9br\u00e9 l&#8217;enregistrement de la f\u00e9d\u00e9ration des salari\u00e9s de Siemens nouvellement cr\u00e9\u00e9e, lors d&#8217;une r\u00e9union convoqu\u00e9e par la FIOM et la FES pour planifier les strat\u00e9gies de cette f\u00e9d\u00e9ration qui, exceptionnellement pour l&#8217;Inde, rassemble des syndicats affili\u00e9s \u00e0 diff\u00e9rentes conf\u00e9d\u00e9rations nationales.<\/p>  <p>La nouvelle f\u00e9d\u00e9ration doit faire face \u00e0 de nombreux d\u00e9fis. Dans beaucoup d&#8217;usines, le nombre de travailleurs et travailleuses sous contrat \u00e0 dur\u00e9e d\u00e9termin\u00e9e et employ\u00e9s occasionnellement d\u00e9passe 50 pour cent de la main-d&#8217;\u0153uvre totale. En outre, Siemens en Inde a \u00e9labor\u00e9 une strat\u00e9gie destin\u00e9e \u00e0 \u00eatre une source de discorde pour emp\u00eacher le personnel ouvrier \u00e0 se syndiquer. Les travailleurs et travailleuses sont arbitrairement class\u00e9s comme &#8216;cadres&#8217;, sans aucune modification de leurs fonctions, mais ce qui les emp\u00eache d&#8217;adh\u00e9rer \u00e0 un syndicat en tant que membres du personnel d&#8217;encadrement. Il leur est propos\u00e9 des augmentations salariales en \u00e9change d&#8217;un renoncement \u00e0 leurs droits syndicaux, de sorte que dans certaines usines, des zones enti\u00e8res de production se trouvent sans personnel ouvrier.<\/p>  <p>Les syndicats ont contest\u00e9 cette pratique devant les tribunaux, sans r\u00e9ussir jusqu&#8217;\u00e0 pr\u00e9sent \u00e0 obtenir un changement. Il est n\u00e9cessaire de pr\u00e9voir une action concert\u00e9e contre Siemens en Inde pour emp\u00eacher l&#8217;entreprise de casser les syndicats par cette pratique.<\/p>  <p>La r\u00e9union a pris fin par un accord concernant une action de la f\u00e9d\u00e9ration des salari\u00e9s de Siemens visant \u00e0 \u00e9liminer la pratique qui consiste \u00e0 donner aux travailleurs et travailleuses une fausse classification de cadre, lutter pour la parit\u00e9 des salaires et des conditions entre les usines Siemens en Inde, partager l&#8217;information pour mettre fin \u00e0 la pratique de la direction de dresser les usines les unes contre les autres, limiter le pourcentage de personnel ouvrier contractuel, assurer l&#8217;\u00e9galit\u00e9 salariale entre le personnel r\u00e9gulier et les travailleurs et travailleuses sous contrat. Pour atteindre ces objectifs, la f\u00e9d\u00e9ration a besoin de cr\u00e9er une base de donn\u00e9es sur les conventions collectives, de former des repr\u00e9sentant(e)s et de recueillir des informations sur le personnel ouvrier des cha\u00eenes d&#8217;approvisionnement et sur ses conditions de travail.<\/p>  <p>Siemens en Inde a refus\u00e9 jusqu&#8217;\u00e0 pr\u00e9sent de reconna\u00eetre la f\u00e9d\u00e9ration des salari\u00e9s de Siemens, malgr\u00e9 son enregistrement par les autorit\u00e9s.\u00a0 Il est donc urgent d&#8217;assurer la reconnaissance de la f\u00e9d\u00e9ration par Siemens pour qu&#8217;elle puisse n\u00e9gocier avec l&#8217;entreprise au nom de tous\/toutes les travailleurs et travailleuses de Siemens en Inde. La f\u00e9d\u00e9ration demande \u00e9galement \u00e0 Siemens de signer un accord-cadre international avec la FIOM.<\/p>  <p>La f\u00e9d\u00e9ration pr\u00e9voit \u00e0 terme de compter parmi ses membres les travailleurs et travailleuses de toutes les usines Siemens en Inde, ainsi que le personnel ouvrier des cha\u00eenes d&#8217;approvisionnement. Son but est de rendre l&#8217;existence de la f\u00e9d\u00e9ration visible et de d\u00e9montrer \u00e0 la direction que le syndicat est unifi\u00e9.<\/p>  <p>&nbsp;<\/p>    ","protected":false},"featured_media":0,"template":"","class_list":["post-200879","archive_imf","type-archive_imf","status-publish","hentry"],"acf":[],"yoast_head":"<!-- This site is optimized with the Yoast SEO Premium plugin v27.1 (Yoast SEO v27.1) - https:\/\/yoast.com\/product\/yoast-seo-premium-wordpress\/ -->\n<title>Union des syndicats de Siemens en Inde - industriall-union<\/title>\n<meta name=\"robots\" content=\"index, follow, max-snippet:-1, max-image-preview:large, max-video-preview:-1\" \/>\n<link rel=\"canonical\" href=\"https:\/\/admin.industriall-union.org\/fr\/archive\/imf\/union-des-syndicats-de-siemens-en-inde\/\" \/>\n<meta property=\"og:locale\" content=\"fr_FR\" \/>\n<meta property=\"og:type\" content=\"article\" \/>\n<meta property=\"og:title\" content=\"Union des syndicats de Siemens en Inde\" \/>\n<meta property=\"og:description\" content=\"MUMBAI: Les repr\u00e9sentant(e)s des syndicats de Siemens sur l&#8217;ensemble du territoire indien ont c\u00e9l\u00e9br\u00e9 l&#8217;enregistrement de la f\u00e9d\u00e9ration des salari\u00e9s de Siemens nouvellement cr\u00e9\u00e9e, lors d&#8217;une r\u00e9union convoqu\u00e9e par la FIOM et la FES pour planifier les strat\u00e9gies de cette f\u00e9d\u00e9ration qui, exceptionnellement pour l&#8217;Inde, rassemble des syndicats affili\u00e9s \u00e0 diff\u00e9rentes conf\u00e9d\u00e9rations nationales. La nouvelle [&hellip;]\" \/>\n<meta property=\"og:url\" content=\"https:\/\/admin.industriall-union.org\/fr\/archive\/imf\/union-des-syndicats-de-siemens-en-inde\/\" \/>\n<meta property=\"og:site_name\" content=\"industriall-union\" \/>\n<meta property=\"article:modified_time\" content=\"2025-01-31T09:28:40+00:00\" \/>\n<meta name=\"twitter:card\" content=\"summary_large_image\" \/>\n<meta name=\"twitter:label1\" content=\"Est. reading time\" \/>\n\t<meta name=\"twitter:data1\" content=\"3 minutes\" \/>\n<script type=\"application\/ld+json\" class=\"yoast-schema-graph\">{\"@context\":\"https:\/\/schema.org\",\"@graph\":[{\"@type\":\"WebPage\",\"@id\":\"https:\/\/admin.industriall-union.org\/fr\/archive\/imf\/union-des-syndicats-de-siemens-en-inde\/\",\"url\":\"https:\/\/admin.industriall-union.org\/fr\/archive\/imf\/union-des-syndicats-de-siemens-en-inde\/\",\"name\":\"Union des syndicats de Siemens en Inde - industriall-union\",\"isPartOf\":{\"@id\":\"https:\/\/admin.industriall-union.org\/#website\"},\"datePublished\":\"2010-12-02T13:08:10+00:00\",\"dateModified\":\"2025-01-31T09:28:40+00:00\",\"breadcrumb\":{\"@id\":\"https:\/\/admin.industriall-union.org\/fr\/archive\/imf\/union-des-syndicats-de-siemens-en-inde\/#breadcrumb\"},\"inLanguage\":\"fr-FR\",\"potentialAction\":[{\"@type\":\"ReadAction\",\"target\":[\"https:\/\/admin.industriall-union.org\/fr\/archive\/imf\/union-des-syndicats-de-siemens-en-inde\/\"]}]},{\"@type\":\"BreadcrumbList\",\"@id\":\"https:\/\/admin.industriall-union.org\/fr\/archive\/imf\/union-des-syndicats-de-siemens-en-inde\/#breadcrumb\",\"itemListElement\":[{\"@type\":\"ListItem\",\"position\":1,\"name\":\"Home\",\"item\":\"https:\/\/admin.industriall-union.org\/\"},{\"@type\":\"ListItem\",\"position\":2,\"name\":\"Archive Imf\",\"item\":\"https:\/\/admin.industriall-union.org\/es\/archive\/imf\/\"},{\"@type\":\"ListItem\",\"position\":3,\"name\":\"Union des syndicats de Siemens en Inde\"}]},{\"@type\":\"WebSite\",\"@id\":\"https:\/\/admin.industriall-union.org\/#website\",\"url\":\"https:\/\/admin.industriall-union.org\/\",\"name\":\"industriall-union\",\"description\":\"\",\"potentialAction\":[{\"@type\":\"SearchAction\",\"target\":{\"@type\":\"EntryPoint\",\"urlTemplate\":\"https:\/\/admin.industriall-union.org\/?s={search_term_string}\"},\"query-input\":{\"@type\":\"PropertyValueSpecification\",\"valueRequired\":true,\"valueName\":\"search_term_string\"}}],\"inLanguage\":\"fr-FR\"}]}<\/script>\n<!-- \/ Yoast SEO Premium plugin. -->","yoast_head_json":{"title":"Union des syndicats de Siemens en Inde - industriall-union","robots":{"index":"index","follow":"follow","max-snippet":"max-snippet:-1","max-image-preview":"max-image-preview:large","max-video-preview":"max-video-preview:-1"},"canonical":"https:\/\/admin.industriall-union.org\/fr\/archive\/imf\/union-des-syndicats-de-siemens-en-inde\/","og_locale":"fr_FR","og_type":"article","og_title":"Union des syndicats de Siemens en Inde","og_description":"MUMBAI: Les repr\u00e9sentant(e)s des syndicats de Siemens sur l&#8217;ensemble du territoire indien ont c\u00e9l\u00e9br\u00e9 l&#8217;enregistrement de la f\u00e9d\u00e9ration des salari\u00e9s de Siemens nouvellement cr\u00e9\u00e9e, lors d&#8217;une r\u00e9union convoqu\u00e9e par la FIOM et la FES pour planifier les strat\u00e9gies de cette f\u00e9d\u00e9ration qui, exceptionnellement pour l&#8217;Inde, rassemble des syndicats affili\u00e9s \u00e0 diff\u00e9rentes conf\u00e9d\u00e9rations nationales. La nouvelle [&hellip;]","og_url":"https:\/\/admin.industriall-union.org\/fr\/archive\/imf\/union-des-syndicats-de-siemens-en-inde\/","og_site_name":"industriall-union","article_modified_time":"2025-01-31T09:28:40+00:00","twitter_card":"summary_large_image","twitter_misc":{"Est. reading time":"3 minutes"},"schema":{"@context":"https:\/\/schema.org","@graph":[{"@type":"WebPage","@id":"https:\/\/admin.industriall-union.org\/fr\/archive\/imf\/union-des-syndicats-de-siemens-en-inde\/","url":"https:\/\/admin.industriall-union.org\/fr\/archive\/imf\/union-des-syndicats-de-siemens-en-inde\/","name":"Union des syndicats de Siemens en Inde - industriall-union","isPartOf":{"@id":"https:\/\/admin.industriall-union.org\/#website"},"datePublished":"2010-12-02T13:08:10+00:00","dateModified":"2025-01-31T09:28:40+00:00","breadcrumb":{"@id":"https:\/\/admin.industriall-union.org\/fr\/archive\/imf\/union-des-syndicats-de-siemens-en-inde\/#breadcrumb"},"inLanguage":"fr-FR","potentialAction":[{"@type":"ReadAction","target":["https:\/\/admin.industriall-union.org\/fr\/archive\/imf\/union-des-syndicats-de-siemens-en-inde\/"]}]},{"@type":"BreadcrumbList","@id":"https:\/\/admin.industriall-union.org\/fr\/archive\/imf\/union-des-syndicats-de-siemens-en-inde\/#breadcrumb","itemListElement":[{"@type":"ListItem","position":1,"name":"Home","item":"https:\/\/admin.industriall-union.org\/"},{"@type":"ListItem","position":2,"name":"Archive Imf","item":"https:\/\/admin.industriall-union.org\/es\/archive\/imf\/"},{"@type":"ListItem","position":3,"name":"Union des syndicats de Siemens en Inde"}]},{"@type":"WebSite","@id":"https:\/\/admin.industriall-union.org\/#website","url":"https:\/\/admin.industriall-union.org\/","name":"industriall-union","description":"","potentialAction":[{"@type":"SearchAction","target":{"@type":"EntryPoint","urlTemplate":"https:\/\/admin.industriall-union.org\/?s={search_term_string}"},"query-input":{"@type":"PropertyValueSpecification","valueRequired":true,"valueName":"search_term_string"}}],"inLanguage":"fr-FR"}]}},"_links":{"self":[{"href":"https:\/\/admin.industriall-union.org\/fr\/wp-json\/wp\/v2\/archive_imf\/200879","targetHints":{"allow":["GET"]}}],"collection":[{"href":"https:\/\/admin.industriall-union.org\/fr\/wp-json\/wp\/v2\/archive_imf"}],"about":[{"href":"https:\/\/admin.industriall-union.org\/fr\/wp-json\/wp\/v2\/types\/archive_imf"}],"wp:attachment":[{"href":"https:\/\/admin.industriall-union.org\/fr\/wp-json\/wp\/v2\/media?parent=200879"}],"curies":[{"name":"wp","href":"https:\/\/api.w.org\/{rel}","templated":true}]}}

<!--[if gte mso 9]&gt;     Normal   0   21         false   false   false                             MicrosoftInternetExplorer4   &lt;![endif]--><!--[if gte mso 9]&gt;     &lt;![endif]--><!--[if gte mso 10]&gt;   /* Style Definitions */  table.MsoNormalTable 	{mso-style-name:"Table Normal"; 	mso-tstyle-rowband-size:0; 	mso-tstyle-colband-size:0; 	mso-style-noshow:yes; 	mso-style-parent:""; 	mso-padding-alt:0cm 5.4pt 0cm 5.4pt; 	mso-para-margin:0cm; 	mso-para-margin-bottom:.0001pt; 	mso-pagination:widow-orphan; 	font-size:10.0pt; 	font-family:"Times New Roman"; 	mso-ansi-language:#0400; 	mso-fareast-language:#0400; 	mso-bidi-language:#0400;}  &lt;![endif]-->  <p>MUMBAI: Les représentant(e)s des syndicats de Siemens sur l&#8217;ensemble du territoire indien ont célébré l&#8217;enregistrement de la fédération des salariés de Siemens nouvellement créée, lors d&#8217;une réunion convoquée par la FIOM et la FES pour planifier les stratégies de cette fédération qui, exceptionnellement pour l&#8217;Inde, rassemble des syndicats affiliés à différentes confédérations nationales.</p>  <p>La nouvelle fédération doit faire face à de nombreux défis. Dans beaucoup d&#8217;usines, le nombre de travailleurs et travailleuses sous contrat à durée déterminée et employés occasionnellement dépasse 50 pour cent de la main-d&#8217;œuvre totale. En outre, Siemens en Inde a élaboré une stratégie destinée à être une source de discorde pour empêcher le personnel ouvrier à se syndiquer. Les travailleurs et travailleuses sont arbitrairement classés comme &#8216;cadres&#8217;, sans aucune modification de leurs fonctions, mais ce qui les empêche d&#8217;adhérer à un syndicat en tant que membres du personnel d&#8217;encadrement. Il leur est proposé des augmentations salariales en échange d&#8217;un renoncement à leurs droits syndicaux, de sorte que dans certaines usines, des zones entières de production se trouvent sans personnel ouvrier.</p>  <p>Les syndicats ont contesté cette pratique devant les tribunaux, sans réussir jusqu&#8217;à présent à obtenir un changement. Il est nécessaire de prévoir une action concertée contre Siemens en Inde pour empêcher l&#8217;entreprise de casser les syndicats par cette pratique.</p>  <p>La réunion a pris fin par un accord concernant une action de la fédération des salariés de Siemens visant à éliminer la pratique qui consiste à donner aux travailleurs et travailleuses une fausse classification de cadre, lutter pour la parité des salaires et des conditions entre les usines Siemens en Inde, partager l&#8217;information pour mettre fin à la pratique de la direction de dresser les usines les unes contre les autres, limiter le pourcentage de personnel ouvrier contractuel, assurer l&#8217;égalité salariale entre le personnel régulier et les travailleurs et travailleuses sous contrat. Pour atteindre ces objectifs, la fédération a besoin de créer une base de données sur les conventions collectives, de former des représentant(e)s et de recueillir des informations sur le personnel ouvrier des chaînes d&#8217;approvisionnement et sur ses conditions de travail.</p>  <p>Siemens en Inde a refusé jusqu&#8217;à présent de reconnaître la fédération des salariés de Siemens, malgré son enregistrement par les autorités.  Il est donc urgent d&#8217;assurer la reconnaissance de la fédération par Siemens pour qu&#8217;elle puisse négocier avec l&#8217;entreprise au nom de tous/toutes les travailleurs et travailleuses de Siemens en Inde. La fédération demande également à Siemens de signer un accord-cadre international avec la FIOM.</p>  <p>La fédération prévoit à terme de compter parmi ses membres les travailleurs et travailleuses de toutes les usines Siemens en Inde, ainsi que le personnel ouvrier des chaînes d&#8217;approvisionnement. Son but est de rendre l&#8217;existence de la fédération visible et de démontrer à la direction que le syndicat est unifié.</p>  <p>&nbsp;</p>

<!-- This site is optimized with the Yoast SEO Premium plugin v27.1 (Yoast SEO v27.1) - https://yoast.com/product/yoast-seo-premium-wordpress/ -->
<title>Union des syndicats de Siemens en Inde - industriall-union</title>
<meta name="robots" content="index, follow, max-snippet:-1, max-image-preview:large, max-video-preview:-1" />
<link rel="canonical" href="https://admin.industriall-union.org/fr/archive/imf/union-des-syndicats-de-siemens-en-inde/" />
<meta property="og:locale" content="fr_FR" />
<meta property="og:type" content="article" />
<meta property="og:title" content="Union des syndicats de Siemens en Inde" />
<meta property="og:description" content="MUMBAI: Les représentant(e)s des syndicats de Siemens sur l&#8217;ensemble du territoire indien ont célébré l&#8217;enregistrement de la fédération des salariés de Siemens nouvellement créée, lors d&#8217;une réunion convoquée par la FIOM et la FES pour planifier les stratégies de cette fédération qui, exceptionnellement pour l&#8217;Inde, rassemble des syndicats affiliés à différentes confédérations nationales. La nouvelle [&hellip;]" />
<meta property="og:url" content="https://admin.industriall-union.org/fr/archive/imf/union-des-syndicats-de-siemens-en-inde/" />
<meta property="og:site_name" content="industriall-union" />
<meta property="article:modified_time" content="2025-01-31T09:28:40+00:00" />
<meta name="twitter:card" content="summary_large_image" />
<meta name="twitter:label1" content="Est. reading time" />
	<meta name="twitter:data1" content="3 minutes" />
<script type="application/ld+json" class="yoast-schema-graph">{"@context":"https://schema.org","@graph":[{"@type":"WebPage","@id":"https://admin.industriall-union.org/fr/archive/imf/union-des-syndicats-de-siemens-en-inde/","url":"https://admin.industriall-union.org/fr/archive/imf/union-des-syndicats-de-siemens-en-inde/","name":"Union des syndicats de Siemens en Inde - industriall-union","isPartOf":{"@id":"https://admin.industriall-union.org/#website"},"datePublished":"2010-12-02T13:08:10+00:00","dateModified":"2025-01-31T09:28:40+00:00","breadcrumb":{"@id":"https://admin.industriall-union.org/fr/archive/imf/union-des-syndicats-de-siemens-en-inde/#breadcrumb"},"inLanguage":"fr-FR","potentialAction":[{"@type":"ReadAction","target":["https://admin.industriall-union.org/fr/archive/imf/union-des-syndicats-de-siemens-en-inde/"]}]},{"@type":"BreadcrumbList","@id":"https://admin.industriall-union.org/fr/archive/imf/union-des-syndicats-de-siemens-en-inde/#breadcrumb","itemListElement":[{"@type":"ListItem","position":1,"name":"Home","item":"https://admin.industriall-union.org/"},{"@type":"ListItem","position":2,"name":"Archive Imf","item":"https://admin.industriall-union.org/es/archive/imf/"},{"@type":"ListItem","position":3,"name":"Union des syndicats de Siemens en Inde"}]},{"@type":"WebSite","@id":"https://admin.industriall-union.org/#website","url":"https://admin.industriall-union.org/","name":"industriall-union","description":"","potentialAction":[{"@type":"SearchAction","target":{"@type":"EntryPoint","urlTemplate":"https://admin.industriall-union.org/?s={search_term_string}"},"query-input":{"@type":"PropertyValueSpecification","valueRequired":true,"valueName":"search_term_string"}}],"inLanguage":"fr-FR"}]}</script>
<!-- / Yoast SEO Premium plugin. -->

MUMBAI: Les représentant(e)s des syndicats de Siemens sur l&#8217;ensemble du territoire indien ont célébré l&#8217;enregistrement de la fédération des salariés de Siemens nouvellement créée, lors d&#8217;une réunion convoquée par la FIOM et la FES pour planifier les stratégies de cette fédération qui, exceptionnellement pour l&#8217;Inde, rassemble des syndicats affiliés à différentes confédérations nationales. La nouvelle [&hellip;]
