{"id":200561,"date":"2011-03-24T15:38:00","date_gmt":"2011-03-24T15:38:00","guid":{"rendered":"https:\/\/admin.industriall-union.org\/archive\/imf\/mobilisation-des-syndicats-contre-les-reformes-de-la-legislation-du-travail\/"},"modified":"2025-01-31T09:19:22","modified_gmt":"2025-01-31T09:19:22","slug":"mobilisation-des-syndicats-contre-les-reformes-de-la-legislation-du-travail","status":"publish","type":"archive_imf","link":"https:\/\/admin.industriall-union.org\/fr\/archive\/imf\/mobilisation-des-syndicats-contre-les-reformes-de-la-legislation-du-travail\/","title":{"rendered":"Mobilisation des syndicats contre les r\u00e9formes de la l\u00e9gislation du travail"},"content":{"rendered":"<p>MEXIQUE\/MONDE: Les 50.000 travailleurs et travailleuses, \u00e9tudiant(e)s et militant(e)s des groupes de d\u00e9fense des droits de la personne et des droits du travail qui ont particip\u00e9 aux journ\u00e9es mondiales d&#8217;action en f\u00e9vrier se pr\u00e9parent \u00e0 une nouvelle s\u00e9rie de mobilisations de masse pour s&#8217;opposer \u00e0 la proposition portant sur la l\u00e9gislation du travail destin\u00e9e \u00e0 d\u00e9pouiller encore davantage les travailleurs et travailleuses du Mexique de leurs droits du travail les plus fondamentaux reconnus au plan international.<\/p><p>Les nouvelles sur la <a href=\"..\/index.cfm?c=26016&amp;l=2\" target=\"_blank\">nature r\u00e9gressive des r\u00e9formes propos\u00e9es<\/a> interviennent quelques semaines tout juste apr\u00e8s la participation des syndicats de plus de quarante pays \u00e0 une semaine d&#8217;activit\u00e9s et de rassemblements massifs, de marches et de r\u00e9unions de haut niveau avec des membres du gouvernement pour mettre en lumi\u00e8re l&#8217;\u00e9chec du gouvernement mexicain d&#8217;honorer ses engagements internationaux concernant le respect des droits fondamentaux du travail et la protection des travailleurs et travailleuses. <\/p><p>La l\u00e9gislation propos\u00e9e porte gravement atteinte \u00e0 la libert\u00e9 syndicale, \u00e0 la s\u00e9curit\u00e9 de l&#8217;emploi et aux conditions de travail. Elle est dans l&#8217;incapacit\u00e9 d&#8217;inclure les nombreux changements dans la l\u00e9gislation mexicaine du travail qui ont \u00e9t\u00e9 l&#8217;objet \u00e0 plusieurs reprises d&#8217;une intervention de la Commission d&#8217;experts pour l&#8217;application des conventions et recommandations de l&#8217;OIT, et plus r\u00e9cemment du Comit\u00e9 de la libert\u00e9 syndicale du BIT. <\/p><p>Au Mexique, les pr\u00e9paratifs au niveau national sont en cours. Les \u00e9v\u00e8nements publics suivants sont pr\u00e9vus cette semaine au Mexique:<\/p><ul><li>un meeting le 24 mars \u00e0 13 heures;<\/li><li>un forum le 30 mars avec un d\u00e9bat sur la nature r\u00e9gressive de la r\u00e9forme et sur les strat\u00e9gies de r\u00e9sistance et de changement;<\/li><li>la r\u00e9alisation de mat\u00e9riel \u00e9ducatif et des r\u00e9unions strat\u00e9giques durant toute la semaine.<\/li><\/ul><p>Pour se joindre \u00e0 la campagne, la FIOM demande \u00e0 ses affili\u00e9s d&#8217;envoyer des lettres \u00e0 l&#8217;ambassade ou au consulat du Mexique de leur ville ou \u00e0 un repr\u00e9sentant du gouvernement, notamment aux personnes qui ont eu des entretiens avec des groupes de syndicalistes au cours des journ\u00e9es mondiales d&#8217;action en f\u00e9vrier. Prendre connaissance de la lettre de la FIOM ici.<\/p><p>Dans le cas o\u00f9 vous auriez d\u00e9j\u00e0 envoy\u00e9 une lettre au pr\u00e9sident mexicain Felipe Calder\u00f3n par le biais de <a href=\"http:\/\/www.labourstart.org\/cgi-bin\/solidarityforever\/show_campaign.cgi?c=863\" target=\"_blank\">la page de campagne de Labourstart<\/a>, allez ici: <a href=\"http:\/\/www.labourstart.org\/cgi-bin\/solidarityforever\/show_campaign.cgi?c=863\" target=\"_blank\">http:\/\/www.labourstart.org\/cgi-bin\/solidarityforever\/show_campaign.cgi?c=863<\/a>.<br \/><br \/>  <\/p>","protected":false},"featured_media":0,"template":"","class_list":["post-200561","archive_imf","type-archive_imf","status-publish","hentry"],"acf":[],"yoast_head":"<!-- This site is optimized with the Yoast SEO Premium plugin v27.1 (Yoast SEO v27.1) - https:\/\/yoast.com\/product\/yoast-seo-premium-wordpress\/ -->\n<title>Mobilisation des syndicats contre les r\u00e9formes de la l\u00e9gislation du travail - industriall-union<\/title>\n<meta name=\"robots\" content=\"index, follow, max-snippet:-1, max-image-preview:large, max-video-preview:-1\" \/>\n<link rel=\"canonical\" href=\"https:\/\/admin.industriall-union.org\/fr\/archive\/imf\/mobilisation-des-syndicats-contre-les-reformes-de-la-legislation-du-travail\/\" \/>\n<meta property=\"og:locale\" content=\"fr_FR\" \/>\n<meta property=\"og:type\" content=\"article\" \/>\n<meta property=\"og:title\" content=\"Mobilisation des syndicats contre les r\u00e9formes de la l\u00e9gislation du travail\" \/>\n<meta property=\"og:description\" content=\"MEXIQUE\/MONDE: Les 50.000 travailleurs et travailleuses, \u00e9tudiant(e)s et militant(e)s des groupes de d\u00e9fense des droits de la personne et des droits du travail qui ont particip\u00e9 aux journ\u00e9es mondiales d&#8217;action en f\u00e9vrier se pr\u00e9parent \u00e0 une nouvelle s\u00e9rie de mobilisations de masse pour s&#8217;opposer \u00e0 la proposition portant sur la l\u00e9gislation du travail destin\u00e9e \u00e0 [&hellip;]\" \/>\n<meta property=\"og:url\" content=\"https:\/\/admin.industriall-union.org\/fr\/archive\/imf\/mobilisation-des-syndicats-contre-les-reformes-de-la-legislation-du-travail\/\" \/>\n<meta property=\"og:site_name\" content=\"industriall-union\" \/>\n<meta property=\"article:modified_time\" content=\"2025-01-31T09:19:22+00:00\" \/>\n<meta name=\"twitter:card\" content=\"summary_large_image\" \/>\n<meta name=\"twitter:label1\" content=\"Est. reading time\" \/>\n\t<meta name=\"twitter:data1\" content=\"2 minutes\" \/>\n<script type=\"application\/ld+json\" class=\"yoast-schema-graph\">{\"@context\":\"https:\/\/schema.org\",\"@graph\":[{\"@type\":\"WebPage\",\"@id\":\"https:\/\/admin.industriall-union.org\/fr\/archive\/imf\/mobilisation-des-syndicats-contre-les-reformes-de-la-legislation-du-travail\/\",\"url\":\"https:\/\/admin.industriall-union.org\/fr\/archive\/imf\/mobilisation-des-syndicats-contre-les-reformes-de-la-legislation-du-travail\/\",\"name\":\"Mobilisation des syndicats contre les r\u00e9formes de la l\u00e9gislation du travail - industriall-union\",\"isPartOf\":{\"@id\":\"https:\/\/admin.industriall-union.org\/ru\/#website\"},\"datePublished\":\"2011-03-24T15:38:00+00:00\",\"dateModified\":\"2025-01-31T09:19:22+00:00\",\"breadcrumb\":{\"@id\":\"https:\/\/admin.industriall-union.org\/fr\/archive\/imf\/mobilisation-des-syndicats-contre-les-reformes-de-la-legislation-du-travail\/#breadcrumb\"},\"inLanguage\":\"fr-FR\",\"potentialAction\":[{\"@type\":\"ReadAction\",\"target\":[\"https:\/\/admin.industriall-union.org\/fr\/archive\/imf\/mobilisation-des-syndicats-contre-les-reformes-de-la-legislation-du-travail\/\"]}]},{\"@type\":\"BreadcrumbList\",\"@id\":\"https:\/\/admin.industriall-union.org\/fr\/archive\/imf\/mobilisation-des-syndicats-contre-les-reformes-de-la-legislation-du-travail\/#breadcrumb\",\"itemListElement\":[{\"@type\":\"ListItem\",\"position\":1,\"name\":\"Home\",\"item\":\"https:\/\/admin.industriall-union.org\/ru\/\"},{\"@type\":\"ListItem\",\"position\":2,\"name\":\"Archive Imf\",\"item\":\"https:\/\/admin.industriall-union.org\/fr\/archive\/imf\/\"},{\"@type\":\"ListItem\",\"position\":3,\"name\":\"Mobilisation des syndicats contre les r\u00e9formes de la l\u00e9gislation du travail\"}]},{\"@type\":\"WebSite\",\"@id\":\"https:\/\/admin.industriall-union.org\/ru\/#website\",\"url\":\"https:\/\/admin.industriall-union.org\/ru\/\",\"name\":\"industriall-union\",\"description\":\"\",\"potentialAction\":[{\"@type\":\"SearchAction\",\"target\":{\"@type\":\"EntryPoint\",\"urlTemplate\":\"https:\/\/admin.industriall-union.org\/ru\/?s={search_term_string}\"},\"query-input\":{\"@type\":\"PropertyValueSpecification\",\"valueRequired\":true,\"valueName\":\"search_term_string\"}}],\"inLanguage\":\"fr-FR\"}]}<\/script>\n<!-- \/ Yoast SEO Premium plugin. -->","yoast_head_json":{"title":"Mobilisation des syndicats contre les r\u00e9formes de la l\u00e9gislation du travail - industriall-union","robots":{"index":"index","follow":"follow","max-snippet":"max-snippet:-1","max-image-preview":"max-image-preview:large","max-video-preview":"max-video-preview:-1"},"canonical":"https:\/\/admin.industriall-union.org\/fr\/archive\/imf\/mobilisation-des-syndicats-contre-les-reformes-de-la-legislation-du-travail\/","og_locale":"fr_FR","og_type":"article","og_title":"Mobilisation des syndicats contre les r\u00e9formes de la l\u00e9gislation du travail","og_description":"MEXIQUE\/MONDE: Les 50.000 travailleurs et travailleuses, \u00e9tudiant(e)s et militant(e)s des groupes de d\u00e9fense des droits de la personne et des droits du travail qui ont particip\u00e9 aux journ\u00e9es mondiales d&#8217;action en f\u00e9vrier se pr\u00e9parent \u00e0 une nouvelle s\u00e9rie de mobilisations de masse pour s&#8217;opposer \u00e0 la proposition portant sur la l\u00e9gislation du travail destin\u00e9e \u00e0 [&hellip;]","og_url":"https:\/\/admin.industriall-union.org\/fr\/archive\/imf\/mobilisation-des-syndicats-contre-les-reformes-de-la-legislation-du-travail\/","og_site_name":"industriall-union","article_modified_time":"2025-01-31T09:19:22+00:00","twitter_card":"summary_large_image","twitter_misc":{"Est. reading time":"2 minutes"},"schema":{"@context":"https:\/\/schema.org","@graph":[{"@type":"WebPage","@id":"https:\/\/admin.industriall-union.org\/fr\/archive\/imf\/mobilisation-des-syndicats-contre-les-reformes-de-la-legislation-du-travail\/","url":"https:\/\/admin.industriall-union.org\/fr\/archive\/imf\/mobilisation-des-syndicats-contre-les-reformes-de-la-legislation-du-travail\/","name":"Mobilisation des syndicats contre les r\u00e9formes de la l\u00e9gislation du travail - industriall-union","isPartOf":{"@id":"https:\/\/admin.industriall-union.org\/ru\/#website"},"datePublished":"2011-03-24T15:38:00+00:00","dateModified":"2025-01-31T09:19:22+00:00","breadcrumb":{"@id":"https:\/\/admin.industriall-union.org\/fr\/archive\/imf\/mobilisation-des-syndicats-contre-les-reformes-de-la-legislation-du-travail\/#breadcrumb"},"inLanguage":"fr-FR","potentialAction":[{"@type":"ReadAction","target":["https:\/\/admin.industriall-union.org\/fr\/archive\/imf\/mobilisation-des-syndicats-contre-les-reformes-de-la-legislation-du-travail\/"]}]},{"@type":"BreadcrumbList","@id":"https:\/\/admin.industriall-union.org\/fr\/archive\/imf\/mobilisation-des-syndicats-contre-les-reformes-de-la-legislation-du-travail\/#breadcrumb","itemListElement":[{"@type":"ListItem","position":1,"name":"Home","item":"https:\/\/admin.industriall-union.org\/ru\/"},{"@type":"ListItem","position":2,"name":"Archive Imf","item":"https:\/\/admin.industriall-union.org\/fr\/archive\/imf\/"},{"@type":"ListItem","position":3,"name":"Mobilisation des syndicats contre les r\u00e9formes de la l\u00e9gislation du travail"}]},{"@type":"WebSite","@id":"https:\/\/admin.industriall-union.org\/ru\/#website","url":"https:\/\/admin.industriall-union.org\/ru\/","name":"industriall-union","description":"","potentialAction":[{"@type":"SearchAction","target":{"@type":"EntryPoint","urlTemplate":"https:\/\/admin.industriall-union.org\/ru\/?s={search_term_string}"},"query-input":{"@type":"PropertyValueSpecification","valueRequired":true,"valueName":"search_term_string"}}],"inLanguage":"fr-FR"}]}},"_links":{"self":[{"href":"https:\/\/admin.industriall-union.org\/fr\/wp-json\/wp\/v2\/archive_imf\/200561","targetHints":{"allow":["GET"]}}],"collection":[{"href":"https:\/\/admin.industriall-union.org\/fr\/wp-json\/wp\/v2\/archive_imf"}],"about":[{"href":"https:\/\/admin.industriall-union.org\/fr\/wp-json\/wp\/v2\/types\/archive_imf"}],"wp:attachment":[{"href":"https:\/\/admin.industriall-union.org\/fr\/wp-json\/wp\/v2\/media?parent=200561"}],"curies":[{"name":"wp","href":"https:\/\/api.w.org\/{rel}","templated":true}]}}

Mobilisation des syndicats contre les réformes de la législation du travail

<p>MEXIQUE/MONDE: Les 50.000 travailleurs et travailleuses, étudiant(e)s et militant(e)s des groupes de défense des droits de la personne et des droits du travail qui ont participé aux journées mondiales d&#8217;action en février se préparent à une nouvelle série de mobilisations de masse pour s&#8217;opposer à la proposition portant sur la législation du travail destinée à dépouiller encore davantage les travailleurs et travailleuses du Mexique de leurs droits du travail les plus fondamentaux reconnus au plan international.</p><p>Les nouvelles sur la <a href="../index.cfm?c=26016&amp;l=2" target="_blank">nature régressive des réformes proposées</a> interviennent quelques semaines tout juste après la participation des syndicats de plus de quarante pays à une semaine d&#8217;activités et de rassemblements massifs, de marches et de réunions de haut niveau avec des membres du gouvernement pour mettre en lumière l&#8217;échec du gouvernement mexicain d&#8217;honorer ses engagements internationaux concernant le respect des droits fondamentaux du travail et la protection des travailleurs et travailleuses. </p><p>La législation proposée porte gravement atteinte à la liberté syndicale, à la sécurité de l&#8217;emploi et aux conditions de travail. Elle est dans l&#8217;incapacité d&#8217;inclure les nombreux changements dans la législation mexicaine du travail qui ont été l&#8217;objet à plusieurs reprises d&#8217;une intervention de la Commission d&#8217;experts pour l&#8217;application des conventions et recommandations de l&#8217;OIT, et plus récemment du Comité de la liberté syndicale du BIT. </p><p>Au Mexique, les préparatifs au niveau national sont en cours. Les évènements publics suivants sont prévus cette semaine au Mexique:</p><ul><li>un meeting le 24 mars à 13 heures;</li><li>un forum le 30 mars avec un débat sur la nature régressive de la réforme et sur les stratégies de résistance et de changement;</li><li>la réalisation de matériel éducatif et des réunions stratégiques durant toute la semaine.</li></ul><p>Pour se joindre à la campagne, la FIOM demande à ses affiliés d&#8217;envoyer des lettres à l&#8217;ambassade ou au consulat du Mexique de leur ville ou à un représentant du gouvernement, notamment aux personnes qui ont eu des entretiens avec des groupes de syndicalistes au cours des journées mondiales d&#8217;action en février. Prendre connaissance de la lettre de la FIOM ici.</p><p>Dans le cas où vous auriez déjà envoyé une lettre au président mexicain Felipe Calderón par le biais de <a href="http://www.labourstart.org/cgi-bin/solidarityforever/show_campaign.cgi?c=863" target="_blank">la page de campagne de Labourstart</a>, allez ici: <a href="http://www.labourstart.org/cgi-bin/solidarityforever/show_campaign.cgi?c=863" target="_blank">http://www.labourstart.org/cgi-bin/solidarityforever/show_campaign.cgi?c=863</a>.<br /><br />  </p>

<!-- This site is optimized with the Yoast SEO Premium plugin v27.1 (Yoast SEO v27.1) - https://yoast.com/product/yoast-seo-premium-wordpress/ -->
<title>Mobilisation des syndicats contre les réformes de la législation du travail - industriall-union</title>
<meta name="robots" content="index, follow, max-snippet:-1, max-image-preview:large, max-video-preview:-1" />
<link rel="canonical" href="https://admin.industriall-union.org/fr/archive/imf/mobilisation-des-syndicats-contre-les-reformes-de-la-legislation-du-travail/" />
<meta property="og:locale" content="fr_FR" />
<meta property="og:type" content="article" />
<meta property="og:title" content="Mobilisation des syndicats contre les réformes de la législation du travail" />
<meta property="og:description" content="MEXIQUE/MONDE: Les 50.000 travailleurs et travailleuses, étudiant(e)s et militant(e)s des groupes de défense des droits de la personne et des droits du travail qui ont participé aux journées mondiales d&#8217;action en février se préparent à une nouvelle série de mobilisations de masse pour s&#8217;opposer à la proposition portant sur la législation du travail destinée à [&hellip;]" />
<meta property="og:url" content="https://admin.industriall-union.org/fr/archive/imf/mobilisation-des-syndicats-contre-les-reformes-de-la-legislation-du-travail/" />
<meta property="og:site_name" content="industriall-union" />
<meta property="article:modified_time" content="2025-01-31T09:19:22+00:00" />
<meta name="twitter:card" content="summary_large_image" />
<meta name="twitter:label1" content="Est. reading time" />
	<meta name="twitter:data1" content="2 minutes" />
<script type="application/ld+json" class="yoast-schema-graph">{"@context":"https://schema.org","@graph":[{"@type":"WebPage","@id":"https://admin.industriall-union.org/fr/archive/imf/mobilisation-des-syndicats-contre-les-reformes-de-la-legislation-du-travail/","url":"https://admin.industriall-union.org/fr/archive/imf/mobilisation-des-syndicats-contre-les-reformes-de-la-legislation-du-travail/","name":"Mobilisation des syndicats contre les réformes de la législation du travail - industriall-union","isPartOf":{"@id":"https://admin.industriall-union.org/ru/#website"},"datePublished":"2011-03-24T15:38:00+00:00","dateModified":"2025-01-31T09:19:22+00:00","breadcrumb":{"@id":"https://admin.industriall-union.org/fr/archive/imf/mobilisation-des-syndicats-contre-les-reformes-de-la-legislation-du-travail/#breadcrumb"},"inLanguage":"fr-FR","potentialAction":[{"@type":"ReadAction","target":["https://admin.industriall-union.org/fr/archive/imf/mobilisation-des-syndicats-contre-les-reformes-de-la-legislation-du-travail/"]}]},{"@type":"BreadcrumbList","@id":"https://admin.industriall-union.org/fr/archive/imf/mobilisation-des-syndicats-contre-les-reformes-de-la-legislation-du-travail/#breadcrumb","itemListElement":[{"@type":"ListItem","position":1,"name":"Home","item":"https://admin.industriall-union.org/ru/"},{"@type":"ListItem","position":2,"name":"Archive Imf","item":"https://admin.industriall-union.org/fr/archive/imf/"},{"@type":"ListItem","position":3,"name":"Mobilisation des syndicats contre les réformes de la législation du travail"}]},{"@type":"WebSite","@id":"https://admin.industriall-union.org/ru/#website","url":"https://admin.industriall-union.org/ru/","name":"industriall-union","description":"","potentialAction":[{"@type":"SearchAction","target":{"@type":"EntryPoint","urlTemplate":"https://admin.industriall-union.org/ru/?s={search_term_string}"},"query-input":{"@type":"PropertyValueSpecification","valueRequired":true,"valueName":"search_term_string"}}],"inLanguage":"fr-FR"}]}</script>
<!-- / Yoast SEO Premium plugin. -->

Mobilisation des syndicats contre les réformes de la législation du travail - industriall-union

MEXIQUE/MONDE: Les 50.000 travailleurs et travailleuses, étudiant(e)s et militant(e)s des groupes de défense des droits de la personne et des droits du travail qui ont participé aux journées mondiales d&#8217;action en février se préparent à une nouvelle série de mobilisations de masse pour s&#8217;opposer à la proposition portant sur la législation du travail destinée à [&hellip;]
