{"id":200547,"date":"2011-03-28T11:13:00","date_gmt":"2011-03-28T11:13:00","guid":{"rendered":"https:\/\/admin.industriall-union.org\/archive\/imf\/publication-d-039-un-nouveau-bulletin-trimestriel-commun-fiom-icem-fitthc\/"},"modified":"2025-01-31T09:19:17","modified_gmt":"2025-01-31T09:19:17","slug":"publication-d-039-un-nouveau-bulletin-trimestriel-commun-fiom-icem-fitthc","status":"publish","type":"archive_imf","link":"https:\/\/admin.industriall-union.org\/fr\/archive\/imf\/publication-d-039-un-nouveau-bulletin-trimestriel-commun-fiom-icem-fitthc\/","title":{"rendered":"Publication d&#039;un nouveau bulletin trimestriel commun FIOM-ICEM-FITTHC"},"content":{"rendered":"<p>MONDE: Les syndicats du monde entier affili\u00e9s \u00e0 la F\u00e9d\u00e9ration internationale des organisations de travailleurs de la m\u00e9tallurgie (FIOM), la F\u00e9d\u00e9ration internationale des syndicats de travailleurs de la chimie, de l&#8217;\u00e9nergie, des mines et des industries diverses (ICEM) et la F\u00e9d\u00e9ration internationale des travailleurs du textile, de l&#8217;habillement et du cuir (FITTHC) \u00e9prouvent un int\u00e9r\u00eat commun \u00e0 parler d&#8217;une voix plus forte au nom des travailleurs et travailleuses de l&#8217;industrie.<\/p><p>Un groupe de r\u00e9flexion commun FIOM-ICEM-FITTHC qui s&#8217;est r\u00e9uni en f\u00e9vrier au Japon va poursuivre l&#8217;examen de l&#8217;unification des travailleurs et travailleuses de la fabrication industrielle dans le monde au sein d&#8217;une f\u00e9d\u00e9ration syndicale internationale unique.<\/p><p>Aujourd&#8217;hui, pour appuyer ce processus, les trois organisations publient le premier num\u00e9ro de <a href=\"..\/strongertogether\/issue-1-fr.html\" target=\"_blank\">Stronger Together<\/a>, un nouveau bulletin trimestriel commun sur la cr\u00e9ation de la nouvelle Internationale.<\/p><p>Couvrant des sujets tels que l&#8217;action commune sur le Mexique, le Chili et la Turquie, ce premier num\u00e9ro du bulletin explore \u00e9galement des domaines strat\u00e9giques tels que l&#8217;action men\u00e9e contre le sablage dans le secteur du textile et la syndicalisation intersectorielle dans les ateliers de fabrication des zones franches d&#8217;exportation.<\/p><p>Pour obtenir une copie du bulletin, cliquez sur: <a href=\"..\/strongertogether\" target=\"_blank\">www.imfmetal.org\/strongertogether<\/a>.<\/p><p>Le prochain num\u00e9ro para\u00eetra \u00e0 la fin du mois de mai.<br \/><br \/>  <\/p>","protected":false},"featured_media":0,"template":"","class_list":["post-200547","archive_imf","type-archive_imf","status-publish","hentry"],"acf":[],"yoast_head":"<!-- This site is optimized with the Yoast SEO Premium plugin v27.1 (Yoast SEO v27.1) - https:\/\/yoast.com\/product\/yoast-seo-premium-wordpress\/ -->\n<title>Publication d&#039;un nouveau bulletin trimestriel commun FIOM-ICEM-FITTHC - industriall-union<\/title>\n<meta name=\"robots\" content=\"index, follow, max-snippet:-1, max-image-preview:large, max-video-preview:-1\" \/>\n<link rel=\"canonical\" href=\"https:\/\/admin.industriall-union.org\/fr\/archive\/imf\/publication-d-039-un-nouveau-bulletin-trimestriel-commun-fiom-icem-fitthc\/\" \/>\n<meta property=\"og:locale\" content=\"fr_FR\" \/>\n<meta property=\"og:type\" content=\"article\" \/>\n<meta property=\"og:title\" content=\"Publication d&#039;un nouveau bulletin trimestriel commun FIOM-ICEM-FITTHC\" \/>\n<meta property=\"og:description\" content=\"MONDE: Les syndicats du monde entier affili\u00e9s \u00e0 la F\u00e9d\u00e9ration internationale des organisations de travailleurs de la m\u00e9tallurgie (FIOM), la F\u00e9d\u00e9ration internationale des syndicats de travailleurs de la chimie, de l&#8217;\u00e9nergie, des mines et des industries diverses (ICEM) et la F\u00e9d\u00e9ration internationale des travailleurs du textile, de l&#8217;habillement et du cuir (FITTHC) \u00e9prouvent un int\u00e9r\u00eat [&hellip;]\" \/>\n<meta property=\"og:url\" content=\"https:\/\/admin.industriall-union.org\/fr\/archive\/imf\/publication-d-039-un-nouveau-bulletin-trimestriel-commun-fiom-icem-fitthc\/\" \/>\n<meta property=\"og:site_name\" content=\"industriall-union\" \/>\n<meta property=\"article:modified_time\" content=\"2025-01-31T09:19:17+00:00\" \/>\n<meta name=\"twitter:card\" content=\"summary_large_image\" \/>\n<meta name=\"twitter:label1\" content=\"Est. reading time\" \/>\n\t<meta name=\"twitter:data1\" content=\"1 minute\" \/>\n<script type=\"application\/ld+json\" class=\"yoast-schema-graph\">{\"@context\":\"https:\/\/schema.org\",\"@graph\":[{\"@type\":\"WebPage\",\"@id\":\"https:\/\/admin.industriall-union.org\/fr\/archive\/imf\/publication-d-039-un-nouveau-bulletin-trimestriel-commun-fiom-icem-fitthc\/\",\"url\":\"https:\/\/admin.industriall-union.org\/fr\/archive\/imf\/publication-d-039-un-nouveau-bulletin-trimestriel-commun-fiom-icem-fitthc\/\",\"name\":\"Publication d&#039;un nouveau bulletin trimestriel commun FIOM-ICEM-FITTHC - industriall-union\",\"isPartOf\":{\"@id\":\"https:\/\/admin.industriall-union.org\/#website\"},\"datePublished\":\"2011-03-28T11:13:00+00:00\",\"dateModified\":\"2025-01-31T09:19:17+00:00\",\"breadcrumb\":{\"@id\":\"https:\/\/admin.industriall-union.org\/fr\/archive\/imf\/publication-d-039-un-nouveau-bulletin-trimestriel-commun-fiom-icem-fitthc\/#breadcrumb\"},\"inLanguage\":\"fr-FR\",\"potentialAction\":[{\"@type\":\"ReadAction\",\"target\":[\"https:\/\/admin.industriall-union.org\/fr\/archive\/imf\/publication-d-039-un-nouveau-bulletin-trimestriel-commun-fiom-icem-fitthc\/\"]}]},{\"@type\":\"BreadcrumbList\",\"@id\":\"https:\/\/admin.industriall-union.org\/fr\/archive\/imf\/publication-d-039-un-nouveau-bulletin-trimestriel-commun-fiom-icem-fitthc\/#breadcrumb\",\"itemListElement\":[{\"@type\":\"ListItem\",\"position\":1,\"name\":\"Home\",\"item\":\"https:\/\/admin.industriall-union.org\/\"},{\"@type\":\"ListItem\",\"position\":2,\"name\":\"Archive Imf\",\"item\":\"https:\/\/admin.industriall-union.org\/es\/archive\/imf\/\"},{\"@type\":\"ListItem\",\"position\":3,\"name\":\"Publication d&#039;un nouveau bulletin trimestriel commun FIOM-ICEM-FITTHC\"}]},{\"@type\":\"WebSite\",\"@id\":\"https:\/\/admin.industriall-union.org\/#website\",\"url\":\"https:\/\/admin.industriall-union.org\/\",\"name\":\"industriall-union\",\"description\":\"\",\"potentialAction\":[{\"@type\":\"SearchAction\",\"target\":{\"@type\":\"EntryPoint\",\"urlTemplate\":\"https:\/\/admin.industriall-union.org\/?s={search_term_string}\"},\"query-input\":{\"@type\":\"PropertyValueSpecification\",\"valueRequired\":true,\"valueName\":\"search_term_string\"}}],\"inLanguage\":\"fr-FR\"}]}<\/script>\n<!-- \/ Yoast SEO Premium plugin. -->","yoast_head_json":{"title":"Publication d&#039;un nouveau bulletin trimestriel commun FIOM-ICEM-FITTHC - industriall-union","robots":{"index":"index","follow":"follow","max-snippet":"max-snippet:-1","max-image-preview":"max-image-preview:large","max-video-preview":"max-video-preview:-1"},"canonical":"https:\/\/admin.industriall-union.org\/fr\/archive\/imf\/publication-d-039-un-nouveau-bulletin-trimestriel-commun-fiom-icem-fitthc\/","og_locale":"fr_FR","og_type":"article","og_title":"Publication d&#039;un nouveau bulletin trimestriel commun FIOM-ICEM-FITTHC","og_description":"MONDE: Les syndicats du monde entier affili\u00e9s \u00e0 la F\u00e9d\u00e9ration internationale des organisations de travailleurs de la m\u00e9tallurgie (FIOM), la F\u00e9d\u00e9ration internationale des syndicats de travailleurs de la chimie, de l&#8217;\u00e9nergie, des mines et des industries diverses (ICEM) et la F\u00e9d\u00e9ration internationale des travailleurs du textile, de l&#8217;habillement et du cuir (FITTHC) \u00e9prouvent un int\u00e9r\u00eat [&hellip;]","og_url":"https:\/\/admin.industriall-union.org\/fr\/archive\/imf\/publication-d-039-un-nouveau-bulletin-trimestriel-commun-fiom-icem-fitthc\/","og_site_name":"industriall-union","article_modified_time":"2025-01-31T09:19:17+00:00","twitter_card":"summary_large_image","twitter_misc":{"Est. reading time":"1 minute"},"schema":{"@context":"https:\/\/schema.org","@graph":[{"@type":"WebPage","@id":"https:\/\/admin.industriall-union.org\/fr\/archive\/imf\/publication-d-039-un-nouveau-bulletin-trimestriel-commun-fiom-icem-fitthc\/","url":"https:\/\/admin.industriall-union.org\/fr\/archive\/imf\/publication-d-039-un-nouveau-bulletin-trimestriel-commun-fiom-icem-fitthc\/","name":"Publication d&#039;un nouveau bulletin trimestriel commun FIOM-ICEM-FITTHC - industriall-union","isPartOf":{"@id":"https:\/\/admin.industriall-union.org\/#website"},"datePublished":"2011-03-28T11:13:00+00:00","dateModified":"2025-01-31T09:19:17+00:00","breadcrumb":{"@id":"https:\/\/admin.industriall-union.org\/fr\/archive\/imf\/publication-d-039-un-nouveau-bulletin-trimestriel-commun-fiom-icem-fitthc\/#breadcrumb"},"inLanguage":"fr-FR","potentialAction":[{"@type":"ReadAction","target":["https:\/\/admin.industriall-union.org\/fr\/archive\/imf\/publication-d-039-un-nouveau-bulletin-trimestriel-commun-fiom-icem-fitthc\/"]}]},{"@type":"BreadcrumbList","@id":"https:\/\/admin.industriall-union.org\/fr\/archive\/imf\/publication-d-039-un-nouveau-bulletin-trimestriel-commun-fiom-icem-fitthc\/#breadcrumb","itemListElement":[{"@type":"ListItem","position":1,"name":"Home","item":"https:\/\/admin.industriall-union.org\/"},{"@type":"ListItem","position":2,"name":"Archive Imf","item":"https:\/\/admin.industriall-union.org\/es\/archive\/imf\/"},{"@type":"ListItem","position":3,"name":"Publication d&#039;un nouveau bulletin trimestriel commun FIOM-ICEM-FITTHC"}]},{"@type":"WebSite","@id":"https:\/\/admin.industriall-union.org\/#website","url":"https:\/\/admin.industriall-union.org\/","name":"industriall-union","description":"","potentialAction":[{"@type":"SearchAction","target":{"@type":"EntryPoint","urlTemplate":"https:\/\/admin.industriall-union.org\/?s={search_term_string}"},"query-input":{"@type":"PropertyValueSpecification","valueRequired":true,"valueName":"search_term_string"}}],"inLanguage":"fr-FR"}]}},"_links":{"self":[{"href":"https:\/\/admin.industriall-union.org\/fr\/wp-json\/wp\/v2\/archive_imf\/200547","targetHints":{"allow":["GET"]}}],"collection":[{"href":"https:\/\/admin.industriall-union.org\/fr\/wp-json\/wp\/v2\/archive_imf"}],"about":[{"href":"https:\/\/admin.industriall-union.org\/fr\/wp-json\/wp\/v2\/types\/archive_imf"}],"wp:attachment":[{"href":"https:\/\/admin.industriall-union.org\/fr\/wp-json\/wp\/v2\/media?parent=200547"}],"curies":[{"name":"wp","href":"https:\/\/api.w.org\/{rel}","templated":true}]}}

<p>MONDE: Les syndicats du monde entier affiliés à la Fédération internationale des organisations de travailleurs de la métallurgie (FIOM), la Fédération internationale des syndicats de travailleurs de la chimie, de l&#8217;énergie, des mines et des industries diverses (ICEM) et la Fédération internationale des travailleurs du textile, de l&#8217;habillement et du cuir (FITTHC) éprouvent un intérêt commun à parler d&#8217;une voix plus forte au nom des travailleurs et travailleuses de l&#8217;industrie.</p><p>Un groupe de réflexion commun FIOM-ICEM-FITTHC qui s&#8217;est réuni en février au Japon va poursuivre l&#8217;examen de l&#8217;unification des travailleurs et travailleuses de la fabrication industrielle dans le monde au sein d&#8217;une fédération syndicale internationale unique.</p><p>Aujourd&#8217;hui, pour appuyer ce processus, les trois organisations publient le premier numéro de <a href="../strongertogether/issue-1-fr.html" target="_blank">Stronger Together</a>, un nouveau bulletin trimestriel commun sur la création de la nouvelle Internationale.</p><p>Couvrant des sujets tels que l&#8217;action commune sur le Mexique, le Chili et la Turquie, ce premier numéro du bulletin explore également des domaines stratégiques tels que l&#8217;action menée contre le sablage dans le secteur du textile et la syndicalisation intersectorielle dans les ateliers de fabrication des zones franches d&#8217;exportation.</p><p>Pour obtenir une copie du bulletin, cliquez sur: <a href="../strongertogether" target="_blank">www.imfmetal.org/strongertogether</a>.</p><p>Le prochain numéro paraîtra à la fin du mois de mai.<br /><br />  </p>

<!-- This site is optimized with the Yoast SEO Premium plugin v27.1 (Yoast SEO v27.1) - https://yoast.com/product/yoast-seo-premium-wordpress/ -->
<title>Publication d&#039;un nouveau bulletin trimestriel commun FIOM-ICEM-FITTHC - industriall-union</title>
<meta name="robots" content="index, follow, max-snippet:-1, max-image-preview:large, max-video-preview:-1" />
<link rel="canonical" href="https://admin.industriall-union.org/fr/archive/imf/publication-d-039-un-nouveau-bulletin-trimestriel-commun-fiom-icem-fitthc/" />
<meta property="og:locale" content="fr_FR" />
<meta property="og:type" content="article" />
<meta property="og:title" content="Publication d&#039;un nouveau bulletin trimestriel commun FIOM-ICEM-FITTHC" />
<meta property="og:description" content="MONDE: Les syndicats du monde entier affiliés à la Fédération internationale des organisations de travailleurs de la métallurgie (FIOM), la Fédération internationale des syndicats de travailleurs de la chimie, de l&#8217;énergie, des mines et des industries diverses (ICEM) et la Fédération internationale des travailleurs du textile, de l&#8217;habillement et du cuir (FITTHC) éprouvent un intérêt [&hellip;]" />
<meta property="og:url" content="https://admin.industriall-union.org/fr/archive/imf/publication-d-039-un-nouveau-bulletin-trimestriel-commun-fiom-icem-fitthc/" />
<meta property="og:site_name" content="industriall-union" />
<meta property="article:modified_time" content="2025-01-31T09:19:17+00:00" />
<meta name="twitter:card" content="summary_large_image" />
<meta name="twitter:label1" content="Est. reading time" />
	<meta name="twitter:data1" content="1 minute" />
<script type="application/ld+json" class="yoast-schema-graph">{"@context":"https://schema.org","@graph":[{"@type":"WebPage","@id":"https://admin.industriall-union.org/fr/archive/imf/publication-d-039-un-nouveau-bulletin-trimestriel-commun-fiom-icem-fitthc/","url":"https://admin.industriall-union.org/fr/archive/imf/publication-d-039-un-nouveau-bulletin-trimestriel-commun-fiom-icem-fitthc/","name":"Publication d&#039;un nouveau bulletin trimestriel commun FIOM-ICEM-FITTHC - industriall-union","isPartOf":{"@id":"https://admin.industriall-union.org/#website"},"datePublished":"2011-03-28T11:13:00+00:00","dateModified":"2025-01-31T09:19:17+00:00","breadcrumb":{"@id":"https://admin.industriall-union.org/fr/archive/imf/publication-d-039-un-nouveau-bulletin-trimestriel-commun-fiom-icem-fitthc/#breadcrumb"},"inLanguage":"fr-FR","potentialAction":[{"@type":"ReadAction","target":["https://admin.industriall-union.org/fr/archive/imf/publication-d-039-un-nouveau-bulletin-trimestriel-commun-fiom-icem-fitthc/"]}]},{"@type":"BreadcrumbList","@id":"https://admin.industriall-union.org/fr/archive/imf/publication-d-039-un-nouveau-bulletin-trimestriel-commun-fiom-icem-fitthc/#breadcrumb","itemListElement":[{"@type":"ListItem","position":1,"name":"Home","item":"https://admin.industriall-union.org/"},{"@type":"ListItem","position":2,"name":"Archive Imf","item":"https://admin.industriall-union.org/es/archive/imf/"},{"@type":"ListItem","position":3,"name":"Publication d&#039;un nouveau bulletin trimestriel commun FIOM-ICEM-FITTHC"}]},{"@type":"WebSite","@id":"https://admin.industriall-union.org/#website","url":"https://admin.industriall-union.org/","name":"industriall-union","description":"","potentialAction":[{"@type":"SearchAction","target":{"@type":"EntryPoint","urlTemplate":"https://admin.industriall-union.org/?s={search_term_string}"},"query-input":{"@type":"PropertyValueSpecification","valueRequired":true,"valueName":"search_term_string"}}],"inLanguage":"fr-FR"}]}</script>
<!-- / Yoast SEO Premium plugin. -->

MONDE: Les syndicats du monde entier affiliés à la Fédération internationale des organisations de travailleurs de la métallurgie (FIOM), la Fédération internationale des syndicats de travailleurs de la chimie, de l&#8217;énergie, des mines et des industries diverses (ICEM) et la Fédération internationale des travailleurs du textile, de l&#8217;habillement et du cuir (FITTHC) éprouvent un intérêt [&hellip;]
