{"id":200433,"date":"2011-05-02T14:58:00","date_gmt":"2011-05-02T14:58:00","guid":{"rendered":"https:\/\/admin.industriall-union.org\/archive\/imf\/les-travailleurs-arabes-revendiquent-des-droits-pour-le-premier-mai\/"},"modified":"2025-01-31T09:15:37","modified_gmt":"2025-01-31T09:15:37","slug":"les-travailleurs-arabes-revendiquent-des-droits-pour-le-premier-mai","status":"publish","type":"archive_imf","link":"https:\/\/admin.industriall-union.org\/fr\/archive\/imf\/les-travailleurs-arabes-revendiquent-des-droits-pour-le-premier-mai\/","title":{"rendered":"Les travailleurs arabes revendiquent des droits pour le Premier Mai"},"content":{"rendered":"<p>MONDE: Des dizaines de milliers de personnes ont manifest\u00e9 le Premier Mai dans le monde arabe pour demander des emplois d\u00e9cents, la justice sociale et la fin de la r\u00e9pression, <a href=\"http:\/\/www.ituc-csi.org\/les-revendications-des.html?lang=fr\" target=\"_blank\">d\u00e9clare la Conf\u00e9d\u00e9ration syndicale internationale (CSI)<\/a>, voir: <a href=\"http:\/\/www.ituc-csi.org\/les-revendications-des.html?lang=fr\" target=\"_blank\">http:\/\/www.ituc-csi.org\/may-day-arab-workers-demands-for.html<\/a>. <\/p><p>Dans des rassemblements syndicaux organis\u00e9s dans toute la r\u00e9gion, d&#8217;Iraq \u00e0 l&#8217;est \u00e0 la Mauritanie \u00e0 l&#8217;ouest, les travailleurs et\u00a0 travailleuses de tous les milieux sociaux ont donn\u00e9 un nouvel \u00e9lan \u00e0 la lame de fond en faveur de la d\u00e9mocratie et des droits des travailleurs et travailleuses apr\u00e8s la chute des dictatures en Egypte et en Tunisie.<\/p><p>Quelque 77 centrales syndicales nationales et syndicats sectoriels, notamment des affili\u00e9s de la F\u00e9d\u00e9ration internationale des organisations de travailleurs de la m\u00e9tallurgie (FIOM) de toute la r\u00e9gion, ont \u00e9galement sign\u00e9 une &quot;<a href=\"http:\/\/www.ituc-csi.org\/declaration-des-syndicats-des-pays.html?lang=fr\">d\u00e9claration des pays arabes en faveur de la d\u00e9mocratie et de la justice sociale<\/a>&quot; en accentuant de cette mani\u00e8re la pression pour le changement dans le mouvement du printemps arabe.<\/p><p>La secr\u00e9taire g\u00e9n\u00e9rale de la CSI, Sharan Burrow, a particip\u00e9 aux c\u00f4t\u00e9s des travailleurs et travailleuses de Palestine et de leurs familles au d\u00e9fil\u00e9 et au meeting \u00e0 Ramallah organis\u00e9 par la centrale syndicale palestinienne PGFTU, pour soutenir leurs revendications pour le salaire minimum, la protection sociale, la r\u00e9forme de la l\u00e9gislation du travail et l&#8217;\u00e9tablissement de tribunaux du travail pour lutter contre l&#8217;exploitation.<\/p><p>La CSI signale que sur la place Tahrir au Caire, un rassemblement pacifique a \u00e9t\u00e9 attaqu\u00e9 violemment par des casseurs que l&#8217;on estime appartenir au &quot;syndicat&quot; officiel ETUF largement discr\u00e9dit\u00e9 du r\u00e9gime Moubarak. Bien qu&#8217;\u00e9tant bombard\u00e9s de pierres et de bouteilles, les travailleurs et travailleuses du nouveau syndicat ind\u00e9pendant EFITU ont poursuivi leur meeting avec une foule qui avait grossi pour atteindre environ 50.000 manifestants. <\/p><p>Ailleurs dans le monde arabe, des actions ont eu lieu pour le Premier Mai au Maroc, en Tunisie, en Mauritanie et en Irak.<br \/><br \/>  <\/p>","protected":false},"featured_media":0,"template":"","class_list":["post-200433","archive_imf","type-archive_imf","status-publish","hentry"],"acf":[],"yoast_head":"<!-- This site is optimized with the Yoast SEO Premium plugin v27.1 (Yoast SEO v27.1) - https:\/\/yoast.com\/product\/yoast-seo-premium-wordpress\/ -->\n<title>Les travailleurs arabes revendiquent des droits pour le Premier Mai - industriall-union<\/title>\n<meta name=\"robots\" content=\"index, follow, max-snippet:-1, max-image-preview:large, max-video-preview:-1\" \/>\n<link rel=\"canonical\" href=\"https:\/\/admin.industriall-union.org\/fr\/archive\/imf\/les-travailleurs-arabes-revendiquent-des-droits-pour-le-premier-mai\/\" \/>\n<meta property=\"og:locale\" content=\"fr_FR\" \/>\n<meta property=\"og:type\" content=\"article\" \/>\n<meta property=\"og:title\" content=\"Les travailleurs arabes revendiquent des droits pour le Premier Mai\" \/>\n<meta property=\"og:description\" content=\"MONDE: Des dizaines de milliers de personnes ont manifest\u00e9 le Premier Mai dans le monde arabe pour demander des emplois d\u00e9cents, la justice sociale et la fin de la r\u00e9pression, d\u00e9clare la Conf\u00e9d\u00e9ration syndicale internationale (CSI), voir: http:\/\/www.ituc-csi.org\/may-day-arab-workers-demands-for.html. Dans des rassemblements syndicaux organis\u00e9s dans toute la r\u00e9gion, d&#8217;Iraq \u00e0 l&#8217;est \u00e0 la Mauritanie \u00e0 l&#8217;ouest, [&hellip;]\" \/>\n<meta property=\"og:url\" content=\"https:\/\/admin.industriall-union.org\/fr\/archive\/imf\/les-travailleurs-arabes-revendiquent-des-droits-pour-le-premier-mai\/\" \/>\n<meta property=\"og:site_name\" content=\"industriall-union\" \/>\n<meta property=\"article:modified_time\" content=\"2025-01-31T09:15:37+00:00\" \/>\n<meta name=\"twitter:card\" content=\"summary_large_image\" \/>\n<meta name=\"twitter:label1\" content=\"Est. reading time\" \/>\n\t<meta name=\"twitter:data1\" content=\"2 minutes\" \/>\n<script type=\"application\/ld+json\" class=\"yoast-schema-graph\">{\"@context\":\"https:\/\/schema.org\",\"@graph\":[{\"@type\":\"WebPage\",\"@id\":\"https:\/\/admin.industriall-union.org\/fr\/archive\/imf\/les-travailleurs-arabes-revendiquent-des-droits-pour-le-premier-mai\/\",\"url\":\"https:\/\/admin.industriall-union.org\/fr\/archive\/imf\/les-travailleurs-arabes-revendiquent-des-droits-pour-le-premier-mai\/\",\"name\":\"Les travailleurs arabes revendiquent des droits pour le Premier Mai - industriall-union\",\"isPartOf\":{\"@id\":\"https:\/\/admin.industriall-union.org\/#website\"},\"datePublished\":\"2011-05-02T14:58:00+00:00\",\"dateModified\":\"2025-01-31T09:15:37+00:00\",\"breadcrumb\":{\"@id\":\"https:\/\/admin.industriall-union.org\/fr\/archive\/imf\/les-travailleurs-arabes-revendiquent-des-droits-pour-le-premier-mai\/#breadcrumb\"},\"inLanguage\":\"fr-FR\",\"potentialAction\":[{\"@type\":\"ReadAction\",\"target\":[\"https:\/\/admin.industriall-union.org\/fr\/archive\/imf\/les-travailleurs-arabes-revendiquent-des-droits-pour-le-premier-mai\/\"]}]},{\"@type\":\"BreadcrumbList\",\"@id\":\"https:\/\/admin.industriall-union.org\/fr\/archive\/imf\/les-travailleurs-arabes-revendiquent-des-droits-pour-le-premier-mai\/#breadcrumb\",\"itemListElement\":[{\"@type\":\"ListItem\",\"position\":1,\"name\":\"Home\",\"item\":\"https:\/\/admin.industriall-union.org\/\"},{\"@type\":\"ListItem\",\"position\":2,\"name\":\"Archive Imf\",\"item\":\"https:\/\/admin.industriall-union.org\/es\/archive\/imf\/\"},{\"@type\":\"ListItem\",\"position\":3,\"name\":\"Les travailleurs arabes revendiquent des droits pour le Premier Mai\"}]},{\"@type\":\"WebSite\",\"@id\":\"https:\/\/admin.industriall-union.org\/#website\",\"url\":\"https:\/\/admin.industriall-union.org\/\",\"name\":\"industriall-union\",\"description\":\"\",\"potentialAction\":[{\"@type\":\"SearchAction\",\"target\":{\"@type\":\"EntryPoint\",\"urlTemplate\":\"https:\/\/admin.industriall-union.org\/?s={search_term_string}\"},\"query-input\":{\"@type\":\"PropertyValueSpecification\",\"valueRequired\":true,\"valueName\":\"search_term_string\"}}],\"inLanguage\":\"fr-FR\"}]}<\/script>\n<!-- \/ Yoast SEO Premium plugin. -->","yoast_head_json":{"title":"Les travailleurs arabes revendiquent des droits pour le Premier Mai - industriall-union","robots":{"index":"index","follow":"follow","max-snippet":"max-snippet:-1","max-image-preview":"max-image-preview:large","max-video-preview":"max-video-preview:-1"},"canonical":"https:\/\/admin.industriall-union.org\/fr\/archive\/imf\/les-travailleurs-arabes-revendiquent-des-droits-pour-le-premier-mai\/","og_locale":"fr_FR","og_type":"article","og_title":"Les travailleurs arabes revendiquent des droits pour le Premier Mai","og_description":"MONDE: Des dizaines de milliers de personnes ont manifest\u00e9 le Premier Mai dans le monde arabe pour demander des emplois d\u00e9cents, la justice sociale et la fin de la r\u00e9pression, d\u00e9clare la Conf\u00e9d\u00e9ration syndicale internationale (CSI), voir: http:\/\/www.ituc-csi.org\/may-day-arab-workers-demands-for.html. Dans des rassemblements syndicaux organis\u00e9s dans toute la r\u00e9gion, d&#8217;Iraq \u00e0 l&#8217;est \u00e0 la Mauritanie \u00e0 l&#8217;ouest, [&hellip;]","og_url":"https:\/\/admin.industriall-union.org\/fr\/archive\/imf\/les-travailleurs-arabes-revendiquent-des-droits-pour-le-premier-mai\/","og_site_name":"industriall-union","article_modified_time":"2025-01-31T09:15:37+00:00","twitter_card":"summary_large_image","twitter_misc":{"Est. reading time":"2 minutes"},"schema":{"@context":"https:\/\/schema.org","@graph":[{"@type":"WebPage","@id":"https:\/\/admin.industriall-union.org\/fr\/archive\/imf\/les-travailleurs-arabes-revendiquent-des-droits-pour-le-premier-mai\/","url":"https:\/\/admin.industriall-union.org\/fr\/archive\/imf\/les-travailleurs-arabes-revendiquent-des-droits-pour-le-premier-mai\/","name":"Les travailleurs arabes revendiquent des droits pour le Premier Mai - industriall-union","isPartOf":{"@id":"https:\/\/admin.industriall-union.org\/#website"},"datePublished":"2011-05-02T14:58:00+00:00","dateModified":"2025-01-31T09:15:37+00:00","breadcrumb":{"@id":"https:\/\/admin.industriall-union.org\/fr\/archive\/imf\/les-travailleurs-arabes-revendiquent-des-droits-pour-le-premier-mai\/#breadcrumb"},"inLanguage":"fr-FR","potentialAction":[{"@type":"ReadAction","target":["https:\/\/admin.industriall-union.org\/fr\/archive\/imf\/les-travailleurs-arabes-revendiquent-des-droits-pour-le-premier-mai\/"]}]},{"@type":"BreadcrumbList","@id":"https:\/\/admin.industriall-union.org\/fr\/archive\/imf\/les-travailleurs-arabes-revendiquent-des-droits-pour-le-premier-mai\/#breadcrumb","itemListElement":[{"@type":"ListItem","position":1,"name":"Home","item":"https:\/\/admin.industriall-union.org\/"},{"@type":"ListItem","position":2,"name":"Archive Imf","item":"https:\/\/admin.industriall-union.org\/es\/archive\/imf\/"},{"@type":"ListItem","position":3,"name":"Les travailleurs arabes revendiquent des droits pour le Premier Mai"}]},{"@type":"WebSite","@id":"https:\/\/admin.industriall-union.org\/#website","url":"https:\/\/admin.industriall-union.org\/","name":"industriall-union","description":"","potentialAction":[{"@type":"SearchAction","target":{"@type":"EntryPoint","urlTemplate":"https:\/\/admin.industriall-union.org\/?s={search_term_string}"},"query-input":{"@type":"PropertyValueSpecification","valueRequired":true,"valueName":"search_term_string"}}],"inLanguage":"fr-FR"}]}},"_links":{"self":[{"href":"https:\/\/admin.industriall-union.org\/fr\/wp-json\/wp\/v2\/archive_imf\/200433","targetHints":{"allow":["GET"]}}],"collection":[{"href":"https:\/\/admin.industriall-union.org\/fr\/wp-json\/wp\/v2\/archive_imf"}],"about":[{"href":"https:\/\/admin.industriall-union.org\/fr\/wp-json\/wp\/v2\/types\/archive_imf"}],"wp:attachment":[{"href":"https:\/\/admin.industriall-union.org\/fr\/wp-json\/wp\/v2\/media?parent=200433"}],"curies":[{"name":"wp","href":"https:\/\/api.w.org\/{rel}","templated":true}]}}

<p>MONDE: Des dizaines de milliers de personnes ont manifesté le Premier Mai dans le monde arabe pour demander des emplois décents, la justice sociale et la fin de la répression, <a href="http://www.ituc-csi.org/les-revendications-des.html?lang=fr" target="_blank">déclare la Confédération syndicale internationale (CSI)</a>, voir: <a href="http://www.ituc-csi.org/les-revendications-des.html?lang=fr" target="_blank">http://www.ituc-csi.org/may-day-arab-workers-demands-for.html</a>. </p><p>Dans des rassemblements syndicaux organisés dans toute la région, d&#8217;Iraq à l&#8217;est à la Mauritanie à l&#8217;ouest, les travailleurs et  travailleuses de tous les milieux sociaux ont donné un nouvel élan à la lame de fond en faveur de la démocratie et des droits des travailleurs et travailleuses après la chute des dictatures en Egypte et en Tunisie.</p><p>Quelque 77 centrales syndicales nationales et syndicats sectoriels, notamment des affiliés de la Fédération internationale des organisations de travailleurs de la métallurgie (FIOM) de toute la région, ont également signé une &quot;<a href="http://www.ituc-csi.org/declaration-des-syndicats-des-pays.html?lang=fr">déclaration des pays arabes en faveur de la démocratie et de la justice sociale</a>&quot; en accentuant de cette manière la pression pour le changement dans le mouvement du printemps arabe.</p><p>La secrétaire générale de la CSI, Sharan Burrow, a participé aux côtés des travailleurs et travailleuses de Palestine et de leurs familles au défilé et au meeting à Ramallah organisé par la centrale syndicale palestinienne PGFTU, pour soutenir leurs revendications pour le salaire minimum, la protection sociale, la réforme de la législation du travail et l&#8217;établissement de tribunaux du travail pour lutter contre l&#8217;exploitation.</p><p>La CSI signale que sur la place Tahrir au Caire, un rassemblement pacifique a été attaqué violemment par des casseurs que l&#8217;on estime appartenir au &quot;syndicat&quot; officiel ETUF largement discrédité du régime Moubarak. Bien qu&#8217;étant bombardés de pierres et de bouteilles, les travailleurs et travailleuses du nouveau syndicat indépendant EFITU ont poursuivi leur meeting avec une foule qui avait grossi pour atteindre environ 50.000 manifestants. </p><p>Ailleurs dans le monde arabe, des actions ont eu lieu pour le Premier Mai au Maroc, en Tunisie, en Mauritanie et en Irak.<br /><br />  </p>

<!-- This site is optimized with the Yoast SEO Premium plugin v27.1 (Yoast SEO v27.1) - https://yoast.com/product/yoast-seo-premium-wordpress/ -->
<title>Les travailleurs arabes revendiquent des droits pour le Premier Mai - industriall-union</title>
<meta name="robots" content="index, follow, max-snippet:-1, max-image-preview:large, max-video-preview:-1" />
<link rel="canonical" href="https://admin.industriall-union.org/fr/archive/imf/les-travailleurs-arabes-revendiquent-des-droits-pour-le-premier-mai/" />
<meta property="og:locale" content="fr_FR" />
<meta property="og:type" content="article" />
<meta property="og:title" content="Les travailleurs arabes revendiquent des droits pour le Premier Mai" />
<meta property="og:description" content="MONDE: Des dizaines de milliers de personnes ont manifesté le Premier Mai dans le monde arabe pour demander des emplois décents, la justice sociale et la fin de la répression, déclare la Confédération syndicale internationale (CSI), voir: http://www.ituc-csi.org/may-day-arab-workers-demands-for.html. Dans des rassemblements syndicaux organisés dans toute la région, d&#8217;Iraq à l&#8217;est à la Mauritanie à l&#8217;ouest, [&hellip;]" />
<meta property="og:url" content="https://admin.industriall-union.org/fr/archive/imf/les-travailleurs-arabes-revendiquent-des-droits-pour-le-premier-mai/" />
<meta property="og:site_name" content="industriall-union" />
<meta property="article:modified_time" content="2025-01-31T09:15:37+00:00" />
<meta name="twitter:card" content="summary_large_image" />
<meta name="twitter:label1" content="Est. reading time" />
	<meta name="twitter:data1" content="2 minutes" />
<script type="application/ld+json" class="yoast-schema-graph">{"@context":"https://schema.org","@graph":[{"@type":"WebPage","@id":"https://admin.industriall-union.org/fr/archive/imf/les-travailleurs-arabes-revendiquent-des-droits-pour-le-premier-mai/","url":"https://admin.industriall-union.org/fr/archive/imf/les-travailleurs-arabes-revendiquent-des-droits-pour-le-premier-mai/","name":"Les travailleurs arabes revendiquent des droits pour le Premier Mai - industriall-union","isPartOf":{"@id":"https://admin.industriall-union.org/#website"},"datePublished":"2011-05-02T14:58:00+00:00","dateModified":"2025-01-31T09:15:37+00:00","breadcrumb":{"@id":"https://admin.industriall-union.org/fr/archive/imf/les-travailleurs-arabes-revendiquent-des-droits-pour-le-premier-mai/#breadcrumb"},"inLanguage":"fr-FR","potentialAction":[{"@type":"ReadAction","target":["https://admin.industriall-union.org/fr/archive/imf/les-travailleurs-arabes-revendiquent-des-droits-pour-le-premier-mai/"]}]},{"@type":"BreadcrumbList","@id":"https://admin.industriall-union.org/fr/archive/imf/les-travailleurs-arabes-revendiquent-des-droits-pour-le-premier-mai/#breadcrumb","itemListElement":[{"@type":"ListItem","position":1,"name":"Home","item":"https://admin.industriall-union.org/"},{"@type":"ListItem","position":2,"name":"Archive Imf","item":"https://admin.industriall-union.org/es/archive/imf/"},{"@type":"ListItem","position":3,"name":"Les travailleurs arabes revendiquent des droits pour le Premier Mai"}]},{"@type":"WebSite","@id":"https://admin.industriall-union.org/#website","url":"https://admin.industriall-union.org/","name":"industriall-union","description":"","potentialAction":[{"@type":"SearchAction","target":{"@type":"EntryPoint","urlTemplate":"https://admin.industriall-union.org/?s={search_term_string}"},"query-input":{"@type":"PropertyValueSpecification","valueRequired":true,"valueName":"search_term_string"}}],"inLanguage":"fr-FR"}]}</script>
<!-- / Yoast SEO Premium plugin. -->

MONDE: Des dizaines de milliers de personnes ont manifesté le Premier Mai dans le monde arabe pour demander des emplois décents, la justice sociale et la fin de la répression, déclare la Confédération syndicale internationale (CSI), voir: http://www.ituc-csi.org/may-day-arab-workers-demands-for.html. Dans des rassemblements syndicaux organisés dans toute la région, d&#8217;Iraq à l&#8217;est à la Mauritanie à l&#8217;ouest, [&hellip;]
