{"id":200428,"date":"2011-05-02T15:04:00","date_gmt":"2011-05-02T15:04:00","guid":{"rendered":"https:\/\/admin.industriall-union.org\/archive\/imf\/la-fiom-exprime-sa-solidarite-avec-les-mineurs-mexicains-pour-le-premier-mai\/"},"modified":"2025-01-31T09:15:36","modified_gmt":"2025-01-31T09:15:36","slug":"la-fiom-exprime-sa-solidarite-avec-les-mineurs-mexicains-pour-le-premier-mai","status":"publish","type":"archive_imf","link":"https:\/\/admin.industriall-union.org\/fr\/archive\/imf\/la-fiom-exprime-sa-solidarite-avec-les-mineurs-mexicains-pour-le-premier-mai\/","title":{"rendered":"La FIOM exprime sa solidarit\u00e9 avec les mineurs mexicains pour le Premier Mai"},"content":{"rendered":"<p>MEXIQUE:\u00a0 \u00c0 l&#8217;occasion de la premi\u00e8re Conf\u00e9rence r\u00e9gionale de la FIOM pour l&#8217;Am\u00e9rique latine et les Cara\u00efbes qui avait lieu a Mexique, une cinquantaine de syndicalistes de la r\u00e9gion ont rejoint le d\u00e9fil\u00e9 organis\u00e9 pour la F\u00eate du Travail pour exprimer leur solidarit\u00e9 avec les mineurs et pour exiger la libert\u00e9 syndicale. Des repr\u00e9sentants de l&#8217;ICEM appartenant au bureau de Gen\u00e8ve et des affili\u00e9s \u00e9taient \u00e9galement pr\u00e9sents.<\/p><p>La d\u00e9l\u00e9gation de la FIOM sous la conduite de son secr\u00e9taire g\u00e9n\u00e9ral, Jyrki Raina, a march\u00e9 aux c\u00f4t\u00e9s des mineurs mexicains du mus\u00e9e des Beaux Arts jusqu&#8217;\u00e0 Z\u00f3calo, place de la Constitution, o\u00f9 s&#8217;est tenu un meeting de comm\u00e9moration.<\/p><p>La FIOM a une fois de plus affirm\u00e9 son soutien et sa solidarit\u00e9 avec les mineurs, et renouvel\u00e9 ses demandes au gouvernement mexicain:<\/p><ul><li>Traduire en justice l&#8217;employeur responsable de l&#8217;explosion \u00e0 la mine de Pasta de Conchos, ainsi que les fonctionnaires gouvernementaux impliqu\u00e9s dans la trag\u00e9die.<\/li><li>Faire cesser les infractions syst\u00e9matiques \u00e0 la libert\u00e9 syndicale, notamment les &quot;contrats de protection&quot; impos\u00e9s par des employeurs et l&#8217;ing\u00e9rence dans les \u00e9lections syndicales.<\/li><li>Mettre fin \u00e0 la r\u00e9pression et au harc\u00e8lement politique des syndicats mexicains par l&#8217;\u00c9tat et le secteur priv\u00e9.<\/li><\/ul><br \/>  ","protected":false},"featured_media":0,"template":"","class_list":["post-200428","archive_imf","type-archive_imf","status-publish","hentry"],"acf":[],"yoast_head":"<!-- This site is optimized with the Yoast SEO Premium plugin v27.1 (Yoast SEO v27.1) - https:\/\/yoast.com\/product\/yoast-seo-premium-wordpress\/ -->\n<title>La FIOM exprime sa solidarit\u00e9 avec les mineurs mexicains pour le Premier Mai - industriall-union<\/title>\n<meta name=\"robots\" content=\"index, follow, max-snippet:-1, max-image-preview:large, max-video-preview:-1\" \/>\n<link rel=\"canonical\" href=\"https:\/\/admin.industriall-union.org\/fr\/archive\/imf\/la-fiom-exprime-sa-solidarite-avec-les-mineurs-mexicains-pour-le-premier-mai\/\" \/>\n<meta property=\"og:locale\" content=\"fr_FR\" \/>\n<meta property=\"og:type\" content=\"article\" \/>\n<meta property=\"og:title\" content=\"La FIOM exprime sa solidarit\u00e9 avec les mineurs mexicains pour le Premier Mai\" \/>\n<meta property=\"og:description\" content=\"MEXIQUE:\u00a0 \u00c0 l&#8217;occasion de la premi\u00e8re Conf\u00e9rence r\u00e9gionale de la FIOM pour l&#8217;Am\u00e9rique latine et les Cara\u00efbes qui avait lieu a Mexique, une cinquantaine de syndicalistes de la r\u00e9gion ont rejoint le d\u00e9fil\u00e9 organis\u00e9 pour la F\u00eate du Travail pour exprimer leur solidarit\u00e9 avec les mineurs et pour exiger la libert\u00e9 syndicale. Des repr\u00e9sentants de [&hellip;]\" \/>\n<meta property=\"og:url\" content=\"https:\/\/admin.industriall-union.org\/fr\/archive\/imf\/la-fiom-exprime-sa-solidarite-avec-les-mineurs-mexicains-pour-le-premier-mai\/\" \/>\n<meta property=\"og:site_name\" content=\"industriall-union\" \/>\n<meta property=\"article:modified_time\" content=\"2025-01-31T09:15:36+00:00\" \/>\n<meta name=\"twitter:card\" content=\"summary_large_image\" \/>\n<meta name=\"twitter:label1\" content=\"Est. reading time\" \/>\n\t<meta name=\"twitter:data1\" content=\"1 minute\" \/>\n<script type=\"application\/ld+json\" class=\"yoast-schema-graph\">{\"@context\":\"https:\/\/schema.org\",\"@graph\":[{\"@type\":\"WebPage\",\"@id\":\"https:\/\/admin.industriall-union.org\/fr\/archive\/imf\/la-fiom-exprime-sa-solidarite-avec-les-mineurs-mexicains-pour-le-premier-mai\/\",\"url\":\"https:\/\/admin.industriall-union.org\/fr\/archive\/imf\/la-fiom-exprime-sa-solidarite-avec-les-mineurs-mexicains-pour-le-premier-mai\/\",\"name\":\"La FIOM exprime sa solidarit\u00e9 avec les mineurs mexicains pour le Premier Mai - industriall-union\",\"isPartOf\":{\"@id\":\"https:\/\/admin.industriall-union.org\/#website\"},\"datePublished\":\"2011-05-02T15:04:00+00:00\",\"dateModified\":\"2025-01-31T09:15:36+00:00\",\"breadcrumb\":{\"@id\":\"https:\/\/admin.industriall-union.org\/fr\/archive\/imf\/la-fiom-exprime-sa-solidarite-avec-les-mineurs-mexicains-pour-le-premier-mai\/#breadcrumb\"},\"inLanguage\":\"fr-FR\",\"potentialAction\":[{\"@type\":\"ReadAction\",\"target\":[\"https:\/\/admin.industriall-union.org\/fr\/archive\/imf\/la-fiom-exprime-sa-solidarite-avec-les-mineurs-mexicains-pour-le-premier-mai\/\"]}]},{\"@type\":\"BreadcrumbList\",\"@id\":\"https:\/\/admin.industriall-union.org\/fr\/archive\/imf\/la-fiom-exprime-sa-solidarite-avec-les-mineurs-mexicains-pour-le-premier-mai\/#breadcrumb\",\"itemListElement\":[{\"@type\":\"ListItem\",\"position\":1,\"name\":\"Home\",\"item\":\"https:\/\/admin.industriall-union.org\/\"},{\"@type\":\"ListItem\",\"position\":2,\"name\":\"Archive Imf\",\"item\":\"https:\/\/admin.industriall-union.org\/es\/archive\/imf\/\"},{\"@type\":\"ListItem\",\"position\":3,\"name\":\"La FIOM exprime sa solidarit\u00e9 avec les mineurs mexicains pour le Premier Mai\"}]},{\"@type\":\"WebSite\",\"@id\":\"https:\/\/admin.industriall-union.org\/#website\",\"url\":\"https:\/\/admin.industriall-union.org\/\",\"name\":\"industriall-union\",\"description\":\"\",\"potentialAction\":[{\"@type\":\"SearchAction\",\"target\":{\"@type\":\"EntryPoint\",\"urlTemplate\":\"https:\/\/admin.industriall-union.org\/?s={search_term_string}\"},\"query-input\":{\"@type\":\"PropertyValueSpecification\",\"valueRequired\":true,\"valueName\":\"search_term_string\"}}],\"inLanguage\":\"fr-FR\"}]}<\/script>\n<!-- \/ Yoast SEO Premium plugin. -->","yoast_head_json":{"title":"La FIOM exprime sa solidarit\u00e9 avec les mineurs mexicains pour le Premier Mai - industriall-union","robots":{"index":"index","follow":"follow","max-snippet":"max-snippet:-1","max-image-preview":"max-image-preview:large","max-video-preview":"max-video-preview:-1"},"canonical":"https:\/\/admin.industriall-union.org\/fr\/archive\/imf\/la-fiom-exprime-sa-solidarite-avec-les-mineurs-mexicains-pour-le-premier-mai\/","og_locale":"fr_FR","og_type":"article","og_title":"La FIOM exprime sa solidarit\u00e9 avec les mineurs mexicains pour le Premier Mai","og_description":"MEXIQUE:\u00a0 \u00c0 l&#8217;occasion de la premi\u00e8re Conf\u00e9rence r\u00e9gionale de la FIOM pour l&#8217;Am\u00e9rique latine et les Cara\u00efbes qui avait lieu a Mexique, une cinquantaine de syndicalistes de la r\u00e9gion ont rejoint le d\u00e9fil\u00e9 organis\u00e9 pour la F\u00eate du Travail pour exprimer leur solidarit\u00e9 avec les mineurs et pour exiger la libert\u00e9 syndicale. Des repr\u00e9sentants de [&hellip;]","og_url":"https:\/\/admin.industriall-union.org\/fr\/archive\/imf\/la-fiom-exprime-sa-solidarite-avec-les-mineurs-mexicains-pour-le-premier-mai\/","og_site_name":"industriall-union","article_modified_time":"2025-01-31T09:15:36+00:00","twitter_card":"summary_large_image","twitter_misc":{"Est. reading time":"1 minute"},"schema":{"@context":"https:\/\/schema.org","@graph":[{"@type":"WebPage","@id":"https:\/\/admin.industriall-union.org\/fr\/archive\/imf\/la-fiom-exprime-sa-solidarite-avec-les-mineurs-mexicains-pour-le-premier-mai\/","url":"https:\/\/admin.industriall-union.org\/fr\/archive\/imf\/la-fiom-exprime-sa-solidarite-avec-les-mineurs-mexicains-pour-le-premier-mai\/","name":"La FIOM exprime sa solidarit\u00e9 avec les mineurs mexicains pour le Premier Mai - industriall-union","isPartOf":{"@id":"https:\/\/admin.industriall-union.org\/#website"},"datePublished":"2011-05-02T15:04:00+00:00","dateModified":"2025-01-31T09:15:36+00:00","breadcrumb":{"@id":"https:\/\/admin.industriall-union.org\/fr\/archive\/imf\/la-fiom-exprime-sa-solidarite-avec-les-mineurs-mexicains-pour-le-premier-mai\/#breadcrumb"},"inLanguage":"fr-FR","potentialAction":[{"@type":"ReadAction","target":["https:\/\/admin.industriall-union.org\/fr\/archive\/imf\/la-fiom-exprime-sa-solidarite-avec-les-mineurs-mexicains-pour-le-premier-mai\/"]}]},{"@type":"BreadcrumbList","@id":"https:\/\/admin.industriall-union.org\/fr\/archive\/imf\/la-fiom-exprime-sa-solidarite-avec-les-mineurs-mexicains-pour-le-premier-mai\/#breadcrumb","itemListElement":[{"@type":"ListItem","position":1,"name":"Home","item":"https:\/\/admin.industriall-union.org\/"},{"@type":"ListItem","position":2,"name":"Archive Imf","item":"https:\/\/admin.industriall-union.org\/es\/archive\/imf\/"},{"@type":"ListItem","position":3,"name":"La FIOM exprime sa solidarit\u00e9 avec les mineurs mexicains pour le Premier Mai"}]},{"@type":"WebSite","@id":"https:\/\/admin.industriall-union.org\/#website","url":"https:\/\/admin.industriall-union.org\/","name":"industriall-union","description":"","potentialAction":[{"@type":"SearchAction","target":{"@type":"EntryPoint","urlTemplate":"https:\/\/admin.industriall-union.org\/?s={search_term_string}"},"query-input":{"@type":"PropertyValueSpecification","valueRequired":true,"valueName":"search_term_string"}}],"inLanguage":"fr-FR"}]}},"_links":{"self":[{"href":"https:\/\/admin.industriall-union.org\/fr\/wp-json\/wp\/v2\/archive_imf\/200428","targetHints":{"allow":["GET"]}}],"collection":[{"href":"https:\/\/admin.industriall-union.org\/fr\/wp-json\/wp\/v2\/archive_imf"}],"about":[{"href":"https:\/\/admin.industriall-union.org\/fr\/wp-json\/wp\/v2\/types\/archive_imf"}],"wp:attachment":[{"href":"https:\/\/admin.industriall-union.org\/fr\/wp-json\/wp\/v2\/media?parent=200428"}],"curies":[{"name":"wp","href":"https:\/\/api.w.org\/{rel}","templated":true}]}}

La FIOM exprime sa solidarité avec les mineurs mexicains pour le Premier Mai

<p>MEXIQUE:  À l&#8217;occasion de la première Conférence régionale de la FIOM pour l&#8217;Amérique latine et les Caraïbes qui avait lieu a Mexique, une cinquantaine de syndicalistes de la région ont rejoint le défilé organisé pour la Fête du Travail pour exprimer leur solidarité avec les mineurs et pour exiger la liberté syndicale. Des représentants de l&#8217;ICEM appartenant au bureau de Genève et des affiliés étaient également présents.</p><p>La délégation de la FIOM sous la conduite de son secrétaire général, Jyrki Raina, a marché aux côtés des mineurs mexicains du musée des Beaux Arts jusqu&#8217;à Zócalo, place de la Constitution, où s&#8217;est tenu un meeting de commémoration.</p><p>La FIOM a une fois de plus affirmé son soutien et sa solidarité avec les mineurs, et renouvelé ses demandes au gouvernement mexicain:</p><ul><li>Traduire en justice l&#8217;employeur responsable de l&#8217;explosion à la mine de Pasta de Conchos, ainsi que les fonctionnaires gouvernementaux impliqués dans la tragédie.</li><li>Faire cesser les infractions systématiques à la liberté syndicale, notamment les &quot;contrats de protection&quot; imposés par des employeurs et l&#8217;ingérence dans les élections syndicales.</li><li>Mettre fin à la répression et au harcèlement politique des syndicats mexicains par l&#8217;État et le secteur privé.</li></ul><br />

<!-- This site is optimized with the Yoast SEO Premium plugin v27.1 (Yoast SEO v27.1) - https://yoast.com/product/yoast-seo-premium-wordpress/ -->
<title>La FIOM exprime sa solidarité avec les mineurs mexicains pour le Premier Mai - industriall-union</title>
<meta name="robots" content="index, follow, max-snippet:-1, max-image-preview:large, max-video-preview:-1" />
<link rel="canonical" href="https://admin.industriall-union.org/fr/archive/imf/la-fiom-exprime-sa-solidarite-avec-les-mineurs-mexicains-pour-le-premier-mai/" />
<meta property="og:locale" content="fr_FR" />
<meta property="og:type" content="article" />
<meta property="og:title" content="La FIOM exprime sa solidarité avec les mineurs mexicains pour le Premier Mai" />
<meta property="og:description" content="MEXIQUE:  À l&#8217;occasion de la première Conférence régionale de la FIOM pour l&#8217;Amérique latine et les Caraïbes qui avait lieu a Mexique, une cinquantaine de syndicalistes de la région ont rejoint le défilé organisé pour la Fête du Travail pour exprimer leur solidarité avec les mineurs et pour exiger la liberté syndicale. Des représentants de [&hellip;]" />
<meta property="og:url" content="https://admin.industriall-union.org/fr/archive/imf/la-fiom-exprime-sa-solidarite-avec-les-mineurs-mexicains-pour-le-premier-mai/" />
<meta property="og:site_name" content="industriall-union" />
<meta property="article:modified_time" content="2025-01-31T09:15:36+00:00" />
<meta name="twitter:card" content="summary_large_image" />
<meta name="twitter:label1" content="Est. reading time" />
	<meta name="twitter:data1" content="1 minute" />
<script type="application/ld+json" class="yoast-schema-graph">{"@context":"https://schema.org","@graph":[{"@type":"WebPage","@id":"https://admin.industriall-union.org/fr/archive/imf/la-fiom-exprime-sa-solidarite-avec-les-mineurs-mexicains-pour-le-premier-mai/","url":"https://admin.industriall-union.org/fr/archive/imf/la-fiom-exprime-sa-solidarite-avec-les-mineurs-mexicains-pour-le-premier-mai/","name":"La FIOM exprime sa solidarité avec les mineurs mexicains pour le Premier Mai - industriall-union","isPartOf":{"@id":"https://admin.industriall-union.org/#website"},"datePublished":"2011-05-02T15:04:00+00:00","dateModified":"2025-01-31T09:15:36+00:00","breadcrumb":{"@id":"https://admin.industriall-union.org/fr/archive/imf/la-fiom-exprime-sa-solidarite-avec-les-mineurs-mexicains-pour-le-premier-mai/#breadcrumb"},"inLanguage":"fr-FR","potentialAction":[{"@type":"ReadAction","target":["https://admin.industriall-union.org/fr/archive/imf/la-fiom-exprime-sa-solidarite-avec-les-mineurs-mexicains-pour-le-premier-mai/"]}]},{"@type":"BreadcrumbList","@id":"https://admin.industriall-union.org/fr/archive/imf/la-fiom-exprime-sa-solidarite-avec-les-mineurs-mexicains-pour-le-premier-mai/#breadcrumb","itemListElement":[{"@type":"ListItem","position":1,"name":"Home","item":"https://admin.industriall-union.org/"},{"@type":"ListItem","position":2,"name":"Archive Imf","item":"https://admin.industriall-union.org/es/archive/imf/"},{"@type":"ListItem","position":3,"name":"La FIOM exprime sa solidarité avec les mineurs mexicains pour le Premier Mai"}]},{"@type":"WebSite","@id":"https://admin.industriall-union.org/#website","url":"https://admin.industriall-union.org/","name":"industriall-union","description":"","potentialAction":[{"@type":"SearchAction","target":{"@type":"EntryPoint","urlTemplate":"https://admin.industriall-union.org/?s={search_term_string}"},"query-input":{"@type":"PropertyValueSpecification","valueRequired":true,"valueName":"search_term_string"}}],"inLanguage":"fr-FR"}]}</script>
<!-- / Yoast SEO Premium plugin. -->

La FIOM exprime sa solidarité avec les mineurs mexicains pour le Premier Mai - industriall-union

MEXIQUE:  À l&#8217;occasion de la première Conférence régionale de la FIOM pour l&#8217;Amérique latine et les Caraïbes qui avait lieu a Mexique, une cinquantaine de syndicalistes de la région ont rejoint le défilé organisé pour la Fête du Travail pour exprimer leur solidarité avec les mineurs et pour exiger la liberté syndicale. Des représentants de [&hellip;]
