{"id":200368,"date":"2011-05-14T11:36:00","date_gmt":"2011-05-14T11:36:00","guid":{"rendered":"https:\/\/admin.industriall-union.org\/archive\/imf\/renforcement-des-syndicats-au-mexique\/"},"modified":"2025-01-31T09:15:17","modified_gmt":"2025-01-31T09:15:17","slug":"renforcement-des-syndicats-au-mexique","status":"publish","type":"archive_imf","link":"https:\/\/admin.industriall-union.org\/fr\/archive\/imf\/renforcement-des-syndicats-au-mexique\/","title":{"rendered":"Renforcement des syndicats au Mexique"},"content":{"rendered":"MEXIQUE: La F\u00e9d\u00e9ration internationale des organisations de travailleurs de la m\u00e9tallurgie (FIOM) avait convoqu\u00e9 une r\u00e9union strat\u00e9gique de planification du renforcement syndical \u00e0 Mexico, du 10 au 13 mai, qui a d\u00e9cid\u00e9 la mise en \u0153uvre d&#8217;un programme commun pour r\u00e9sister aux attaques incessantes du gouvernement et des entreprises contre les syndicats d\u00e9mocratiques au Mexique.<br \/><br \/>Sept syndicats ind\u00e9pendants et d\u00e9mocratiques au Mexique, notamment SNTMMSRM (Los Mineros), SME (Sindicato Mexicano de Electricistas), STIMACHS-FAT et SNTRM &#8211; tous deux affili\u00e9s \u00e0 l&#8217;UNT, UNTyPP (Uni\u00f3n Nacional de T\u00e9cnicos y Profesionistas Petroleros),\u00a0 SGTM (Sindicato General Tire Workers Mexico) et STUHM (Sindicato Unico de Honda Mexico),\u00a0 ont \u00e9t\u00e9 rejoints par plusieurs ONG favorables aux syndicats, par des repr\u00e9sentant(e)s de la FIOM, de l&#8217;UNI et de l&#8217;ICEM, et des syndicats affili\u00e9s de Finlande, de Su\u00e8de, des Pays-Bas, des \u00c9tats-Unis et du Canada, pour participer \u00e0 une r\u00e9union \u00e0 Mexico qui avait pour objet l&#8217;am\u00e9lioration de la coop\u00e9ration entre les syndicats mexicains et le mouvement syndical international.<br \/><br \/>Le premier jour, les participant(e)s ont examin\u00e9 et approuv\u00e9 un plan de renforcement du mouvement contre les attaques subies par les syndicats d\u00e9mocratiques. Plusieurs instruments comme l&#8217;Alliance trinationale de solidarit\u00e9, le <a href=\"..\/index.cfm?c=26495&amp;l=5\">Tribunal international de la libert\u00e9 syndicale<\/a>, la Campagne contre les contrats de protection, ainsi que les <a href=\"..\/index.cfm?c=26209&amp;l=5\">d\u00e9cisions r\u00e9centes de l&#8217;OIT sur les plaintes pr\u00e9sent\u00e9es \u00e0 l&#8217;OIT contre le gouvernement mexicain<\/a>, ont fait l&#8217;objet d&#8217;une analyse, apr\u00e8s quoi tous\/toutes les d\u00e9l\u00e9gu\u00e9(e)s ont convenu d&#8217;am\u00e9liorer la coordination et une action portant sur l&#8217;opposition au projet de loi sur la r\u00e9forme du travail et au projet de loi sur la s\u00e9curit\u00e9 nationale qui sont en discussion au Congr\u00e8s. Dans le cas o\u00f9 ces r\u00e9formes seraient approuv\u00e9es, l&#8217;emploi pr\u00e9caire deviendrait l\u00e9gitime, des contrats de protection se trouveraient renforc\u00e9s et la situation des syndicats d\u00e9mocratiques serait encore plus difficile.<br \/><br \/>Le deuxi\u00e8me et le troisi\u00e8me jours, les participant(e)s ont examin\u00e9 la fa\u00e7on de renforcer la capacit\u00e9 des syndicats par une &quot;professionnalisation&quot; et par des plans visant \u00e0 accro\u00eetre leurs effectifs. Un programme \u00e9ducatif novateur destin\u00e9 aux organisateurs, qui portera principalement sur la cr\u00e9ation de conditions permettant de discuter et d&#8217;appliquer une nouvelle structure pour le mouvement d\u00e9mocratique des syndicats (auto-r\u00e9forme), sera con\u00e7u en commun par les syndicats et appliqu\u00e9, comme nous l&#8217;esp\u00e9rons, d\u00e8s l&#8217;ann\u00e9e prochaine. Les FSI et les invit\u00e9s internationaux se sont engag\u00e9s \u00e0 rechercher un financement compl\u00e9mentaire pour ce programme. Les syndicats mexicains et les ONG favorables aux syndicats ont accept\u00e9 de partager leurs ressources \u00e9ducatives, financi\u00e8res, logistiques et m\u00e9diatiques pour donner vie \u00e0 ce programme. Les syndicats ont discut\u00e9 et pr\u00e9sent\u00e9 leurs plans de syndicalisation applicables \u00e0 un plus grand nombre de lieux de travail, ce qui est exigera le soutien de la FIOM, de l&#8217;ICEM et de l&#8217;UNI, ainsi que des syndicats europ\u00e9ens, canadiens et am\u00e9ricains. \u00c0 la fin de la r\u00e9union, plusieurs groupes de travail ont \u00e9t\u00e9 constitu\u00e9s pour d\u00e9finir le travail \u00e0 accomplir sur les diff\u00e9rentes questions qui ont \u00e9t\u00e9 examin\u00e9es, afin de rendre compte ensuite aux participant(e)s. <br \/><br \/>Fernando Lopes, secr\u00e9taire g\u00e9n\u00e9ral adjoint de la FIOM, a d\u00e9clar\u00e9 que le niveau \u00e9lev\u00e9 de participation \u00e0 cette r\u00e9union t\u00e9moigne de l&#8217;engagement du mouvement syndical international pour renforcer et d\u00e9velopper les syndicats d\u00e9mocratiques mexicains. Lopes a \u00e9galement d\u00e9clar\u00e9 que la FIOM et d&#8217;autres FSI continueront de soutenir les luttes des syndicats mexicains pour la libert\u00e9 syndicale, notamment Los Mineros et le SME.<br \/><br \/>  ","protected":false},"featured_media":0,"template":"","class_list":["post-200368","archive_imf","type-archive_imf","status-publish","hentry"],"acf":[],"yoast_head":"<!-- This site is optimized with the Yoast SEO Premium plugin v27.1 (Yoast SEO v27.1) - https:\/\/yoast.com\/product\/yoast-seo-premium-wordpress\/ -->\n<title>Renforcement des syndicats au Mexique - industriall-union<\/title>\n<meta name=\"robots\" content=\"index, follow, max-snippet:-1, max-image-preview:large, max-video-preview:-1\" \/>\n<link rel=\"canonical\" href=\"https:\/\/admin.industriall-union.org\/fr\/archive\/imf\/renforcement-des-syndicats-au-mexique\/\" \/>\n<meta property=\"og:locale\" content=\"fr_FR\" \/>\n<meta property=\"og:type\" content=\"article\" \/>\n<meta property=\"og:title\" content=\"Renforcement des syndicats au Mexique\" \/>\n<meta property=\"og:description\" content=\"MEXIQUE: La F\u00e9d\u00e9ration internationale des organisations de travailleurs de la m\u00e9tallurgie (FIOM) avait convoqu\u00e9 une r\u00e9union strat\u00e9gique de planification du renforcement syndical \u00e0 Mexico, du 10 au 13 mai, qui a d\u00e9cid\u00e9 la mise en \u0153uvre d&#8217;un programme commun pour r\u00e9sister aux attaques incessantes du gouvernement et des entreprises contre les syndicats d\u00e9mocratiques au Mexique. [&hellip;]\" \/>\n<meta property=\"og:url\" content=\"https:\/\/admin.industriall-union.org\/fr\/archive\/imf\/renforcement-des-syndicats-au-mexique\/\" \/>\n<meta property=\"og:site_name\" content=\"industriall-union\" \/>\n<meta property=\"article:modified_time\" content=\"2025-01-31T09:15:17+00:00\" \/>\n<meta name=\"twitter:card\" content=\"summary_large_image\" \/>\n<meta name=\"twitter:label1\" content=\"Est. reading time\" \/>\n\t<meta name=\"twitter:data1\" content=\"3 minutes\" \/>\n<script type=\"application\/ld+json\" class=\"yoast-schema-graph\">{\"@context\":\"https:\/\/schema.org\",\"@graph\":[{\"@type\":\"WebPage\",\"@id\":\"https:\/\/admin.industriall-union.org\/fr\/archive\/imf\/renforcement-des-syndicats-au-mexique\/\",\"url\":\"https:\/\/admin.industriall-union.org\/fr\/archive\/imf\/renforcement-des-syndicats-au-mexique\/\",\"name\":\"Renforcement des syndicats au Mexique - industriall-union\",\"isPartOf\":{\"@id\":\"https:\/\/admin.industriall-union.org\/#website\"},\"datePublished\":\"2011-05-14T11:36:00+00:00\",\"dateModified\":\"2025-01-31T09:15:17+00:00\",\"breadcrumb\":{\"@id\":\"https:\/\/admin.industriall-union.org\/fr\/archive\/imf\/renforcement-des-syndicats-au-mexique\/#breadcrumb\"},\"inLanguage\":\"fr-FR\",\"potentialAction\":[{\"@type\":\"ReadAction\",\"target\":[\"https:\/\/admin.industriall-union.org\/fr\/archive\/imf\/renforcement-des-syndicats-au-mexique\/\"]}]},{\"@type\":\"BreadcrumbList\",\"@id\":\"https:\/\/admin.industriall-union.org\/fr\/archive\/imf\/renforcement-des-syndicats-au-mexique\/#breadcrumb\",\"itemListElement\":[{\"@type\":\"ListItem\",\"position\":1,\"name\":\"Home\",\"item\":\"https:\/\/admin.industriall-union.org\/\"},{\"@type\":\"ListItem\",\"position\":2,\"name\":\"Archive Imf\",\"item\":\"https:\/\/admin.industriall-union.org\/es\/archive\/imf\/\"},{\"@type\":\"ListItem\",\"position\":3,\"name\":\"Renforcement des syndicats au Mexique\"}]},{\"@type\":\"WebSite\",\"@id\":\"https:\/\/admin.industriall-union.org\/#website\",\"url\":\"https:\/\/admin.industriall-union.org\/\",\"name\":\"industriall-union\",\"description\":\"\",\"potentialAction\":[{\"@type\":\"SearchAction\",\"target\":{\"@type\":\"EntryPoint\",\"urlTemplate\":\"https:\/\/admin.industriall-union.org\/?s={search_term_string}\"},\"query-input\":{\"@type\":\"PropertyValueSpecification\",\"valueRequired\":true,\"valueName\":\"search_term_string\"}}],\"inLanguage\":\"fr-FR\"}]}<\/script>\n<!-- \/ Yoast SEO Premium plugin. -->","yoast_head_json":{"title":"Renforcement des syndicats au Mexique - industriall-union","robots":{"index":"index","follow":"follow","max-snippet":"max-snippet:-1","max-image-preview":"max-image-preview:large","max-video-preview":"max-video-preview:-1"},"canonical":"https:\/\/admin.industriall-union.org\/fr\/archive\/imf\/renforcement-des-syndicats-au-mexique\/","og_locale":"fr_FR","og_type":"article","og_title":"Renforcement des syndicats au Mexique","og_description":"MEXIQUE: La F\u00e9d\u00e9ration internationale des organisations de travailleurs de la m\u00e9tallurgie (FIOM) avait convoqu\u00e9 une r\u00e9union strat\u00e9gique de planification du renforcement syndical \u00e0 Mexico, du 10 au 13 mai, qui a d\u00e9cid\u00e9 la mise en \u0153uvre d&#8217;un programme commun pour r\u00e9sister aux attaques incessantes du gouvernement et des entreprises contre les syndicats d\u00e9mocratiques au Mexique. [&hellip;]","og_url":"https:\/\/admin.industriall-union.org\/fr\/archive\/imf\/renforcement-des-syndicats-au-mexique\/","og_site_name":"industriall-union","article_modified_time":"2025-01-31T09:15:17+00:00","twitter_card":"summary_large_image","twitter_misc":{"Est. reading time":"3 minutes"},"schema":{"@context":"https:\/\/schema.org","@graph":[{"@type":"WebPage","@id":"https:\/\/admin.industriall-union.org\/fr\/archive\/imf\/renforcement-des-syndicats-au-mexique\/","url":"https:\/\/admin.industriall-union.org\/fr\/archive\/imf\/renforcement-des-syndicats-au-mexique\/","name":"Renforcement des syndicats au Mexique - industriall-union","isPartOf":{"@id":"https:\/\/admin.industriall-union.org\/#website"},"datePublished":"2011-05-14T11:36:00+00:00","dateModified":"2025-01-31T09:15:17+00:00","breadcrumb":{"@id":"https:\/\/admin.industriall-union.org\/fr\/archive\/imf\/renforcement-des-syndicats-au-mexique\/#breadcrumb"},"inLanguage":"fr-FR","potentialAction":[{"@type":"ReadAction","target":["https:\/\/admin.industriall-union.org\/fr\/archive\/imf\/renforcement-des-syndicats-au-mexique\/"]}]},{"@type":"BreadcrumbList","@id":"https:\/\/admin.industriall-union.org\/fr\/archive\/imf\/renforcement-des-syndicats-au-mexique\/#breadcrumb","itemListElement":[{"@type":"ListItem","position":1,"name":"Home","item":"https:\/\/admin.industriall-union.org\/"},{"@type":"ListItem","position":2,"name":"Archive Imf","item":"https:\/\/admin.industriall-union.org\/es\/archive\/imf\/"},{"@type":"ListItem","position":3,"name":"Renforcement des syndicats au Mexique"}]},{"@type":"WebSite","@id":"https:\/\/admin.industriall-union.org\/#website","url":"https:\/\/admin.industriall-union.org\/","name":"industriall-union","description":"","potentialAction":[{"@type":"SearchAction","target":{"@type":"EntryPoint","urlTemplate":"https:\/\/admin.industriall-union.org\/?s={search_term_string}"},"query-input":{"@type":"PropertyValueSpecification","valueRequired":true,"valueName":"search_term_string"}}],"inLanguage":"fr-FR"}]}},"_links":{"self":[{"href":"https:\/\/admin.industriall-union.org\/fr\/wp-json\/wp\/v2\/archive_imf\/200368","targetHints":{"allow":["GET"]}}],"collection":[{"href":"https:\/\/admin.industriall-union.org\/fr\/wp-json\/wp\/v2\/archive_imf"}],"about":[{"href":"https:\/\/admin.industriall-union.org\/fr\/wp-json\/wp\/v2\/types\/archive_imf"}],"wp:attachment":[{"href":"https:\/\/admin.industriall-union.org\/fr\/wp-json\/wp\/v2\/media?parent=200368"}],"curies":[{"name":"wp","href":"https:\/\/api.w.org\/{rel}","templated":true}]}}

MEXIQUE: La Fédération internationale des organisations de travailleurs de la métallurgie (FIOM) avait convoqué une réunion stratégique de planification du renforcement syndical à Mexico, du 10 au 13 mai, qui a décidé la mise en œuvre d&#8217;un programme commun pour résister aux attaques incessantes du gouvernement et des entreprises contre les syndicats démocratiques au Mexique.<br /><br />Sept syndicats indépendants et démocratiques au Mexique, notamment SNTMMSRM (Los Mineros), SME (Sindicato Mexicano de Electricistas), STIMACHS-FAT et SNTRM &#8211; tous deux affiliés à l&#8217;UNT, UNTyPP (Unión Nacional de Técnicos y Profesionistas Petroleros),  SGTM (Sindicato General Tire Workers Mexico) et STUHM (Sindicato Unico de Honda Mexico),  ont été rejoints par plusieurs ONG favorables aux syndicats, par des représentant(e)s de la FIOM, de l&#8217;UNI et de l&#8217;ICEM, et des syndicats affiliés de Finlande, de Suède, des Pays-Bas, des États-Unis et du Canada, pour participer à une réunion à Mexico qui avait pour objet l&#8217;amélioration de la coopération entre les syndicats mexicains et le mouvement syndical international.<br /><br />Le premier jour, les participant(e)s ont examiné et approuvé un plan de renforcement du mouvement contre les attaques subies par les syndicats démocratiques. Plusieurs instruments comme l&#8217;Alliance trinationale de solidarité, le <a href="../index.cfm?c=26495&amp;l=5">Tribunal international de la liberté syndicale</a>, la Campagne contre les contrats de protection, ainsi que les <a href="../index.cfm?c=26209&amp;l=5">décisions récentes de l&#8217;OIT sur les plaintes présentées à l&#8217;OIT contre le gouvernement mexicain</a>, ont fait l&#8217;objet d&#8217;une analyse, après quoi tous/toutes les délégué(e)s ont convenu d&#8217;améliorer la coordination et une action portant sur l&#8217;opposition au projet de loi sur la réforme du travail et au projet de loi sur la sécurité nationale qui sont en discussion au Congrès. Dans le cas où ces réformes seraient approuvées, l&#8217;emploi précaire deviendrait légitime, des contrats de protection se trouveraient renforcés et la situation des syndicats démocratiques serait encore plus difficile.<br /><br />Le deuxième et le troisième jours, les participant(e)s ont examiné la façon de renforcer la capacité des syndicats par une &quot;professionnalisation&quot; et par des plans visant à accroître leurs effectifs. Un programme éducatif novateur destiné aux organisateurs, qui portera principalement sur la création de conditions permettant de discuter et d&#8217;appliquer une nouvelle structure pour le mouvement démocratique des syndicats (auto-réforme), sera conçu en commun par les syndicats et appliqué, comme nous l&#8217;espérons, dès l&#8217;année prochaine. Les FSI et les invités internationaux se sont engagés à rechercher un financement complémentaire pour ce programme. Les syndicats mexicains et les ONG favorables aux syndicats ont accepté de partager leurs ressources éducatives, financières, logistiques et médiatiques pour donner vie à ce programme. Les syndicats ont discuté et présenté leurs plans de syndicalisation applicables à un plus grand nombre de lieux de travail, ce qui est exigera le soutien de la FIOM, de l&#8217;ICEM et de l&#8217;UNI, ainsi que des syndicats européens, canadiens et américains. À la fin de la réunion, plusieurs groupes de travail ont été constitués pour définir le travail à accomplir sur les différentes questions qui ont été examinées, afin de rendre compte ensuite aux participant(e)s. <br /><br />Fernando Lopes, secrétaire général adjoint de la FIOM, a déclaré que le niveau élevé de participation à cette réunion témoigne de l&#8217;engagement du mouvement syndical international pour renforcer et développer les syndicats démocratiques mexicains. Lopes a également déclaré que la FIOM et d&#8217;autres FSI continueront de soutenir les luttes des syndicats mexicains pour la liberté syndicale, notamment Los Mineros et le SME.<br /><br />

<!-- This site is optimized with the Yoast SEO Premium plugin v27.1 (Yoast SEO v27.1) - https://yoast.com/product/yoast-seo-premium-wordpress/ -->
<title>Renforcement des syndicats au Mexique - industriall-union</title>
<meta name="robots" content="index, follow, max-snippet:-1, max-image-preview:large, max-video-preview:-1" />
<link rel="canonical" href="https://admin.industriall-union.org/fr/archive/imf/renforcement-des-syndicats-au-mexique/" />
<meta property="og:locale" content="fr_FR" />
<meta property="og:type" content="article" />
<meta property="og:title" content="Renforcement des syndicats au Mexique" />
<meta property="og:description" content="MEXIQUE: La Fédération internationale des organisations de travailleurs de la métallurgie (FIOM) avait convoqué une réunion stratégique de planification du renforcement syndical à Mexico, du 10 au 13 mai, qui a décidé la mise en œuvre d&#8217;un programme commun pour résister aux attaques incessantes du gouvernement et des entreprises contre les syndicats démocratiques au Mexique. [&hellip;]" />
<meta property="og:url" content="https://admin.industriall-union.org/fr/archive/imf/renforcement-des-syndicats-au-mexique/" />
<meta property="og:site_name" content="industriall-union" />
<meta property="article:modified_time" content="2025-01-31T09:15:17+00:00" />
<meta name="twitter:card" content="summary_large_image" />
<meta name="twitter:label1" content="Est. reading time" />
	<meta name="twitter:data1" content="3 minutes" />
<script type="application/ld+json" class="yoast-schema-graph">{"@context":"https://schema.org","@graph":[{"@type":"WebPage","@id":"https://admin.industriall-union.org/fr/archive/imf/renforcement-des-syndicats-au-mexique/","url":"https://admin.industriall-union.org/fr/archive/imf/renforcement-des-syndicats-au-mexique/","name":"Renforcement des syndicats au Mexique - industriall-union","isPartOf":{"@id":"https://admin.industriall-union.org/#website"},"datePublished":"2011-05-14T11:36:00+00:00","dateModified":"2025-01-31T09:15:17+00:00","breadcrumb":{"@id":"https://admin.industriall-union.org/fr/archive/imf/renforcement-des-syndicats-au-mexique/#breadcrumb"},"inLanguage":"fr-FR","potentialAction":[{"@type":"ReadAction","target":["https://admin.industriall-union.org/fr/archive/imf/renforcement-des-syndicats-au-mexique/"]}]},{"@type":"BreadcrumbList","@id":"https://admin.industriall-union.org/fr/archive/imf/renforcement-des-syndicats-au-mexique/#breadcrumb","itemListElement":[{"@type":"ListItem","position":1,"name":"Home","item":"https://admin.industriall-union.org/"},{"@type":"ListItem","position":2,"name":"Archive Imf","item":"https://admin.industriall-union.org/es/archive/imf/"},{"@type":"ListItem","position":3,"name":"Renforcement des syndicats au Mexique"}]},{"@type":"WebSite","@id":"https://admin.industriall-union.org/#website","url":"https://admin.industriall-union.org/","name":"industriall-union","description":"","potentialAction":[{"@type":"SearchAction","target":{"@type":"EntryPoint","urlTemplate":"https://admin.industriall-union.org/?s={search_term_string}"},"query-input":{"@type":"PropertyValueSpecification","valueRequired":true,"valueName":"search_term_string"}}],"inLanguage":"fr-FR"}]}</script>
<!-- / Yoast SEO Premium plugin. -->

MEXIQUE: La Fédération internationale des organisations de travailleurs de la métallurgie (FIOM) avait convoqué une réunion stratégique de planification du renforcement syndical à Mexico, du 10 au 13 mai, qui a décidé la mise en œuvre d&#8217;un programme commun pour résister aux attaques incessantes du gouvernement et des entreprises contre les syndicats démocratiques au Mexique. [&hellip;]
