{"id":200158,"date":"2011-07-06T16:04:00","date_gmt":"2011-07-06T16:04:00","guid":{"rendered":"https:\/\/admin.industriall-union.org\/archive\/imf\/greve-dans-le-secteur-de-la-metallurgie-en-afrique-du-sud\/"},"modified":"2025-01-31T09:08:03","modified_gmt":"2025-01-31T09:08:03","slug":"greve-dans-le-secteur-de-la-metallurgie-en-afrique-du-sud","status":"publish","type":"archive_imf","link":"https:\/\/admin.industriall-union.org\/fr\/archive\/imf\/greve-dans-le-secteur-de-la-metallurgie-en-afrique-du-sud\/","title":{"rendered":"Gr\u00e8ve dans le secteur de la m\u00e9tallurgie en Afrique du Sud"},"content":{"rendered":"AFRIQUE DU SUD: Les n\u00e9gociations salariales entre le syndicat national des m\u00e9tallurgistes d&#8217;Afrique du Sud (Numsa) et la f\u00e9d\u00e9ration des industries de l&#8217;acier et de l&#8217;ing\u00e9nierie d&#8217;Afrique du Sud (SEIFSA) ont \u00e9chou\u00e9 quand les employeurs ont refus\u00e9 d&#8217;am\u00e9liorer leur offre de hausse salariale de 7 pour cent et d&#8217;envisager une interdiction de recourir \u00e0 des interm\u00e9diaires pour l&#8217;embauche de personnel dans les entreprises o\u00f9 Numsa poss\u00e8de des membres. <br \/><br \/>La centrale syndicale sud-africaine Cosatu &#8211; Congress of South African Trade Unions &#8211;\u00a0 soutient la principale revendication de Numsa portant sur l&#8217;interdiction de recourir \u00e0 des interm\u00e9diaires pour l&#8217;embauche de personnel. La centrale nationale estime que plus d&#8217;un tiers de la main-d&#8217;\u0153uvre en Afrique du Sud est employ\u00e9 sous contrat \u00e0 dur\u00e9e d\u00e9termin\u00e9e, et qu&#8217;un grand nombre de ces travailleurs et travailleuses obtient un emploi par des agences de recrutement et des interm\u00e9diaires.<br \/><br \/>La gr\u00e8ve a \u00e9t\u00e9 d\u00e9clench\u00e9e par Numsa lundi 4 juillet apr\u00e8s le rejet par le tribunal du travail d&#8217;une demande d&#8217;interdiction de la gr\u00e8ve pr\u00e9sent\u00e9e par l&#8217;organe patronal Plastic Converters&#8217; Association.<br \/><br \/>La SEIFSA a r\u00e9agi \u00e0 la gr\u00e8ve par un pr\u00e9avis de lock-out dans plusieurs entreprises. Le secr\u00e9taire g\u00e9n\u00e9ral de Numsa, Irvin Jim, a d\u00e9clar\u00e9 que sept pour cent ne constitue pas une v\u00e9ritable hausse salariale. Numsa revendique une augmentation g\u00e9n\u00e9rale de 13 pour cent des salaires de toute la main-d&#8217;\u0153uvre \u00e0 partir du 1er juillet pour deux ans, et de meilleures conditions g\u00e9n\u00e9rales de travail.<br \/><br \/>Le secr\u00e9taire g\u00e9n\u00e9ral de la FIOM, Jyrki Raina, a pris la parole lundi devant les gr\u00e9vistes en assurant que leurs revendications \u00e9taient raisonnables et n\u00e9cessaires. &quot;Les m\u00e9tallurgistes sud-africains ont fait des sacrifices pendant la crise mondiale. Il est temps maintenant d&#8217;obtenir quelque chose en retour. La FIOM soutient sans restrictions les revendications formul\u00e9es par Numsa pour un salaire minimum et un travail d\u00e9cent \u00e0 la place de conditions d&#8217;emploi pr\u00e9caires&quot;.<br \/><br \/>NUMSA exige \u00e9galement un accord salarial de deux ans, au lieu de l&#8217;accord de trois ans pr\u00e9sent\u00e9 par les employeurs, un test m\u00e9dical d&#8217;une journ\u00e9e pour tous les travailleurs et travailleuses, cinq jours de cong\u00e9 familial et une indemnit\u00e9 de 20 pour cent pour le travail de nuit. <br \/><br \/>Le secr\u00e9taire g\u00e9n\u00e9ral du Cosatu, Zwelinzima Vavi, a d\u00e9clar\u00e9: &quot;Si vous croyez que cette gr\u00e8ve durera seulement trois ou quatre jours, vous faites une tr\u00e8s, tr\u00e8s grande erreur. L&#8217;employeur a les moyens de payer 13 pour cent&quot;.<br \/><br \/>Les employeurs veulent continuer d&#8217;avoir le droit d&#8217;externaliser le travail en ayant recours \u00e0 des interm\u00e9diaires pour l&#8217;embauche de main-d&#8217;\u0153uvre, avec de nouveaux salaires extr\u00eamement bas, une semaine de travail de 45 heures au lieu de 40 heures, et des exceptions \u00e0 la r\u00e9glementation pour les entreprises employant moins de 50 salari\u00e9s.\u00a0  ","protected":false},"featured_media":0,"template":"","class_list":["post-200158","archive_imf","type-archive_imf","status-publish","hentry"],"acf":[],"yoast_head":"<!-- This site is optimized with the Yoast SEO Premium plugin v27.1 (Yoast SEO v27.1) - https:\/\/yoast.com\/product\/yoast-seo-premium-wordpress\/ -->\n<title>Gr\u00e8ve dans le secteur de la m\u00e9tallurgie en Afrique du Sud - industriall-union<\/title>\n<meta name=\"robots\" content=\"index, follow, max-snippet:-1, max-image-preview:large, max-video-preview:-1\" \/>\n<link rel=\"canonical\" href=\"https:\/\/admin.industriall-union.org\/fr\/archive\/imf\/greve-dans-le-secteur-de-la-metallurgie-en-afrique-du-sud\/\" \/>\n<meta property=\"og:locale\" content=\"fr_FR\" \/>\n<meta property=\"og:type\" content=\"article\" \/>\n<meta property=\"og:title\" content=\"Gr\u00e8ve dans le secteur de la m\u00e9tallurgie en Afrique du Sud\" \/>\n<meta property=\"og:description\" content=\"AFRIQUE DU SUD: Les n\u00e9gociations salariales entre le syndicat national des m\u00e9tallurgistes d&#8217;Afrique du Sud (Numsa) et la f\u00e9d\u00e9ration des industries de l&#8217;acier et de l&#8217;ing\u00e9nierie d&#8217;Afrique du Sud (SEIFSA) ont \u00e9chou\u00e9 quand les employeurs ont refus\u00e9 d&#8217;am\u00e9liorer leur offre de hausse salariale de 7 pour cent et d&#8217;envisager une interdiction de recourir \u00e0 des [&hellip;]\" \/>\n<meta property=\"og:url\" content=\"https:\/\/admin.industriall-union.org\/fr\/archive\/imf\/greve-dans-le-secteur-de-la-metallurgie-en-afrique-du-sud\/\" \/>\n<meta property=\"og:site_name\" content=\"industriall-union\" \/>\n<meta property=\"article:modified_time\" content=\"2025-01-31T09:08:03+00:00\" \/>\n<meta name=\"twitter:card\" content=\"summary_large_image\" \/>\n<meta name=\"twitter:label1\" content=\"Est. reading time\" \/>\n\t<meta name=\"twitter:data1\" content=\"2 minutes\" \/>\n<script type=\"application\/ld+json\" class=\"yoast-schema-graph\">{\"@context\":\"https:\/\/schema.org\",\"@graph\":[{\"@type\":\"WebPage\",\"@id\":\"https:\/\/admin.industriall-union.org\/fr\/archive\/imf\/greve-dans-le-secteur-de-la-metallurgie-en-afrique-du-sud\/\",\"url\":\"https:\/\/admin.industriall-union.org\/fr\/archive\/imf\/greve-dans-le-secteur-de-la-metallurgie-en-afrique-du-sud\/\",\"name\":\"Gr\u00e8ve dans le secteur de la m\u00e9tallurgie en Afrique du Sud - industriall-union\",\"isPartOf\":{\"@id\":\"https:\/\/admin.industriall-union.org\/#website\"},\"datePublished\":\"2011-07-06T16:04:00+00:00\",\"dateModified\":\"2025-01-31T09:08:03+00:00\",\"breadcrumb\":{\"@id\":\"https:\/\/admin.industriall-union.org\/fr\/archive\/imf\/greve-dans-le-secteur-de-la-metallurgie-en-afrique-du-sud\/#breadcrumb\"},\"inLanguage\":\"fr-FR\",\"potentialAction\":[{\"@type\":\"ReadAction\",\"target\":[\"https:\/\/admin.industriall-union.org\/fr\/archive\/imf\/greve-dans-le-secteur-de-la-metallurgie-en-afrique-du-sud\/\"]}]},{\"@type\":\"BreadcrumbList\",\"@id\":\"https:\/\/admin.industriall-union.org\/fr\/archive\/imf\/greve-dans-le-secteur-de-la-metallurgie-en-afrique-du-sud\/#breadcrumb\",\"itemListElement\":[{\"@type\":\"ListItem\",\"position\":1,\"name\":\"Home\",\"item\":\"https:\/\/admin.industriall-union.org\/\"},{\"@type\":\"ListItem\",\"position\":2,\"name\":\"Archive Imf\",\"item\":\"https:\/\/admin.industriall-union.org\/archive\/imf\/\"},{\"@type\":\"ListItem\",\"position\":3,\"name\":\"Gr\u00e8ve dans le secteur de la m\u00e9tallurgie en Afrique du Sud\"}]},{\"@type\":\"WebSite\",\"@id\":\"https:\/\/admin.industriall-union.org\/#website\",\"url\":\"https:\/\/admin.industriall-union.org\/\",\"name\":\"industriall-union\",\"description\":\"\",\"potentialAction\":[{\"@type\":\"SearchAction\",\"target\":{\"@type\":\"EntryPoint\",\"urlTemplate\":\"https:\/\/admin.industriall-union.org\/?s={search_term_string}\"},\"query-input\":{\"@type\":\"PropertyValueSpecification\",\"valueRequired\":true,\"valueName\":\"search_term_string\"}}],\"inLanguage\":\"fr-FR\"}]}<\/script>\n<!-- \/ Yoast SEO Premium plugin. -->","yoast_head_json":{"title":"Gr\u00e8ve dans le secteur de la m\u00e9tallurgie en Afrique du Sud - industriall-union","robots":{"index":"index","follow":"follow","max-snippet":"max-snippet:-1","max-image-preview":"max-image-preview:large","max-video-preview":"max-video-preview:-1"},"canonical":"https:\/\/admin.industriall-union.org\/fr\/archive\/imf\/greve-dans-le-secteur-de-la-metallurgie-en-afrique-du-sud\/","og_locale":"fr_FR","og_type":"article","og_title":"Gr\u00e8ve dans le secteur de la m\u00e9tallurgie en Afrique du Sud","og_description":"AFRIQUE DU SUD: Les n\u00e9gociations salariales entre le syndicat national des m\u00e9tallurgistes d&#8217;Afrique du Sud (Numsa) et la f\u00e9d\u00e9ration des industries de l&#8217;acier et de l&#8217;ing\u00e9nierie d&#8217;Afrique du Sud (SEIFSA) ont \u00e9chou\u00e9 quand les employeurs ont refus\u00e9 d&#8217;am\u00e9liorer leur offre de hausse salariale de 7 pour cent et d&#8217;envisager une interdiction de recourir \u00e0 des [&hellip;]","og_url":"https:\/\/admin.industriall-union.org\/fr\/archive\/imf\/greve-dans-le-secteur-de-la-metallurgie-en-afrique-du-sud\/","og_site_name":"industriall-union","article_modified_time":"2025-01-31T09:08:03+00:00","twitter_card":"summary_large_image","twitter_misc":{"Est. reading time":"2 minutes"},"schema":{"@context":"https:\/\/schema.org","@graph":[{"@type":"WebPage","@id":"https:\/\/admin.industriall-union.org\/fr\/archive\/imf\/greve-dans-le-secteur-de-la-metallurgie-en-afrique-du-sud\/","url":"https:\/\/admin.industriall-union.org\/fr\/archive\/imf\/greve-dans-le-secteur-de-la-metallurgie-en-afrique-du-sud\/","name":"Gr\u00e8ve dans le secteur de la m\u00e9tallurgie en Afrique du Sud - industriall-union","isPartOf":{"@id":"https:\/\/admin.industriall-union.org\/#website"},"datePublished":"2011-07-06T16:04:00+00:00","dateModified":"2025-01-31T09:08:03+00:00","breadcrumb":{"@id":"https:\/\/admin.industriall-union.org\/fr\/archive\/imf\/greve-dans-le-secteur-de-la-metallurgie-en-afrique-du-sud\/#breadcrumb"},"inLanguage":"fr-FR","potentialAction":[{"@type":"ReadAction","target":["https:\/\/admin.industriall-union.org\/fr\/archive\/imf\/greve-dans-le-secteur-de-la-metallurgie-en-afrique-du-sud\/"]}]},{"@type":"BreadcrumbList","@id":"https:\/\/admin.industriall-union.org\/fr\/archive\/imf\/greve-dans-le-secteur-de-la-metallurgie-en-afrique-du-sud\/#breadcrumb","itemListElement":[{"@type":"ListItem","position":1,"name":"Home","item":"https:\/\/admin.industriall-union.org\/"},{"@type":"ListItem","position":2,"name":"Archive Imf","item":"https:\/\/admin.industriall-union.org\/archive\/imf\/"},{"@type":"ListItem","position":3,"name":"Gr\u00e8ve dans le secteur de la m\u00e9tallurgie en Afrique du Sud"}]},{"@type":"WebSite","@id":"https:\/\/admin.industriall-union.org\/#website","url":"https:\/\/admin.industriall-union.org\/","name":"industriall-union","description":"","potentialAction":[{"@type":"SearchAction","target":{"@type":"EntryPoint","urlTemplate":"https:\/\/admin.industriall-union.org\/?s={search_term_string}"},"query-input":{"@type":"PropertyValueSpecification","valueRequired":true,"valueName":"search_term_string"}}],"inLanguage":"fr-FR"}]}},"_links":{"self":[{"href":"https:\/\/admin.industriall-union.org\/fr\/wp-json\/wp\/v2\/archive_imf\/200158","targetHints":{"allow":["GET"]}}],"collection":[{"href":"https:\/\/admin.industriall-union.org\/fr\/wp-json\/wp\/v2\/archive_imf"}],"about":[{"href":"https:\/\/admin.industriall-union.org\/fr\/wp-json\/wp\/v2\/types\/archive_imf"}],"wp:attachment":[{"href":"https:\/\/admin.industriall-union.org\/fr\/wp-json\/wp\/v2\/media?parent=200158"}],"curies":[{"name":"wp","href":"https:\/\/api.w.org\/{rel}","templated":true}]}}

Grève dans le secteur de la métallurgie en Afrique du Sud

AFRIQUE DU SUD: Les négociations salariales entre le syndicat national des métallurgistes d&#8217;Afrique du Sud (Numsa) et la fédération des industries de l&#8217;acier et de l&#8217;ingénierie d&#8217;Afrique du Sud (SEIFSA) ont échoué quand les employeurs ont refusé d&#8217;améliorer leur offre de hausse salariale de 7 pour cent et d&#8217;envisager une interdiction de recourir à des intermédiaires pour l&#8217;embauche de personnel dans les entreprises où Numsa possède des membres. <br /><br />La centrale syndicale sud-africaine Cosatu &#8211; Congress of South African Trade Unions &#8211;  soutient la principale revendication de Numsa portant sur l&#8217;interdiction de recourir à des intermédiaires pour l&#8217;embauche de personnel. La centrale nationale estime que plus d&#8217;un tiers de la main-d&#8217;œuvre en Afrique du Sud est employé sous contrat à durée déterminée, et qu&#8217;un grand nombre de ces travailleurs et travailleuses obtient un emploi par des agences de recrutement et des intermédiaires.<br /><br />La grève a été déclenchée par Numsa lundi 4 juillet après le rejet par le tribunal du travail d&#8217;une demande d&#8217;interdiction de la grève présentée par l&#8217;organe patronal Plastic Converters&#8217; Association.<br /><br />La SEIFSA a réagi à la grève par un préavis de lock-out dans plusieurs entreprises. Le secrétaire général de Numsa, Irvin Jim, a déclaré que sept pour cent ne constitue pas une véritable hausse salariale. Numsa revendique une augmentation générale de 13 pour cent des salaires de toute la main-d&#8217;œuvre à partir du 1er juillet pour deux ans, et de meilleures conditions générales de travail.<br /><br />Le secrétaire général de la FIOM, Jyrki Raina, a pris la parole lundi devant les grévistes en assurant que leurs revendications étaient raisonnables et nécessaires. &quot;Les métallurgistes sud-africains ont fait des sacrifices pendant la crise mondiale. Il est temps maintenant d&#8217;obtenir quelque chose en retour. La FIOM soutient sans restrictions les revendications formulées par Numsa pour un salaire minimum et un travail décent à la place de conditions d&#8217;emploi précaires&quot;.<br /><br />NUMSA exige également un accord salarial de deux ans, au lieu de l&#8217;accord de trois ans présenté par les employeurs, un test médical d&#8217;une journée pour tous les travailleurs et travailleuses, cinq jours de congé familial et une indemnité de 20 pour cent pour le travail de nuit. <br /><br />Le secrétaire général du Cosatu, Zwelinzima Vavi, a déclaré: &quot;Si vous croyez que cette grève durera seulement trois ou quatre jours, vous faites une très, très grande erreur. L&#8217;employeur a les moyens de payer 13 pour cent&quot;.<br /><br />Les employeurs veulent continuer d&#8217;avoir le droit d&#8217;externaliser le travail en ayant recours à des intermédiaires pour l&#8217;embauche de main-d&#8217;œuvre, avec de nouveaux salaires extrêmement bas, une semaine de travail de 45 heures au lieu de 40 heures, et des exceptions à la réglementation pour les entreprises employant moins de 50 salariés.

<!-- This site is optimized with the Yoast SEO Premium plugin v27.1 (Yoast SEO v27.1) - https://yoast.com/product/yoast-seo-premium-wordpress/ -->
<title>Grève dans le secteur de la métallurgie en Afrique du Sud - industriall-union</title>
<meta name="robots" content="index, follow, max-snippet:-1, max-image-preview:large, max-video-preview:-1" />
<link rel="canonical" href="https://admin.industriall-union.org/fr/archive/imf/greve-dans-le-secteur-de-la-metallurgie-en-afrique-du-sud/" />
<meta property="og:locale" content="fr_FR" />
<meta property="og:type" content="article" />
<meta property="og:title" content="Grève dans le secteur de la métallurgie en Afrique du Sud" />
<meta property="og:description" content="AFRIQUE DU SUD: Les négociations salariales entre le syndicat national des métallurgistes d&#8217;Afrique du Sud (Numsa) et la fédération des industries de l&#8217;acier et de l&#8217;ingénierie d&#8217;Afrique du Sud (SEIFSA) ont échoué quand les employeurs ont refusé d&#8217;améliorer leur offre de hausse salariale de 7 pour cent et d&#8217;envisager une interdiction de recourir à des [&hellip;]" />
<meta property="og:url" content="https://admin.industriall-union.org/fr/archive/imf/greve-dans-le-secteur-de-la-metallurgie-en-afrique-du-sud/" />
<meta property="og:site_name" content="industriall-union" />
<meta property="article:modified_time" content="2025-01-31T09:08:03+00:00" />
<meta name="twitter:card" content="summary_large_image" />
<meta name="twitter:label1" content="Est. reading time" />
	<meta name="twitter:data1" content="2 minutes" />
<script type="application/ld+json" class="yoast-schema-graph">{"@context":"https://schema.org","@graph":[{"@type":"WebPage","@id":"https://admin.industriall-union.org/fr/archive/imf/greve-dans-le-secteur-de-la-metallurgie-en-afrique-du-sud/","url":"https://admin.industriall-union.org/fr/archive/imf/greve-dans-le-secteur-de-la-metallurgie-en-afrique-du-sud/","name":"Grève dans le secteur de la métallurgie en Afrique du Sud - industriall-union","isPartOf":{"@id":"https://admin.industriall-union.org/#website"},"datePublished":"2011-07-06T16:04:00+00:00","dateModified":"2025-01-31T09:08:03+00:00","breadcrumb":{"@id":"https://admin.industriall-union.org/fr/archive/imf/greve-dans-le-secteur-de-la-metallurgie-en-afrique-du-sud/#breadcrumb"},"inLanguage":"fr-FR","potentialAction":[{"@type":"ReadAction","target":["https://admin.industriall-union.org/fr/archive/imf/greve-dans-le-secteur-de-la-metallurgie-en-afrique-du-sud/"]}]},{"@type":"BreadcrumbList","@id":"https://admin.industriall-union.org/fr/archive/imf/greve-dans-le-secteur-de-la-metallurgie-en-afrique-du-sud/#breadcrumb","itemListElement":[{"@type":"ListItem","position":1,"name":"Home","item":"https://admin.industriall-union.org/"},{"@type":"ListItem","position":2,"name":"Archive Imf","item":"https://admin.industriall-union.org/archive/imf/"},{"@type":"ListItem","position":3,"name":"Grève dans le secteur de la métallurgie en Afrique du Sud"}]},{"@type":"WebSite","@id":"https://admin.industriall-union.org/#website","url":"https://admin.industriall-union.org/","name":"industriall-union","description":"","potentialAction":[{"@type":"SearchAction","target":{"@type":"EntryPoint","urlTemplate":"https://admin.industriall-union.org/?s={search_term_string}"},"query-input":{"@type":"PropertyValueSpecification","valueRequired":true,"valueName":"search_term_string"}}],"inLanguage":"fr-FR"}]}</script>
<!-- / Yoast SEO Premium plugin. -->

Grève dans le secteur de la métallurgie en Afrique du Sud - industriall-union

AFRIQUE DU SUD: Les négociations salariales entre le syndicat national des métallurgistes d&#8217;Afrique du Sud (Numsa) et la fédération des industries de l&#8217;acier et de l&#8217;ingénierie d&#8217;Afrique du Sud (SEIFSA) ont échoué quand les employeurs ont refusé d&#8217;améliorer leur offre de hausse salariale de 7 pour cent et d&#8217;envisager une interdiction de recourir à des [&hellip;]
