{"id":200070,"date":"2011-08-17T09:35:00","date_gmt":"2011-08-17T09:35:00","guid":{"rendered":"https:\/\/admin.industriall-union.org\/archive\/imf\/victoire-chez-sandvik-metals-apres-27-jours-de-greve-des-travailleurs-canadiens-de-l-039-automobile\/"},"modified":"2025-01-31T09:05:00","modified_gmt":"2025-01-31T09:05:00","slug":"victoire-chez-sandvik-metals-apres-27-jours-de-greve-des-travailleurs-canadiens-de-l-039-automobile","status":"publish","type":"archive_imf","link":"https:\/\/admin.industriall-union.org\/fr\/archive\/imf\/victoire-chez-sandvik-metals-apres-27-jours-de-greve-des-travailleurs-canadiens-de-l-039-automobile\/","title":{"rendered":"Victoire chez Sandvik Metals apr\u00e8s 27 jours de gr\u00e8ve des travailleurs canadiens de l&#039;automobile"},"content":{"rendered":"    CANADA: Les 9 et 10 ao\u00fbt, les membres du TCA-Canada ont repris le chemin de leur usine d&#8217;Arnprior, dans l&#8217;Ontario, conscients de l&#8217;avoir emport\u00e9 sur la &quot;derni\u00e8re et meilleure offre&quot; de la direction de la mi-juillet : r\u00e9ductions des pensions, r\u00e9trocessions sur l&#8217;indice du co\u00fbt de la vie et suppressions de certains passages de la convention. Sandvik avait ensuite apport\u00e9 quelques changements \u00e0 sa proposition initiale le 29 juillet, des changements jug\u00e9s insuffisants par les adh\u00e9rents du TCA-Canada qui les ont rejet\u00e9s. La direction a alors repris la n\u00e9gociation d\u00e9but ao\u00fbt avec d&#8217;autres changements qui, pour l&#8217;essentiel, n&#8217;enl\u00e8vent rien \u00e0 la pr\u00e9c\u00e9dente convention. <br \/><br \/>L&#8217;indexation des salaires ne sera pas modifi\u00e9e, ni la s\u00e9curit\u00e9 de l&#8217;emploi, et les prestations de retraite restent inchang\u00e9es. En outre, certaines prestations sont revaloris\u00e9es et le texte de la convention durci pour ce qui est des licenciements. Une hausse des salaires de 1% est \u00e9galement pr\u00e9vue au d\u00e9but de la troisi\u00e8me ann\u00e9e. <br \/><br \/>&quot;Je suis impressionn\u00e9 par l&#8217;importance du soutien qu&#8217;on exprim\u00e9 les membres \u00e0 cette toute premi\u00e8re gr\u00e8ve dans une usine en activit\u00e9 depuis plus de 30 ans&quot;, a d\u00e9clar\u00e9 le directeur du TCA-Canada pour la r\u00e9gion de l&#8217;Est de l&#8217;Ontario, Harry Ghadban. Le Pr\u00e9sident de la section locale 2228, Derek Mosley, a d\u00e9clar\u00e9 pour sa part : &quot;Nous n&#8217;y serions pas arriv\u00e9s sans l&#8217;ind\u00e9fectible soutien des membres et l&#8217;aide du syndicat national. <br \/><br \/>&quot;Nous sommes fiers de la solidarit\u00e9 dont ont fait preuve nos membres en luttant contre ces concessions et en tenant bon jusqu&#8217;\u00e0 obtenir un accord n\u00e9goci\u00e9.&quot; <br \/><br \/>Et, sur le blog de la section 2228, apr\u00e8s le vote de ratification du 8 ao\u00fbt, un adh\u00e9rent a \u00e9crit : &quot;Nous pouvons tous reprendre le travail la t\u00eate haute sachant que nous avons envoy\u00e9 \u00e0 la direction un message lui disant que nous n&#8217;accepterons pas sa derni\u00e8re offre, que nous reprenons le travail \u00e0 nos conditions. Les mots ne suffisent pas pour exprimer ma fiert\u00e9.&quot; <br \/><br \/>\u00c0 Arnprior, Sandvik Materials Technology fabrique des tuyauteries de sp\u00e9cialit\u00e9 en acier inoxydable et alliage de nickel pour les industries nucl\u00e9aire, a\u00e9rospatiale, automobile, p\u00e9troli\u00e8re et gazi\u00e8re. ","protected":false},"featured_media":0,"template":"","class_list":["post-200070","archive_imf","type-archive_imf","status-publish","hentry"],"acf":[],"yoast_head":"<!-- This site is optimized with the Yoast SEO Premium plugin v27.1 (Yoast SEO v27.1) - https:\/\/yoast.com\/product\/yoast-seo-premium-wordpress\/ -->\n<title>Victoire chez Sandvik Metals apr\u00e8s 27 jours de gr\u00e8ve des travailleurs canadiens de l&#039;automobile - industriall-union<\/title>\n<meta name=\"robots\" content=\"index, follow, max-snippet:-1, max-image-preview:large, max-video-preview:-1\" \/>\n<link rel=\"canonical\" href=\"https:\/\/admin.industriall-union.org\/fr\/archive\/imf\/victoire-chez-sandvik-metals-apres-27-jours-de-greve-des-travailleurs-canadiens-de-l-039-automobile\/\" \/>\n<meta property=\"og:locale\" content=\"fr_FR\" \/>\n<meta property=\"og:type\" content=\"article\" \/>\n<meta property=\"og:title\" content=\"Victoire chez Sandvik Metals apr\u00e8s 27 jours de gr\u00e8ve des travailleurs canadiens de l&#039;automobile\" \/>\n<meta property=\"og:description\" content=\"CANADA: Les 9 et 10 ao\u00fbt, les membres du TCA-Canada ont repris le chemin de leur usine d&#8217;Arnprior, dans l&#8217;Ontario, conscients de l&#8217;avoir emport\u00e9 sur la &quot;derni\u00e8re et meilleure offre&quot; de la direction de la mi-juillet : r\u00e9ductions des pensions, r\u00e9trocessions sur l&#8217;indice du co\u00fbt de la vie et suppressions de certains passages de la [&hellip;]\" \/>\n<meta property=\"og:url\" content=\"https:\/\/admin.industriall-union.org\/fr\/archive\/imf\/victoire-chez-sandvik-metals-apres-27-jours-de-greve-des-travailleurs-canadiens-de-l-039-automobile\/\" \/>\n<meta property=\"og:site_name\" content=\"industriall-union\" \/>\n<meta property=\"article:modified_time\" content=\"2025-01-31T09:05:00+00:00\" \/>\n<meta name=\"twitter:card\" content=\"summary_large_image\" \/>\n<meta name=\"twitter:label1\" content=\"Est. reading time\" \/>\n\t<meta name=\"twitter:data1\" content=\"2 minutes\" \/>\n<script type=\"application\/ld+json\" class=\"yoast-schema-graph\">{\"@context\":\"https:\/\/schema.org\",\"@graph\":[{\"@type\":\"WebPage\",\"@id\":\"https:\/\/admin.industriall-union.org\/fr\/archive\/imf\/victoire-chez-sandvik-metals-apres-27-jours-de-greve-des-travailleurs-canadiens-de-l-039-automobile\/\",\"url\":\"https:\/\/admin.industriall-union.org\/fr\/archive\/imf\/victoire-chez-sandvik-metals-apres-27-jours-de-greve-des-travailleurs-canadiens-de-l-039-automobile\/\",\"name\":\"Victoire chez Sandvik Metals apr\u00e8s 27 jours de gr\u00e8ve des travailleurs canadiens de l&#039;automobile - industriall-union\",\"isPartOf\":{\"@id\":\"https:\/\/admin.industriall-union.org\/#website\"},\"datePublished\":\"2011-08-17T09:35:00+00:00\",\"dateModified\":\"2025-01-31T09:05:00+00:00\",\"breadcrumb\":{\"@id\":\"https:\/\/admin.industriall-union.org\/fr\/archive\/imf\/victoire-chez-sandvik-metals-apres-27-jours-de-greve-des-travailleurs-canadiens-de-l-039-automobile\/#breadcrumb\"},\"inLanguage\":\"fr-FR\",\"potentialAction\":[{\"@type\":\"ReadAction\",\"target\":[\"https:\/\/admin.industriall-union.org\/fr\/archive\/imf\/victoire-chez-sandvik-metals-apres-27-jours-de-greve-des-travailleurs-canadiens-de-l-039-automobile\/\"]}]},{\"@type\":\"BreadcrumbList\",\"@id\":\"https:\/\/admin.industriall-union.org\/fr\/archive\/imf\/victoire-chez-sandvik-metals-apres-27-jours-de-greve-des-travailleurs-canadiens-de-l-039-automobile\/#breadcrumb\",\"itemListElement\":[{\"@type\":\"ListItem\",\"position\":1,\"name\":\"Home\",\"item\":\"https:\/\/admin.industriall-union.org\/\"},{\"@type\":\"ListItem\",\"position\":2,\"name\":\"Archive Imf\",\"item\":\"https:\/\/admin.industriall-union.org\/es\/archive\/imf\/\"},{\"@type\":\"ListItem\",\"position\":3,\"name\":\"Victoire chez Sandvik Metals apr\u00e8s 27 jours de gr\u00e8ve des travailleurs canadiens de l&#039;automobile\"}]},{\"@type\":\"WebSite\",\"@id\":\"https:\/\/admin.industriall-union.org\/#website\",\"url\":\"https:\/\/admin.industriall-union.org\/\",\"name\":\"industriall-union\",\"description\":\"\",\"potentialAction\":[{\"@type\":\"SearchAction\",\"target\":{\"@type\":\"EntryPoint\",\"urlTemplate\":\"https:\/\/admin.industriall-union.org\/?s={search_term_string}\"},\"query-input\":{\"@type\":\"PropertyValueSpecification\",\"valueRequired\":true,\"valueName\":\"search_term_string\"}}],\"inLanguage\":\"fr-FR\"}]}<\/script>\n<!-- \/ Yoast SEO Premium plugin. -->","yoast_head_json":{"title":"Victoire chez Sandvik Metals apr\u00e8s 27 jours de gr\u00e8ve des travailleurs canadiens de l&#039;automobile - industriall-union","robots":{"index":"index","follow":"follow","max-snippet":"max-snippet:-1","max-image-preview":"max-image-preview:large","max-video-preview":"max-video-preview:-1"},"canonical":"https:\/\/admin.industriall-union.org\/fr\/archive\/imf\/victoire-chez-sandvik-metals-apres-27-jours-de-greve-des-travailleurs-canadiens-de-l-039-automobile\/","og_locale":"fr_FR","og_type":"article","og_title":"Victoire chez Sandvik Metals apr\u00e8s 27 jours de gr\u00e8ve des travailleurs canadiens de l&#039;automobile","og_description":"CANADA: Les 9 et 10 ao\u00fbt, les membres du TCA-Canada ont repris le chemin de leur usine d&#8217;Arnprior, dans l&#8217;Ontario, conscients de l&#8217;avoir emport\u00e9 sur la &quot;derni\u00e8re et meilleure offre&quot; de la direction de la mi-juillet : r\u00e9ductions des pensions, r\u00e9trocessions sur l&#8217;indice du co\u00fbt de la vie et suppressions de certains passages de la [&hellip;]","og_url":"https:\/\/admin.industriall-union.org\/fr\/archive\/imf\/victoire-chez-sandvik-metals-apres-27-jours-de-greve-des-travailleurs-canadiens-de-l-039-automobile\/","og_site_name":"industriall-union","article_modified_time":"2025-01-31T09:05:00+00:00","twitter_card":"summary_large_image","twitter_misc":{"Est. reading time":"2 minutes"},"schema":{"@context":"https:\/\/schema.org","@graph":[{"@type":"WebPage","@id":"https:\/\/admin.industriall-union.org\/fr\/archive\/imf\/victoire-chez-sandvik-metals-apres-27-jours-de-greve-des-travailleurs-canadiens-de-l-039-automobile\/","url":"https:\/\/admin.industriall-union.org\/fr\/archive\/imf\/victoire-chez-sandvik-metals-apres-27-jours-de-greve-des-travailleurs-canadiens-de-l-039-automobile\/","name":"Victoire chez Sandvik Metals apr\u00e8s 27 jours de gr\u00e8ve des travailleurs canadiens de l&#039;automobile - industriall-union","isPartOf":{"@id":"https:\/\/admin.industriall-union.org\/#website"},"datePublished":"2011-08-17T09:35:00+00:00","dateModified":"2025-01-31T09:05:00+00:00","breadcrumb":{"@id":"https:\/\/admin.industriall-union.org\/fr\/archive\/imf\/victoire-chez-sandvik-metals-apres-27-jours-de-greve-des-travailleurs-canadiens-de-l-039-automobile\/#breadcrumb"},"inLanguage":"fr-FR","potentialAction":[{"@type":"ReadAction","target":["https:\/\/admin.industriall-union.org\/fr\/archive\/imf\/victoire-chez-sandvik-metals-apres-27-jours-de-greve-des-travailleurs-canadiens-de-l-039-automobile\/"]}]},{"@type":"BreadcrumbList","@id":"https:\/\/admin.industriall-union.org\/fr\/archive\/imf\/victoire-chez-sandvik-metals-apres-27-jours-de-greve-des-travailleurs-canadiens-de-l-039-automobile\/#breadcrumb","itemListElement":[{"@type":"ListItem","position":1,"name":"Home","item":"https:\/\/admin.industriall-union.org\/"},{"@type":"ListItem","position":2,"name":"Archive Imf","item":"https:\/\/admin.industriall-union.org\/es\/archive\/imf\/"},{"@type":"ListItem","position":3,"name":"Victoire chez Sandvik Metals apr\u00e8s 27 jours de gr\u00e8ve des travailleurs canadiens de l&#039;automobile"}]},{"@type":"WebSite","@id":"https:\/\/admin.industriall-union.org\/#website","url":"https:\/\/admin.industriall-union.org\/","name":"industriall-union","description":"","potentialAction":[{"@type":"SearchAction","target":{"@type":"EntryPoint","urlTemplate":"https:\/\/admin.industriall-union.org\/?s={search_term_string}"},"query-input":{"@type":"PropertyValueSpecification","valueRequired":true,"valueName":"search_term_string"}}],"inLanguage":"fr-FR"}]}},"_links":{"self":[{"href":"https:\/\/admin.industriall-union.org\/fr\/wp-json\/wp\/v2\/archive_imf\/200070","targetHints":{"allow":["GET"]}}],"collection":[{"href":"https:\/\/admin.industriall-union.org\/fr\/wp-json\/wp\/v2\/archive_imf"}],"about":[{"href":"https:\/\/admin.industriall-union.org\/fr\/wp-json\/wp\/v2\/types\/archive_imf"}],"wp:attachment":[{"href":"https:\/\/admin.industriall-union.org\/fr\/wp-json\/wp\/v2\/media?parent=200070"}],"curies":[{"name":"wp","href":"https:\/\/api.w.org\/{rel}","templated":true}]}}

Victoire chez Sandvik Metals après 27 jours de grève des travailleurs canadiens de l&#039;automobile

CANADA: Les 9 et 10 août, les membres du TCA-Canada ont repris le chemin de leur usine d&#8217;Arnprior, dans l&#8217;Ontario, conscients de l&#8217;avoir emporté sur la &quot;dernière et meilleure offre&quot; de la direction de la mi-juillet : réductions des pensions, rétrocessions sur l&#8217;indice du coût de la vie et suppressions de certains passages de la convention. Sandvik avait ensuite apporté quelques changements à sa proposition initiale le 29 juillet, des changements jugés insuffisants par les adhérents du TCA-Canada qui les ont rejetés. La direction a alors repris la négociation début août avec d&#8217;autres changements qui, pour l&#8217;essentiel, n&#8217;enlèvent rien à la précédente convention. <br /><br />L&#8217;indexation des salaires ne sera pas modifiée, ni la sécurité de l&#8217;emploi, et les prestations de retraite restent inchangées. En outre, certaines prestations sont revalorisées et le texte de la convention durci pour ce qui est des licenciements. Une hausse des salaires de 1% est également prévue au début de la troisième année. <br /><br />&quot;Je suis impressionné par l&#8217;importance du soutien qu&#8217;on exprimé les membres à cette toute première grève dans une usine en activité depuis plus de 30 ans&quot;, a déclaré le directeur du TCA-Canada pour la région de l&#8217;Est de l&#8217;Ontario, Harry Ghadban. Le Président de la section locale 2228, Derek Mosley, a déclaré pour sa part : &quot;Nous n&#8217;y serions pas arrivés sans l&#8217;indéfectible soutien des membres et l&#8217;aide du syndicat national. <br /><br />&quot;Nous sommes fiers de la solidarité dont ont fait preuve nos membres en luttant contre ces concessions et en tenant bon jusqu&#8217;à obtenir un accord négocié.&quot; <br /><br />Et, sur le blog de la section 2228, après le vote de ratification du 8 août, un adhérent a écrit : &quot;Nous pouvons tous reprendre le travail la tête haute sachant que nous avons envoyé à la direction un message lui disant que nous n&#8217;accepterons pas sa dernière offre, que nous reprenons le travail à nos conditions. Les mots ne suffisent pas pour exprimer ma fierté.&quot; <br /><br />À Arnprior, Sandvik Materials Technology fabrique des tuyauteries de spécialité en acier inoxydable et alliage de nickel pour les industries nucléaire, aérospatiale, automobile, pétrolière et gazière.

<!-- This site is optimized with the Yoast SEO Premium plugin v27.1 (Yoast SEO v27.1) - https://yoast.com/product/yoast-seo-premium-wordpress/ -->
<title>Victoire chez Sandvik Metals après 27 jours de grève des travailleurs canadiens de l&#039;automobile - industriall-union</title>
<meta name="robots" content="index, follow, max-snippet:-1, max-image-preview:large, max-video-preview:-1" />
<link rel="canonical" href="https://admin.industriall-union.org/fr/archive/imf/victoire-chez-sandvik-metals-apres-27-jours-de-greve-des-travailleurs-canadiens-de-l-039-automobile/" />
<meta property="og:locale" content="fr_FR" />
<meta property="og:type" content="article" />
<meta property="og:title" content="Victoire chez Sandvik Metals après 27 jours de grève des travailleurs canadiens de l&#039;automobile" />
<meta property="og:description" content="CANADA: Les 9 et 10 août, les membres du TCA-Canada ont repris le chemin de leur usine d&#8217;Arnprior, dans l&#8217;Ontario, conscients de l&#8217;avoir emporté sur la &quot;dernière et meilleure offre&quot; de la direction de la mi-juillet : réductions des pensions, rétrocessions sur l&#8217;indice du coût de la vie et suppressions de certains passages de la [&hellip;]" />
<meta property="og:url" content="https://admin.industriall-union.org/fr/archive/imf/victoire-chez-sandvik-metals-apres-27-jours-de-greve-des-travailleurs-canadiens-de-l-039-automobile/" />
<meta property="og:site_name" content="industriall-union" />
<meta property="article:modified_time" content="2025-01-31T09:05:00+00:00" />
<meta name="twitter:card" content="summary_large_image" />
<meta name="twitter:label1" content="Est. reading time" />
	<meta name="twitter:data1" content="2 minutes" />
<script type="application/ld+json" class="yoast-schema-graph">{"@context":"https://schema.org","@graph":[{"@type":"WebPage","@id":"https://admin.industriall-union.org/fr/archive/imf/victoire-chez-sandvik-metals-apres-27-jours-de-greve-des-travailleurs-canadiens-de-l-039-automobile/","url":"https://admin.industriall-union.org/fr/archive/imf/victoire-chez-sandvik-metals-apres-27-jours-de-greve-des-travailleurs-canadiens-de-l-039-automobile/","name":"Victoire chez Sandvik Metals après 27 jours de grève des travailleurs canadiens de l&#039;automobile - industriall-union","isPartOf":{"@id":"https://admin.industriall-union.org/#website"},"datePublished":"2011-08-17T09:35:00+00:00","dateModified":"2025-01-31T09:05:00+00:00","breadcrumb":{"@id":"https://admin.industriall-union.org/fr/archive/imf/victoire-chez-sandvik-metals-apres-27-jours-de-greve-des-travailleurs-canadiens-de-l-039-automobile/#breadcrumb"},"inLanguage":"fr-FR","potentialAction":[{"@type":"ReadAction","target":["https://admin.industriall-union.org/fr/archive/imf/victoire-chez-sandvik-metals-apres-27-jours-de-greve-des-travailleurs-canadiens-de-l-039-automobile/"]}]},{"@type":"BreadcrumbList","@id":"https://admin.industriall-union.org/fr/archive/imf/victoire-chez-sandvik-metals-apres-27-jours-de-greve-des-travailleurs-canadiens-de-l-039-automobile/#breadcrumb","itemListElement":[{"@type":"ListItem","position":1,"name":"Home","item":"https://admin.industriall-union.org/"},{"@type":"ListItem","position":2,"name":"Archive Imf","item":"https://admin.industriall-union.org/es/archive/imf/"},{"@type":"ListItem","position":3,"name":"Victoire chez Sandvik Metals après 27 jours de grève des travailleurs canadiens de l&#039;automobile"}]},{"@type":"WebSite","@id":"https://admin.industriall-union.org/#website","url":"https://admin.industriall-union.org/","name":"industriall-union","description":"","potentialAction":[{"@type":"SearchAction","target":{"@type":"EntryPoint","urlTemplate":"https://admin.industriall-union.org/?s={search_term_string}"},"query-input":{"@type":"PropertyValueSpecification","valueRequired":true,"valueName":"search_term_string"}}],"inLanguage":"fr-FR"}]}</script>
<!-- / Yoast SEO Premium plugin. -->

Victoire chez Sandvik Metals après 27 jours de grève des travailleurs canadiens de l&#039;automobile - industriall-union

CANADA: Les 9 et 10 août, les membres du TCA-Canada ont repris le chemin de leur usine d&#8217;Arnprior, dans l&#8217;Ontario, conscients de l&#8217;avoir emporté sur la &quot;dernière et meilleure offre&quot; de la direction de la mi-juillet : réductions des pensions, rétrocessions sur l&#8217;indice du coût de la vie et suppressions de certains passages de la [&hellip;]
